[INFO] fetching crate gl_loader 0.1.2...
[INFO] testing gl_loader-0.1.2 against 1.75.0 for beta-1.76-1
[INFO] extracting crate gl_loader 0.1.2 into /workspace/builds/worker-7-tc1/source
[INFO] validating manifest of crates.io crate gl_loader 0.1.2 on toolchain 1.75.0
[INFO] running `Command { std: CARGO_HOME="/workspace/cargo-home" RUSTUP_HOME="/workspace/rustup-home" "/workspace/cargo-home/bin/cargo" "+1.75.0" "metadata" "--manifest-path" "Cargo.toml" "--no-deps", kill_on_drop: false }`
[INFO] started tweaking crates.io crate gl_loader 0.1.2
[INFO] finished tweaking crates.io crate gl_loader 0.1.2
[INFO] tweaked toml for crates.io crate gl_loader 0.1.2 written to /workspace/builds/worker-7-tc1/source/Cargo.toml
[INFO] running `Command { std: CARGO_HOME="/workspace/cargo-home" RUSTUP_HOME="/workspace/rustup-home" "/workspace/cargo-home/bin/cargo" "+1.75.0" "generate-lockfile" "--manifest-path" "Cargo.toml", kill_on_drop: false }`
[INFO] [stderr]     Updating crates.io index
[INFO] running `Command { std: CARGO_HOME="/workspace/cargo-home" RUSTUP_HOME="/workspace/rustup-home" "/workspace/cargo-home/bin/cargo" "+1.75.0" "fetch" "--manifest-path" "Cargo.toml", kill_on_drop: false }`
[INFO] running `Command { std: "docker" "create" "-v" "/var/lib/crater-agent-workspace/builds/worker-7-tc1/target:/opt/rustwide/target:rw,Z" "-v" "/var/lib/crater-agent-workspace/builds/worker-7-tc1/source:/opt/rustwide/workdir:ro,Z" "-v" "/var/lib/crater-agent-workspace/cargo-home:/opt/rustwide/cargo-home:ro,Z" "-v" "/var/lib/crater-agent-workspace/rustup-home:/opt/rustwide/rustup-home:ro,Z" "-e" "SOURCE_DIR=/opt/rustwide/workdir" "-e" "CARGO_TARGET_DIR=/opt/rustwide/target" "-e" "CARGO_HOME=/opt/rustwide/cargo-home" "-e" "RUSTUP_HOME=/opt/rustwide/rustup-home" "-w" "/opt/rustwide/workdir" "-m" "1610612736" "--user" "0:0" "--network" "none" "ghcr.io/rust-lang/crates-build-env/linux@sha256:2788e3201cd34a07e3172128adcd8b3090168a8e3bcc40d7c032b9dda1df7d1c" "/opt/rustwide/cargo-home/bin/cargo" "+1.75.0" "metadata" "--no-deps" "--format-version=1", kill_on_drop: false }`
[INFO] [stdout] fcf5adf7bde9fa94586912f43c934d65cd5807ce8a588ab3224b9aecda809c7e
[INFO] running `Command { std: "docker" "start" "-a" "fcf5adf7bde9fa94586912f43c934d65cd5807ce8a588ab3224b9aecda809c7e", kill_on_drop: false }`
[INFO] running `Command { std: "docker" "inspect" "fcf5adf7bde9fa94586912f43c934d65cd5807ce8a588ab3224b9aecda809c7e", kill_on_drop: false }`
[INFO] running `Command { std: "docker" "rm" "-f" "fcf5adf7bde9fa94586912f43c934d65cd5807ce8a588ab3224b9aecda809c7e", kill_on_drop: false }`
[INFO] [stdout] fcf5adf7bde9fa94586912f43c934d65cd5807ce8a588ab3224b9aecda809c7e
[INFO] running `Command { std: "docker" "create" "-v" "/var/lib/crater-agent-workspace/builds/worker-7-tc1/target:/opt/rustwide/target:rw,Z" "-v" "/var/lib/crater-agent-workspace/builds/worker-7-tc1/source:/opt/rustwide/workdir:ro,Z" "-v" "/var/lib/crater-agent-workspace/cargo-home:/opt/rustwide/cargo-home:ro,Z" "-v" "/var/lib/crater-agent-workspace/rustup-home:/opt/rustwide/rustup-home:ro,Z" "-e" "SOURCE_DIR=/opt/rustwide/workdir" "-e" "CARGO_TARGET_DIR=/opt/rustwide/target" "-e" "CARGO_INCREMENTAL=0" "-e" "RUST_BACKTRACE=full" "-e" "RUSTFLAGS=--cap-lints=warn" "-e" "RUSTDOCFLAGS=--cap-lints=warn" "-e" "CARGO_HOME=/opt/rustwide/cargo-home" "-e" "RUSTUP_HOME=/opt/rustwide/rustup-home" "-w" "/opt/rustwide/workdir" "-m" "1610612736" "--user" "0:0" "--network" "none" "ghcr.io/rust-lang/crates-build-env/linux@sha256:2788e3201cd34a07e3172128adcd8b3090168a8e3bcc40d7c032b9dda1df7d1c" "/opt/rustwide/cargo-home/bin/cargo" "+1.75.0" "build" "--frozen" "--message-format=json", kill_on_drop: false }`
[INFO] [stdout] c5f4bb4b5ce402fd0b8152ca8624c69c883e349059a5bb9c06eb741b0c20e01f
[INFO] running `Command { std: "docker" "start" "-a" "c5f4bb4b5ce402fd0b8152ca8624c69c883e349059a5bb9c06eb741b0c20e01f", kill_on_drop: false }`
[INFO] [stderr]    Compiling gl_loader v0.1.2 (/opt/rustwide/workdir)
[INFO] [stderr]     Finished dev [unoptimized + debuginfo] target(s) in 0.65s
[INFO] running `Command { std: "docker" "inspect" "c5f4bb4b5ce402fd0b8152ca8624c69c883e349059a5bb9c06eb741b0c20e01f", kill_on_drop: false }`
[INFO] running `Command { std: "docker" "rm" "-f" "c5f4bb4b5ce402fd0b8152ca8624c69c883e349059a5bb9c06eb741b0c20e01f", kill_on_drop: false }`
[INFO] [stdout] c5f4bb4b5ce402fd0b8152ca8624c69c883e349059a5bb9c06eb741b0c20e01f
[INFO] running `Command { std: "docker" "create" "-v" "/var/lib/crater-agent-workspace/builds/worker-7-tc1/target:/opt/rustwide/target:rw,Z" "-v" "/var/lib/crater-agent-workspace/builds/worker-7-tc1/source:/opt/rustwide/workdir:ro,Z" "-v" "/var/lib/crater-agent-workspace/cargo-home:/opt/rustwide/cargo-home:ro,Z" "-v" "/var/lib/crater-agent-workspace/rustup-home:/opt/rustwide/rustup-home:ro,Z" "-e" "SOURCE_DIR=/opt/rustwide/workdir" "-e" "CARGO_TARGET_DIR=/opt/rustwide/target" "-e" "CARGO_INCREMENTAL=0" "-e" "RUST_BACKTRACE=full" "-e" "RUSTFLAGS=--cap-lints=warn" "-e" "RUSTDOCFLAGS=--cap-lints=warn" "-e" "CARGO_HOME=/opt/rustwide/cargo-home" "-e" "RUSTUP_HOME=/opt/rustwide/rustup-home" "-w" "/opt/rustwide/workdir" "-m" "1610612736" "--user" "0:0" "--network" "none" "ghcr.io/rust-lang/crates-build-env/linux@sha256:2788e3201cd34a07e3172128adcd8b3090168a8e3bcc40d7c032b9dda1df7d1c" "/opt/rustwide/cargo-home/bin/cargo" "+1.75.0" "test" "--frozen" "--no-run" "--message-format=json", kill_on_drop: false }`
[INFO] [stdout] 799697b2376c0768cd0173133e1b54dd2d34bae33780937045d30b89a8b6a4cd
[INFO] running `Command { std: "docker" "start" "-a" "799697b2376c0768cd0173133e1b54dd2d34bae33780937045d30b89a8b6a4cd", kill_on_drop: false }`
[INFO] [stderr]    Compiling gl_loader v0.1.2 (/opt/rustwide/workdir)
[INFO] [stderr]     Finished test [unoptimized + debuginfo] target(s) in 0.35s
[INFO] running `Command { std: "docker" "inspect" "799697b2376c0768cd0173133e1b54dd2d34bae33780937045d30b89a8b6a4cd", kill_on_drop: false }`
[INFO] running `Command { std: "docker" "rm" "-f" "799697b2376c0768cd0173133e1b54dd2d34bae33780937045d30b89a8b6a4cd", kill_on_drop: false }`
[INFO] [stdout] 799697b2376c0768cd0173133e1b54dd2d34bae33780937045d30b89a8b6a4cd
[INFO] running `Command { std: "docker" "create" "-v" "/var/lib/crater-agent-workspace/builds/worker-7-tc1/target:/opt/rustwide/target:rw,Z" "-v" "/var/lib/crater-agent-workspace/builds/worker-7-tc1/source:/opt/rustwide/workdir:ro,Z" "-v" "/var/lib/crater-agent-workspace/cargo-home:/opt/rustwide/cargo-home:ro,Z" "-v" "/var/lib/crater-agent-workspace/rustup-home:/opt/rustwide/rustup-home:ro,Z" "-e" "SOURCE_DIR=/opt/rustwide/workdir" "-e" "CARGO_TARGET_DIR=/opt/rustwide/target" "-e" "CARGO_INCREMENTAL=0" "-e" "RUST_BACKTRACE=full" "-e" "RUSTFLAGS=--cap-lints=warn" "-e" "RUSTDOCFLAGS=--cap-lints=warn" "-e" "CARGO_HOME=/opt/rustwide/cargo-home" "-e" "RUSTUP_HOME=/opt/rustwide/rustup-home" "-w" "/opt/rustwide/workdir" "-m" "1610612736" "--user" "0:0" "--network" "none" "ghcr.io/rust-lang/crates-build-env/linux@sha256:2788e3201cd34a07e3172128adcd8b3090168a8e3bcc40d7c032b9dda1df7d1c" "/opt/rustwide/cargo-home/bin/cargo" "+1.75.0" "test" "--frozen", kill_on_drop: false }`
[INFO] [stdout] 2d0d5a73148d2b84d0ee700456bcd16f35970a47bc1861e33417bd003aae68c3
[INFO] running `Command { std: "docker" "start" "-a" "2d0d5a73148d2b84d0ee700456bcd16f35970a47bc1861e33417bd003aae68c3", kill_on_drop: false }`
[INFO] [stderr]     Finished test [unoptimized + debuginfo] target(s) in 0.01s
[INFO] [stderr]      Running unittests src/lib.rs (/opt/rustwide/target/debug/deps/gl_loader-c8f99ef1c820c81e)
[INFO] [stdout] 
[INFO] [stderr]    Doc-tests gl_loader
[INFO] [stdout] running 0 tests
[INFO] [stdout] 
[INFO] [stdout] test result: ok. 0 passed; 0 failed; 0 ignored; 0 measured; 0 filtered out; finished in 0.00s
[INFO] [stdout] 
[INFO] [stdout] 
[INFO] [stdout] running 3 tests
[INFO] [stdout] test src/lib.rs - (line 7) ... FAILED
[INFO] [stdout] test src/lib.rs - get_proc_address (line 55) ... FAILED
[INFO] [stdout] test src/lib.rs - init_gl (line 32) ... FAILED
[INFO] [stdout] 
[INFO] [stdout] failures:
[INFO] [stdout] 
[INFO] [stdout] ---- src/lib.rs - (line 7) stdout ----
[INFO] [stdout] error[E0463]: can't find crate for `gl`
[INFO] [stdout]  --> src/lib.rs:7:1
[INFO] [stdout]   |
[INFO] [stdout] 2 | extern crate gl;
[INFO] [stdout]   | ^^^^^^^^^^^^^^^^ can't find crate
[INFO] [stdout] 
[INFO] [stdout] error: aborting due to previous error
[INFO] [stdout] 
[INFO] [stdout] For more information about this error, try `rustc --explain E0463`.
[INFO] [stdout] Couldn't compile the test.
[INFO] [stdout] ---- src/lib.rs - get_proc_address (line 55) stdout ----
[INFO] [stdout] error[E0425]: cannot find function `get_proc_address` in this scope
[INFO] [stdout]  --> src/lib.rs:56:22
[INFO] [stdout]   |
[INFO] [stdout] 3 | let glCreateShader = get_proc_address("glCreateShader");
[INFO] [stdout]   |                      ^^^^^^^^^^^^^^^^ not found in this scope
[INFO] [stdout]   |
[INFO] [stdout] help: consider importing this function
[INFO] [stdout]   |
[INFO] [stdout] 2 + use gl_loader::get_proc_address;
[INFO] [stdout]   |
[INFO] [stdout] 
[INFO] [stdout] error: aborting due to previous error
[INFO] [stdout] 
[INFO] [stdout] For more information about this error, try `rustc --explain E0425`.
[INFO] [stdout] Couldn't compile the test.
[INFO] [stdout] ---- src/lib.rs - init_gl (line 32) stdout ----
[INFO] [stdout] error[E0425]: cannot find function `init_gl` in this scope
[INFO] [stdout]  --> src/lib.rs:33:11
[INFO] [stdout]   |
[INFO] [stdout] 3 | let ret = init_gl();
[INFO] [stdout]   |           ^^^^^^^ not found in this scope
[INFO] [stdout]   |
[INFO] [stdout] help: consider importing this function
[INFO] [stdout]   |
[INFO] [stdout] 2 + use gl_loader::init_gl;
[INFO] [stdout]   |
[INFO] [stdout] 
[INFO] [stdout] error: aborting due to previous error
[INFO] [stdout] 
[INFO] [stdout] For more information about this error, try `rustc --explain E0425`.
[INFO] [stdout] Couldn't compile the test.
[INFO] [stdout] 
[INFO] [stdout] failures:
[INFO] [stdout]     src/lib.rs - (line 7)
[INFO] [stdout]     src/lib.rs - get_proc_address (line 55)
[INFO] [stdout]     src/lib.rs - init_gl (line 32)
[INFO] [stdout] 
[INFO] [stdout] test result: FAILED. 0 passed; 3 failed; 0 ignored; 0 measured; 0 filtered out; finished in 0.10s
[INFO] [stdout] 
[INFO] [stderr] error: doctest failed, to rerun pass `--doc`
[INFO] running `Command { std: "docker" "inspect" "2d0d5a73148d2b84d0ee700456bcd16f35970a47bc1861e33417bd003aae68c3", kill_on_drop: false }`
[INFO] running `Command { std: "docker" "rm" "-f" "2d0d5a73148d2b84d0ee700456bcd16f35970a47bc1861e33417bd003aae68c3", kill_on_drop: false }`
[INFO] [stdout] 2d0d5a73148d2b84d0ee700456bcd16f35970a47bc1861e33417bd003aae68c3
