[INFO] fetching crate git_describe_build_tool 1.0.2...
[INFO] testing git_describe_build_tool-1.0.2 against 1.75.0 for beta-1.76-1
[INFO] extracting crate git_describe_build_tool 1.0.2 into /workspace/builds/worker-0-tc1/source
[INFO] validating manifest of crates.io crate git_describe_build_tool 1.0.2 on toolchain 1.75.0
[INFO] running `Command { std: CARGO_HOME="/workspace/cargo-home" RUSTUP_HOME="/workspace/rustup-home" "/workspace/cargo-home/bin/cargo" "+1.75.0" "metadata" "--manifest-path" "Cargo.toml" "--no-deps", kill_on_drop: false }`
[INFO] started tweaking crates.io crate git_describe_build_tool 1.0.2
[INFO] finished tweaking crates.io crate git_describe_build_tool 1.0.2
[INFO] tweaked toml for crates.io crate git_describe_build_tool 1.0.2 written to /workspace/builds/worker-0-tc1/source/Cargo.toml
[INFO] running `Command { std: CARGO_HOME="/workspace/cargo-home" RUSTUP_HOME="/workspace/rustup-home" "/workspace/cargo-home/bin/cargo" "+1.75.0" "generate-lockfile" "--manifest-path" "Cargo.toml", kill_on_drop: false }`
[INFO] running `Command { std: CARGO_HOME="/workspace/cargo-home" RUSTUP_HOME="/workspace/rustup-home" "/workspace/cargo-home/bin/cargo" "+1.75.0" "fetch" "--manifest-path" "Cargo.toml", kill_on_drop: false }`
[INFO] running `Command { std: "docker" "create" "-v" "/var/lib/crater-agent-workspace/builds/worker-0-tc1/target:/opt/rustwide/target:rw,Z" "-v" "/var/lib/crater-agent-workspace/builds/worker-0-tc1/source:/opt/rustwide/workdir:ro,Z" "-v" "/var/lib/crater-agent-workspace/cargo-home:/opt/rustwide/cargo-home:ro,Z" "-v" "/var/lib/crater-agent-workspace/rustup-home:/opt/rustwide/rustup-home:ro,Z" "-e" "SOURCE_DIR=/opt/rustwide/workdir" "-e" "CARGO_TARGET_DIR=/opt/rustwide/target" "-e" "CARGO_HOME=/opt/rustwide/cargo-home" "-e" "RUSTUP_HOME=/opt/rustwide/rustup-home" "-w" "/opt/rustwide/workdir" "-m" "1610612736" "--user" "0:0" "--network" "none" "ghcr.io/rust-lang/crates-build-env/linux@sha256:2788e3201cd34a07e3172128adcd8b3090168a8e3bcc40d7c032b9dda1df7d1c" "/opt/rustwide/cargo-home/bin/cargo" "+1.75.0" "metadata" "--no-deps" "--format-version=1", kill_on_drop: false }`
[INFO] [stdout] 36192066d35bf866ff476b310d53797e78e17b979f790b0fd62c43ab6fadab80
[INFO] running `Command { std: "docker" "start" "-a" "36192066d35bf866ff476b310d53797e78e17b979f790b0fd62c43ab6fadab80", kill_on_drop: false }`
[INFO] running `Command { std: "docker" "inspect" "36192066d35bf866ff476b310d53797e78e17b979f790b0fd62c43ab6fadab80", kill_on_drop: false }`
[INFO] running `Command { std: "docker" "rm" "-f" "36192066d35bf866ff476b310d53797e78e17b979f790b0fd62c43ab6fadab80", kill_on_drop: false }`
[INFO] [stdout] 36192066d35bf866ff476b310d53797e78e17b979f790b0fd62c43ab6fadab80
[INFO] running `Command { std: "docker" "create" "-v" "/var/lib/crater-agent-workspace/builds/worker-0-tc1/target:/opt/rustwide/target:rw,Z" "-v" "/var/lib/crater-agent-workspace/builds/worker-0-tc1/source:/opt/rustwide/workdir:ro,Z" "-v" "/var/lib/crater-agent-workspace/cargo-home:/opt/rustwide/cargo-home:ro,Z" "-v" "/var/lib/crater-agent-workspace/rustup-home:/opt/rustwide/rustup-home:ro,Z" "-e" "SOURCE_DIR=/opt/rustwide/workdir" "-e" "CARGO_TARGET_DIR=/opt/rustwide/target" "-e" "CARGO_INCREMENTAL=0" "-e" "RUST_BACKTRACE=full" "-e" "RUSTFLAGS=--cap-lints=warn" "-e" "RUSTDOCFLAGS=--cap-lints=warn" "-e" "CARGO_HOME=/opt/rustwide/cargo-home" "-e" "RUSTUP_HOME=/opt/rustwide/rustup-home" "-w" "/opt/rustwide/workdir" "-m" "1610612736" "--user" "0:0" "--network" "none" "ghcr.io/rust-lang/crates-build-env/linux@sha256:2788e3201cd34a07e3172128adcd8b3090168a8e3bcc40d7c032b9dda1df7d1c" "/opt/rustwide/cargo-home/bin/cargo" "+1.75.0" "build" "--frozen" "--message-format=json", kill_on_drop: false }`
[INFO] [stdout] 7932ca1b29f542892f59384559d99372abf5fb4984d4de78728745e8114f93df
[INFO] running `Command { std: "docker" "start" "-a" "7932ca1b29f542892f59384559d99372abf5fb4984d4de78728745e8114f93df", kill_on_drop: false }`
[INFO] [stderr]    Compiling git_describe_build_tool v1.0.2 (/opt/rustwide/workdir)
[INFO] [stderr]     Finished dev [unoptimized + debuginfo] target(s) in 0.25s
[INFO] running `Command { std: "docker" "inspect" "7932ca1b29f542892f59384559d99372abf5fb4984d4de78728745e8114f93df", kill_on_drop: false }`
[INFO] running `Command { std: "docker" "rm" "-f" "7932ca1b29f542892f59384559d99372abf5fb4984d4de78728745e8114f93df", kill_on_drop: false }`
[INFO] [stdout] 7932ca1b29f542892f59384559d99372abf5fb4984d4de78728745e8114f93df
[INFO] running `Command { std: "docker" "create" "-v" "/var/lib/crater-agent-workspace/builds/worker-0-tc1/target:/opt/rustwide/target:rw,Z" "-v" "/var/lib/crater-agent-workspace/builds/worker-0-tc1/source:/opt/rustwide/workdir:ro,Z" "-v" "/var/lib/crater-agent-workspace/cargo-home:/opt/rustwide/cargo-home:ro,Z" "-v" "/var/lib/crater-agent-workspace/rustup-home:/opt/rustwide/rustup-home:ro,Z" "-e" "SOURCE_DIR=/opt/rustwide/workdir" "-e" "CARGO_TARGET_DIR=/opt/rustwide/target" "-e" "CARGO_INCREMENTAL=0" "-e" "RUST_BACKTRACE=full" "-e" "RUSTFLAGS=--cap-lints=warn" "-e" "RUSTDOCFLAGS=--cap-lints=warn" "-e" "CARGO_HOME=/opt/rustwide/cargo-home" "-e" "RUSTUP_HOME=/opt/rustwide/rustup-home" "-w" "/opt/rustwide/workdir" "-m" "1610612736" "--user" "0:0" "--network" "none" "ghcr.io/rust-lang/crates-build-env/linux@sha256:2788e3201cd34a07e3172128adcd8b3090168a8e3bcc40d7c032b9dda1df7d1c" "/opt/rustwide/cargo-home/bin/cargo" "+1.75.0" "test" "--frozen" "--no-run" "--message-format=json", kill_on_drop: false }`
[INFO] [stdout] 1478bc3e97741dfe927e4b80576157038d65053f278671de0012320c13ae4b5f
[INFO] running `Command { std: "docker" "start" "-a" "1478bc3e97741dfe927e4b80576157038d65053f278671de0012320c13ae4b5f", kill_on_drop: false }`
[INFO] [stderr]    Compiling git_describe_build_tool v1.0.2 (/opt/rustwide/workdir)
[INFO] [stderr]     Finished test [unoptimized + debuginfo] target(s) in 0.36s
[INFO] running `Command { std: "docker" "inspect" "1478bc3e97741dfe927e4b80576157038d65053f278671de0012320c13ae4b5f", kill_on_drop: false }`
[INFO] running `Command { std: "docker" "rm" "-f" "1478bc3e97741dfe927e4b80576157038d65053f278671de0012320c13ae4b5f", kill_on_drop: false }`
[INFO] [stdout] 1478bc3e97741dfe927e4b80576157038d65053f278671de0012320c13ae4b5f
[INFO] running `Command { std: "docker" "create" "-v" "/var/lib/crater-agent-workspace/builds/worker-0-tc1/target:/opt/rustwide/target:rw,Z" "-v" "/var/lib/crater-agent-workspace/builds/worker-0-tc1/source:/opt/rustwide/workdir:ro,Z" "-v" "/var/lib/crater-agent-workspace/cargo-home:/opt/rustwide/cargo-home:ro,Z" "-v" "/var/lib/crater-agent-workspace/rustup-home:/opt/rustwide/rustup-home:ro,Z" "-e" "SOURCE_DIR=/opt/rustwide/workdir" "-e" "CARGO_TARGET_DIR=/opt/rustwide/target" "-e" "CARGO_INCREMENTAL=0" "-e" "RUST_BACKTRACE=full" "-e" "RUSTFLAGS=--cap-lints=warn" "-e" "RUSTDOCFLAGS=--cap-lints=warn" "-e" "CARGO_HOME=/opt/rustwide/cargo-home" "-e" "RUSTUP_HOME=/opt/rustwide/rustup-home" "-w" "/opt/rustwide/workdir" "-m" "1610612736" "--user" "0:0" "--network" "none" "ghcr.io/rust-lang/crates-build-env/linux@sha256:2788e3201cd34a07e3172128adcd8b3090168a8e3bcc40d7c032b9dda1df7d1c" "/opt/rustwide/cargo-home/bin/cargo" "+1.75.0" "test" "--frozen", kill_on_drop: false }`
[INFO] [stdout] e5fa59ac61c64b6e04956fa325047a0dea5fa0dbfcbac9978c5bb388ad82a2f9
[INFO] running `Command { std: "docker" "start" "-a" "e5fa59ac61c64b6e04956fa325047a0dea5fa0dbfcbac9978c5bb388ad82a2f9", kill_on_drop: false }`
[INFO] [stderr]     Finished test [unoptimized + debuginfo] target(s) in 0.01s
[INFO] [stderr]      Running unittests lib.rs (/opt/rustwide/target/debug/deps/git_describe_build_tool-4d6180b3b3754c77)
[INFO] [stdout] 
[INFO] [stdout] running 0 tests
[INFO] [stdout] 
[INFO] [stdout] test result: ok. 0 passed; 0 failed; 0 ignored; 0 measured; 0 filtered out; finished in 0.00s
[INFO] [stdout] 
[INFO] [stderr]    Doc-tests git_describe_build_tool
[INFO] [stdout] 
[INFO] [stdout] running 2 tests
[INFO] [stdout] test lib.rs - (line 29) - compile ... ok
[INFO] [stdout] test lib.rs - (line 41) - compile ... FAILED
[INFO] [stdout] 
[INFO] [stdout] failures:
[INFO] [stdout] 
[INFO] [stdout] ---- lib.rs - (line 41) stdout ----
[INFO] [stdout] error: environment variable `GIT_COMMIT_DESCRIBE` not defined at compile time
[INFO] [stdout]  --> lib.rs:42:39
[INFO] [stdout]   |
[INFO] [stdout] 3 | pub const GIT_COMMIT_DESCRIBE: &str = env!("GIT_COMMIT_DESCRIBE");
[INFO] [stdout]   |                                       ^^^^^^^^^^^^^^^^^^^^^^^^^^^
[INFO] [stdout]   |
[INFO] [stdout]   = help: use `std::env::var("GIT_COMMIT_DESCRIBE")` to read the variable at run time
[INFO] [stdout]   = note: this error originates in the macro `env` (in Nightly builds, run with -Z macro-backtrace for more info)
[INFO] [stdout] 
[INFO] [stdout] error: aborting due to previous error
[INFO] [stdout] 
[INFO] [stdout] Couldn't compile the test.
[INFO] [stdout] 
[INFO] [stdout] failures:
[INFO] [stdout]     lib.rs - (line 41)
[INFO] [stdout] 
[INFO] [stdout] test result: FAILED. 1 passed; 1 failed; 0 ignored; 0 measured; 0 filtered out; finished in 0.08s
[INFO] [stdout] 
[INFO] [stderr] error: doctest failed, to rerun pass `--doc`
[INFO] running `Command { std: "docker" "inspect" "e5fa59ac61c64b6e04956fa325047a0dea5fa0dbfcbac9978c5bb388ad82a2f9", kill_on_drop: false }`
[INFO] running `Command { std: "docker" "rm" "-f" "e5fa59ac61c64b6e04956fa325047a0dea5fa0dbfcbac9978c5bb388ad82a2f9", kill_on_drop: false }`
[INFO] [stdout] e5fa59ac61c64b6e04956fa325047a0dea5fa0dbfcbac9978c5bb388ad82a2f9
[INFO] testing git_describe_build_tool-1.0.2 against beta-2023-12-22 for beta-1.76-1
[INFO] extracting crate git_describe_build_tool 1.0.2 into /workspace/builds/worker-0-tc2/source
[INFO] validating manifest of crates.io crate git_describe_build_tool 1.0.2 on toolchain beta-2023-12-22
[INFO] running `Command { std: CARGO_HOME="/workspace/cargo-home" RUSTUP_HOME="/workspace/rustup-home" "/workspace/cargo-home/bin/cargo" "+beta-2023-12-22" "metadata" "--manifest-path" "Cargo.toml" "--no-deps", kill_on_drop: false }`
[INFO] started tweaking crates.io crate git_describe_build_tool 1.0.2
[INFO] finished tweaking crates.io crate git_describe_build_tool 1.0.2
[INFO] tweaked toml for crates.io crate git_describe_build_tool 1.0.2 written to /workspace/builds/worker-0-tc2/source/Cargo.toml
[INFO] running `Command { std: CARGO_HOME="/workspace/cargo-home" RUSTUP_HOME="/workspace/rustup-home" "/workspace/cargo-home/bin/cargo" "+beta-2023-12-22" "generate-lockfile" "--manifest-path" "Cargo.toml", kill_on_drop: false }`
[INFO] running `Command { std: CARGO_HOME="/workspace/cargo-home" RUSTUP_HOME="/workspace/rustup-home" "/workspace/cargo-home/bin/cargo" "+beta-2023-12-22" "fetch" "--manifest-path" "Cargo.toml", kill_on_drop: false }`
[INFO] running `Command { std: "docker" "create" "-v" "/var/lib/crater-agent-workspace/builds/worker-0-tc2/target:/opt/rustwide/target:rw,Z" "-v" "/var/lib/crater-agent-workspace/builds/worker-0-tc2/source:/opt/rustwide/workdir:ro,Z" "-v" "/var/lib/crater-agent-workspace/cargo-home:/opt/rustwide/cargo-home:ro,Z" "-v" "/var/lib/crater-agent-workspace/rustup-home:/opt/rustwide/rustup-home:ro,Z" "-e" "SOURCE_DIR=/opt/rustwide/workdir" "-e" "CARGO_TARGET_DIR=/opt/rustwide/target" "-e" "CARGO_HOME=/opt/rustwide/cargo-home" "-e" "RUSTUP_HOME=/opt/rustwide/rustup-home" "-w" "/opt/rustwide/workdir" "-m" "1610612736" "--user" "0:0" "--network" "none" "ghcr.io/rust-lang/crates-build-env/linux@sha256:2788e3201cd34a07e3172128adcd8b3090168a8e3bcc40d7c032b9dda1df7d1c" "/opt/rustwide/cargo-home/bin/cargo" "+beta-2023-12-22" "metadata" "--no-deps" "--format-version=1", kill_on_drop: false }`
[INFO] [stdout] 1d2b7f3d27de3234d86ecf27b78ef65db464bda45bffc0fd859e7db1ce50c0ef
[INFO] running `Command { std: "docker" "start" "-a" "1d2b7f3d27de3234d86ecf27b78ef65db464bda45bffc0fd859e7db1ce50c0ef", kill_on_drop: false }`
[INFO] running `Command { std: "docker" "inspect" "1d2b7f3d27de3234d86ecf27b78ef65db464bda45bffc0fd859e7db1ce50c0ef", kill_on_drop: false }`
[INFO] running `Command { std: "docker" "rm" "-f" "1d2b7f3d27de3234d86ecf27b78ef65db464bda45bffc0fd859e7db1ce50c0ef", kill_on_drop: false }`
[INFO] [stdout] 1d2b7f3d27de3234d86ecf27b78ef65db464bda45bffc0fd859e7db1ce50c0ef
[INFO] running `Command { std: "docker" "create" "-v" "/var/lib/crater-agent-workspace/builds/worker-0-tc2/target:/opt/rustwide/target:rw,Z" "-v" "/var/lib/crater-agent-workspace/builds/worker-0-tc2/source:/opt/rustwide/workdir:ro,Z" "-v" "/var/lib/crater-agent-workspace/cargo-home:/opt/rustwide/cargo-home:ro,Z" "-v" "/var/lib/crater-agent-workspace/rustup-home:/opt/rustwide/rustup-home:ro,Z" "-e" "SOURCE_DIR=/opt/rustwide/workdir" "-e" "CARGO_TARGET_DIR=/opt/rustwide/target" "-e" "CARGO_INCREMENTAL=0" "-e" "RUST_BACKTRACE=full" "-e" "RUSTFLAGS=--cap-lints=warn" "-e" "RUSTDOCFLAGS=--cap-lints=warn" "-e" "CARGO_HOME=/opt/rustwide/cargo-home" "-e" "RUSTUP_HOME=/opt/rustwide/rustup-home" "-w" "/opt/rustwide/workdir" "-m" "1610612736" "--user" "0:0" "--network" "none" "ghcr.io/rust-lang/crates-build-env/linux@sha256:2788e3201cd34a07e3172128adcd8b3090168a8e3bcc40d7c032b9dda1df7d1c" "/opt/rustwide/cargo-home/bin/cargo" "+beta-2023-12-22" "build" "--frozen" "--message-format=json", kill_on_drop: false }`
[INFO] [stdout] f9f1eb99591b04f258eee649e68a1a87edb12cd397a3b5cd34368ad9a497288a
[INFO] running `Command { std: "docker" "start" "-a" "f9f1eb99591b04f258eee649e68a1a87edb12cd397a3b5cd34368ad9a497288a", kill_on_drop: false }`
[INFO] [stderr]    Compiling git_describe_build_tool v1.0.2 (/opt/rustwide/workdir)
[INFO] [stderr]     Finished dev [unoptimized + debuginfo] target(s) in 0.23s
[INFO] running `Command { std: "docker" "inspect" "f9f1eb99591b04f258eee649e68a1a87edb12cd397a3b5cd34368ad9a497288a", kill_on_drop: false }`
[INFO] running `Command { std: "docker" "rm" "-f" "f9f1eb99591b04f258eee649e68a1a87edb12cd397a3b5cd34368ad9a497288a", kill_on_drop: false }`
[INFO] [stdout] f9f1eb99591b04f258eee649e68a1a87edb12cd397a3b5cd34368ad9a497288a
[INFO] running `Command { std: "docker" "create" "-v" "/var/lib/crater-agent-workspace/builds/worker-0-tc2/target:/opt/rustwide/target:rw,Z" "-v" "/var/lib/crater-agent-workspace/builds/worker-0-tc2/source:/opt/rustwide/workdir:ro,Z" "-v" "/var/lib/crater-agent-workspace/cargo-home:/opt/rustwide/cargo-home:ro,Z" "-v" "/var/lib/crater-agent-workspace/rustup-home:/opt/rustwide/rustup-home:ro,Z" "-e" "SOURCE_DIR=/opt/rustwide/workdir" "-e" "CARGO_TARGET_DIR=/opt/rustwide/target" "-e" "CARGO_INCREMENTAL=0" "-e" "RUST_BACKTRACE=full" "-e" "RUSTFLAGS=--cap-lints=warn" "-e" "RUSTDOCFLAGS=--cap-lints=warn" "-e" "CARGO_HOME=/opt/rustwide/cargo-home" "-e" "RUSTUP_HOME=/opt/rustwide/rustup-home" "-w" "/opt/rustwide/workdir" "-m" "1610612736" "--user" "0:0" "--network" "none" "ghcr.io/rust-lang/crates-build-env/linux@sha256:2788e3201cd34a07e3172128adcd8b3090168a8e3bcc40d7c032b9dda1df7d1c" "/opt/rustwide/cargo-home/bin/cargo" "+beta-2023-12-22" "test" "--frozen" "--no-run" "--message-format=json", kill_on_drop: false }`
[INFO] [stdout] 122d0183974d40c94ce3021bedd9163b599c27c443f3c631161a06184e3d01ce
[INFO] running `Command { std: "docker" "start" "-a" "122d0183974d40c94ce3021bedd9163b599c27c443f3c631161a06184e3d01ce", kill_on_drop: false }`
[INFO] [stderr]    Compiling git_describe_build_tool v1.0.2 (/opt/rustwide/workdir)
[INFO] [stderr]     Finished test [unoptimized + debuginfo] target(s) in 0.34s
[INFO] running `Command { std: "docker" "inspect" "122d0183974d40c94ce3021bedd9163b599c27c443f3c631161a06184e3d01ce", kill_on_drop: false }`
[INFO] running `Command { std: "docker" "rm" "-f" "122d0183974d40c94ce3021bedd9163b599c27c443f3c631161a06184e3d01ce", kill_on_drop: false }`
[INFO] [stdout] 122d0183974d40c94ce3021bedd9163b599c27c443f3c631161a06184e3d01ce
[INFO] running `Command { std: "docker" "create" "-v" "/var/lib/crater-agent-workspace/builds/worker-0-tc2/target:/opt/rustwide/target:rw,Z" "-v" "/var/lib/crater-agent-workspace/builds/worker-0-tc2/source:/opt/rustwide/workdir:ro,Z" "-v" "/var/lib/crater-agent-workspace/cargo-home:/opt/rustwide/cargo-home:ro,Z" "-v" "/var/lib/crater-agent-workspace/rustup-home:/opt/rustwide/rustup-home:ro,Z" "-e" "SOURCE_DIR=/opt/rustwide/workdir" "-e" "CARGO_TARGET_DIR=/opt/rustwide/target" "-e" "CARGO_INCREMENTAL=0" "-e" "RUST_BACKTRACE=full" "-e" "RUSTFLAGS=--cap-lints=warn" "-e" "RUSTDOCFLAGS=--cap-lints=warn" "-e" "CARGO_HOME=/opt/rustwide/cargo-home" "-e" "RUSTUP_HOME=/opt/rustwide/rustup-home" "-w" "/opt/rustwide/workdir" "-m" "1610612736" "--user" "0:0" "--network" "none" "ghcr.io/rust-lang/crates-build-env/linux@sha256:2788e3201cd34a07e3172128adcd8b3090168a8e3bcc40d7c032b9dda1df7d1c" "/opt/rustwide/cargo-home/bin/cargo" "+beta-2023-12-22" "test" "--frozen", kill_on_drop: false }`
[INFO] [stdout] 9c0bf1b0ef7d13c533b32b6de6c7d78c17eaf3b05c44cadc5bcea0a7aa206f51
[INFO] running `Command { std: "docker" "start" "-a" "9c0bf1b0ef7d13c533b32b6de6c7d78c17eaf3b05c44cadc5bcea0a7aa206f51", kill_on_drop: false }`
[INFO] [stderr]     Finished test [unoptimized + debuginfo] target(s) in 0.01s
[INFO] [stderr]      Running unittests lib.rs (/opt/rustwide/target/debug/deps/git_describe_build_tool-0993b5e99131b4cf)
[INFO] [stdout] 
[INFO] [stdout] running 0 tests
[INFO] [stdout] 
[INFO] [stdout] test result: ok. 0 passed; 0 failed; 0 ignored; 0 measured; 0 filtered out; finished in 0.00s
[INFO] [stdout] 
[INFO] [stderr]    Doc-tests git_describe_build_tool
[INFO] [stdout] 
[INFO] [stdout] running 2 tests
[INFO] [stdout] test lib.rs - (line 29) - compile ... ok
[INFO] [stdout] test lib.rs - (line 41) - compile ... FAILED
[INFO] [stderr] error: doctest failed, to rerun pass `--doc`
[INFO] [stdout] 
[INFO] [stdout] failures:
[INFO] [stdout] 
[INFO] [stdout] ---- lib.rs - (line 41) stdout ----
[INFO] [stdout] error: environment variable `GIT_COMMIT_DESCRIBE` not defined at compile time
[INFO] [stdout]  --> lib.rs:42:39
[INFO] [stdout]   |
[INFO] [stdout] 3 | pub const GIT_COMMIT_DESCRIBE: &str = env!("GIT_COMMIT_DESCRIBE");
[INFO] [stdout]   |                                       ^^^^^^^^^^^^^^^^^^^^^^^^^^^
[INFO] [stdout]   |
[INFO] [stdout]   = help: use `std::env::var("GIT_COMMIT_DESCRIBE")` to read the variable at run time
[INFO] [stdout]   = note: this error originates in the macro `env` (in Nightly builds, run with -Z macro-backtrace for more info)
[INFO] [stdout] 
[INFO] [stdout] error: aborting due to 1 previous error
[INFO] [stdout] 
[INFO] [stdout] Couldn't compile the test.
[INFO] [stdout] 
[INFO] [stdout] failures:
[INFO] [stdout]     lib.rs - (line 41)
[INFO] [stdout] 
[INFO] [stdout] test result: FAILED. 1 passed; 1 failed; 0 ignored; 0 measured; 0 filtered out; finished in 0.08s
[INFO] [stdout] 
[INFO] running `Command { std: "docker" "inspect" "9c0bf1b0ef7d13c533b32b6de6c7d78c17eaf3b05c44cadc5bcea0a7aa206f51", kill_on_drop: false }`
[INFO] running `Command { std: "docker" "rm" "-f" "9c0bf1b0ef7d13c533b32b6de6c7d78c17eaf3b05c44cadc5bcea0a7aa206f51", kill_on_drop: false }`
[INFO] [stdout] 9c0bf1b0ef7d13c533b32b6de6c7d78c17eaf3b05c44cadc5bcea0a7aa206f51
