[INFO] fetching crate git-semver-tags 0.0.12...
[INFO] testing git-semver-tags-0.0.12 against 1.75.0 for beta-1.76-1
[INFO] extracting crate git-semver-tags 0.0.12 into /workspace/builds/worker-6-tc1/source
[INFO] validating manifest of crates.io crate git-semver-tags 0.0.12 on toolchain 1.75.0
[INFO] running `Command { std: CARGO_HOME="/workspace/cargo-home" RUSTUP_HOME="/workspace/rustup-home" "/workspace/cargo-home/bin/cargo" "+1.75.0" "metadata" "--manifest-path" "Cargo.toml" "--no-deps", kill_on_drop: false }`
[INFO] started tweaking crates.io crate git-semver-tags 0.0.12
[INFO] finished tweaking crates.io crate git-semver-tags 0.0.12
[INFO] tweaked toml for crates.io crate git-semver-tags 0.0.12 written to /workspace/builds/worker-6-tc1/source/Cargo.toml
[INFO] crate crates.io crate git-semver-tags 0.0.12 already has a lockfile, it will not be regenerated
[INFO] running `Command { std: CARGO_HOME="/workspace/cargo-home" RUSTUP_HOME="/workspace/rustup-home" "/workspace/cargo-home/bin/cargo" "+1.75.0" "fetch" "--manifest-path" "Cargo.toml", kill_on_drop: false }`
[INFO] [stderr]  Downloading crates ...
[INFO] [stderr]   Downloaded bstr v1.3.0
[INFO] [stderr]   Downloaded assert_cmd v2.0.8
[INFO] [stderr]   Downloaded assert_fs v1.0.10
[INFO] [stderr]   Downloaded globset v0.4.10
[INFO] [stderr]   Downloaded zip v0.6.4
[INFO] [stderr]   Downloaded portable-atomic v0.3.19
[INFO] [stderr]   Downloaded self_update v0.36.0
[INFO] running `Command { std: "docker" "create" "-v" "/var/lib/crater-agent-workspace/builds/worker-6-tc1/target:/opt/rustwide/target:rw,Z" "-v" "/var/lib/crater-agent-workspace/builds/worker-6-tc1/source:/opt/rustwide/workdir:ro,Z" "-v" "/var/lib/crater-agent-workspace/cargo-home:/opt/rustwide/cargo-home:ro,Z" "-v" "/var/lib/crater-agent-workspace/rustup-home:/opt/rustwide/rustup-home:ro,Z" "-e" "SOURCE_DIR=/opt/rustwide/workdir" "-e" "CARGO_TARGET_DIR=/opt/rustwide/target" "-e" "CARGO_HOME=/opt/rustwide/cargo-home" "-e" "RUSTUP_HOME=/opt/rustwide/rustup-home" "-w" "/opt/rustwide/workdir" "-m" "1610612736" "--user" "0:0" "--network" "none" "ghcr.io/rust-lang/crates-build-env/linux@sha256:2788e3201cd34a07e3172128adcd8b3090168a8e3bcc40d7c032b9dda1df7d1c" "/opt/rustwide/cargo-home/bin/cargo" "+1.75.0" "metadata" "--no-deps" "--format-version=1", kill_on_drop: false }`
[INFO] [stdout] 1a29f2eb4cf85c33d9c85fdf72e814de5075b10e3d4c793714decca5d2587c8a
[INFO] running `Command { std: "docker" "start" "-a" "1a29f2eb4cf85c33d9c85fdf72e814de5075b10e3d4c793714decca5d2587c8a", kill_on_drop: false }`
[INFO] running `Command { std: "docker" "inspect" "1a29f2eb4cf85c33d9c85fdf72e814de5075b10e3d4c793714decca5d2587c8a", kill_on_drop: false }`
[INFO] running `Command { std: "docker" "rm" "-f" "1a29f2eb4cf85c33d9c85fdf72e814de5075b10e3d4c793714decca5d2587c8a", kill_on_drop: false }`
[INFO] [stdout] 1a29f2eb4cf85c33d9c85fdf72e814de5075b10e3d4c793714decca5d2587c8a
[INFO] running `Command { std: "docker" "create" "-v" "/var/lib/crater-agent-workspace/builds/worker-6-tc1/target:/opt/rustwide/target:rw,Z" "-v" "/var/lib/crater-agent-workspace/builds/worker-6-tc1/source:/opt/rustwide/workdir:ro,Z" "-v" "/var/lib/crater-agent-workspace/cargo-home:/opt/rustwide/cargo-home:ro,Z" "-v" "/var/lib/crater-agent-workspace/rustup-home:/opt/rustwide/rustup-home:ro,Z" "-e" "SOURCE_DIR=/opt/rustwide/workdir" "-e" "CARGO_TARGET_DIR=/opt/rustwide/target" "-e" "CARGO_INCREMENTAL=0" "-e" "RUST_BACKTRACE=full" "-e" "RUSTFLAGS=--cap-lints=warn" "-e" "RUSTDOCFLAGS=--cap-lints=warn" "-e" "CARGO_HOME=/opt/rustwide/cargo-home" "-e" "RUSTUP_HOME=/opt/rustwide/rustup-home" "-w" "/opt/rustwide/workdir" "-m" "1610612736" "--user" "0:0" "--network" "none" "ghcr.io/rust-lang/crates-build-env/linux@sha256:2788e3201cd34a07e3172128adcd8b3090168a8e3bcc40d7c032b9dda1df7d1c" "/opt/rustwide/cargo-home/bin/cargo" "+1.75.0" "build" "--frozen" "--message-format=json", kill_on_drop: false }`
[INFO] [stdout] 88339b730afdb544bf8cd2566081646e762dd243d90756eb48010768cec8bcd5
[INFO] running `Command { std: "docker" "start" "-a" "88339b730afdb544bf8cd2566081646e762dd243d90756eb48010768cec8bcd5", kill_on_drop: false }`
[INFO] [stderr]    Compiling libc v0.2.139
[INFO] [stderr]    Compiling memchr v2.5.0
[INFO] [stderr]    Compiling log v0.4.17
[INFO] [stderr]    Compiling cc v1.0.79
[INFO] [stderr]    Compiling pin-project-lite v0.2.9
[INFO] [stderr]    Compiling bytes v1.4.0
[INFO] [stderr]    Compiling futures-core v0.3.26
[INFO] [stderr]    Compiling spin v0.5.2
[INFO] [stderr]    Compiling untrusted v0.7.1
[INFO] [stderr]    Compiling itoa v1.0.5
[INFO] [stderr]    Compiling proc-macro2 v1.0.51
[INFO] [stderr]    Compiling futures-task v0.3.26
[INFO] [stderr]    Compiling futures-util v0.3.26
[INFO] [stderr]    Compiling tokio v1.26.0
[INFO] [stderr]    Compiling slab v0.4.8
[INFO] [stderr]    Compiling indexmap v1.9.2
[INFO] [stderr]    Compiling tracing-core v0.1.30
[INFO] [stderr]    Compiling unicode-ident v1.0.6
[INFO] [stderr]    Compiling quote v1.0.23
[INFO] [stderr]    Compiling fnv v1.0.7
[INFO] [stderr]    Compiling io-lifetimes v1.0.5
[INFO] [stderr]    Compiling futures-sink v0.3.26
[INFO] [stderr]    Compiling serde v1.0.152
[INFO] [stderr]    Compiling rustix v0.36.8
[INFO] [stderr]    Compiling hashbrown v0.12.3
[INFO] [stderr]    Compiling futures-channel v0.3.26
[INFO] [stderr]    Compiling tinyvec_macros v0.1.1
[INFO] [stderr]    Compiling tracing v0.1.37
[INFO] [stderr]    Compiling futures-io v0.3.26
[INFO] [stderr]    Compiling httparse v1.8.0
[INFO] [stderr]    Compiling pin-utils v0.1.0
[INFO] [stderr]    Compiling http v0.2.9
[INFO] [stderr]    Compiling rustls v0.20.8
[INFO] [stderr]    Compiling tinyvec v1.6.0
[INFO] [stderr]    Compiling proc-macro-error-attr v1.0.4
[INFO] [stderr]    Compiling percent-encoding v2.2.0
[INFO] [stderr]    Compiling try-lock v0.2.4
[INFO] [stderr]    Compiling linux-raw-sys v0.1.4
[INFO] [stderr]    Compiling syn v1.0.109
[INFO] [stderr]    Compiling form_urlencoded v1.1.0
[INFO] [stderr]    Compiling want v0.3.0
[INFO] [stderr]    Compiling proc-macro-error v1.0.4
[INFO] [stderr]    Compiling ryu v1.0.12
[INFO] [stderr]    Compiling serde_json v1.0.93
[INFO] [stderr]    Compiling unicode-bidi v0.3.10
[INFO] [stderr]    Compiling httpdate v1.0.2
[INFO] [stderr]    Compiling portable-atomic v0.3.19
[INFO] [stderr]    Compiling tower-service v0.3.2
[INFO] [stderr]    Compiling miniz_oxide v0.6.2
[INFO] [stderr]    Compiling time-core v0.1.0
[INFO] [stderr]    Compiling semver v1.0.16
[INFO] [stderr]    Compiling unicode-width v0.1.10
[INFO] [stderr]    Compiling base64 v0.21.0
[INFO] [stderr]    Compiling time v0.3.20
[INFO] [stderr]    Compiling aho-corasick v0.7.20
[INFO] [stderr]    Compiling ring v0.16.20
[INFO] [stderr]    Compiling socket2 v0.4.7
[INFO] [stderr]    Compiling mio v0.8.6
[INFO] [stderr]    Compiling num_cpus v1.15.0
[INFO] [stderr]    Compiling http-body v0.4.5
[INFO] [stderr]    Compiling unicode-normalization v0.1.22
[INFO] [stderr]    Compiling rustls-pemfile v1.0.2
[INFO] [stderr]    Compiling flate2 v1.0.25
[INFO] [stderr]    Compiling console v0.15.5
[INFO] [stderr]    Compiling xattr v0.2.3
[INFO] [stderr]    Compiling filetime v0.2.20
[INFO] [stderr]    Compiling encoding_rs v0.8.32
[INFO] [stderr]    Compiling mime v0.3.16
[INFO] [stderr]    Compiling fastrand v1.9.0
[INFO] [stderr]    Compiling self_update v0.36.0
[INFO] [stderr]    Compiling idna v0.3.0
[INFO] [stderr]    Compiling regex-syntax v0.6.28
[INFO] [stderr]    Compiling os_str_bytes v6.4.1
[INFO] [stderr]    Compiling ipnet v2.7.1
[INFO] [stderr]    Compiling number_prefix v0.4.0
[INFO] [stderr]    Compiling zip v0.6.4
[INFO] [stderr]    Compiling tar v0.4.38
[INFO] [stderr]    Compiling url v2.3.1
[INFO] [stderr]    Compiling indicatif v0.17.3
[INFO] [stderr]    Compiling clap_lex v0.3.2
[INFO] [stderr]    Compiling quick-xml v0.23.1
[INFO] [stderr]    Compiling urlencoding v2.1.2
[INFO] [stderr]    Compiling either v1.8.1
[INFO] [stderr]    Compiling termcolor v1.2.0
[INFO] [stderr]    Compiling is-terminal v0.4.4
[INFO] [stderr]    Compiling tempfile v3.4.0
[INFO] [stderr]    Compiling serde_urlencoded v0.7.1
[INFO] [stderr]    Compiling regex v1.7.1
[INFO] [stderr]    Compiling clap_derive v4.1.8
[INFO] [stderr]    Compiling tokio-util v0.7.7
[INFO] [stderr]    Compiling webpki v0.22.0
[INFO] [stderr]    Compiling sct v0.7.0
[INFO] [stderr]    Compiling webpki-roots v0.22.6
[INFO] [stderr]    Compiling h2 v0.3.16
[INFO] [stderr]    Compiling clap v4.1.8
[INFO] [stderr]    Compiling tokio-rustls v0.23.4
[INFO] [stderr]    Compiling hyper v0.14.24
[INFO] [stderr]    Compiling hyper-rustls v0.23.2
[INFO] [stderr]    Compiling reqwest v0.11.14
[INFO] [stderr]    Compiling git-semver-tags v0.0.12 (/opt/rustwide/workdir)
[INFO] [stdout] warning: lint `private_in_public` has been removed: replaced with another group of lints, see RFC <https://rust-lang.github.io/rfcs/2145-type-privacy.html> for more information
[INFO] [stdout]  --> src/lib.rs:3:9
[INFO] [stdout]   |
[INFO] [stdout] 3 | #![deny(private_in_public, unreachable_pub, missing_docs, rust_2018_idioms)]
[INFO] [stdout]   |         ^^^^^^^^^^^^^^^^^
[INFO] [stdout]   |
[INFO] [stdout]   = note: `#[warn(renamed_and_removed_lints)]` on by default
[INFO] [stdout] 
[INFO] [stdout] 
[INFO] [stdout] warning: 1 warning emitted
[INFO] [stdout] 
[INFO] [stdout] 
[INFO] [stderr]     Finished dev [unoptimized + debuginfo] target(s) in 23.59s
[INFO] running `Command { std: "docker" "inspect" "88339b730afdb544bf8cd2566081646e762dd243d90756eb48010768cec8bcd5", kill_on_drop: false }`
[INFO] running `Command { std: "docker" "rm" "-f" "88339b730afdb544bf8cd2566081646e762dd243d90756eb48010768cec8bcd5", kill_on_drop: false }`
[INFO] [stdout] 88339b730afdb544bf8cd2566081646e762dd243d90756eb48010768cec8bcd5
[INFO] running `Command { std: "docker" "create" "-v" "/var/lib/crater-agent-workspace/builds/worker-6-tc1/target:/opt/rustwide/target:rw,Z" "-v" "/var/lib/crater-agent-workspace/builds/worker-6-tc1/source:/opt/rustwide/workdir:ro,Z" "-v" "/var/lib/crater-agent-workspace/cargo-home:/opt/rustwide/cargo-home:ro,Z" "-v" "/var/lib/crater-agent-workspace/rustup-home:/opt/rustwide/rustup-home:ro,Z" "-e" "SOURCE_DIR=/opt/rustwide/workdir" "-e" "CARGO_TARGET_DIR=/opt/rustwide/target" "-e" "CARGO_INCREMENTAL=0" "-e" "RUST_BACKTRACE=full" "-e" "RUSTFLAGS=--cap-lints=warn" "-e" "RUSTDOCFLAGS=--cap-lints=warn" "-e" "CARGO_HOME=/opt/rustwide/cargo-home" "-e" "RUSTUP_HOME=/opt/rustwide/rustup-home" "-w" "/opt/rustwide/workdir" "-m" "1610612736" "--user" "0:0" "--network" "none" "ghcr.io/rust-lang/crates-build-env/linux@sha256:2788e3201cd34a07e3172128adcd8b3090168a8e3bcc40d7c032b9dda1df7d1c" "/opt/rustwide/cargo-home/bin/cargo" "+1.75.0" "test" "--frozen" "--no-run" "--message-format=json", kill_on_drop: false }`
[INFO] [stdout] d37047ad2f308cd01c06c569b40021ecb9a227742240bfd60748566cb0ae38f9
[INFO] running `Command { std: "docker" "start" "-a" "d37047ad2f308cd01c06c569b40021ecb9a227742240bfd60748566cb0ae38f9", kill_on_drop: false }`
[INFO] [stderr]    Compiling regex-automata v0.1.10
[INFO] [stderr]    Compiling predicates-core v1.0.5
[INFO] [stderr]    Compiling doc-comment v0.3.3
[INFO] [stderr]    Compiling itertools v0.10.5
[INFO] [stderr]    Compiling walkdir v2.3.2
[INFO] [stderr]    Compiling thread_local v1.1.7
[INFO] [stderr]    Compiling difflib v0.4.0
[INFO] [stderr]    Compiling termtree v0.4.0
[INFO] [stderr]    Compiling anyhow v1.0.69
[INFO] [stderr]    Compiling wait-timeout v0.2.0
[INFO] [stdout] warning: lint `private_in_public` has been removed: replaced with another group of lints, see RFC <https://rust-lang.github.io/rfcs/2145-type-privacy.html> for more information
[INFO] [stdout]  --> src/lib.rs:3:9
[INFO] [stdout]   |
[INFO] [stdout] 3 | #![deny(private_in_public, unreachable_pub, missing_docs, rust_2018_idioms)]
[INFO] [stdout]   |         ^^^^^^^^^^^^^^^^^
[INFO] [stdout]   |
[INFO] [stdout]   = note: `#[warn(renamed_and_removed_lints)]` on by default
[INFO] [stdout] 
[INFO] [stdout] 
[INFO] [stdout] warning: 1 warning emitted
[INFO] [stdout] 
[INFO] [stdout] 
[INFO] [stderr]    Compiling predicates-tree v1.0.7
[INFO] [stderr]    Compiling bstr v1.3.0
[INFO] [stderr]    Compiling globset v0.4.10
[INFO] [stderr]    Compiling ignore v0.4.20
[INFO] [stderr]    Compiling predicates v2.1.5
[INFO] [stderr]    Compiling globwalk v0.8.1
[INFO] [stderr]    Compiling assert_fs v1.0.10
[INFO] [stderr]    Compiling assert_cmd v2.0.8
[INFO] [stderr]    Compiling git-semver-tags v0.0.12 (/opt/rustwide/workdir)
[INFO] [stdout] warning: lint `private_in_public` has been removed: replaced with another group of lints, see RFC <https://rust-lang.github.io/rfcs/2145-type-privacy.html> for more information
[INFO] [stdout]  --> src/lib.rs:3:9
[INFO] [stdout]   |
[INFO] [stdout] 3 | #![deny(private_in_public, unreachable_pub, missing_docs, rust_2018_idioms)]
[INFO] [stdout]   |         ^^^^^^^^^^^^^^^^^
[INFO] [stdout]   |
[INFO] [stdout]   = note: `#[warn(renamed_and_removed_lints)]` on by default
[INFO] [stdout] 
[INFO] [stdout] 
[INFO] [stdout] warning: 1 warning emitted
[INFO] [stdout] 
[INFO] [stdout] 
[INFO] [stderr]     Finished test [unoptimized + debuginfo] target(s) in 6.03s
[INFO] running `Command { std: "docker" "inspect" "d37047ad2f308cd01c06c569b40021ecb9a227742240bfd60748566cb0ae38f9", kill_on_drop: false }`
[INFO] running `Command { std: "docker" "rm" "-f" "d37047ad2f308cd01c06c569b40021ecb9a227742240bfd60748566cb0ae38f9", kill_on_drop: false }`
[INFO] [stdout] d37047ad2f308cd01c06c569b40021ecb9a227742240bfd60748566cb0ae38f9
[INFO] running `Command { std: "docker" "create" "-v" "/var/lib/crater-agent-workspace/builds/worker-6-tc1/target:/opt/rustwide/target:rw,Z" "-v" "/var/lib/crater-agent-workspace/builds/worker-6-tc1/source:/opt/rustwide/workdir:ro,Z" "-v" "/var/lib/crater-agent-workspace/cargo-home:/opt/rustwide/cargo-home:ro,Z" "-v" "/var/lib/crater-agent-workspace/rustup-home:/opt/rustwide/rustup-home:ro,Z" "-e" "SOURCE_DIR=/opt/rustwide/workdir" "-e" "CARGO_TARGET_DIR=/opt/rustwide/target" "-e" "CARGO_INCREMENTAL=0" "-e" "RUST_BACKTRACE=full" "-e" "RUSTFLAGS=--cap-lints=warn" "-e" "RUSTDOCFLAGS=--cap-lints=warn" "-e" "CARGO_HOME=/opt/rustwide/cargo-home" "-e" "RUSTUP_HOME=/opt/rustwide/rustup-home" "-w" "/opt/rustwide/workdir" "-m" "1610612736" "--user" "0:0" "--network" "none" "ghcr.io/rust-lang/crates-build-env/linux@sha256:2788e3201cd34a07e3172128adcd8b3090168a8e3bcc40d7c032b9dda1df7d1c" "/opt/rustwide/cargo-home/bin/cargo" "+1.75.0" "test" "--frozen", kill_on_drop: false }`
[INFO] [stdout] cfcd6a2cc8a41fca3200b6a4f0e876707a69386104bf2f5b4d7c162372e67297
[INFO] running `Command { std: "docker" "start" "-a" "cfcd6a2cc8a41fca3200b6a4f0e876707a69386104bf2f5b4d7c162372e67297", kill_on_drop: false }`
[INFO] [stderr] warning: lint `private_in_public` has been removed: replaced with another group of lints, see RFC <https://rust-lang.github.io/rfcs/2145-type-privacy.html> for more information
[INFO] [stderr]  --> src/lib.rs:3:9
[INFO] [stderr]   |
[INFO] [stderr] 3 | #![deny(private_in_public, unreachable_pub, missing_docs, rust_2018_idioms)]
[INFO] [stderr]   |         ^^^^^^^^^^^^^^^^^
[INFO] [stderr]   |
[INFO] [stderr]   = note: `#[warn(renamed_and_removed_lints)]` on by default
[INFO] [stderr] 
[INFO] [stderr] warning: `git-semver-tags` (lib) generated 1 warning
[INFO] [stderr] warning: `git-semver-tags` (lib test) generated 1 warning (1 duplicate)
[INFO] [stderr]     Finished test [unoptimized + debuginfo] target(s) in 0.16s
[INFO] [stderr]      Running unittests src/lib.rs (/opt/rustwide/target/debug/deps/git_semver_tags-9599e907cb1d7420)
[INFO] [stdout] 
[INFO] [stdout] running 4 tests
[INFO] [stdout] test cli::tests::verify_cli ... ok
[INFO] [stdout] test macros::tests::test_format_regex ... ok
[INFO] [stdout] test tests::test_is_lerna_tag ... ok
[INFO] [stdout] test tests::test_semver_valid ... ok
[INFO] [stdout] 
[INFO] [stdout] test result: ok. 4 passed; 0 failed; 0 ignored; 0 measured; 0 filtered out; finished in 0.01s
[INFO] [stdout] 
[INFO] [stderr]      Running unittests src/main.rs (/opt/rustwide/target/debug/deps/git_semver_tags-a803acdda5cf05f2)
[INFO] [stdout] 
[INFO] [stdout] running 0 tests
[INFO] [stdout] 
[INFO] [stdout] test result: ok. 0 passed; 0 failed; 0 ignored; 0 measured; 0 filtered out; finished in 0.00s
[INFO] [stdout] 
[INFO] [stderr]      Running tests/cli_test.rs (/opt/rustwide/target/debug/deps/cli_test-88c2c7bb0a58ff95)
[INFO] [stdout] 
[INFO] [stdout] running 3 tests
[INFO] [stdout] test test_cli_case2 ... ok
[INFO] [stdout] test test_cli_case3 ... FAILED
[INFO] [stdout] test test_cli_case1 ... ok
[INFO] [stdout] 
[INFO] [stdout] failures:
[INFO] [stdout] 
[INFO] [stdout] ---- test_cli_case3 stdout ----
[INFO] [stdout] Error: No such file or directory (os error 2)
[INFO] [stdout] 
[INFO] [stdout] 
[INFO] [stdout] failures:
[INFO] [stdout]     test_cli_case3
[INFO] [stdout] 
[INFO] [stdout] test result: FAILED. 2 passed; 1 failed; 0 ignored; 0 measured; 0 filtered out; finished in 0.10s
[INFO] [stdout] 
[INFO] [stderr] error: test failed, to rerun pass `--test cli_test`
[INFO] running `Command { std: "docker" "inspect" "cfcd6a2cc8a41fca3200b6a4f0e876707a69386104bf2f5b4d7c162372e67297", kill_on_drop: false }`
[INFO] running `Command { std: "docker" "rm" "-f" "cfcd6a2cc8a41fca3200b6a4f0e876707a69386104bf2f5b4d7c162372e67297", kill_on_drop: false }`
[INFO] [stdout] cfcd6a2cc8a41fca3200b6a4f0e876707a69386104bf2f5b4d7c162372e67297
[INFO] testing git-semver-tags-0.0.12 against beta-2023-12-22 for beta-1.76-1
[INFO] extracting crate git-semver-tags 0.0.12 into /workspace/builds/worker-6-tc2/source
[INFO] validating manifest of crates.io crate git-semver-tags 0.0.12 on toolchain beta-2023-12-22
[INFO] running `Command { std: CARGO_HOME="/workspace/cargo-home" RUSTUP_HOME="/workspace/rustup-home" "/workspace/cargo-home/bin/cargo" "+beta-2023-12-22" "metadata" "--manifest-path" "Cargo.toml" "--no-deps", kill_on_drop: false }`
[INFO] started tweaking crates.io crate git-semver-tags 0.0.12
[INFO] finished tweaking crates.io crate git-semver-tags 0.0.12
[INFO] tweaked toml for crates.io crate git-semver-tags 0.0.12 written to /workspace/builds/worker-6-tc2/source/Cargo.toml
[INFO] crate crates.io crate git-semver-tags 0.0.12 already has a lockfile, it will not be regenerated
[INFO] running `Command { std: CARGO_HOME="/workspace/cargo-home" RUSTUP_HOME="/workspace/rustup-home" "/workspace/cargo-home/bin/cargo" "+beta-2023-12-22" "fetch" "--manifest-path" "Cargo.toml", kill_on_drop: false }`
[INFO] running `Command { std: "docker" "create" "-v" "/var/lib/crater-agent-workspace/builds/worker-6-tc2/target:/opt/rustwide/target:rw,Z" "-v" "/var/lib/crater-agent-workspace/builds/worker-6-tc2/source:/opt/rustwide/workdir:ro,Z" "-v" "/var/lib/crater-agent-workspace/cargo-home:/opt/rustwide/cargo-home:ro,Z" "-v" "/var/lib/crater-agent-workspace/rustup-home:/opt/rustwide/rustup-home:ro,Z" "-e" "SOURCE_DIR=/opt/rustwide/workdir" "-e" "CARGO_TARGET_DIR=/opt/rustwide/target" "-e" "CARGO_HOME=/opt/rustwide/cargo-home" "-e" "RUSTUP_HOME=/opt/rustwide/rustup-home" "-w" "/opt/rustwide/workdir" "-m" "1610612736" "--user" "0:0" "--network" "none" "ghcr.io/rust-lang/crates-build-env/linux@sha256:2788e3201cd34a07e3172128adcd8b3090168a8e3bcc40d7c032b9dda1df7d1c" "/opt/rustwide/cargo-home/bin/cargo" "+beta-2023-12-22" "metadata" "--no-deps" "--format-version=1", kill_on_drop: false }`
[INFO] [stdout] 4ef22a713d0e59147e299e485a99ab0ed6489e3bba675b3261e66387e4152fcb
[INFO] running `Command { std: "docker" "start" "-a" "4ef22a713d0e59147e299e485a99ab0ed6489e3bba675b3261e66387e4152fcb", kill_on_drop: false }`
[INFO] running `Command { std: "docker" "inspect" "4ef22a713d0e59147e299e485a99ab0ed6489e3bba675b3261e66387e4152fcb", kill_on_drop: false }`
[INFO] running `Command { std: "docker" "rm" "-f" "4ef22a713d0e59147e299e485a99ab0ed6489e3bba675b3261e66387e4152fcb", kill_on_drop: false }`
[INFO] [stdout] 4ef22a713d0e59147e299e485a99ab0ed6489e3bba675b3261e66387e4152fcb
[INFO] running `Command { std: "docker" "create" "-v" "/var/lib/crater-agent-workspace/builds/worker-6-tc2/target:/opt/rustwide/target:rw,Z" "-v" "/var/lib/crater-agent-workspace/builds/worker-6-tc2/source:/opt/rustwide/workdir:ro,Z" "-v" "/var/lib/crater-agent-workspace/cargo-home:/opt/rustwide/cargo-home:ro,Z" "-v" "/var/lib/crater-agent-workspace/rustup-home:/opt/rustwide/rustup-home:ro,Z" "-e" "SOURCE_DIR=/opt/rustwide/workdir" "-e" "CARGO_TARGET_DIR=/opt/rustwide/target" "-e" "CARGO_INCREMENTAL=0" "-e" "RUST_BACKTRACE=full" "-e" "RUSTFLAGS=--cap-lints=warn" "-e" "RUSTDOCFLAGS=--cap-lints=warn" "-e" "CARGO_HOME=/opt/rustwide/cargo-home" "-e" "RUSTUP_HOME=/opt/rustwide/rustup-home" "-w" "/opt/rustwide/workdir" "-m" "1610612736" "--user" "0:0" "--network" "none" "ghcr.io/rust-lang/crates-build-env/linux@sha256:2788e3201cd34a07e3172128adcd8b3090168a8e3bcc40d7c032b9dda1df7d1c" "/opt/rustwide/cargo-home/bin/cargo" "+beta-2023-12-22" "build" "--frozen" "--message-format=json", kill_on_drop: false }`
[INFO] [stdout] c3ffaed290908715d1c0f8891d94abfbf3ff49dfb2ce366c318cc3caa38e0122
[INFO] running `Command { std: "docker" "start" "-a" "c3ffaed290908715d1c0f8891d94abfbf3ff49dfb2ce366c318cc3caa38e0122", kill_on_drop: false }`
[INFO] [stderr]    Compiling libc v0.2.139
[INFO] [stderr]    Compiling memchr v2.5.0
[INFO] [stderr]    Compiling log v0.4.17
[INFO] [stderr]    Compiling cc v1.0.79
[INFO] [stderr]    Compiling pin-project-lite v0.2.9
[INFO] [stderr]    Compiling bytes v1.4.0
[INFO] [stderr]    Compiling futures-core v0.3.26
[INFO] [stderr]    Compiling spin v0.5.2
[INFO] [stderr]    Compiling untrusted v0.7.1
[INFO] [stderr]    Compiling itoa v1.0.5
[INFO] [stderr]    Compiling proc-macro2 v1.0.51
[INFO] [stderr]    Compiling futures-task v0.3.26
[INFO] [stderr]    Compiling tokio v1.26.0
[INFO] [stderr]    Compiling slab v0.4.8
[INFO] [stderr]    Compiling tracing-core v0.1.30
[INFO] [stderr]    Compiling indexmap v1.9.2
[INFO] [stderr]    Compiling unicode-ident v1.0.6
[INFO] [stderr]    Compiling quote v1.0.23
[INFO] [stderr]    Compiling futures-util v0.3.26
[INFO] [stderr]    Compiling io-lifetimes v1.0.5
[INFO] [stderr]    Compiling fnv v1.0.7
[INFO] [stderr]    Compiling futures-io v0.3.26
[INFO] [stderr]    Compiling http v0.2.9
[INFO] [stderr]    Compiling futures-sink v0.3.26
[INFO] [stderr]    Compiling rustix v0.36.8
[INFO] [stderr]    Compiling pin-utils v0.1.0
[INFO] [stderr]    Compiling tinyvec_macros v0.1.1
[INFO] [stderr]    Compiling httparse v1.8.0
[INFO] [stderr]    Compiling futures-channel v0.3.26
[INFO] [stderr]    Compiling tracing v0.1.37
[INFO] [stderr]    Compiling serde v1.0.152
[INFO] [stderr]    Compiling rustls v0.20.8
[INFO] [stderr]    Compiling hashbrown v0.12.3
[INFO] [stderr]    Compiling tinyvec v1.6.0
[INFO] [stderr]    Compiling proc-macro-error-attr v1.0.4
[INFO] [stderr]    Compiling percent-encoding v2.2.0
[INFO] [stderr]    Compiling syn v1.0.109
[INFO] [stderr]    Compiling linux-raw-sys v0.1.4
[INFO] [stderr]    Compiling try-lock v0.2.4
[INFO] [stderr]    Compiling want v0.3.0
[INFO] [stderr]    Compiling form_urlencoded v1.1.0
[INFO] [stderr]    Compiling proc-macro-error v1.0.4
[INFO] [stderr]    Compiling unicode-bidi v0.3.10
[INFO] [stderr]    Compiling ryu v1.0.12
[INFO] [stderr]    Compiling httpdate v1.0.2
[INFO] [stderr]    Compiling tower-service v0.3.2
[INFO] [stderr]    Compiling serde_json v1.0.93
[INFO] [stderr]    Compiling portable-atomic v0.3.19
[INFO] [stderr]    Compiling http-body v0.4.5
[INFO] [stderr]    Compiling ring v0.16.20
[INFO] [stderr]    Compiling unicode-normalization v0.1.22
[INFO] [stderr]    Compiling miniz_oxide v0.6.2
[INFO] [stderr]    Compiling semver v1.0.16
[INFO] [stderr]    Compiling time-core v0.1.0
[INFO] [stderr]    Compiling unicode-width v0.1.10
[INFO] [stderr]    Compiling base64 v0.21.0
[INFO] [stderr]    Compiling aho-corasick v0.7.20
[INFO] [stderr]    Compiling time v0.3.20
[INFO] [stderr]    Compiling encoding_rs v0.8.32
[INFO] [stderr]    Compiling idna v0.3.0
[INFO] [stderr]    Compiling mio v0.8.6
[INFO] [stderr]    Compiling num_cpus v1.15.0
[INFO] [stderr]    Compiling socket2 v0.4.7
[INFO] [stderr]    Compiling url v2.3.1
[INFO] [stderr]    Compiling filetime v0.2.20
[INFO] [stderr]    Compiling console v0.15.5
[INFO] [stderr]    Compiling xattr v0.2.3
[INFO] [stderr]    Compiling rustls-pemfile v1.0.2
[INFO] [stderr]    Compiling flate2 v1.0.25
[INFO] [stderr]    Compiling number_prefix v0.4.0
[INFO] [stderr]    Compiling fastrand v1.9.0
[INFO] [stderr]    Compiling ipnet v2.7.1
[INFO] [stderr]    Compiling os_str_bytes v6.4.1
[INFO] [stderr]    Compiling self_update v0.36.0
[INFO] [stderr]    Compiling mime v0.3.16
[INFO] [stderr]    Compiling regex-syntax v0.6.28
[INFO] [stderr]    Compiling clap_lex v0.3.2
[INFO] [stderr]    Compiling indicatif v0.17.3
[INFO] [stderr]    Compiling zip v0.6.4
[INFO] [stderr]    Compiling tar v0.4.38
[INFO] [stderr]    Compiling quick-xml v0.23.1
[INFO] [stderr]    Compiling is-terminal v0.4.4
[INFO] [stderr]    Compiling tempfile v3.4.0
[INFO] [stderr]    Compiling termcolor v1.2.0
[INFO] [stderr]    Compiling either v1.8.1
[INFO] [stderr]    Compiling urlencoding v2.1.2
[INFO] [stderr]    Compiling serde_urlencoded v0.7.1
[INFO] [stderr]    Compiling clap_derive v4.1.8
[INFO] [stderr]    Compiling regex v1.7.1
[INFO] [stderr]    Compiling webpki v0.22.0
[INFO] [stderr]    Compiling sct v0.7.0
[INFO] [stderr]    Compiling webpki-roots v0.22.6
[INFO] [stderr]    Compiling tokio-util v0.7.7
[INFO] [stderr]    Compiling h2 v0.3.16
[INFO] [stderr]    Compiling clap v4.1.8
[INFO] [stderr]    Compiling tokio-rustls v0.23.4
[INFO] [stderr]    Compiling hyper v0.14.24
[INFO] [stderr]    Compiling hyper-rustls v0.23.2
[INFO] [stderr]    Compiling reqwest v0.11.14
[INFO] [stderr]    Compiling git-semver-tags v0.0.12 (/opt/rustwide/workdir)
[INFO] [stdout] warning: lint `private_in_public` has been removed: replaced with another group of lints, see RFC <https://rust-lang.github.io/rfcs/2145-type-privacy.html> for more information
[INFO] [stdout]  --> src/lib.rs:3:9
[INFO] [stdout]   |
[INFO] [stdout] 3 | #![deny(private_in_public, unreachable_pub, missing_docs, rust_2018_idioms)]
[INFO] [stdout]   |         ^^^^^^^^^^^^^^^^^
[INFO] [stdout]   |
[INFO] [stdout]   = note: `#[warn(renamed_and_removed_lints)]` on by default
[INFO] [stdout] 
[INFO] [stdout] 
[INFO] [stdout] warning: 1 warning emitted
[INFO] [stdout] 
[INFO] [stdout] 
[INFO] [stderr]     Finished dev [unoptimized + debuginfo] target(s) in 17.32s
[INFO] running `Command { std: "docker" "inspect" "c3ffaed290908715d1c0f8891d94abfbf3ff49dfb2ce366c318cc3caa38e0122", kill_on_drop: false }`
[INFO] running `Command { std: "docker" "rm" "-f" "c3ffaed290908715d1c0f8891d94abfbf3ff49dfb2ce366c318cc3caa38e0122", kill_on_drop: false }`
[INFO] [stdout] c3ffaed290908715d1c0f8891d94abfbf3ff49dfb2ce366c318cc3caa38e0122
[INFO] running `Command { std: "docker" "create" "-v" "/var/lib/crater-agent-workspace/builds/worker-6-tc2/target:/opt/rustwide/target:rw,Z" "-v" "/var/lib/crater-agent-workspace/builds/worker-6-tc2/source:/opt/rustwide/workdir:ro,Z" "-v" "/var/lib/crater-agent-workspace/cargo-home:/opt/rustwide/cargo-home:ro,Z" "-v" "/var/lib/crater-agent-workspace/rustup-home:/opt/rustwide/rustup-home:ro,Z" "-e" "SOURCE_DIR=/opt/rustwide/workdir" "-e" "CARGO_TARGET_DIR=/opt/rustwide/target" "-e" "CARGO_INCREMENTAL=0" "-e" "RUST_BACKTRACE=full" "-e" "RUSTFLAGS=--cap-lints=warn" "-e" "RUSTDOCFLAGS=--cap-lints=warn" "-e" "CARGO_HOME=/opt/rustwide/cargo-home" "-e" "RUSTUP_HOME=/opt/rustwide/rustup-home" "-w" "/opt/rustwide/workdir" "-m" "1610612736" "--user" "0:0" "--network" "none" "ghcr.io/rust-lang/crates-build-env/linux@sha256:2788e3201cd34a07e3172128adcd8b3090168a8e3bcc40d7c032b9dda1df7d1c" "/opt/rustwide/cargo-home/bin/cargo" "+beta-2023-12-22" "test" "--frozen" "--no-run" "--message-format=json", kill_on_drop: false }`
[INFO] [stdout] 7b675eb3813340f0fbb619eaef817314430440a4e83bc3afc0beaa6c66a5cd83
[INFO] running `Command { std: "docker" "start" "-a" "7b675eb3813340f0fbb619eaef817314430440a4e83bc3afc0beaa6c66a5cd83", kill_on_drop: false }`
[INFO] [stderr]    Compiling regex-automata v0.1.10
[INFO] [stderr]    Compiling doc-comment v0.3.3
[INFO] [stderr]    Compiling predicates-core v1.0.5
[INFO] [stderr]    Compiling walkdir v2.3.2
[INFO] [stderr]    Compiling itertools v0.10.5
[INFO] [stderr]    Compiling thread_local v1.1.7
[INFO] [stderr]    Compiling difflib v0.4.0
[INFO] [stderr]    Compiling termtree v0.4.0
[INFO] [stderr]    Compiling anyhow v1.0.69
[INFO] [stderr]    Compiling wait-timeout v0.2.0
[INFO] [stdout] warning: lint `private_in_public` has been removed: replaced with another group of lints, see RFC <https://rust-lang.github.io/rfcs/2145-type-privacy.html> for more information
[INFO] [stdout]  --> src/lib.rs:3:9
[INFO] [stdout]   |
[INFO] [stdout] 3 | #![deny(private_in_public, unreachable_pub, missing_docs, rust_2018_idioms)]
[INFO] [stdout]   |         ^^^^^^^^^^^^^^^^^
[INFO] [stdout]   |
[INFO] [stdout]   = note: `#[warn(renamed_and_removed_lints)]` on by default
[INFO] [stdout] 
[INFO] [stdout] 
[INFO] [stdout] warning: 1 warning emitted
[INFO] [stdout] 
[INFO] [stdout] 
[INFO] [stderr]    Compiling predicates-tree v1.0.7
[INFO] [stderr]    Compiling bstr v1.3.0
[INFO] [stderr]    Compiling globset v0.4.10
[INFO] [stderr]    Compiling ignore v0.4.20
[INFO] [stderr]    Compiling predicates v2.1.5
[INFO] [stderr]    Compiling globwalk v0.8.1
[INFO] [stderr]    Compiling assert_fs v1.0.10
[INFO] [stderr]    Compiling assert_cmd v2.0.8
[INFO] [stderr]    Compiling git-semver-tags v0.0.12 (/opt/rustwide/workdir)
[INFO] [stdout] warning: lint `private_in_public` has been removed: replaced with another group of lints, see RFC <https://rust-lang.github.io/rfcs/2145-type-privacy.html> for more information
[INFO] [stdout]  --> src/lib.rs:3:9
[INFO] [stdout]   |
[INFO] [stdout] 3 | #![deny(private_in_public, unreachable_pub, missing_docs, rust_2018_idioms)]
[INFO] [stdout]   |         ^^^^^^^^^^^^^^^^^
[INFO] [stdout]   |
[INFO] [stdout]   = note: `#[warn(renamed_and_removed_lints)]` on by default
[INFO] [stdout] 
[INFO] [stdout] 
[INFO] [stdout] warning: 1 warning emitted
[INFO] [stdout] 
[INFO] [stdout] 
[INFO] [stderr]     Finished test [unoptimized + debuginfo] target(s) in 3.84s
[INFO] running `Command { std: "docker" "inspect" "7b675eb3813340f0fbb619eaef817314430440a4e83bc3afc0beaa6c66a5cd83", kill_on_drop: false }`
[INFO] running `Command { std: "docker" "rm" "-f" "7b675eb3813340f0fbb619eaef817314430440a4e83bc3afc0beaa6c66a5cd83", kill_on_drop: false }`
[INFO] [stdout] 7b675eb3813340f0fbb619eaef817314430440a4e83bc3afc0beaa6c66a5cd83
[INFO] running `Command { std: "docker" "create" "-v" "/var/lib/crater-agent-workspace/builds/worker-6-tc2/target:/opt/rustwide/target:rw,Z" "-v" "/var/lib/crater-agent-workspace/builds/worker-6-tc2/source:/opt/rustwide/workdir:ro,Z" "-v" "/var/lib/crater-agent-workspace/cargo-home:/opt/rustwide/cargo-home:ro,Z" "-v" "/var/lib/crater-agent-workspace/rustup-home:/opt/rustwide/rustup-home:ro,Z" "-e" "SOURCE_DIR=/opt/rustwide/workdir" "-e" "CARGO_TARGET_DIR=/opt/rustwide/target" "-e" "CARGO_INCREMENTAL=0" "-e" "RUST_BACKTRACE=full" "-e" "RUSTFLAGS=--cap-lints=warn" "-e" "RUSTDOCFLAGS=--cap-lints=warn" "-e" "CARGO_HOME=/opt/rustwide/cargo-home" "-e" "RUSTUP_HOME=/opt/rustwide/rustup-home" "-w" "/opt/rustwide/workdir" "-m" "1610612736" "--user" "0:0" "--network" "none" "ghcr.io/rust-lang/crates-build-env/linux@sha256:2788e3201cd34a07e3172128adcd8b3090168a8e3bcc40d7c032b9dda1df7d1c" "/opt/rustwide/cargo-home/bin/cargo" "+beta-2023-12-22" "test" "--frozen", kill_on_drop: false }`
[INFO] [stdout] 2996b7ece2b3e99edd641193cb24ede7a1bff73215991c36eea28fb891e3c397
[INFO] running `Command { std: "docker" "start" "-a" "2996b7ece2b3e99edd641193cb24ede7a1bff73215991c36eea28fb891e3c397", kill_on_drop: false }`
[INFO] [stderr] warning: lint `private_in_public` has been removed: replaced with another group of lints, see RFC <https://rust-lang.github.io/rfcs/2145-type-privacy.html> for more information
[INFO] [stderr]  --> src/lib.rs:3:9
[INFO] [stderr]   |
[INFO] [stderr] 3 | #![deny(private_in_public, unreachable_pub, missing_docs, rust_2018_idioms)]
[INFO] [stderr]   |         ^^^^^^^^^^^^^^^^^
[INFO] [stderr]   |
[INFO] [stderr]   = note: `#[warn(renamed_and_removed_lints)]` on by default
[INFO] [stderr] 
[INFO] [stderr] warning: `git-semver-tags` (lib) generated 1 warning
[INFO] [stderr] warning: `git-semver-tags` (lib test) generated 1 warning (1 duplicate)
[INFO] [stderr]     Finished test [unoptimized + debuginfo] target(s) in 0.10s
[INFO] [stderr]      Running unittests src/lib.rs (/opt/rustwide/target/debug/deps/git_semver_tags-6ae159cae1a9f5bd)
[INFO] [stdout] 
[INFO] [stdout] running 4 tests
[INFO] [stdout] test tests::test_semver_valid ... ok
[INFO] [stdout] test cli::tests::verify_cli ... ok
[INFO] [stdout] test macros::tests::test_format_regex ... ok
[INFO] [stdout] test tests::test_is_lerna_tag ... ok
[INFO] [stdout] 
[INFO] [stdout] test result: ok. 4 passed; 0 failed; 0 ignored; 0 measured; 0 filtered out; finished in 0.00s
[INFO] [stdout] 
[INFO] [stderr]      Running unittests src/main.rs (/opt/rustwide/target/debug/deps/git_semver_tags-cd6876138e31871e)
[INFO] [stdout] 
[INFO] [stdout] running 0 tests
[INFO] [stdout] 
[INFO] [stdout] test result: ok. 0 passed; 0 failed; 0 ignored; 0 measured; 0 filtered out; finished in 0.00s
[INFO] [stdout] 
[INFO] [stderr]      Running tests/cli_test.rs (/opt/rustwide/target/debug/deps/cli_test-407f05444fb044c0)
[INFO] [stdout] 
[INFO] [stdout] running 3 tests
[INFO] [stdout] test test_cli_case1 ... ok
[INFO] [stdout] test test_cli_case2 ... FAILED
[INFO] [stdout] test test_cli_case3 ... ok
[INFO] [stdout] 
[INFO] [stdout] failures:
[INFO] [stdout] 
[INFO] [stdout] ---- test_cli_case2 stdout ----
[INFO] [stdout] Error: No such file or directory (os error 2)
[INFO] [stdout] 
[INFO] [stdout] 
[INFO] [stdout] failures:
[INFO] [stdout]     test_cli_case2
[INFO] [stdout] 
[INFO] [stdout] test result: FAILED. 2 passed; 1 failed; 0 ignored; 0 measured; 0 filtered out; finished in 0.03s
[INFO] [stdout] 
[INFO] [stderr] error: test failed, to rerun pass `--test cli_test`
[INFO] running `Command { std: "docker" "inspect" "2996b7ece2b3e99edd641193cb24ede7a1bff73215991c36eea28fb891e3c397", kill_on_drop: false }`
[INFO] running `Command { std: "docker" "rm" "-f" "2996b7ece2b3e99edd641193cb24ede7a1bff73215991c36eea28fb891e3c397", kill_on_drop: false }`
[INFO] [stdout] 2996b7ece2b3e99edd641193cb24ede7a1bff73215991c36eea28fb891e3c397
