[INFO] fetching crate git-branchless-test 0.8.0...
[INFO] testing git-branchless-test-0.8.0 against 1.75.0 for beta-1.76-1
[INFO] extracting crate git-branchless-test 0.8.0 into /workspace/builds/worker-4-tc1/source
[INFO] validating manifest of crates.io crate git-branchless-test 0.8.0 on toolchain 1.75.0
[INFO] running `Command { std: CARGO_HOME="/workspace/cargo-home" RUSTUP_HOME="/workspace/rustup-home" "/workspace/cargo-home/bin/cargo" "+1.75.0" "metadata" "--manifest-path" "Cargo.toml" "--no-deps", kill_on_drop: false }`
[INFO] started tweaking crates.io crate git-branchless-test 0.8.0
[INFO] finished tweaking crates.io crate git-branchless-test 0.8.0
[INFO] tweaked toml for crates.io crate git-branchless-test 0.8.0 written to /workspace/builds/worker-4-tc1/source/Cargo.toml
[INFO] crate crates.io crate git-branchless-test 0.8.0 already has a lockfile, it will not be regenerated
[INFO] running `Command { std: CARGO_HOME="/workspace/cargo-home" RUSTUP_HOME="/workspace/rustup-home" "/workspace/cargo-home/bin/cargo" "+1.75.0" "fetch" "--manifest-path" "Cargo.toml", kill_on_drop: false }`
[INFO] [stderr]     Updating crates.io index
[INFO] [stderr]  Downloading crates ...
[INFO] [stderr]   Downloaded esl01-vlqencoding v0.3.0
[INFO] [stderr]   Downloaded esl01-minibytes v0.3.0
[INFO] [stderr]   Downloaded esl01-mincode v0.3.0
[INFO] [stderr]   Downloaded esl01-nonblocking v0.3.0
[INFO] [stderr]   Downloaded esl01-renderdag v0.3.0
[INFO] [stderr]   Downloaded tracing-chrome v0.6.0
[INFO] [stderr]   Downloaded esl01-indexedlog v0.3.0
[INFO] [stderr]   Downloaded fail v0.4.0
[INFO] [stderr]   Downloaded clap v4.3.23
[INFO] [stderr]   Downloaded portable-atomic v1.4.2
[INFO] [stderr]   Downloaded scm-record v0.1.0
[INFO] [stderr]   Downloaded indicatif v0.17.6
[INFO] [stderr]   Downloaded aho-corasick v1.0.3
[INFO] [stderr]   Downloaded tui v0.19.0
[INFO] [stderr]   Downloaded git-branchless-lib v0.8.0
[INFO] [stderr]   Downloaded clap_builder v4.3.23
[INFO] [stderr]   Downloaded esl01-dag v0.3.0
[INFO] [stderr]   Downloaded insta v1.31.0
[INFO] [stderr]   Downloaded vte v0.11.1
[INFO] [stderr]   Downloaded similar v2.2.1
[INFO] [stderr]   Downloaded cassowary v0.3.0
[INFO] [stderr]   Downloaded git-branchless-opts v0.8.0
[INFO] [stderr]   Downloaded vt100 v0.15.2
[INFO] [stderr]   Downloaded anstyle-wincon v1.0.2
[INFO] [stderr]   Downloaded scanlex v0.1.4
[INFO] [stderr]   Downloaded chronoutil v0.2.5
[INFO] [stderr]   Downloaded predicates v3.0.3
[INFO] [stderr]   Downloaded parking_lot v0.4.8
[INFO] [stderr]   Downloaded chashmap v2.2.2
[INFO] [stderr]   Downloaded concolor v0.1.1
[INFO] [stderr]   Downloaded enum-map v2.6.1
[INFO] [stderr]   Downloaded scm-bisect v0.1.0
[INFO] [stderr]   Downloaded git-branchless-revset v0.8.0
[INFO] [stderr]   Downloaded fslock v0.2.1
[INFO] [stderr]   Downloaded git-branchless-invoke v0.8.0
[INFO] [stderr]   Downloaded chrono-english v0.1.7
[INFO] [stderr]   Downloaded owning_ref v0.3.3
[INFO] [stderr]   Downloaded enum-map-derive v0.13.0
[INFO] [stderr]   Downloaded esl01-dag-types v0.3.0
[INFO] [stderr]   Downloaded esl01-drawdag v0.3.0
[INFO] [stderr]   Downloaded esl01-atomicfile v0.3.0
[INFO] running `Command { std: "docker" "create" "-v" "/var/lib/crater-agent-workspace/builds/worker-4-tc1/target:/opt/rustwide/target:rw,Z" "-v" "/var/lib/crater-agent-workspace/builds/worker-4-tc1/source:/opt/rustwide/workdir:ro,Z" "-v" "/var/lib/crater-agent-workspace/cargo-home:/opt/rustwide/cargo-home:ro,Z" "-v" "/var/lib/crater-agent-workspace/rustup-home:/opt/rustwide/rustup-home:ro,Z" "-e" "SOURCE_DIR=/opt/rustwide/workdir" "-e" "CARGO_TARGET_DIR=/opt/rustwide/target" "-e" "CARGO_HOME=/opt/rustwide/cargo-home" "-e" "RUSTUP_HOME=/opt/rustwide/rustup-home" "-w" "/opt/rustwide/workdir" "-m" "1610612736" "--user" "0:0" "--network" "none" "ghcr.io/rust-lang/crates-build-env/linux@sha256:2788e3201cd34a07e3172128adcd8b3090168a8e3bcc40d7c032b9dda1df7d1c" "/opt/rustwide/cargo-home/bin/cargo" "+1.75.0" "metadata" "--no-deps" "--format-version=1", kill_on_drop: false }`
[INFO] [stdout] 0df48ed26b5ff0e2dd043e2080f9633e50764c6554f3b82e8ee0fd4604a56879
[INFO] running `Command { std: "docker" "start" "-a" "0df48ed26b5ff0e2dd043e2080f9633e50764c6554f3b82e8ee0fd4604a56879", kill_on_drop: false }`
[INFO] running `Command { std: "docker" "inspect" "0df48ed26b5ff0e2dd043e2080f9633e50764c6554f3b82e8ee0fd4604a56879", kill_on_drop: false }`
[INFO] running `Command { std: "docker" "rm" "-f" "0df48ed26b5ff0e2dd043e2080f9633e50764c6554f3b82e8ee0fd4604a56879", kill_on_drop: false }`
[INFO] [stdout] 0df48ed26b5ff0e2dd043e2080f9633e50764c6554f3b82e8ee0fd4604a56879
[INFO] running `Command { std: "docker" "create" "-v" "/var/lib/crater-agent-workspace/builds/worker-4-tc1/target:/opt/rustwide/target:rw,Z" "-v" "/var/lib/crater-agent-workspace/builds/worker-4-tc1/source:/opt/rustwide/workdir:ro,Z" "-v" "/var/lib/crater-agent-workspace/cargo-home:/opt/rustwide/cargo-home:ro,Z" "-v" "/var/lib/crater-agent-workspace/rustup-home:/opt/rustwide/rustup-home:ro,Z" "-e" "SOURCE_DIR=/opt/rustwide/workdir" "-e" "CARGO_TARGET_DIR=/opt/rustwide/target" "-e" "CARGO_INCREMENTAL=0" "-e" "RUST_BACKTRACE=full" "-e" "RUSTFLAGS=--cap-lints=warn" "-e" "RUSTDOCFLAGS=--cap-lints=warn" "-e" "CARGO_HOME=/opt/rustwide/cargo-home" "-e" "RUSTUP_HOME=/opt/rustwide/rustup-home" "-w" "/opt/rustwide/workdir" "-m" "1610612736" "--user" "0:0" "--network" "none" "ghcr.io/rust-lang/crates-build-env/linux@sha256:2788e3201cd34a07e3172128adcd8b3090168a8e3bcc40d7c032b9dda1df7d1c" "/opt/rustwide/cargo-home/bin/cargo" "+1.75.0" "build" "--frozen" "--message-format=json", kill_on_drop: false }`
[INFO] [stdout] cb82053b0f035dff62443716f77dc8be18b9cd3444bb64d535cd62d31198af35
[INFO] running `Command { std: "docker" "start" "-a" "cb82053b0f035dff62443716f77dc8be18b9cd3444bb64d535cd62d31198af35", kill_on_drop: false }`
[INFO] [stderr]    Compiling libc v0.2.147
[INFO] [stderr]    Compiling proc-macro2 v1.0.66
[INFO] [stderr]    Compiling unicode-ident v1.0.11
[INFO] [stderr]    Compiling once_cell v1.18.0
[INFO] [stderr]    Compiling log v0.4.20
[INFO] [stderr]    Compiling memchr v2.5.0
[INFO] [stderr]    Compiling version_check v0.9.4
[INFO] [stderr]    Compiling smallvec v1.11.0
[INFO] [stderr]    Compiling scopeguard v1.2.0
[INFO] [stderr]    Compiling rustix v0.38.8
[INFO] [stderr]    Compiling bitflags v2.4.0
[INFO] [stderr]    Compiling linux-raw-sys v0.4.5
[INFO] [stderr]    Compiling pin-project-lite v0.2.12
[INFO] [stderr]    Compiling num-traits v0.2.16
[INFO] [stderr]    Compiling regex-syntax v0.7.4
[INFO] [stderr]    Compiling lazy_static v1.4.0
[INFO] [stderr]    Compiling tracing-core v0.1.31
[INFO] [stderr]    Compiling lock_api v0.4.10
[INFO] [stderr]    Compiling quote v1.0.32
[INFO] [stderr]    Compiling aho-corasick v1.0.3
[INFO] [stderr]    Compiling syn v2.0.28
[INFO] [stderr]    Compiling crossbeam-utils v0.8.16
[INFO] [stderr]    Compiling parking_lot_core v0.9.8
[INFO] [stderr]    Compiling bitflags v1.3.2
[INFO] [stderr]    Compiling pkg-config v0.3.27
[INFO] [stderr]    Compiling either v1.9.0
[INFO] [stderr]    Compiling jobserver v0.1.26
[INFO] [stderr]    Compiling getrandom v0.2.10
[INFO] [stderr]    Compiling cc v1.0.83
[INFO] [stderr]    Compiling serde v1.0.183
[INFO] [stderr]    Compiling vcpkg v0.2.15
[INFO] [stderr]    Compiling regex-syntax v0.6.29
[INFO] [stderr]    Compiling parking_lot v0.12.1
[INFO] [stderr]    Compiling regex-automata v0.3.6
[INFO] [stderr]    Compiling is-terminal v0.4.9
[INFO] [stderr]    Compiling serde_derive v1.0.183
[INFO] [stderr]    Compiling itertools v0.10.5
[INFO] [stderr]    Compiling ahash v0.8.3
[INFO] [stderr]    Compiling indexmap v1.9.3
[INFO] [stderr]    Compiling memoffset v0.9.0
[INFO] [stderr]    Compiling unicode-width v0.1.10
[INFO] [stderr]    Compiling signal-hook v0.3.17
[INFO] [stderr]    Compiling typenum v1.16.0
[INFO] [stderr]    Compiling utf8parse v0.2.1
[INFO] [stderr]    Compiling signal-hook-registry v1.4.1
[INFO] [stderr]    Compiling generic-array v0.14.7
[INFO] [stderr]    Compiling crossbeam-epoch v0.9.15
[INFO] [stderr]    Compiling num-integer v0.1.45
[INFO] [stderr]    Compiling futures-core v0.3.28
[INFO] [stderr]    Compiling fnv v1.0.7
[INFO] [stderr]    Compiling anstyle v1.0.1
[INFO] [stderr]    Compiling getrandom v0.1.16
[INFO] [stderr]    Compiling thiserror v1.0.47
[INFO] [stderr]    Compiling hashbrown v0.12.3
[INFO] [stderr]    Compiling ident_case v1.0.1
[INFO] [stderr]    Compiling darling_core v0.20.3
[INFO] [stderr]    Compiling regex-automata v0.1.10
[INFO] [stderr]    Compiling crossbeam-channel v0.5.8
[INFO] [stderr]    Compiling mio v0.8.8
[INFO] [stderr]    Compiling regex v1.9.3
[INFO] [stderr]    Compiling slab v0.4.8
[INFO] [stderr]    Compiling itoa v1.0.9
[INFO] [stderr]    Compiling stable_deref_trait v1.2.0
[INFO] [stderr]    Compiling futures-channel v0.3.28
[INFO] [stderr]    Compiling maybe-uninit v2.0.0
[INFO] [stderr]    Compiling pin-utils v0.1.0
[INFO] [stderr]    Compiling futures-task v0.3.28
[INFO] [stderr]    Compiling matchers v0.1.0
[INFO] [stderr]    Compiling signal-hook-mio v0.2.3
[INFO] [stderr]    Compiling tracing-attributes v0.1.26
[INFO] [stderr]    Compiling thiserror-impl v1.0.47
[INFO] [stderr]    Compiling anstyle-parse v0.2.1
[INFO] [stderr]    Compiling libz-sys v1.1.12
[INFO] [stderr]    Compiling rand_core v0.6.4
[INFO] [stderr]    Compiling tracing-log v0.1.3
[INFO] [stderr]    Compiling darling_macro v0.20.3
[INFO] [stderr]    Compiling sharded-slab v0.1.4
[INFO] [stderr]    Compiling thread_local v1.1.7
[INFO] [stderr]    Compiling num-iter v0.1.43
[INFO] [stderr]    Compiling ansi_term v0.12.1
[INFO] [stderr]    Compiling anstyle-query v1.0.0
[INFO] [stderr]    Compiling futures-util v0.3.28
[INFO] [stderr]    Compiling tinyvec_macros v0.1.1
[INFO] [stderr]    Compiling unicode-segmentation v1.10.1
[INFO] [stderr]    Compiling futures-sink v0.3.28
[INFO] [stderr]    Compiling colorchoice v1.0.0
[INFO] [stderr]    Compiling anstream v0.3.2
[INFO] [stderr]    Compiling darling v0.20.3
[INFO] [stderr]    Compiling tinyvec v1.6.0
[INFO] [stderr]    Compiling rand_chacha v0.3.1
[INFO] [stderr]    Compiling rand_core v0.5.1
[INFO] [stderr]    Compiling crossbeam-deque v0.8.3
[INFO] [stderr]    Compiling futures-macro v0.3.28
[INFO] [stderr]    Compiling bytes v1.4.0
[INFO] [stderr]    Compiling memmap v0.7.0
[INFO] [stderr]    Compiling memoffset v0.6.5
[INFO] [stderr]    Compiling clap_lex v0.5.0
[INFO] [stderr]    Compiling anyhow v1.0.72
[INFO] [stderr]    Compiling tracing v0.1.37
[INFO] [stderr]    Compiling futures-io v0.3.28
[INFO] [stderr]    Compiling allocator-api2 v0.2.16
[INFO] [stderr]    Compiling fastrand v2.0.0
[INFO] [stderr]    Compiling tracing-subscriber v0.3.11
[INFO] [stderr]    Compiling strsim v0.10.0
[INFO] [stderr]    Compiling crossbeam-queue v0.3.8
[INFO] [stderr]    Compiling heck v0.4.1
[INFO] [stderr]    Compiling clap_builder v4.3.23
[INFO] [stderr]    Compiling clap_derive v4.3.12
[INFO] [stderr]    Compiling tempfile v3.7.1
[INFO] [stderr]    Compiling hashbrown v0.14.0
[INFO] [stderr]    Compiling unicode-normalization v0.1.22
[INFO] [stderr]    Compiling esl01-minibytes v0.3.0
[INFO] [stderr]    Compiling smallvec v0.6.14
[INFO] [stderr]    Compiling rand v0.8.5
[INFO] [stderr]    Compiling rand_chacha v0.2.2
[INFO] [stderr]    Compiling num-rational v0.4.1
[INFO] [stderr]    Compiling enumset_derive v0.8.1
[INFO] [stderr]    Compiling block-buffer v0.10.4
[INFO] [stderr]    Compiling crypto-common v0.1.6
[INFO] [stderr]    Compiling enum-map-derive v0.13.0
[INFO] [stderr]    Compiling crossterm v0.25.0
[INFO] [stderr]    Compiling backtrace v0.3.68
[INFO] [stderr]    Compiling libsqlite3-sys v0.26.0
[INFO] [stderr]    Compiling libgit2-sys v0.15.2+1.6.4
[INFO] [stderr]    Compiling num-complex v0.4.4
[INFO] [stderr]    Compiling rand v0.4.6
[INFO] [stderr]    Compiling time v0.1.45
[INFO] [stderr]    Compiling termios v0.2.2
[INFO] [stderr]    Compiling dirs-sys-next v0.1.2
[INFO] [stderr]    Compiling ioctl-rs v0.1.6
[INFO] [stderr]    Compiling serial-core v0.4.0
[INFO] [stderr]    Compiling crunchy v0.2.2
[INFO] [stderr]    Compiling predicates-core v1.0.6
[INFO] [stderr]    Compiling num_threads v0.1.6
[INFO] [stderr]    Compiling time-core v0.1.1
[INFO] [stderr]    Compiling static_assertions v1.1.0
[INFO] [stderr]    Compiling iana-time-zone v0.1.57
[INFO] [stderr]    Compiling rayon-core v1.11.0
[INFO] [stderr]    Compiling overload v0.1.1
[INFO] [stderr]    Compiling esl01-vlqencoding v0.3.0
[INFO] [stderr]    Compiling deranged v0.3.7
[INFO] [stderr]    Compiling byteorder v1.4.3
[INFO] [stderr]    Compiling gimli v0.27.3
[INFO] [stderr]    Compiling adler v1.0.2
[INFO] [stderr]    Compiling doc-comment v0.3.3
[INFO] [stderr]    Compiling eyre v0.6.8
[INFO] [stderr]    Compiling serde_json v1.0.105
[INFO] [stderr]    Compiling async-trait v0.1.73
[INFO] [stderr]    Compiling portable-atomic v1.4.2
[INFO] [stderr]    Compiling percent-encoding v2.3.0
[INFO] [stderr]    Compiling unicode-bidi v0.3.13
[INFO] [stderr]    Compiling form_urlencoded v1.2.0
[INFO] [stderr]    Compiling futures-executor v0.3.28
[INFO] [stderr]    Compiling time v0.3.25
[INFO] [stderr]    Compiling miniz_oxide v0.7.1
[INFO] [stderr]    Compiling chrono v0.4.26
[INFO] [stderr]    Compiling idna v0.4.0
[INFO] [stderr]    Compiling nu-ansi-term v0.46.0
[INFO] [stderr]    Compiling twox-hash v1.6.3
[INFO] [stderr]    Compiling parking_lot_core v0.2.14
[INFO] [stderr]    Compiling serial-unix v0.4.0
[INFO] [stderr]    Compiling clap v4.3.23
[INFO] [stderr]    Compiling dirs-next v2.0.0
[INFO] [stderr]    Compiling num v0.4.1
[INFO] [stderr]    Compiling enum-map v2.6.1
[INFO] [stderr]    Compiling enumset v1.1.2
[INFO] [stderr]    Compiling digest v0.10.7
[INFO] [stderr]    Compiling tracing-error v0.2.0
[INFO] [stderr]    Compiling rand v0.7.3
[INFO] [stderr]    Compiling esl01-atomicfile v0.3.0
[INFO] [stderr]    Compiling owning_ref v0.4.1
[INFO] [stderr]    Compiling owning_ref v0.3.3
[INFO] [stderr]    Compiling addr2line v0.20.0
[INFO] [stderr]    Compiling num_cpus v1.16.0
[INFO] [stderr]    Compiling fs2 v0.4.3
[INFO] [stderr]    Compiling vte_generate_state_changes v0.1.1
[INFO] [stderr]    Compiling object v0.31.1
[INFO] [stderr]    Compiling hex v0.4.3
[INFO] [stderr]    Compiling indenter v0.3.3
[INFO] [stderr]    Compiling owo-colors v3.5.0
[INFO] [stderr]    Compiling tiny-keccak v2.0.2
[INFO] [stderr]    Compiling cpufeatures v0.2.9
[INFO] [stderr]    Compiling arrayvec v0.7.4
[INFO] [stderr]    Compiling termtree v0.4.1
[INFO] [stderr]    Compiling siphasher v0.3.10
[INFO] [stderr]    Compiling xi-unicode v0.3.0
[INFO] [stderr]    Compiling ryu v1.0.15
[INFO] [stderr]    Compiling same-file v1.0.6
[INFO] [stderr]    Compiling cassowary v0.3.0
[INFO] [stderr]    Compiling difflib v0.4.0
[INFO] [stderr]    Compiling rustc-demangle v0.1.23
[INFO] [stderr]    Compiling phf_shared v0.10.0
[INFO] [stderr]    Compiling predicates v3.0.3
[INFO] [stderr]    Compiling tui v0.19.0
[INFO] [stderr]    Compiling color-spantrace v0.2.0
[INFO] [stderr]    Compiling vte v0.11.1
[INFO] [stderr]    Compiling walkdir v2.3.3
[INFO] [stderr]    Compiling cursive_core v0.3.7
[INFO] [stderr]    Compiling predicates-tree v1.0.9
[INFO] [stderr]    Compiling esl01-indexedlog v0.3.0
[INFO] [stderr]    Compiling sha1 v0.10.5
[INFO] [stderr]    Compiling fail v0.4.0
[INFO] [stderr]    Compiling parking_lot v0.4.8
[INFO] [stderr]    Compiling crossbeam v0.8.2
[INFO] [stderr]    Compiling nix v0.25.1
[INFO] [stderr]    Compiling term v0.7.0
[INFO] [stderr]    Compiling serial v0.4.0
[INFO] [stderr]    Compiling url v2.4.0
[INFO] [stderr]    Compiling diffy v0.3.0
[INFO] [stderr]    Compiling futures v0.3.28
[INFO] [stderr]    Compiling esl01-mincode v0.3.0
[INFO] [stderr]    Compiling hashlink v0.8.3
[INFO] [stderr]    Compiling esl01-dag-types v0.3.0
[INFO] [stderr]    Compiling filedescriptor v0.8.2
[INFO] [stderr]    Compiling crossterm v0.26.1
[INFO] [stderr]    Compiling bstr v1.6.0
[INFO] [stderr]    Compiling esl01-renderdag v0.3.0
[INFO] [stderr]    Compiling console v0.15.7
[INFO] [stderr]    Compiling wait-timeout v0.2.0
[INFO] [stderr]    Compiling bit-vec v0.6.3
[INFO] [stderr]    Compiling shell-words v1.1.0
[INFO] [stderr]    Compiling downcast-rs v1.2.0
[INFO] [stderr]    Compiling fixedbitset v0.4.2
[INFO] [stderr]    Compiling number_prefix v0.4.0
[INFO] [stderr]    Compiling precomputed-hash v0.1.1
[INFO] [stderr]    Compiling fallible-iterator v0.2.0
[INFO] [stderr]    Compiling esl01-drawdag v0.3.0
[INFO] [stderr]    Compiling concolor-query v0.3.3
[INFO] [stderr]    Compiling unicode-linebreak v0.1.5
[INFO] [stderr]    Compiling fallible-streaming-iterator v0.1.9
[INFO] [stderr]    Compiling smawk v0.3.1
[INFO] [stderr]    Compiling new_debug_unreachable v1.0.4
[INFO] [stderr]    Compiling esl01-nonblocking v0.3.0
[INFO] [stderr]    Compiling json v0.12.4
[INFO] [stderr]    Compiling string_cache v0.8.7
[INFO] [stderr]    Compiling concolor v0.1.1
[INFO] [stderr]    Compiling esl01-dag v0.3.0
[INFO] [stderr]    Compiling textwrap v0.16.0
[INFO] [stderr]    Compiling portable-pty v0.8.1
[INFO] [stderr]    Compiling petgraph v0.6.3
[INFO] [stderr]    Compiling rusqlite v0.29.0
[INFO] [stderr]    Compiling tracing-chrome v0.6.0
[INFO] [stderr]    Compiling indicatif v0.17.6
[INFO] [stderr]    Compiling bit-set v0.5.3
[INFO] [stderr]    Compiling scm-record v0.1.0
[INFO] [stderr]    Compiling assert_cmd v2.0.12
[INFO] [stderr]    Compiling color-eyre v0.6.2
[INFO] [stderr]    Compiling cursive v0.20.0
[INFO] [stderr]    Compiling ascii-canvas v3.0.0
[INFO] [stderr]    Compiling chashmap v2.2.2
[INFO] [stderr]    Compiling rayon v1.7.0
[INFO] [stderr]    Compiling vt100 v0.15.2
[INFO] [stderr]    Compiling lalrpop-util v0.19.12
[INFO] [stderr]    Compiling itertools v0.11.0
[INFO] [stderr]    Compiling ena v0.14.2
[INFO] [stderr]    Compiling unicode-xid v0.2.4
[INFO] [stderr]    Compiling diff v0.1.13
[INFO] [stderr]    Compiling roff v0.2.1
[INFO] [stderr]    Compiling scanlex v0.1.4
[INFO] [stderr]    Compiling clap_mangen v0.2.12
[INFO] [stderr]    Compiling lalrpop v0.19.12
[INFO] [stderr]    Compiling chrono-english v0.1.7
[INFO] [stderr]    Compiling chronoutil v0.2.5
[INFO] [stderr]    Compiling equivalent v1.0.1
[INFO] [stderr]    Compiling glob v0.3.1
[INFO] [stderr]    Compiling indexmap v2.0.0
[INFO] [stderr]    Compiling scm-bisect v0.1.0
[INFO] [stderr]    Compiling fslock v0.2.1
[INFO] [stderr]    Compiling git2 v0.17.2
[INFO] [stderr]    Compiling git-branchless-lib v0.8.0
[INFO] [stderr]    Compiling git-branchless-revset v0.8.0
[INFO] [stderr]    Compiling git-branchless-opts v0.8.0
[INFO] [stderr]    Compiling git-branchless-invoke v0.8.0
[INFO] [stderr]    Compiling git-branchless-test v0.8.0 (/opt/rustwide/workdir)
[INFO] [stderr]     Finished dev [unoptimized + debuginfo] target(s) in 4m 28s
[INFO] running `Command { std: "docker" "inspect" "cb82053b0f035dff62443716f77dc8be18b9cd3444bb64d535cd62d31198af35", kill_on_drop: false }`
[INFO] running `Command { std: "docker" "rm" "-f" "cb82053b0f035dff62443716f77dc8be18b9cd3444bb64d535cd62d31198af35", kill_on_drop: false }`
[INFO] [stdout] cb82053b0f035dff62443716f77dc8be18b9cd3444bb64d535cd62d31198af35
[INFO] running `Command { std: "docker" "create" "-v" "/var/lib/crater-agent-workspace/builds/worker-4-tc1/target:/opt/rustwide/target:rw,Z" "-v" "/var/lib/crater-agent-workspace/builds/worker-4-tc1/source:/opt/rustwide/workdir:ro,Z" "-v" "/var/lib/crater-agent-workspace/cargo-home:/opt/rustwide/cargo-home:ro,Z" "-v" "/var/lib/crater-agent-workspace/rustup-home:/opt/rustwide/rustup-home:ro,Z" "-e" "SOURCE_DIR=/opt/rustwide/workdir" "-e" "CARGO_TARGET_DIR=/opt/rustwide/target" "-e" "CARGO_INCREMENTAL=0" "-e" "RUST_BACKTRACE=full" "-e" "RUSTFLAGS=--cap-lints=warn" "-e" "RUSTDOCFLAGS=--cap-lints=warn" "-e" "CARGO_HOME=/opt/rustwide/cargo-home" "-e" "RUSTUP_HOME=/opt/rustwide/rustup-home" "-w" "/opt/rustwide/workdir" "-m" "1610612736" "--user" "0:0" "--network" "none" "ghcr.io/rust-lang/crates-build-env/linux@sha256:2788e3201cd34a07e3172128adcd8b3090168a8e3bcc40d7c032b9dda1df7d1c" "/opt/rustwide/cargo-home/bin/cargo" "+1.75.0" "test" "--frozen" "--no-run" "--message-format=json", kill_on_drop: false }`
[INFO] [stdout] 7e792bb75366b5149c291f33a894066ee97f8f3f865d79c13f0a219f80da5d42
[INFO] running `Command { std: "docker" "start" "-a" "7e792bb75366b5149c291f33a894066ee97f8f3f865d79c13f0a219f80da5d42", kill_on_drop: false }`
[INFO] [stderr]    Compiling linked-hash-map v0.5.6
[INFO] [stderr]    Compiling similar v2.2.1
[INFO] [stderr]    Compiling maplit v1.0.2
[INFO] [stderr]    Compiling yaml-rust v0.4.5
[INFO] [stderr]    Compiling insta v1.31.0
[INFO] [stderr]    Compiling git-branchless-test v0.8.0 (/opt/rustwide/workdir)
[INFO] [stderr]     Finished test [unoptimized + debuginfo] target(s) in 17.28s
[INFO] running `Command { std: "docker" "inspect" "7e792bb75366b5149c291f33a894066ee97f8f3f865d79c13f0a219f80da5d42", kill_on_drop: false }`
[INFO] running `Command { std: "docker" "rm" "-f" "7e792bb75366b5149c291f33a894066ee97f8f3f865d79c13f0a219f80da5d42", kill_on_drop: false }`
[INFO] [stdout] 7e792bb75366b5149c291f33a894066ee97f8f3f865d79c13f0a219f80da5d42
[INFO] running `Command { std: "docker" "create" "-v" "/var/lib/crater-agent-workspace/builds/worker-4-tc1/target:/opt/rustwide/target:rw,Z" "-v" "/var/lib/crater-agent-workspace/builds/worker-4-tc1/source:/opt/rustwide/workdir:ro,Z" "-v" "/var/lib/crater-agent-workspace/cargo-home:/opt/rustwide/cargo-home:ro,Z" "-v" "/var/lib/crater-agent-workspace/rustup-home:/opt/rustwide/rustup-home:ro,Z" "-e" "SOURCE_DIR=/opt/rustwide/workdir" "-e" "CARGO_TARGET_DIR=/opt/rustwide/target" "-e" "CARGO_INCREMENTAL=0" "-e" "RUST_BACKTRACE=full" "-e" "RUSTFLAGS=--cap-lints=warn" "-e" "RUSTDOCFLAGS=--cap-lints=warn" "-e" "CARGO_HOME=/opt/rustwide/cargo-home" "-e" "RUSTUP_HOME=/opt/rustwide/rustup-home" "-w" "/opt/rustwide/workdir" "-m" "1610612736" "--user" "0:0" "--network" "none" "ghcr.io/rust-lang/crates-build-env/linux@sha256:2788e3201cd34a07e3172128adcd8b3090168a8e3bcc40d7c032b9dda1df7d1c" "/opt/rustwide/cargo-home/bin/cargo" "+1.75.0" "test" "--frozen", kill_on_drop: false }`
[INFO] [stdout] 8eb763d96f18080649f9471df1ae018aa14dca378f13db254abf428d12f5d9b1
[INFO] running `Command { std: "docker" "start" "-a" "8eb763d96f18080649f9471df1ae018aa14dca378f13db254abf428d12f5d9b1", kill_on_drop: false }`
[INFO] [stderr]     Finished test [unoptimized + debuginfo] target(s) in 0.62s
[INFO] [stderr]      Running unittests src/lib.rs (/opt/rustwide/target/debug/deps/git_branchless_test-abcaa8e15efd2228)
[INFO] [stdout] 
[INFO] [stdout] running 1 test
[INFO] [stdout] test tests::test_lock_prepared_working_directory ... FAILED
[INFO] [stdout] 
[INFO] [stdout] failures:
[INFO] [stdout] 
[INFO] [stdout] ---- tests::test_lock_prepared_working_directory stdout ----
[INFO] [stdout] Error: 
[INFO] [stdout]    0: [91mNo path to Git executable was set. Try running as: `TEST_GIT=$(which git) cargo test ...` or set `env.TEST_GIT` in your `config.toml` (see https://doc.rust-lang.org/cargo/reference/config.html)[0m
[INFO] [stdout] 
[INFO] [stdout] Location:
[INFO] [stdout]    [35m/opt/rustwide/cargo-home/registry/src/index.crates.io-6f17d22bba15001f/git-branchless-lib-0.8.0/src/core/config.rs[0m:[35m345[0m
[INFO] [stdout] 
[INFO] [stdout]   ━━━━━━━━━━━━━━━━━━━━━━━━━━━━━━━━━━ BACKTRACE ━━━━━━━━━━━━━━━━━━━━━━━━━━━━━━━━━━━
[INFO] [stdout]   [96m                              ⋮ 5 frames hidden ⋮                               [0m
[INFO] [stdout]    6: [91mbranchless::core::config::env_vars::get_path_to_git::{{closure}}[0m[90m::h7df95adaa86cca6d[0m
[INFO] [stdout]       at [35m/opt/rustwide/cargo-home/registry/src/index.crates.io-6f17d22bba15001f/git-branchless-lib-0.8.0/src/core/config.rs[0m:[35m345[0m
[INFO] [stdout]        343 │     pub fn get_path_to_git() -> eyre::Result<PathBuf> {
[INFO] [stdout]        344 │         let path_to_git = std::env::var_os(TEST_GIT).ok_or_else(|| {
[INFO] [stdout]   [37;1m     345[0m [37;1m>[0m [37;1m            eyre::eyre!([0m
[INFO] [stdout]        346 │                 "No path to Git executable was set. \
[INFO] [stdout]        347 │ Try running as: `{0}=$(which git) cargo test ...` \
[INFO] [stdout]    7: [32mcore::option::Option<T>::ok_or_else[0m[90m::h9e35a4b5aaf82239[0m
[INFO] [stdout]       at [35m/rustc/82e1608dfa6e0b5569232559e3d385fea5a93112/library/core/src/option.rs[0m:[35m1236[0m
[INFO] [stdout]    8: [91mbranchless::core::config::env_vars::get_path_to_git[0m[90m::h76b5f0b4e4729cd4[0m
[INFO] [stdout]       at [35m/opt/rustwide/cargo-home/registry/src/index.crates.io-6f17d22bba15001f/git-branchless-lib-0.8.0/src/core/config.rs[0m:[35m344[0m
[INFO] [stdout]        342 │     #[instrument]
[INFO] [stdout]        343 │     pub fn get_path_to_git() -> eyre::Result<PathBuf> {
[INFO] [stdout]   [37;1m     344[0m [37;1m>[0m [37;1m        let path_to_git = std::env::var_os(TEST_GIT).ok_or_else(|| {[0m
[INFO] [stdout]        345 │             eyre::eyre!(
[INFO] [stdout]        346 │                 "No path to Git executable was set. \
[INFO] [stdout]    9: [91mbranchless::testing::make_git[0m[90m::h70324f68d742f1be[0m
[INFO] [stdout]       at [35m/opt/rustwide/cargo-home/registry/src/index.crates.io-6f17d22bba15001f/git-branchless-lib-0.8.0/src/testing.rs[0m:[35m700[0m
[INFO] [stdout]        698 │ 
[INFO] [stdout]        699 │     let repo_dir = tempfile::tempdir()?;
[INFO] [stdout]   [37;1m     700[0m [37;1m>[0m [37;1m    let path_to_git = get_path_to_git()?;[0m
[INFO] [stdout]        701 │     let git_exec_path = get_git_exec_path()?;
[INFO] [stdout]        702 │     let git = Git::new(path_to_git, repo_dir.path().to_path_buf(), git_exec_path);
[INFO] [stdout]   10: [91mgit_branchless_test::tests::test_lock_prepared_working_directory[0m[90m::h78a1647c9e60e20b[0m
[INFO] [stdout]       at [35m/opt/rustwide/workdir/src/lib.rs[0m:[35m2969[0m
[INFO] [stdout]       2967 │     #[test]
[INFO] [stdout]       2968 │     fn test_lock_prepared_working_directory() -> eyre::Result<()> {
[INFO] [stdout]   [37;1m    2969[0m [37;1m>[0m [37;1m        let git = make_git()?;[0m
[INFO] [stdout]       2970 │         git.init_repo()?;
[INFO] [stdout]       2971 │ 
[INFO] [stdout]   11: [91mgit_branchless_test::tests::test_lock_prepared_working_directory::{{closure}}[0m[90m::h158e3125b3f258ef[0m
[INFO] [stdout]       at [35m/opt/rustwide/workdir/src/lib.rs[0m:[35m2968[0m
[INFO] [stdout]       2966 │ 
[INFO] [stdout]       2967 │     #[test]
[INFO] [stdout]   [37;1m    2968[0m [37;1m>[0m [37;1m    fn test_lock_prepared_working_directory() -> eyre::Result<()> {[0m
[INFO] [stdout]       2969 │         let git = make_git()?;
[INFO] [stdout]       2970 │         git.init_repo()?;
[INFO] [stdout]   12: [32mcore::ops::function::FnOnce::call_once[0m[90m::he8259e7dce9107e1[0m
[INFO] [stdout]       at [35m/rustc/82e1608dfa6e0b5569232559e3d385fea5a93112/library/core/src/ops/function.rs[0m:[35m250[0m
[INFO] [stdout]   13: [32mcore::ops::function::FnOnce::call_once[0m[90m::h2b5d431d5046312d[0m
[INFO] [stdout]       at [35m/rustc/82e1608dfa6e0b5569232559e3d385fea5a93112/library/core/src/ops/function.rs[0m:[35m250[0m
[INFO] [stdout]   14: [32mtest::__rust_begin_short_backtrace[0m[90m::h7714669af176e207[0m
[INFO] [stdout]       at [35m/rustc/82e1608dfa6e0b5569232559e3d385fea5a93112/library/test/src/lib.rs[0m:[35m628[0m
[INFO] [stdout]   15: [32mtest::run_test_in_process::{{closure}}[0m[90m::h85218797dcbcec12[0m
[INFO] [stdout]       at [35m/rustc/82e1608dfa6e0b5569232559e3d385fea5a93112/library/test/src/lib.rs[0m:[35m651[0m
[INFO] [stdout]   16: [32m<core::panic::unwind_safe::AssertUnwindSafe<F> as core::ops::function::FnOnce<()>>::call_once[0m[90m::h76c106ea31c14d7b[0m
[INFO] [stdout]       at [35m/rustc/82e1608dfa6e0b5569232559e3d385fea5a93112/library/core/src/panic/unwind_safe.rs[0m:[35m272[0m
[INFO] [stdout]   17: [32mstd::panicking::try::do_call[0m[90m::h3bd5d0f6620ee946[0m
[INFO] [stdout]       at [35m/rustc/82e1608dfa6e0b5569232559e3d385fea5a93112/library/std/src/panicking.rs[0m:[35m552[0m
[INFO] [stdout]   18: [32mstd::panicking::try[0m[90m::h232e535e4744fe31[0m
[INFO] [stdout]       at [35m/rustc/82e1608dfa6e0b5569232559e3d385fea5a93112/library/std/src/panicking.rs[0m:[35m516[0m
[INFO] [stdout]   19: [32mstd::panic::catch_unwind[0m[90m::h3ce3bd6ca8dbac68[0m
[INFO] [stdout]       at [35m/rustc/82e1608dfa6e0b5569232559e3d385fea5a93112/library/std/src/panic.rs[0m:[35m142[0m
[INFO] [stdout]   20: [32mtest::run_test_in_process[0m[90m::hc97b257c9621286a[0m
[INFO] [stdout]       at [35m/rustc/82e1608dfa6e0b5569232559e3d385fea5a93112/library/test/src/lib.rs[0m:[35m651[0m
[INFO] [stdout]   21: [32mtest::run_test::{{closure}}[0m[90m::h2aa798823a438d38[0m
[INFO] [stdout]       at [35m/rustc/82e1608dfa6e0b5569232559e3d385fea5a93112/library/test/src/lib.rs[0m:[35m574[0m
[INFO] [stdout]   22: [32mtest::run_test::{{closure}}[0m[90m::h87d231c78fb59832[0m
[INFO] [stdout]       at [35m/rustc/82e1608dfa6e0b5569232559e3d385fea5a93112/library/test/src/lib.rs[0m:[35m602[0m
[INFO] [stdout]   [96m                              ⋮ 12 frames hidden ⋮                              [0m
[INFO] [stdout] 
[INFO] [stdout] Run with COLORBT_SHOW_HIDDEN=1 environment variable to disable frame filtering.
[INFO] [stdout] 
[INFO] [stdout] 
[INFO] [stdout] failures:
[INFO] [stdout]     tests::test_lock_prepared_working_directory
[INFO] [stdout] 
[INFO] [stdout] test result: FAILED. 0 passed; 1 failed; 0 ignored; 0 measured; 0 filtered out; finished in 2.08s
[INFO] [stdout] 
[INFO] [stderr] error: test failed, to rerun pass `--lib`
[INFO] running `Command { std: "docker" "inspect" "8eb763d96f18080649f9471df1ae018aa14dca378f13db254abf428d12f5d9b1", kill_on_drop: false }`
[INFO] running `Command { std: "docker" "rm" "-f" "8eb763d96f18080649f9471df1ae018aa14dca378f13db254abf428d12f5d9b1", kill_on_drop: false }`
[INFO] [stdout] 8eb763d96f18080649f9471df1ae018aa14dca378f13db254abf428d12f5d9b1
[INFO] testing git-branchless-test-0.8.0 against beta-2023-12-22 for beta-1.76-1
[INFO] extracting crate git-branchless-test 0.8.0 into /workspace/builds/worker-4-tc2/source
[INFO] validating manifest of crates.io crate git-branchless-test 0.8.0 on toolchain beta-2023-12-22
[INFO] running `Command { std: CARGO_HOME="/workspace/cargo-home" RUSTUP_HOME="/workspace/rustup-home" "/workspace/cargo-home/bin/cargo" "+beta-2023-12-22" "metadata" "--manifest-path" "Cargo.toml" "--no-deps", kill_on_drop: false }`
[INFO] started tweaking crates.io crate git-branchless-test 0.8.0
[INFO] finished tweaking crates.io crate git-branchless-test 0.8.0
[INFO] tweaked toml for crates.io crate git-branchless-test 0.8.0 written to /workspace/builds/worker-4-tc2/source/Cargo.toml
[INFO] crate crates.io crate git-branchless-test 0.8.0 already has a lockfile, it will not be regenerated
[INFO] running `Command { std: CARGO_HOME="/workspace/cargo-home" RUSTUP_HOME="/workspace/rustup-home" "/workspace/cargo-home/bin/cargo" "+beta-2023-12-22" "fetch" "--manifest-path" "Cargo.toml", kill_on_drop: false }`
[INFO] running `Command { std: "docker" "create" "-v" "/var/lib/crater-agent-workspace/builds/worker-4-tc2/target:/opt/rustwide/target:rw,Z" "-v" "/var/lib/crater-agent-workspace/builds/worker-4-tc2/source:/opt/rustwide/workdir:ro,Z" "-v" "/var/lib/crater-agent-workspace/cargo-home:/opt/rustwide/cargo-home:ro,Z" "-v" "/var/lib/crater-agent-workspace/rustup-home:/opt/rustwide/rustup-home:ro,Z" "-e" "SOURCE_DIR=/opt/rustwide/workdir" "-e" "CARGO_TARGET_DIR=/opt/rustwide/target" "-e" "CARGO_HOME=/opt/rustwide/cargo-home" "-e" "RUSTUP_HOME=/opt/rustwide/rustup-home" "-w" "/opt/rustwide/workdir" "-m" "1610612736" "--user" "0:0" "--network" "none" "ghcr.io/rust-lang/crates-build-env/linux@sha256:2788e3201cd34a07e3172128adcd8b3090168a8e3bcc40d7c032b9dda1df7d1c" "/opt/rustwide/cargo-home/bin/cargo" "+beta-2023-12-22" "metadata" "--no-deps" "--format-version=1", kill_on_drop: false }`
[INFO] [stdout] 9e42fe2260ed86e35646af39baaccbe4c34baa64f468fb2316669a0261da898f
[INFO] running `Command { std: "docker" "start" "-a" "9e42fe2260ed86e35646af39baaccbe4c34baa64f468fb2316669a0261da898f", kill_on_drop: false }`
[INFO] running `Command { std: "docker" "inspect" "9e42fe2260ed86e35646af39baaccbe4c34baa64f468fb2316669a0261da898f", kill_on_drop: false }`
[INFO] running `Command { std: "docker" "rm" "-f" "9e42fe2260ed86e35646af39baaccbe4c34baa64f468fb2316669a0261da898f", kill_on_drop: false }`
[INFO] [stdout] 9e42fe2260ed86e35646af39baaccbe4c34baa64f468fb2316669a0261da898f
[INFO] running `Command { std: "docker" "create" "-v" "/var/lib/crater-agent-workspace/builds/worker-4-tc2/target:/opt/rustwide/target:rw,Z" "-v" "/var/lib/crater-agent-workspace/builds/worker-4-tc2/source:/opt/rustwide/workdir:ro,Z" "-v" "/var/lib/crater-agent-workspace/cargo-home:/opt/rustwide/cargo-home:ro,Z" "-v" "/var/lib/crater-agent-workspace/rustup-home:/opt/rustwide/rustup-home:ro,Z" "-e" "SOURCE_DIR=/opt/rustwide/workdir" "-e" "CARGO_TARGET_DIR=/opt/rustwide/target" "-e" "CARGO_INCREMENTAL=0" "-e" "RUST_BACKTRACE=full" "-e" "RUSTFLAGS=--cap-lints=warn" "-e" "RUSTDOCFLAGS=--cap-lints=warn" "-e" "CARGO_HOME=/opt/rustwide/cargo-home" "-e" "RUSTUP_HOME=/opt/rustwide/rustup-home" "-w" "/opt/rustwide/workdir" "-m" "1610612736" "--user" "0:0" "--network" "none" "ghcr.io/rust-lang/crates-build-env/linux@sha256:2788e3201cd34a07e3172128adcd8b3090168a8e3bcc40d7c032b9dda1df7d1c" "/opt/rustwide/cargo-home/bin/cargo" "+beta-2023-12-22" "build" "--frozen" "--message-format=json", kill_on_drop: false }`
[INFO] [stdout] 40c1bada126481d297fdc24b504cfbccc4a490394e587293111b5177b32c54e7
[INFO] running `Command { std: "docker" "start" "-a" "40c1bada126481d297fdc24b504cfbccc4a490394e587293111b5177b32c54e7", kill_on_drop: false }`
[INFO] [stderr]    Compiling libc v0.2.147
[INFO] [stderr]    Compiling proc-macro2 v1.0.66
[INFO] [stderr]    Compiling unicode-ident v1.0.11
[INFO] [stderr]    Compiling once_cell v1.18.0
[INFO] [stderr]    Compiling log v0.4.20
[INFO] [stderr]    Compiling memchr v2.5.0
[INFO] [stderr]    Compiling scopeguard v1.2.0
[INFO] [stderr]    Compiling smallvec v1.11.0
[INFO] [stderr]    Compiling version_check v0.9.4
[INFO] [stderr]    Compiling rustix v0.38.8
[INFO] [stderr]    Compiling bitflags v2.4.0
[INFO] [stderr]    Compiling linux-raw-sys v0.4.5
[INFO] [stderr]    Compiling pin-project-lite v0.2.12
[INFO] [stderr]    Compiling num-traits v0.2.16
[INFO] [stderr]    Compiling lazy_static v1.4.0
[INFO] [stderr]    Compiling regex-syntax v0.7.4
[INFO] [stderr]    Compiling tracing-core v0.1.31
[INFO] [stderr]    Compiling lock_api v0.4.10
[INFO] [stderr]    Compiling parking_lot_core v0.9.8
[INFO] [stderr]    Compiling crossbeam-utils v0.8.16
[INFO] [stderr]    Compiling quote v1.0.32
[INFO] [stderr]    Compiling syn v2.0.28
[INFO] [stderr]    Compiling aho-corasick v1.0.3
[INFO] [stderr]    Compiling pkg-config v0.3.27
[INFO] [stderr]    Compiling either v1.9.0
[INFO] [stderr]    Compiling bitflags v1.3.2
[INFO] [stderr]    Compiling serde v1.0.183
[INFO] [stderr]    Compiling jobserver v0.1.26
[INFO] [stderr]    Compiling getrandom v0.2.10
[INFO] [stderr]    Compiling cc v1.0.83
[INFO] [stderr]    Compiling vcpkg v0.2.15
[INFO] [stderr]    Compiling regex-automata v0.3.6
[INFO] [stderr]    Compiling regex-syntax v0.6.29
[INFO] [stderr]    Compiling parking_lot v0.12.1
[INFO] [stderr]    Compiling is-terminal v0.4.9
[INFO] [stderr]    Compiling serde_derive v1.0.183
[INFO] [stderr]    Compiling itertools v0.10.5
[INFO] [stderr]    Compiling ahash v0.8.3
[INFO] [stderr]    Compiling indexmap v1.9.3
[INFO] [stderr]    Compiling memoffset v0.9.0
[INFO] [stderr]    Compiling signal-hook v0.3.17
[INFO] [stderr]    Compiling unicode-width v0.1.10
[INFO] [stderr]    Compiling typenum v1.16.0
[INFO] [stderr]    Compiling utf8parse v0.2.1
[INFO] [stderr]    Compiling signal-hook-registry v1.4.1
[INFO] [stderr]    Compiling generic-array v0.14.7
[INFO] [stderr]    Compiling crossbeam-epoch v0.9.15
[INFO] [stderr]    Compiling regex v1.9.3
[INFO] [stderr]    Compiling num-integer v0.1.45
[INFO] [stderr]    Compiling fnv v1.0.7
[INFO] [stderr]    Compiling futures-core v0.3.28
[INFO] [stderr]    Compiling anstyle v1.0.1
[INFO] [stderr]    Compiling thiserror v1.0.47
[INFO] [stderr]    Compiling hashbrown v0.12.3
[INFO] [stderr]    Compiling getrandom v0.1.16
[INFO] [stderr]    Compiling ident_case v1.0.1
[INFO] [stderr]    Compiling darling_core v0.20.3
[INFO] [stderr]    Compiling regex-automata v0.1.10
[INFO] [stderr]    Compiling crossbeam-channel v0.5.8
[INFO] [stderr]    Compiling mio v0.8.8
[INFO] [stderr]    Compiling slab v0.4.8
[INFO] [stderr]    Compiling pin-utils v0.1.0
[INFO] [stderr]    Compiling maybe-uninit v2.0.0
[INFO] [stderr]    Compiling stable_deref_trait v1.2.0
[INFO] [stderr]    Compiling futures-channel v0.3.28
[INFO] [stderr]    Compiling itoa v1.0.9
[INFO] [stderr]    Compiling futures-task v0.3.28
[INFO] [stderr]    Compiling matchers v0.1.0
[INFO] [stderr]    Compiling signal-hook-mio v0.2.3
[INFO] [stderr]    Compiling anstyle-parse v0.2.1
[INFO] [stderr]    Compiling tracing-attributes v0.1.26
[INFO] [stderr]    Compiling thiserror-impl v1.0.47
[INFO] [stderr]    Compiling libz-sys v1.1.12
[INFO] [stderr]    Compiling rand_core v0.6.4
[INFO] [stderr]    Compiling tracing-log v0.1.3
[INFO] [stderr]    Compiling sharded-slab v0.1.4
[INFO] [stderr]    Compiling thread_local v1.1.7
[INFO] [stderr]    Compiling num-iter v0.1.43
[INFO] [stderr]    Compiling unicode-segmentation v1.10.1
[INFO] [stderr]    Compiling futures-util v0.3.28
[INFO] [stderr]    Compiling tinyvec_macros v0.1.1
[INFO] [stderr]    Compiling colorchoice v1.0.0
[INFO] [stderr]    Compiling ansi_term v0.12.1
[INFO] [stderr]    Compiling futures-sink v0.3.28
[INFO] [stderr]    Compiling anstyle-query v1.0.0
[INFO] [stderr]    Compiling tinyvec v1.6.0
[INFO] [stderr]    Compiling darling_macro v0.20.3
[INFO] [stderr]    Compiling anstream v0.3.2
[INFO] [stderr]    Compiling rand_chacha v0.3.1
[INFO] [stderr]    Compiling futures-macro v0.3.28
[INFO] [stderr]    Compiling crossbeam-deque v0.8.3
[INFO] [stderr]    Compiling rand_core v0.5.1
[INFO] [stderr]    Compiling bytes v1.4.0
[INFO] [stderr]    Compiling memmap v0.7.0
[INFO] [stderr]    Compiling memoffset v0.6.5
[INFO] [stderr]    Compiling darling v0.20.3
[INFO] [stderr]    Compiling clap_lex v0.5.0
[INFO] [stderr]    Compiling anyhow v1.0.72
[INFO] [stderr]    Compiling heck v0.4.1
[INFO] [stderr]    Compiling tracing v0.1.37
[INFO] [stderr]    Compiling fastrand v2.0.0
[INFO] [stderr]    Compiling strsim v0.10.0
[INFO] [stderr]    Compiling crossbeam-queue v0.3.8
[INFO] [stderr]    Compiling allocator-api2 v0.2.16
[INFO] [stderr]    Compiling tracing-subscriber v0.3.11
[INFO] [stderr]    Compiling futures-io v0.3.28
[INFO] [stderr]    Compiling clap_builder v4.3.23
[INFO] [stderr]    Compiling tempfile v3.7.1
[INFO] [stderr]    Compiling clap_derive v4.3.12
[INFO] [stderr]    Compiling hashbrown v0.14.0
[INFO] [stderr]    Compiling esl01-minibytes v0.3.0
[INFO] [stderr]    Compiling unicode-normalization v0.1.22
[INFO] [stderr]    Compiling enumset_derive v0.8.1
[INFO] [stderr]    Compiling smallvec v0.6.14
[INFO] [stderr]    Compiling rand_chacha v0.2.2
[INFO] [stderr]    Compiling rand v0.8.5
[INFO] [stderr]    Compiling num-rational v0.4.1
[INFO] [stderr]    Compiling crypto-common v0.1.6
[INFO] [stderr]    Compiling block-buffer v0.10.4
[INFO] [stderr]    Compiling enum-map-derive v0.13.0
[INFO] [stderr]    Compiling crossterm v0.25.0
[INFO] [stderr]    Compiling libgit2-sys v0.15.2+1.6.4
[INFO] [stderr]    Compiling backtrace v0.3.68
[INFO] [stderr]    Compiling libsqlite3-sys v0.26.0
[INFO] [stderr]    Compiling num-complex v0.4.4
[INFO] [stderr]    Compiling rand v0.4.6
[INFO] [stderr]    Compiling serial-core v0.4.0
[INFO] [stderr]    Compiling termios v0.2.2
[INFO] [stderr]    Compiling dirs-sys-next v0.1.2
[INFO] [stderr]    Compiling time v0.1.45
[INFO] [stderr]    Compiling ioctl-rs v0.1.6
[INFO] [stderr]    Compiling adler v1.0.2
[INFO] [stderr]    Compiling gimli v0.27.3
[INFO] [stderr]    Compiling eyre v0.6.8
[INFO] [stderr]    Compiling predicates-core v1.0.6
[INFO] [stderr]    Compiling rayon-core v1.11.0
[INFO] [stderr]    Compiling percent-encoding v2.3.0
[INFO] [stderr]    Compiling doc-comment v0.3.3
[INFO] [stderr]    Compiling crunchy v0.2.2
[INFO] [stderr]    Compiling byteorder v1.4.3
[INFO] [stderr]    Compiling deranged v0.3.7
[INFO] [stderr]    Compiling esl01-vlqencoding v0.3.0
[INFO] [stderr]    Compiling unicode-bidi v0.3.13
[INFO] [stderr]    Compiling overload v0.1.1
[INFO] [stderr]    Compiling time-core v0.1.1
[INFO] [stderr]    Compiling num_threads v0.1.6
[INFO] [stderr]    Compiling serde_json v1.0.105
[INFO] [stderr]    Compiling iana-time-zone v0.1.57
[INFO] [stderr]    Compiling static_assertions v1.1.0
[INFO] [stderr]    Compiling portable-atomic v1.4.2
[INFO] [stderr]    Compiling async-trait v0.1.73
[INFO] [stderr]    Compiling futures-executor v0.3.28
[INFO] [stderr]    Compiling chrono v0.4.26
[INFO] [stderr]    Compiling idna v0.4.0
[INFO] [stderr]    Compiling time v0.3.25
[INFO] [stderr]    Compiling twox-hash v1.6.3
[INFO] [stderr]    Compiling nu-ansi-term v0.46.0
[INFO] [stderr]    Compiling form_urlencoded v1.2.0
[INFO] [stderr]    Compiling miniz_oxide v0.7.1
[INFO] [stderr]    Compiling serial-unix v0.4.0
[INFO] [stderr]    Compiling clap v4.3.23
[INFO] [stderr]    Compiling parking_lot_core v0.2.14
[INFO] [stderr]    Compiling num v0.4.1
[INFO] [stderr]    Compiling dirs-next v2.0.0
[INFO] [stderr]    Compiling enum-map v2.6.1
[INFO] [stderr]    Compiling enumset v1.1.2
[INFO] [stderr]    Compiling digest v0.10.7
[INFO] [stderr]    Compiling tracing-error v0.2.0
[INFO] [stderr]    Compiling addr2line v0.20.0
[INFO] [stderr]    Compiling rand v0.7.3
[INFO] [stderr]    Compiling esl01-atomicfile v0.3.0
[INFO] [stderr]    Compiling owning_ref v0.3.3
[INFO] [stderr]    Compiling owning_ref v0.4.1
[INFO] [stderr]    Compiling num_cpus v1.16.0
[INFO] [stderr]    Compiling fs2 v0.4.3
[INFO] [stderr]    Compiling vte_generate_state_changes v0.1.1
[INFO] [stderr]    Compiling object v0.31.1
[INFO] [stderr]    Compiling cassowary v0.3.0
[INFO] [stderr]    Compiling hex v0.4.3
[INFO] [stderr]    Compiling same-file v1.0.6
[INFO] [stderr]    Compiling xi-unicode v0.3.0
[INFO] [stderr]    Compiling cpufeatures v0.2.9
[INFO] [stderr]    Compiling rustc-demangle v0.1.23
[INFO] [stderr]    Compiling arrayvec v0.7.4
[INFO] [stderr]    Compiling owo-colors v3.5.0
[INFO] [stderr]    Compiling siphasher v0.3.10
[INFO] [stderr]    Compiling indenter v0.3.3
[INFO] [stderr]    Compiling ryu v1.0.15
[INFO] [stderr]    Compiling tiny-keccak v2.0.2
[INFO] [stderr]    Compiling termtree v0.4.1
[INFO] [stderr]    Compiling difflib v0.4.0
[INFO] [stderr]    Compiling predicates-tree v1.0.9
[INFO] [stderr]    Compiling predicates v3.0.3
[INFO] [stderr]    Compiling phf_shared v0.10.0
[INFO] [stderr]    Compiling vte v0.11.1
[INFO] [stderr]    Compiling color-spantrace v0.2.0
[INFO] [stderr]    Compiling esl01-indexedlog v0.3.0
[INFO] [stderr]    Compiling cursive_core v0.3.7
[INFO] [stderr]    Compiling sha1 v0.10.5
[INFO] [stderr]    Compiling walkdir v2.3.3
[INFO] [stderr]    Compiling tui v0.19.0
[INFO] [stderr]    Compiling fail v0.4.0
[INFO] [stderr]    Compiling parking_lot v0.4.8
[INFO] [stderr]    Compiling crossbeam v0.8.2
[INFO] [stderr]    Compiling nix v0.25.1
[INFO] [stderr]    Compiling term v0.7.0
[INFO] [stderr]    Compiling serial v0.4.0
[INFO] [stderr]    Compiling url v2.4.0
[INFO] [stderr]    Compiling diffy v0.3.0
[INFO] [stderr]    Compiling futures v0.3.28
[INFO] [stderr]    Compiling esl01-mincode v0.3.0
[INFO] [stderr]    Compiling hashlink v0.8.3
[INFO] [stderr]    Compiling esl01-dag-types v0.3.0
[INFO] [stderr]    Compiling filedescriptor v0.8.2
[INFO] [stderr]    Compiling crossterm v0.26.1
[INFO] [stderr]    Compiling bstr v1.6.0
[INFO] [stderr]    Compiling esl01-renderdag v0.3.0
[INFO] [stderr]    Compiling console v0.15.7
[INFO] [stderr]    Compiling wait-timeout v0.2.0
[INFO] [stderr]    Compiling new_debug_unreachable v1.0.4
[INFO] [stderr]    Compiling concolor-query v0.3.3
[INFO] [stderr]    Compiling esl01-drawdag v0.3.0
[INFO] [stderr]    Compiling fallible-streaming-iterator v0.1.9
[INFO] [stderr]    Compiling json v0.12.4
[INFO] [stderr]    Compiling precomputed-hash v0.1.1
[INFO] [stderr]    Compiling shell-words v1.1.0
[INFO] [stderr]    Compiling downcast-rs v1.2.0
[INFO] [stderr]    Compiling esl01-nonblocking v0.3.0
[INFO] [stderr]    Compiling fallible-iterator v0.2.0
[INFO] [stderr]    Compiling smawk v0.3.1
[INFO] [stderr]    Compiling bit-vec v0.6.3
[INFO] [stderr]    Compiling fixedbitset v0.4.2
[INFO] [stderr]    Compiling number_prefix v0.4.0
[INFO] [stderr]    Compiling unicode-linebreak v0.1.5
[INFO] [stderr]    Compiling indicatif v0.17.6
[INFO] [stderr]    Compiling petgraph v0.6.3
[INFO] [stderr]    Compiling bit-set v0.5.3
[INFO] [stderr]    Compiling tracing-chrome v0.6.0
[INFO] [stderr]    Compiling portable-pty v0.8.1
[INFO] [stderr]    Compiling textwrap v0.16.0
[INFO] [stderr]    Compiling esl01-dag v0.3.0
[INFO] [stderr]    Compiling rusqlite v0.29.0
[INFO] [stderr]    Compiling string_cache v0.8.7
[INFO] [stderr]    Compiling concolor v0.1.1
[INFO] [stderr]    Compiling assert_cmd v2.0.12
[INFO] [stderr]    Compiling scm-record v0.1.0
[INFO] [stderr]    Compiling cursive v0.20.0
[INFO] [stderr]    Compiling ascii-canvas v3.0.0
[INFO] [stderr]    Compiling color-eyre v0.6.2
[INFO] [stderr]    Compiling chashmap v2.2.2
[INFO] [stderr]    Compiling rayon v1.7.0
[INFO] [stderr]    Compiling vt100 v0.15.2
[INFO] [stderr]    Compiling lalrpop-util v0.19.12
[INFO] [stderr]    Compiling itertools v0.11.0
[INFO] [stderr]    Compiling ena v0.14.2
[INFO] [stderr]    Compiling unicode-xid v0.2.4
[INFO] [stderr]    Compiling roff v0.2.1
[INFO] [stderr]    Compiling diff v0.1.13
[INFO] [stderr]    Compiling clap_mangen v0.2.12
[INFO] [stderr]    Compiling lalrpop v0.19.12
[INFO] [stderr]    Compiling scanlex v0.1.4
[INFO] [stderr]    Compiling chrono-english v0.1.7
[INFO] [stderr]    Compiling chronoutil v0.2.5
[INFO] [stderr]    Compiling glob v0.3.1
[INFO] [stderr]    Compiling equivalent v1.0.1
[INFO] [stderr]    Compiling indexmap v2.0.0
[INFO] [stderr]    Compiling scm-bisect v0.1.0
[INFO] [stderr]    Compiling fslock v0.2.1
[INFO] [stderr]    Compiling git2 v0.17.2
[INFO] [stderr]    Compiling git-branchless-revset v0.8.0
[INFO] [stderr]    Compiling git-branchless-lib v0.8.0
[INFO] [stderr]    Compiling git-branchless-opts v0.8.0
[INFO] [stderr]    Compiling git-branchless-invoke v0.8.0
[INFO] [stderr]    Compiling git-branchless-test v0.8.0 (/opt/rustwide/workdir)
[INFO] [stderr]     Finished dev [unoptimized + debuginfo] target(s) in 2m 45s
[INFO] running `Command { std: "docker" "inspect" "40c1bada126481d297fdc24b504cfbccc4a490394e587293111b5177b32c54e7", kill_on_drop: false }`
[INFO] running `Command { std: "docker" "rm" "-f" "40c1bada126481d297fdc24b504cfbccc4a490394e587293111b5177b32c54e7", kill_on_drop: false }`
[INFO] [stdout] 40c1bada126481d297fdc24b504cfbccc4a490394e587293111b5177b32c54e7
[INFO] running `Command { std: "docker" "create" "-v" "/var/lib/crater-agent-workspace/builds/worker-4-tc2/target:/opt/rustwide/target:rw,Z" "-v" "/var/lib/crater-agent-workspace/builds/worker-4-tc2/source:/opt/rustwide/workdir:ro,Z" "-v" "/var/lib/crater-agent-workspace/cargo-home:/opt/rustwide/cargo-home:ro,Z" "-v" "/var/lib/crater-agent-workspace/rustup-home:/opt/rustwide/rustup-home:ro,Z" "-e" "SOURCE_DIR=/opt/rustwide/workdir" "-e" "CARGO_TARGET_DIR=/opt/rustwide/target" "-e" "CARGO_INCREMENTAL=0" "-e" "RUST_BACKTRACE=full" "-e" "RUSTFLAGS=--cap-lints=warn" "-e" "RUSTDOCFLAGS=--cap-lints=warn" "-e" "CARGO_HOME=/opt/rustwide/cargo-home" "-e" "RUSTUP_HOME=/opt/rustwide/rustup-home" "-w" "/opt/rustwide/workdir" "-m" "1610612736" "--user" "0:0" "--network" "none" "ghcr.io/rust-lang/crates-build-env/linux@sha256:2788e3201cd34a07e3172128adcd8b3090168a8e3bcc40d7c032b9dda1df7d1c" "/opt/rustwide/cargo-home/bin/cargo" "+beta-2023-12-22" "test" "--frozen" "--no-run" "--message-format=json", kill_on_drop: false }`
[INFO] [stdout] 7eb78d2dacd3204ae6a7c512adf2557e8fb81fc42ea10af8aecb07b4cb1473d5
[INFO] running `Command { std: "docker" "start" "-a" "7eb78d2dacd3204ae6a7c512adf2557e8fb81fc42ea10af8aecb07b4cb1473d5", kill_on_drop: false }`
[INFO] [stderr]    Compiling linked-hash-map v0.5.6
[INFO] [stderr]    Compiling similar v2.2.1
[INFO] [stderr]    Compiling maplit v1.0.2
[INFO] [stderr]    Compiling yaml-rust v0.4.5
[INFO] [stderr]    Compiling insta v1.31.0
[INFO] [stderr]    Compiling git-branchless-test v0.8.0 (/opt/rustwide/workdir)
[INFO] [stderr]     Finished test [unoptimized + debuginfo] target(s) in 21.28s
[INFO] running `Command { std: "docker" "inspect" "7eb78d2dacd3204ae6a7c512adf2557e8fb81fc42ea10af8aecb07b4cb1473d5", kill_on_drop: false }`
[INFO] running `Command { std: "docker" "rm" "-f" "7eb78d2dacd3204ae6a7c512adf2557e8fb81fc42ea10af8aecb07b4cb1473d5", kill_on_drop: false }`
[INFO] [stdout] 7eb78d2dacd3204ae6a7c512adf2557e8fb81fc42ea10af8aecb07b4cb1473d5
[INFO] running `Command { std: "docker" "create" "-v" "/var/lib/crater-agent-workspace/builds/worker-4-tc2/target:/opt/rustwide/target:rw,Z" "-v" "/var/lib/crater-agent-workspace/builds/worker-4-tc2/source:/opt/rustwide/workdir:ro,Z" "-v" "/var/lib/crater-agent-workspace/cargo-home:/opt/rustwide/cargo-home:ro,Z" "-v" "/var/lib/crater-agent-workspace/rustup-home:/opt/rustwide/rustup-home:ro,Z" "-e" "SOURCE_DIR=/opt/rustwide/workdir" "-e" "CARGO_TARGET_DIR=/opt/rustwide/target" "-e" "CARGO_INCREMENTAL=0" "-e" "RUST_BACKTRACE=full" "-e" "RUSTFLAGS=--cap-lints=warn" "-e" "RUSTDOCFLAGS=--cap-lints=warn" "-e" "CARGO_HOME=/opt/rustwide/cargo-home" "-e" "RUSTUP_HOME=/opt/rustwide/rustup-home" "-w" "/opt/rustwide/workdir" "-m" "1610612736" "--user" "0:0" "--network" "none" "ghcr.io/rust-lang/crates-build-env/linux@sha256:2788e3201cd34a07e3172128adcd8b3090168a8e3bcc40d7c032b9dda1df7d1c" "/opt/rustwide/cargo-home/bin/cargo" "+beta-2023-12-22" "test" "--frozen", kill_on_drop: false }`
[INFO] [stdout] d02972b540bac6818c814731acb2cb3bf93f5da23a5875fae065d44125943f88
[INFO] running `Command { std: "docker" "start" "-a" "d02972b540bac6818c814731acb2cb3bf93f5da23a5875fae065d44125943f88", kill_on_drop: false }`
[INFO] [stderr]     Finished test [unoptimized + debuginfo] target(s) in 0.76s
[INFO] [stderr]      Running unittests src/lib.rs (/opt/rustwide/target/debug/deps/git_branchless_test-095bfe7c5f01167f)
[INFO] [stdout] 
[INFO] [stdout] running 1 test
[INFO] [stdout] test tests::test_lock_prepared_working_directory ... FAILED
[INFO] [stdout] 
[INFO] [stdout] failures:
[INFO] [stdout] 
[INFO] [stdout] ---- tests::test_lock_prepared_working_directory stdout ----
[INFO] [stdout] Error: 
[INFO] [stdout]    0: [91mNo path to Git executable was set. Try running as: `TEST_GIT=$(which git) cargo test ...` or set `env.TEST_GIT` in your `config.toml` (see https://doc.rust-lang.org/cargo/reference/config.html)[0m
[INFO] [stdout] 
[INFO] [stdout] Location:
[INFO] [stdout]    [35m/opt/rustwide/cargo-home/registry/src/index.crates.io-6f17d22bba15001f/git-branchless-lib-0.8.0/src/core/config.rs[0m:[35m345[0m
[INFO] [stdout] 
[INFO] [stdout]   ━━━━━━━━━━━━━━━━━━━━━━━━━━━━━━━━━━ BACKTRACE ━━━━━━━━━━━━━━━━━━━━━━━━━━━━━━━━━━━
[INFO] [stdout]   [96m                              ⋮ 5 frames hidden ⋮                               [0m
[INFO] [stdout]    6: [91mbranchless::core::config::env_vars::get_path_to_git::{{closure}}[0m[90m::hd920bc9ec1625ed0[0m
[INFO] [stdout]       at [35m/opt/rustwide/cargo-home/registry/src/index.crates.io-6f17d22bba15001f/git-branchless-lib-0.8.0/src/core/config.rs[0m:[35m345[0m
[INFO] [stdout]        343 │     pub fn get_path_to_git() -> eyre::Result<PathBuf> {
[INFO] [stdout]        344 │         let path_to_git = std::env::var_os(TEST_GIT).ok_or_else(|| {
[INFO] [stdout]   [37;1m     345[0m [37;1m>[0m [37;1m            eyre::eyre!([0m
[INFO] [stdout]        346 │                 "No path to Git executable was set. \
[INFO] [stdout]        347 │ Try running as: `{0}=$(which git) cargo test ...` \
[INFO] [stdout]    7: [32mcore::option::Option<T>::ok_or_else[0m[90m::h5017199eab12e91a[0m
[INFO] [stdout]       at [35m/rustc/0e09125c6c3c2fd70d7de961bcf0e51575235fad/library/core/src/option.rs[0m:[35m1231[0m
[INFO] [stdout]    8: [91mbranchless::core::config::env_vars::get_path_to_git[0m[90m::h3ab6350928870291[0m
[INFO] [stdout]       at [35m/opt/rustwide/cargo-home/registry/src/index.crates.io-6f17d22bba15001f/git-branchless-lib-0.8.0/src/core/config.rs[0m:[35m344[0m
[INFO] [stdout]        342 │     #[instrument]
[INFO] [stdout]        343 │     pub fn get_path_to_git() -> eyre::Result<PathBuf> {
[INFO] [stdout]   [37;1m     344[0m [37;1m>[0m [37;1m        let path_to_git = std::env::var_os(TEST_GIT).ok_or_else(|| {[0m
[INFO] [stdout]        345 │             eyre::eyre!(
[INFO] [stdout]        346 │                 "No path to Git executable was set. \
[INFO] [stdout]    9: [91mbranchless::testing::make_git[0m[90m::ha4360ca9ccdcac29[0m
[INFO] [stdout]       at [35m/opt/rustwide/cargo-home/registry/src/index.crates.io-6f17d22bba15001f/git-branchless-lib-0.8.0/src/testing.rs[0m:[35m700[0m
[INFO] [stdout]        698 │ 
[INFO] [stdout]        699 │     let repo_dir = tempfile::tempdir()?;
[INFO] [stdout]   [37;1m     700[0m [37;1m>[0m [37;1m    let path_to_git = get_path_to_git()?;[0m
[INFO] [stdout]        701 │     let git_exec_path = get_git_exec_path()?;
[INFO] [stdout]        702 │     let git = Git::new(path_to_git, repo_dir.path().to_path_buf(), git_exec_path);
[INFO] [stdout]   10: [91mgit_branchless_test::tests::test_lock_prepared_working_directory[0m[90m::h9f92aa1a6d101292[0m
[INFO] [stdout]       at [35m/opt/rustwide/workdir/src/lib.rs[0m:[35m2969[0m
[INFO] [stdout]       2967 │     #[test]
[INFO] [stdout]       2968 │     fn test_lock_prepared_working_directory() -> eyre::Result<()> {
[INFO] [stdout]   [37;1m    2969[0m [37;1m>[0m [37;1m        let git = make_git()?;[0m
[INFO] [stdout]       2970 │         git.init_repo()?;
[INFO] [stdout]       2971 │ 
[INFO] [stdout]   11: [91mgit_branchless_test::tests::test_lock_prepared_working_directory::{{closure}}[0m[90m::hc1f7f83005ca4a99[0m
[INFO] [stdout]       at [35m/opt/rustwide/workdir/src/lib.rs[0m:[35m2968[0m
[INFO] [stdout]       2966 │ 
[INFO] [stdout]       2967 │     #[test]
[INFO] [stdout]   [37;1m    2968[0m [37;1m>[0m [37;1m    fn test_lock_prepared_working_directory() -> eyre::Result<()> {[0m
[INFO] [stdout]       2969 │         let git = make_git()?;
[INFO] [stdout]       2970 │         git.init_repo()?;
[INFO] [stdout]   12: [32mcore::ops::function::FnOnce::call_once[0m[90m::h6265115172874ff5[0m
[INFO] [stdout]       at [35m/rustc/0e09125c6c3c2fd70d7de961bcf0e51575235fad/library/core/src/ops/function.rs[0m:[35m250[0m
[INFO] [stdout]   13: [32mcore::ops::function::FnOnce::call_once[0m[90m::hd64d26f405258157[0m
[INFO] [stdout]       at [35m/rustc/0e09125c6c3c2fd70d7de961bcf0e51575235fad/library/core/src/ops/function.rs[0m:[35m250[0m
[INFO] [stdout]   14: [32mtest::__rust_begin_short_backtrace[0m[90m::he21b0b7a6d731bf9[0m
[INFO] [stdout]       at [35m/rustc/0e09125c6c3c2fd70d7de961bcf0e51575235fad/library/test/src/lib.rs[0m:[35m627[0m
[INFO] [stdout]   15: [32mtest::run_test_in_process::{{closure}}[0m[90m::hf5c73986d7bdfde2[0m
[INFO] [stdout]       at [35m/rustc/0e09125c6c3c2fd70d7de961bcf0e51575235fad/library/test/src/lib.rs[0m:[35m650[0m
[INFO] [stdout]   16: [32m<core::panic::unwind_safe::AssertUnwindSafe<F> as core::ops::function::FnOnce<()>>::call_once[0m[90m::h330011ad032aadc0[0m
[INFO] [stdout]       at [35m/rustc/0e09125c6c3c2fd70d7de961bcf0e51575235fad/library/core/src/panic/unwind_safe.rs[0m:[35m272[0m
[INFO] [stdout]   17: [32mstd::panicking::try::do_call[0m[90m::he61b0a958b795a41[0m
[INFO] [stdout]       at [35m/rustc/0e09125c6c3c2fd70d7de961bcf0e51575235fad/library/std/src/panicking.rs[0m:[35m552[0m
[INFO] [stdout]   18: [32mstd::panicking::try[0m[90m::h7309da130f906eb7[0m
[INFO] [stdout]       at [35m/rustc/0e09125c6c3c2fd70d7de961bcf0e51575235fad/library/std/src/panicking.rs[0m:[35m516[0m
[INFO] [stdout]   19: [32mstd::panic::catch_unwind[0m[90m::hc5c3a06fdaf0a92a[0m
[INFO] [stdout]       at [35m/rustc/0e09125c6c3c2fd70d7de961bcf0e51575235fad/library/std/src/panic.rs[0m:[35m142[0m
[INFO] [stdout]   20: [32mtest::run_test_in_process[0m[90m::h7e7b7c71c3324e0f[0m
[INFO] [stdout]       at [35m/rustc/0e09125c6c3c2fd70d7de961bcf0e51575235fad/library/test/src/lib.rs[0m:[35m650[0m
[INFO] [stdout]   21: [32mtest::run_test::{{closure}}[0m[90m::h1f509f28f5cf20b1[0m
[INFO] [stdout]       at [35m/rustc/0e09125c6c3c2fd70d7de961bcf0e51575235fad/library/test/src/lib.rs[0m:[35m573[0m
[INFO] [stdout]   22: [32mtest::run_test::{{closure}}[0m[90m::h1754218abf443f6d[0m
[INFO] [stdout]       at [35m/rustc/0e09125c6c3c2fd70d7de961bcf0e51575235fad/library/test/src/lib.rs[0m:[35m601[0m
[INFO] [stdout]   [96m                              ⋮ 12 frames hidden ⋮                              [0m
[INFO] [stdout] 
[INFO] [stdout] Run with COLORBT_SHOW_HIDDEN=1 environment variable to disable frame filtering.
[INFO] [stdout] 
[INFO] [stdout] 
[INFO] [stdout] failures:
[INFO] [stdout]     tests::test_lock_prepared_working_directory
[INFO] [stdout] 
[INFO] [stdout] test result: FAILED. 0 passed; 1 failed; 0 ignored; 0 measured; 0 filtered out; finished in 2.11s
[INFO] [stdout] 
[INFO] [stderr] error: test failed, to rerun pass `--lib`
[INFO] running `Command { std: "docker" "inspect" "d02972b540bac6818c814731acb2cb3bf93f5da23a5875fae065d44125943f88", kill_on_drop: false }`
[INFO] running `Command { std: "docker" "rm" "-f" "d02972b540bac6818c814731acb2cb3bf93f5da23a5875fae065d44125943f88", kill_on_drop: false }`
[INFO] [stdout] d02972b540bac6818c814731acb2cb3bf93f5da23a5875fae065d44125943f88
