[INFO] fetching crate giga-segy-core 0.4.0...
[INFO] testing giga-segy-core-0.4.0 against 1.75.0 for beta-1.76-1
[INFO] extracting crate giga-segy-core 0.4.0 into /workspace/builds/worker-5-tc1/source
[INFO] validating manifest of crates.io crate giga-segy-core 0.4.0 on toolchain 1.75.0
[INFO] running `Command { std: CARGO_HOME="/workspace/cargo-home" RUSTUP_HOME="/workspace/rustup-home" "/workspace/cargo-home/bin/cargo" "+1.75.0" "metadata" "--manifest-path" "Cargo.toml" "--no-deps", kill_on_drop: false }`
[INFO] started tweaking crates.io crate giga-segy-core 0.4.0
[INFO] finished tweaking crates.io crate giga-segy-core 0.4.0
[INFO] tweaked toml for crates.io crate giga-segy-core 0.4.0 written to /workspace/builds/worker-5-tc1/source/Cargo.toml
[INFO] running `Command { std: CARGO_HOME="/workspace/cargo-home" RUSTUP_HOME="/workspace/rustup-home" "/workspace/cargo-home/bin/cargo" "+1.75.0" "generate-lockfile" "--manifest-path" "Cargo.toml", kill_on_drop: false }`
[INFO] [stderr]     Blocking waiting for file lock on package cache
[INFO] [stderr]     Updating crates.io index
[INFO] running `Command { std: CARGO_HOME="/workspace/cargo-home" RUSTUP_HOME="/workspace/rustup-home" "/workspace/cargo-home/bin/cargo" "+1.75.0" "fetch" "--manifest-path" "Cargo.toml", kill_on_drop: false }`
[INFO] [stderr]     Blocking waiting for file lock on package cache
[INFO] [stderr]     Blocking waiting for file lock on package cache
[INFO] [stderr]  Downloading crates ...
[INFO] [stderr]   Downloaded ibmfloat v0.1.1
[INFO] [stderr]   Downloaded encoding8 v0.3.2
[INFO] [stderr]   Downloaded cbindgen v0.26.0
[INFO] running `Command { std: "docker" "create" "-v" "/var/lib/crater-agent-workspace/builds/worker-5-tc1/target:/opt/rustwide/target:rw,Z" "-v" "/var/lib/crater-agent-workspace/builds/worker-5-tc1/source:/opt/rustwide/workdir:ro,Z" "-v" "/var/lib/crater-agent-workspace/cargo-home:/opt/rustwide/cargo-home:ro,Z" "-v" "/var/lib/crater-agent-workspace/rustup-home:/opt/rustwide/rustup-home:ro,Z" "-e" "SOURCE_DIR=/opt/rustwide/workdir" "-e" "CARGO_TARGET_DIR=/opt/rustwide/target" "-e" "CARGO_HOME=/opt/rustwide/cargo-home" "-e" "RUSTUP_HOME=/opt/rustwide/rustup-home" "-w" "/opt/rustwide/workdir" "-m" "1610612736" "--user" "0:0" "--network" "none" "ghcr.io/rust-lang/crates-build-env/linux@sha256:2788e3201cd34a07e3172128adcd8b3090168a8e3bcc40d7c032b9dda1df7d1c" "/opt/rustwide/cargo-home/bin/cargo" "+1.75.0" "metadata" "--no-deps" "--format-version=1", kill_on_drop: false }`
[INFO] [stdout] 9c2231e0187700add102bf5da37fb138f425a27ea5d41e7781cdd01b7012dd10
[INFO] running `Command { std: "docker" "start" "-a" "9c2231e0187700add102bf5da37fb138f425a27ea5d41e7781cdd01b7012dd10", kill_on_drop: false }`
[INFO] running `Command { std: "docker" "inspect" "9c2231e0187700add102bf5da37fb138f425a27ea5d41e7781cdd01b7012dd10", kill_on_drop: false }`
[INFO] running `Command { std: "docker" "rm" "-f" "9c2231e0187700add102bf5da37fb138f425a27ea5d41e7781cdd01b7012dd10", kill_on_drop: false }`
[INFO] [stdout] 9c2231e0187700add102bf5da37fb138f425a27ea5d41e7781cdd01b7012dd10
[INFO] running `Command { std: "docker" "create" "-v" "/var/lib/crater-agent-workspace/builds/worker-5-tc1/target:/opt/rustwide/target:rw,Z" "-v" "/var/lib/crater-agent-workspace/builds/worker-5-tc1/source:/opt/rustwide/workdir:ro,Z" "-v" "/var/lib/crater-agent-workspace/cargo-home:/opt/rustwide/cargo-home:ro,Z" "-v" "/var/lib/crater-agent-workspace/rustup-home:/opt/rustwide/rustup-home:ro,Z" "-e" "SOURCE_DIR=/opt/rustwide/workdir" "-e" "CARGO_TARGET_DIR=/opt/rustwide/target" "-e" "CARGO_INCREMENTAL=0" "-e" "RUST_BACKTRACE=full" "-e" "RUSTFLAGS=--cap-lints=warn" "-e" "RUSTDOCFLAGS=--cap-lints=warn" "-e" "CARGO_HOME=/opt/rustwide/cargo-home" "-e" "RUSTUP_HOME=/opt/rustwide/rustup-home" "-w" "/opt/rustwide/workdir" "-m" "1610612736" "--user" "0:0" "--network" "none" "ghcr.io/rust-lang/crates-build-env/linux@sha256:2788e3201cd34a07e3172128adcd8b3090168a8e3bcc40d7c032b9dda1df7d1c" "/opt/rustwide/cargo-home/bin/cargo" "+1.75.0" "build" "--frozen" "--message-format=json", kill_on_drop: false }`
[INFO] [stdout] 83507fca4a86d624eb36285c8448fbda586e690a926981b73bb8a6c82d300425
[INFO] running `Command { std: "docker" "start" "-a" "83507fca4a86d624eb36285c8448fbda586e690a926981b73bb8a6c82d300425", kill_on_drop: false }`
[INFO] [stderr]    Compiling autocfg v1.1.0
[INFO] [stderr]    Compiling proc-macro2 v1.0.75
[INFO] [stderr]    Compiling unicode-ident v1.0.12
[INFO] [stderr]    Compiling giga-segy-core v0.4.0 (/opt/rustwide/workdir)
[INFO] [stderr]    Compiling encoding8 v0.3.2
[INFO] [stderr]    Compiling ibmfloat v0.1.1
[INFO] [stderr]    Compiling num-traits v0.2.17
[INFO] [stderr]    Compiling num-integer v0.1.45
[INFO] [stderr]    Compiling num-bigint v0.4.4
[INFO] [stderr]    Compiling num-rational v0.4.1
[INFO] [stderr]    Compiling num-iter v0.1.43
[INFO] [stderr]    Compiling quote v1.0.35
[INFO] [stderr]    Compiling syn v2.0.48
[INFO] [stderr]    Compiling num-complex v0.4.4
[INFO] [stderr]    Compiling num-derive v0.4.1
[INFO] [stderr]    Compiling num v0.4.1
[INFO] [stderr]     Finished dev [unoptimized + debuginfo] target(s) in 6.00s
[INFO] running `Command { std: "docker" "inspect" "83507fca4a86d624eb36285c8448fbda586e690a926981b73bb8a6c82d300425", kill_on_drop: false }`
[INFO] running `Command { std: "docker" "rm" "-f" "83507fca4a86d624eb36285c8448fbda586e690a926981b73bb8a6c82d300425", kill_on_drop: false }`
[INFO] [stdout] 83507fca4a86d624eb36285c8448fbda586e690a926981b73bb8a6c82d300425
[INFO] running `Command { std: "docker" "create" "-v" "/var/lib/crater-agent-workspace/builds/worker-5-tc1/target:/opt/rustwide/target:rw,Z" "-v" "/var/lib/crater-agent-workspace/builds/worker-5-tc1/source:/opt/rustwide/workdir:ro,Z" "-v" "/var/lib/crater-agent-workspace/cargo-home:/opt/rustwide/cargo-home:ro,Z" "-v" "/var/lib/crater-agent-workspace/rustup-home:/opt/rustwide/rustup-home:ro,Z" "-e" "SOURCE_DIR=/opt/rustwide/workdir" "-e" "CARGO_TARGET_DIR=/opt/rustwide/target" "-e" "CARGO_INCREMENTAL=0" "-e" "RUST_BACKTRACE=full" "-e" "RUSTFLAGS=--cap-lints=warn" "-e" "RUSTDOCFLAGS=--cap-lints=warn" "-e" "CARGO_HOME=/opt/rustwide/cargo-home" "-e" "RUSTUP_HOME=/opt/rustwide/rustup-home" "-w" "/opt/rustwide/workdir" "-m" "1610612736" "--user" "0:0" "--network" "none" "ghcr.io/rust-lang/crates-build-env/linux@sha256:2788e3201cd34a07e3172128adcd8b3090168a8e3bcc40d7c032b9dda1df7d1c" "/opt/rustwide/cargo-home/bin/cargo" "+1.75.0" "test" "--frozen" "--no-run" "--message-format=json", kill_on_drop: false }`
[INFO] [stdout] e67c799718fe0be13415500d3af4f2c50572c9fb9daa783a4eb954602a0e617e
[INFO] running `Command { std: "docker" "start" "-a" "e67c799718fe0be13415500d3af4f2c50572c9fb9daa783a4eb954602a0e617e", kill_on_drop: false }`
[INFO] [stderr]    Compiling giga-segy-core v0.4.0 (/opt/rustwide/workdir)
[INFO] [stderr]     Finished test [unoptimized + debuginfo] target(s) in 1.13s
[INFO] running `Command { std: "docker" "inspect" "e67c799718fe0be13415500d3af4f2c50572c9fb9daa783a4eb954602a0e617e", kill_on_drop: false }`
[INFO] running `Command { std: "docker" "rm" "-f" "e67c799718fe0be13415500d3af4f2c50572c9fb9daa783a4eb954602a0e617e", kill_on_drop: false }`
[INFO] [stdout] e67c799718fe0be13415500d3af4f2c50572c9fb9daa783a4eb954602a0e617e
[INFO] running `Command { std: "docker" "create" "-v" "/var/lib/crater-agent-workspace/builds/worker-5-tc1/target:/opt/rustwide/target:rw,Z" "-v" "/var/lib/crater-agent-workspace/builds/worker-5-tc1/source:/opt/rustwide/workdir:ro,Z" "-v" "/var/lib/crater-agent-workspace/cargo-home:/opt/rustwide/cargo-home:ro,Z" "-v" "/var/lib/crater-agent-workspace/rustup-home:/opt/rustwide/rustup-home:ro,Z" "-e" "SOURCE_DIR=/opt/rustwide/workdir" "-e" "CARGO_TARGET_DIR=/opt/rustwide/target" "-e" "CARGO_INCREMENTAL=0" "-e" "RUST_BACKTRACE=full" "-e" "RUSTFLAGS=--cap-lints=warn" "-e" "RUSTDOCFLAGS=--cap-lints=warn" "-e" "CARGO_HOME=/opt/rustwide/cargo-home" "-e" "RUSTUP_HOME=/opt/rustwide/rustup-home" "-w" "/opt/rustwide/workdir" "-m" "1610612736" "--user" "0:0" "--network" "none" "ghcr.io/rust-lang/crates-build-env/linux@sha256:2788e3201cd34a07e3172128adcd8b3090168a8e3bcc40d7c032b9dda1df7d1c" "/opt/rustwide/cargo-home/bin/cargo" "+1.75.0" "test" "--frozen", kill_on_drop: false }`
[INFO] [stdout] 35cee92b5adadc7dcab5965f06ae771514cad13702ab0420d259bc34fb4b439e
[INFO] running `Command { std: "docker" "start" "-a" "35cee92b5adadc7dcab5965f06ae771514cad13702ab0420d259bc34fb4b439e", kill_on_drop: false }`
[INFO] [stderr]     Finished test [unoptimized + debuginfo] target(s) in 0.04s
[INFO] [stderr]      Running unittests src/lib.rs (/opt/rustwide/target/debug/deps/giga_segy_core-7bcc9f5f66f45a1f)
[INFO] [stdout] 
[INFO] [stdout] running 62 tests
[INFO] [stdout] test tests::bitconverter::test_ascii_bytes_to_string ... ok
[INFO] [stdout] test tests::bitconverter::test_ascii_bytes_to_string2 ... ok
[INFO] [stdout] test tests::enums::data_use_new ... ok
[INFO] [stdout] test tests::enums::arm_new ... ok
[INFO] [stdout] test tests::enums::coordinate_units_new ... ok
[INFO] [stdout] test tests::enums::cdt_new ... ok
[INFO] [stdout] test tests::bitconverter::test_ascii_bytes_to_string1 ... ok
[INFO] [stdout] test tests::enums::bgr_new ... ok
[INFO] [stdout] test tests::enums::fixed_length_traces ... ok
[INFO] [stdout] test tests::enums::isp_new ... ok
[INFO] [stdout] test tests::enums::sample_format_code_datum_byte_length ... ok
[INFO] [stdout] test tests::enums::sample_format_code_new ... ok
[INFO] [stdout] test tests::enums::measurement_system_new ... ok
[INFO] [stdout] test tests::enums::overtravel_new ... ok
[INFO] [stdout] test tests::enums::source_type_new ... ok
[INFO] [stdout] test tests::enums::taper_type_new ... ok
[INFO] [stdout] test tests::enums::scu_new ... ok
[INFO] [stdout] test tests::enums::sweep_type_code_new ... ok
[INFO] [stdout] test tests::enums::sweep_type_new ... ok
[INFO] [stdout] test tests::enums::correlated_new ... ok
[INFO] [stdout] test tests::enums::trace_id_code_new ... ok
[INFO] [stdout] test tests::enums::time_basis_new ... ok
[INFO] [stdout] test tests::enums::trace_sorting_code_new ... ok
[INFO] [stdout] test tests::enums::transduction_unit_new ... ok
[INFO] [stdout] test tests::header_structs::tapelabel_to_readable ... ok
[INFO] [stdout] test tests::header_structs::test_c_safe_name ... ok
[INFO] [stdout] test tests::header_structs::test_c_safe_nam1 ... ok
[INFO] [stdout] test tests::enums::vpc_new ... ok
[INFO] [stdout] test tests::header_structs::test_c_safe_name2 ... ok
[INFO] [stdout] test tests::enums::trace_value_unit_new ... ok
[INFO] [stdout] test tests::settings::test_crossline_no_bidx ... ok
[INFO] [stdout] test tests::settings::test_crossline_no_bidx_fail ... ok
[INFO] [stdout] test tests::settings::test_inline_no_bidx ... ok
[INFO] [stdout] test tests::settings::test_inline_no_bidx_fail ... ok
[INFO] [stdout] test tests::settings::test_order_trace_by ... ok
[INFO] [stdout] test tests::settings::test_default ... ok
[INFO] [stdout] test tests::settings::test_override_coordinate_units ... ok
[INFO] [stdout] test tests::settings::test_crossline_min_max ... ok
[INFO] [stdout] test tests::settings::test_inlne_min_max ... ok
[INFO] [stdout] test tests::settings::test_override_dim_x ... ok
[INFO] [stdout] test tests::settings::test_override_dim_y ... ok
[INFO] [stdout] test tests::settings::test_origin ... ok
[INFO] [stdout] test tests::settings::test_override_coordinate_format ... ok
[INFO] [stdout] test tests::settings::test_override_dim_y_fail ... ok
[INFO] [stdout] test tests::settings::test_override_dim_z_fail ... ok
[INFO] [stdout] test tests::settings::test_override_dim_x_fail ... ok
[INFO] [stdout] test tests::settings::test_override_dim_z ... ok
[INFO] [stdout] test tests::settings::test_override_to_le1 ... ok
[INFO] [stdout] test tests::settings::test_override_trace_id_code ... ok
[INFO] [stdout] test tests::settings::test_override_u ... ok
[INFO] [stdout] test tests::settings::test_step_by ... ok
[INFO] [stdout] test tests::settings::test_override_v ... ok
[INFO] [stdout] test tests::settings::test_set_override_coordinate_scaling ... ok
[INFO] [stdout] test tests::settings::test_override_sample_format ... ok
[INFO] [stdout] test tests::settings::test_override_sample_interval ... ok
[INFO] [stdout] test tests::settings::test_override_to_le2 ... ok
[INFO] [stdout] test tests::settings::test_override_trace_depth_units ... ok
[INFO] [stdout] test tests::settings::test_y_ensemble_bidx_fail ... ok
[INFO] [stdout] test tests::settings::test_y_ensemble_bidx ... ok
[INFO] [stdout] test tests::settings::test_x_ensemble_bidx ... ok
[INFO] [stdout] test tests::settings::test_x_ensemble_bidx_fail ... ok
[INFO] [stdout] test tests::bitconverter::test_converter_chooser ... ok
[INFO] [stdout] 
[INFO] [stdout] test result: ok. 62 passed; 0 failed; 0 ignored; 0 measured; 0 filtered out; finished in 0.38s
[INFO] [stdout] 
[INFO] [stderr]    Doc-tests giga_segy_core
[INFO] [stdout] 
[INFO] [stdout] running 9 tests
[INFO] [stdout] test src/lib.rs - Trace::new (line 70) ... FAILED
[INFO] [stdout] test src/settings.rs - settings::SegySettings::set_override_dim_x (line 300) ... ok
[INFO] [stdout] test src/settings.rs - settings::SegySettings::set_override_coordinate_format (line 147) ... ok
[INFO] [stdout] test src/bitconverter.rs - bitconverter::converter_chooser (line 18) ... ok
[INFO] [stdout] test src/settings.rs - settings::SegySettings::set_override_dim_y (line 330) ... ok
[INFO] [stdout] test src/bitconverter.rs - bitconverter::ascii_bytes_to_string (line 177) ... ok
[INFO] [stdout] test src/settings.rs - settings::SegySettings::set_inline_no_bidx (line 217) ... ok
[INFO] [stdout] test src/settings.rs - settings::SegySettings::set_override_coordinate_scaling (line 188) ... ok
[INFO] [stdout] test src/settings.rs - settings::SegySettings::trace_in_bounds (line 514) ... ok
[INFO] [stdout] 
[INFO] [stdout] failures:
[INFO] [stdout] 
[INFO] [stdout] ---- src/lib.rs - Trace::new (line 70) stdout ----
[INFO] [stdout] error[E0433]: failed to resolve: use of undeclared crate or module `giga_segy_out`
[INFO] [stdout]  --> src/lib.rs:73:5
[INFO] [stdout]   |
[INFO] [stdout] 6 | use giga_segy_out::create_headers::CreateTraceHeader;
[INFO] [stdout]   |     ^^^^^^^^^^^^^ use of undeclared crate or module `giga_segy_out`
[INFO] [stdout]   |
[INFO] [stdout] help: there is a crate or module with a similar name
[INFO] [stdout]   |
[INFO] [stdout] 6 | use giga_segy_core::create_headers::CreateTraceHeader;
[INFO] [stdout]   |     ~~~~~~~~~~~~~~
[INFO] [stdout] 
[INFO] [stdout] error[E0599]: no function or associated item named `default` found for struct `TraceHeader` in the current scope
[INFO] [stdout]   --> src/lib.rs:84:23
[INFO] [stdout]    |
[INFO] [stdout] 17 | let th = TraceHeader::default();
[INFO] [stdout]    |                       ^^^^^^^ function or associated item not found in `TraceHeader`
[INFO] [stdout] 
[INFO] [stdout] error: aborting due to 2 previous errors
[INFO] [stdout] 
[INFO] [stdout] Some errors have detailed explanations: E0433, E0599.
[INFO] [stdout] For more information about an error, try `rustc --explain E0433`.
[INFO] [stdout] Couldn't compile the test.
[INFO] [stdout] 
[INFO] [stdout] failures:
[INFO] [stdout]     src/lib.rs - Trace::new (line 70)
[INFO] [stdout] 
[INFO] [stdout] test result: FAILED. 8 passed; 1 failed; 0 ignored; 0 measured; 0 filtered out; finished in 0.83s
[INFO] [stdout] 
[INFO] [stderr] error: doctest failed, to rerun pass `--doc`
[INFO] running `Command { std: "docker" "inspect" "35cee92b5adadc7dcab5965f06ae771514cad13702ab0420d259bc34fb4b439e", kill_on_drop: false }`
[INFO] running `Command { std: "docker" "rm" "-f" "35cee92b5adadc7dcab5965f06ae771514cad13702ab0420d259bc34fb4b439e", kill_on_drop: false }`
[INFO] [stdout] 35cee92b5adadc7dcab5965f06ae771514cad13702ab0420d259bc34fb4b439e
[INFO] testing giga-segy-core-0.4.0 against beta-2023-12-22 for beta-1.76-1
[INFO] extracting crate giga-segy-core 0.4.0 into /workspace/builds/worker-5-tc2/source
[INFO] validating manifest of crates.io crate giga-segy-core 0.4.0 on toolchain beta-2023-12-22
[INFO] running `Command { std: CARGO_HOME="/workspace/cargo-home" RUSTUP_HOME="/workspace/rustup-home" "/workspace/cargo-home/bin/cargo" "+beta-2023-12-22" "metadata" "--manifest-path" "Cargo.toml" "--no-deps", kill_on_drop: false }`
[INFO] started tweaking crates.io crate giga-segy-core 0.4.0
[INFO] finished tweaking crates.io crate giga-segy-core 0.4.0
[INFO] tweaked toml for crates.io crate giga-segy-core 0.4.0 written to /workspace/builds/worker-5-tc2/source/Cargo.toml
[INFO] running `Command { std: CARGO_HOME="/workspace/cargo-home" RUSTUP_HOME="/workspace/rustup-home" "/workspace/cargo-home/bin/cargo" "+beta-2023-12-22" "generate-lockfile" "--manifest-path" "Cargo.toml", kill_on_drop: false }`
[INFO] [stderr]     Updating crates.io index
[INFO] running `Command { std: CARGO_HOME="/workspace/cargo-home" RUSTUP_HOME="/workspace/rustup-home" "/workspace/cargo-home/bin/cargo" "+beta-2023-12-22" "fetch" "--manifest-path" "Cargo.toml", kill_on_drop: false }`
[INFO] running `Command { std: "docker" "create" "-v" "/var/lib/crater-agent-workspace/builds/worker-5-tc2/target:/opt/rustwide/target:rw,Z" "-v" "/var/lib/crater-agent-workspace/builds/worker-5-tc2/source:/opt/rustwide/workdir:ro,Z" "-v" "/var/lib/crater-agent-workspace/cargo-home:/opt/rustwide/cargo-home:ro,Z" "-v" "/var/lib/crater-agent-workspace/rustup-home:/opt/rustwide/rustup-home:ro,Z" "-e" "SOURCE_DIR=/opt/rustwide/workdir" "-e" "CARGO_TARGET_DIR=/opt/rustwide/target" "-e" "CARGO_HOME=/opt/rustwide/cargo-home" "-e" "RUSTUP_HOME=/opt/rustwide/rustup-home" "-w" "/opt/rustwide/workdir" "-m" "1610612736" "--user" "0:0" "--network" "none" "ghcr.io/rust-lang/crates-build-env/linux@sha256:2788e3201cd34a07e3172128adcd8b3090168a8e3bcc40d7c032b9dda1df7d1c" "/opt/rustwide/cargo-home/bin/cargo" "+beta-2023-12-22" "metadata" "--no-deps" "--format-version=1", kill_on_drop: false }`
[INFO] [stdout] 81581f2a01a89510bca3b91e3cd8aec94eb69d33a9dfbb818c789fd393f7e64f
[INFO] running `Command { std: "docker" "start" "-a" "81581f2a01a89510bca3b91e3cd8aec94eb69d33a9dfbb818c789fd393f7e64f", kill_on_drop: false }`
[INFO] running `Command { std: "docker" "inspect" "81581f2a01a89510bca3b91e3cd8aec94eb69d33a9dfbb818c789fd393f7e64f", kill_on_drop: false }`
[INFO] running `Command { std: "docker" "rm" "-f" "81581f2a01a89510bca3b91e3cd8aec94eb69d33a9dfbb818c789fd393f7e64f", kill_on_drop: false }`
[INFO] [stdout] 81581f2a01a89510bca3b91e3cd8aec94eb69d33a9dfbb818c789fd393f7e64f
[INFO] running `Command { std: "docker" "create" "-v" "/var/lib/crater-agent-workspace/builds/worker-5-tc2/target:/opt/rustwide/target:rw,Z" "-v" "/var/lib/crater-agent-workspace/builds/worker-5-tc2/source:/opt/rustwide/workdir:ro,Z" "-v" "/var/lib/crater-agent-workspace/cargo-home:/opt/rustwide/cargo-home:ro,Z" "-v" "/var/lib/crater-agent-workspace/rustup-home:/opt/rustwide/rustup-home:ro,Z" "-e" "SOURCE_DIR=/opt/rustwide/workdir" "-e" "CARGO_TARGET_DIR=/opt/rustwide/target" "-e" "CARGO_INCREMENTAL=0" "-e" "RUST_BACKTRACE=full" "-e" "RUSTFLAGS=--cap-lints=warn" "-e" "RUSTDOCFLAGS=--cap-lints=warn" "-e" "CARGO_HOME=/opt/rustwide/cargo-home" "-e" "RUSTUP_HOME=/opt/rustwide/rustup-home" "-w" "/opt/rustwide/workdir" "-m" "1610612736" "--user" "0:0" "--network" "none" "ghcr.io/rust-lang/crates-build-env/linux@sha256:2788e3201cd34a07e3172128adcd8b3090168a8e3bcc40d7c032b9dda1df7d1c" "/opt/rustwide/cargo-home/bin/cargo" "+beta-2023-12-22" "build" "--frozen" "--message-format=json", kill_on_drop: false }`
[INFO] [stdout] 99ff859be9118e5b952eee30ac771aa916748da92ade61ebc0bd742ab3f62369
[INFO] running `Command { std: "docker" "start" "-a" "99ff859be9118e5b952eee30ac771aa916748da92ade61ebc0bd742ab3f62369", kill_on_drop: false }`
[INFO] [stderr]    Compiling autocfg v1.1.0
[INFO] [stderr]    Compiling proc-macro2 v1.0.75
[INFO] [stderr]    Compiling unicode-ident v1.0.12
[INFO] [stderr]    Compiling giga-segy-core v0.4.0 (/opt/rustwide/workdir)
[INFO] [stderr]    Compiling encoding8 v0.3.2
[INFO] [stderr]    Compiling ibmfloat v0.1.1
[INFO] [stderr]    Compiling num-traits v0.2.17
[INFO] [stderr]    Compiling num-integer v0.1.45
[INFO] [stderr]    Compiling num-bigint v0.4.4
[INFO] [stderr]    Compiling num-iter v0.1.43
[INFO] [stderr]    Compiling num-rational v0.4.1
[INFO] [stderr]    Compiling quote v1.0.35
[INFO] [stderr]    Compiling syn v2.0.48
[INFO] [stderr]    Compiling num-complex v0.4.4
[INFO] [stderr]    Compiling num-derive v0.4.1
[INFO] [stderr]    Compiling num v0.4.1
[INFO] [stderr]     Finished dev [unoptimized + debuginfo] target(s) in 6.28s
[INFO] running `Command { std: "docker" "inspect" "99ff859be9118e5b952eee30ac771aa916748da92ade61ebc0bd742ab3f62369", kill_on_drop: false }`
[INFO] running `Command { std: "docker" "rm" "-f" "99ff859be9118e5b952eee30ac771aa916748da92ade61ebc0bd742ab3f62369", kill_on_drop: false }`
[INFO] [stdout] 99ff859be9118e5b952eee30ac771aa916748da92ade61ebc0bd742ab3f62369
[INFO] running `Command { std: "docker" "create" "-v" "/var/lib/crater-agent-workspace/builds/worker-5-tc2/target:/opt/rustwide/target:rw,Z" "-v" "/var/lib/crater-agent-workspace/builds/worker-5-tc2/source:/opt/rustwide/workdir:ro,Z" "-v" "/var/lib/crater-agent-workspace/cargo-home:/opt/rustwide/cargo-home:ro,Z" "-v" "/var/lib/crater-agent-workspace/rustup-home:/opt/rustwide/rustup-home:ro,Z" "-e" "SOURCE_DIR=/opt/rustwide/workdir" "-e" "CARGO_TARGET_DIR=/opt/rustwide/target" "-e" "CARGO_INCREMENTAL=0" "-e" "RUST_BACKTRACE=full" "-e" "RUSTFLAGS=--cap-lints=warn" "-e" "RUSTDOCFLAGS=--cap-lints=warn" "-e" "CARGO_HOME=/opt/rustwide/cargo-home" "-e" "RUSTUP_HOME=/opt/rustwide/rustup-home" "-w" "/opt/rustwide/workdir" "-m" "1610612736" "--user" "0:0" "--network" "none" "ghcr.io/rust-lang/crates-build-env/linux@sha256:2788e3201cd34a07e3172128adcd8b3090168a8e3bcc40d7c032b9dda1df7d1c" "/opt/rustwide/cargo-home/bin/cargo" "+beta-2023-12-22" "test" "--frozen" "--no-run" "--message-format=json", kill_on_drop: false }`
[INFO] [stdout] d0f578e3d793ab7b5fadd82faeab02468dafc9dd4e1f4284e503443357e6e14a
[INFO] running `Command { std: "docker" "start" "-a" "d0f578e3d793ab7b5fadd82faeab02468dafc9dd4e1f4284e503443357e6e14a", kill_on_drop: false }`
[INFO] [stderr]    Compiling giga-segy-core v0.4.0 (/opt/rustwide/workdir)
[INFO] [stderr]     Finished test [unoptimized + debuginfo] target(s) in 1.21s
[INFO] running `Command { std: "docker" "inspect" "d0f578e3d793ab7b5fadd82faeab02468dafc9dd4e1f4284e503443357e6e14a", kill_on_drop: false }`
[INFO] running `Command { std: "docker" "rm" "-f" "d0f578e3d793ab7b5fadd82faeab02468dafc9dd4e1f4284e503443357e6e14a", kill_on_drop: false }`
[INFO] [stdout] d0f578e3d793ab7b5fadd82faeab02468dafc9dd4e1f4284e503443357e6e14a
[INFO] running `Command { std: "docker" "create" "-v" "/var/lib/crater-agent-workspace/builds/worker-5-tc2/target:/opt/rustwide/target:rw,Z" "-v" "/var/lib/crater-agent-workspace/builds/worker-5-tc2/source:/opt/rustwide/workdir:ro,Z" "-v" "/var/lib/crater-agent-workspace/cargo-home:/opt/rustwide/cargo-home:ro,Z" "-v" "/var/lib/crater-agent-workspace/rustup-home:/opt/rustwide/rustup-home:ro,Z" "-e" "SOURCE_DIR=/opt/rustwide/workdir" "-e" "CARGO_TARGET_DIR=/opt/rustwide/target" "-e" "CARGO_INCREMENTAL=0" "-e" "RUST_BACKTRACE=full" "-e" "RUSTFLAGS=--cap-lints=warn" "-e" "RUSTDOCFLAGS=--cap-lints=warn" "-e" "CARGO_HOME=/opt/rustwide/cargo-home" "-e" "RUSTUP_HOME=/opt/rustwide/rustup-home" "-w" "/opt/rustwide/workdir" "-m" "1610612736" "--user" "0:0" "--network" "none" "ghcr.io/rust-lang/crates-build-env/linux@sha256:2788e3201cd34a07e3172128adcd8b3090168a8e3bcc40d7c032b9dda1df7d1c" "/opt/rustwide/cargo-home/bin/cargo" "+beta-2023-12-22" "test" "--frozen", kill_on_drop: false }`
[INFO] [stdout] 67d1993f1ce70e60f75b7e74e2fdee87c290d2021e83b1d2f1b1e02a2e0a7678
[INFO] running `Command { std: "docker" "start" "-a" "67d1993f1ce70e60f75b7e74e2fdee87c290d2021e83b1d2f1b1e02a2e0a7678", kill_on_drop: false }`
[INFO] [stderr]     Finished test [unoptimized + debuginfo] target(s) in 0.03s
[INFO] [stderr]      Running unittests src/lib.rs (/opt/rustwide/target/debug/deps/giga_segy_core-f1ac89c2189954b6)
[INFO] [stdout] 
[INFO] [stdout] running 62 tests
[INFO] [stdout] test tests::bitconverter::test_ascii_bytes_to_string2 ... ok
[INFO] [stdout] test tests::bitconverter::test_ascii_bytes_to_string ... ok
[INFO] [stdout] test tests::bitconverter::test_ascii_bytes_to_string1 ... ok
[INFO] [stdout] test tests::enums::data_use_new ... ok
[INFO] [stdout] test tests::enums::correlated_new ... ok
[INFO] [stdout] test tests::enums::fixed_length_traces ... ok
[INFO] [stdout] test tests::enums::arm_new ... ok
[INFO] [stdout] test tests::enums::overtravel_new ... ok
[INFO] [stdout] test tests::enums::cdt_new ... ok
[INFO] [stdout] test tests::enums::coordinate_units_new ... ok
[INFO] [stdout] test tests::enums::isp_new ... ok
[INFO] [stdout] test tests::enums::measurement_system_new ... ok
[INFO] [stdout] test tests::enums::bgr_new ... ok
[INFO] [stdout] test tests::enums::scu_new ... ok
[INFO] [stdout] test tests::enums::sample_format_code_datum_byte_length ... ok
[INFO] [stdout] test tests::enums::sweep_type_new ... ok
[INFO] [stdout] test tests::enums::trace_sorting_code_new ... ok
[INFO] [stdout] test tests::enums::trace_value_unit_new ... ok
[INFO] [stdout] test tests::enums::sweep_type_code_new ... ok
[INFO] [stdout] test tests::enums::time_basis_new ... ok
[INFO] [stdout] test tests::enums::trace_id_code_new ... ok
[INFO] [stdout] test tests::enums::source_type_new ... ok
[INFO] [stdout] test tests::enums::taper_type_new ... ok
[INFO] [stdout] test tests::enums::sample_format_code_new ... ok
[INFO] [stdout] test tests::enums::transduction_unit_new ... ok
[INFO] [stdout] test tests::header_structs::test_c_safe_nam1 ... ok
[INFO] [stdout] test tests::header_structs::tapelabel_to_readable ... ok
[INFO] [stdout] test tests::settings::test_crossline_min_max ... ok
[INFO] [stdout] test tests::enums::vpc_new ... ok
[INFO] [stdout] test tests::settings::test_crossline_no_bidx_fail ... ok
[INFO] [stdout] test tests::settings::test_default ... ok
[INFO] [stdout] test tests::header_structs::test_c_safe_name ... ok
[INFO] [stdout] test tests::header_structs::test_c_safe_name2 ... ok
[INFO] [stdout] test tests::settings::test_order_trace_by ... ok
[INFO] [stdout] test tests::settings::test_crossline_no_bidx ... ok
[INFO] [stdout] test tests::settings::test_inline_no_bidx_fail ... ok
[INFO] [stdout] test tests::settings::test_override_coordinate_format ... ok
[INFO] [stdout] test tests::settings::test_inline_no_bidx ... ok
[INFO] [stdout] test tests::settings::test_override_dim_x ... ok
[INFO] [stdout] test tests::settings::test_inlne_min_max ... ok
[INFO] [stdout] test tests::settings::test_origin ... ok
[INFO] [stdout] test tests::settings::test_override_dim_y ... ok
[INFO] [stdout] test tests::settings::test_override_coordinate_units ... ok
[INFO] [stdout] test tests::settings::test_override_dim_y_fail ... ok
[INFO] [stdout] test tests::settings::test_override_sample_interval ... ok
[INFO] [stdout] test tests::settings::test_override_to_le2 ... ok
[INFO] [stdout] test tests::settings::test_override_to_le1 ... ok
[INFO] [stdout] test tests::settings::test_override_dim_z ... ok
[INFO] [stdout] test tests::settings::test_override_sample_format ... ok
[INFO] [stdout] test tests::settings::test_override_dim_z_fail ... ok
[INFO] [stdout] test tests::settings::test_override_dim_x_fail ... ok
[INFO] [stdout] test tests::settings::test_override_u ... ok
[INFO] [stdout] test tests::settings::test_override_trace_depth_units ... ok
[INFO] [stdout] test tests::settings::test_override_trace_id_code ... ok
[INFO] [stdout] test tests::settings::test_set_override_coordinate_scaling ... ok
[INFO] [stdout] test tests::settings::test_step_by ... ok
[INFO] [stdout] test tests::settings::test_x_ensemble_bidx_fail ... ok
[INFO] [stdout] test tests::settings::test_x_ensemble_bidx ... ok
[INFO] [stdout] test tests::settings::test_y_ensemble_bidx_fail ... ok
[INFO] [stdout] test tests::settings::test_y_ensemble_bidx ... ok
[INFO] [stdout] test tests::settings::test_override_v ... ok
[INFO] [stdout] test tests::bitconverter::test_converter_chooser ... ok
[INFO] [stdout] 
[INFO] [stdout] test result: ok. 62 passed; 0 failed; 0 ignored; 0 measured; 0 filtered out; finished in 0.43s
[INFO] [stdout] 
[INFO] [stderr]    Doc-tests giga_segy_core
[INFO] [stdout] 
[INFO] [stdout] running 9 tests
[INFO] [stdout] test src/lib.rs - Trace::new (line 70) ... FAILED
[INFO] [stdout] test src/bitconverter.rs - bitconverter::ascii_bytes_to_string (line 177) ... ok
[INFO] [stdout] test src/bitconverter.rs - bitconverter::converter_chooser (line 18) ... ok
[INFO] [stdout] test src/settings.rs - settings::SegySettings::set_override_dim_y (line 330) ... ok
[INFO] [stdout] test src/settings.rs - settings::SegySettings::set_override_coordinate_scaling (line 188) ... ok
[INFO] [stdout] test src/settings.rs - settings::SegySettings::set_override_coordinate_format (line 147) ... ok
[INFO] [stdout] test src/settings.rs - settings::SegySettings::set_inline_no_bidx (line 217) ... ok
[INFO] [stdout] test src/settings.rs - settings::SegySettings::trace_in_bounds (line 514) ... ok
[INFO] [stdout] test src/settings.rs - settings::SegySettings::set_override_dim_x (line 300) ... ok
[INFO] [stdout] 
[INFO] [stdout] failures:
[INFO] [stdout] 
[INFO] [stdout] ---- src/lib.rs - Trace::new (line 70) stdout ----
[INFO] [stdout] error[E0433]: failed to resolve: use of undeclared crate or module `giga_segy_out`
[INFO] [stdout]  --> src/lib.rs:73:5
[INFO] [stdout]   |
[INFO] [stdout] 6 | use giga_segy_out::create_headers::CreateTraceHeader;
[INFO] [stdout]   |     ^^^^^^^^^^^^^ use of undeclared crate or module `giga_segy_out`
[INFO] [stdout]   |
[INFO] [stdout] help: there is a crate or module with a similar name
[INFO] [stdout]   |
[INFO] [stdout] 6 | use giga_segy_core::create_headers::CreateTraceHeader;
[INFO] [stdout]   |     ~~~~~~~~~~~~~~
[INFO] [stdout] 
[INFO] [stdout] error[E0599]: no function or associated item named `default` found for struct `TraceHeader` in the current scope
[INFO] [stdout]   --> src/lib.rs:84:23
[INFO] [stdout]    |
[INFO] [stdout] 17 | let th = TraceHeader::default();
[INFO] [stdout]    |                       ^^^^^^^ function or associated item not found in `TraceHeader`
[INFO] [stdout] 
[INFO] [stdout] error: aborting due to 2 previous errors
[INFO] [stdout] 
[INFO] [stdout] Some errors have detailed explanations: E0433, E0599.
[INFO] [stdout] For more information about an error, try `rustc --explain E0433`.
[INFO] [stdout] Couldn't compile the test.
[INFO] [stdout] 
[INFO] [stdout] failures:
[INFO] [stdout]     src/lib.rs - Trace::new (line 70)
[INFO] [stdout] 
[INFO] [stdout] test result: FAILED. 8 passed; 1 failed; 0 ignored; 0 measured; 0 filtered out; finished in 1.13s
[INFO] [stdout] 
[INFO] [stderr] error: doctest failed, to rerun pass `--doc`
[INFO] running `Command { std: "docker" "inspect" "67d1993f1ce70e60f75b7e74e2fdee87c290d2021e83b1d2f1b1e02a2e0a7678", kill_on_drop: false }`
[INFO] running `Command { std: "docker" "rm" "-f" "67d1993f1ce70e60f75b7e74e2fdee87c290d2021e83b1d2f1b1e02a2e0a7678", kill_on_drop: false }`
[INFO] [stdout] 67d1993f1ce70e60f75b7e74e2fdee87c290d2021e83b1d2f1b1e02a2e0a7678
