[INFO] fetching crate gh-trs 1.1.20...
[INFO] testing gh-trs-1.1.20 against 1.75.0 for beta-1.76-1
[INFO] extracting crate gh-trs 1.1.20 into /workspace/builds/worker-1-tc1/source
[INFO] validating manifest of crates.io crate gh-trs 1.1.20 on toolchain 1.75.0
[INFO] running `Command { std: CARGO_HOME="/workspace/cargo-home" RUSTUP_HOME="/workspace/rustup-home" "/workspace/cargo-home/bin/cargo" "+1.75.0" "metadata" "--manifest-path" "Cargo.toml" "--no-deps", kill_on_drop: false }`
[INFO] started tweaking crates.io crate gh-trs 1.1.20
[INFO] finished tweaking crates.io crate gh-trs 1.1.20
[INFO] tweaked toml for crates.io crate gh-trs 1.1.20 written to /workspace/builds/worker-1-tc1/source/Cargo.toml
[INFO] crate crates.io crate gh-trs 1.1.20 already has a lockfile, it will not be regenerated
[INFO] running `Command { std: CARGO_HOME="/workspace/cargo-home" RUSTUP_HOME="/workspace/rustup-home" "/workspace/cargo-home/bin/cargo" "+1.75.0" "fetch" "--manifest-path" "Cargo.toml", kill_on_drop: false }`
[INFO] running `Command { std: "docker" "create" "-v" "/var/lib/crater-agent-workspace/builds/worker-1-tc1/target:/opt/rustwide/target:rw,Z" "-v" "/var/lib/crater-agent-workspace/builds/worker-1-tc1/source:/opt/rustwide/workdir:ro,Z" "-v" "/var/lib/crater-agent-workspace/cargo-home:/opt/rustwide/cargo-home:ro,Z" "-v" "/var/lib/crater-agent-workspace/rustup-home:/opt/rustwide/rustup-home:ro,Z" "-e" "SOURCE_DIR=/opt/rustwide/workdir" "-e" "CARGO_TARGET_DIR=/opt/rustwide/target" "-e" "CARGO_HOME=/opt/rustwide/cargo-home" "-e" "RUSTUP_HOME=/opt/rustwide/rustup-home" "-w" "/opt/rustwide/workdir" "-m" "1610612736" "--user" "0:0" "--network" "none" "ghcr.io/rust-lang/crates-build-env/linux@sha256:2788e3201cd34a07e3172128adcd8b3090168a8e3bcc40d7c032b9dda1df7d1c" "/opt/rustwide/cargo-home/bin/cargo" "+1.75.0" "metadata" "--no-deps" "--format-version=1", kill_on_drop: false }`
[INFO] [stdout] a2e42dcf488478a0292e049a4e7b6f70329b88f79349e4989ae7dfdfecb3bf28
[INFO] running `Command { std: "docker" "start" "-a" "a2e42dcf488478a0292e049a4e7b6f70329b88f79349e4989ae7dfdfecb3bf28", kill_on_drop: false }`
[INFO] running `Command { std: "docker" "inspect" "a2e42dcf488478a0292e049a4e7b6f70329b88f79349e4989ae7dfdfecb3bf28", kill_on_drop: false }`
[INFO] running `Command { std: "docker" "rm" "-f" "a2e42dcf488478a0292e049a4e7b6f70329b88f79349e4989ae7dfdfecb3bf28", kill_on_drop: false }`
[INFO] [stdout] a2e42dcf488478a0292e049a4e7b6f70329b88f79349e4989ae7dfdfecb3bf28
[INFO] running `Command { std: "docker" "create" "-v" "/var/lib/crater-agent-workspace/builds/worker-1-tc1/target:/opt/rustwide/target:rw,Z" "-v" "/var/lib/crater-agent-workspace/builds/worker-1-tc1/source:/opt/rustwide/workdir:ro,Z" "-v" "/var/lib/crater-agent-workspace/cargo-home:/opt/rustwide/cargo-home:ro,Z" "-v" "/var/lib/crater-agent-workspace/rustup-home:/opt/rustwide/rustup-home:ro,Z" "-e" "SOURCE_DIR=/opt/rustwide/workdir" "-e" "CARGO_TARGET_DIR=/opt/rustwide/target" "-e" "CARGO_INCREMENTAL=0" "-e" "RUST_BACKTRACE=full" "-e" "RUSTFLAGS=--cap-lints=warn" "-e" "RUSTDOCFLAGS=--cap-lints=warn" "-e" "CARGO_HOME=/opt/rustwide/cargo-home" "-e" "RUSTUP_HOME=/opt/rustwide/rustup-home" "-w" "/opt/rustwide/workdir" "-m" "1610612736" "--user" "0:0" "--network" "none" "ghcr.io/rust-lang/crates-build-env/linux@sha256:2788e3201cd34a07e3172128adcd8b3090168a8e3bcc40d7c032b9dda1df7d1c" "/opt/rustwide/cargo-home/bin/cargo" "+1.75.0" "build" "--frozen" "--message-format=json", kill_on_drop: false }`
[INFO] [stdout] bf12c5d07aa0971dcd5ff8b413e94272a6b2dd8375f814e2a38ff3b0cccd8f28
[INFO] running `Command { std: "docker" "start" "-a" "bf12c5d07aa0971dcd5ff8b413e94272a6b2dd8375f814e2a38ff3b0cccd8f28", kill_on_drop: false }`
[INFO] [stderr]    Compiling proc-macro2 v1.0.39
[INFO] [stderr]    Compiling unicode-ident v1.0.0
[INFO] [stderr]    Compiling syn v1.0.96
[INFO] [stderr]    Compiling libc v0.2.126
[INFO] [stderr]    Compiling log v0.4.17
[INFO] [stderr]    Compiling memchr v2.5.0
[INFO] [stderr]    Compiling serde_derive v1.0.137
[INFO] [stderr]    Compiling cc v1.0.73
[INFO] [stderr]    Compiling pin-project-lite v0.2.9
[INFO] [stderr]    Compiling serde v1.0.137
[INFO] [stderr]    Compiling pkg-config v0.3.25
[INFO] [stderr]    Compiling futures-core v0.3.21
[INFO] [stderr]    Compiling once_cell v1.12.0
[INFO] [stderr]    Compiling bytes v1.1.0
[INFO] [stderr]    Compiling itoa v1.0.2
[INFO] [stderr]    Compiling indexmap v1.8.2
[INFO] [stderr]    Compiling futures-task v0.3.21
[INFO] [stderr]    Compiling typenum v1.15.0
[INFO] [stderr]    Compiling generic-array v0.14.5
[INFO] [stderr]    Compiling tracing-core v0.1.26
[INFO] [stderr]    Compiling unicase v2.6.0
[INFO] [stderr]    Compiling openssl v0.10.40
[INFO] [stderr]    Compiling futures-util v0.3.21
[INFO] [stderr]    Compiling native-tls v0.2.10
[INFO] [stderr]    Compiling http v0.2.7
[INFO] [stderr]    Compiling futures-channel v0.3.21
[INFO] [stderr]    Compiling matches v0.1.9
[INFO] [stderr]    Compiling httparse v1.7.1
[INFO] [stderr]    Compiling slab v0.4.6
[INFO] [stderr]    Compiling tinyvec_macros v0.1.0
[INFO] [stderr]    Compiling futures-sink v0.3.21
[INFO] [stderr]    Compiling futures-io v0.3.21
[INFO] [stderr]    Compiling tinyvec v1.6.0
[INFO] [stderr]    Compiling num-traits v0.2.15
[INFO] [stderr]    Compiling try-lock v0.2.3
[INFO] [stderr]    Compiling ryu v1.0.10
[INFO] [stderr]    Compiling quote v1.0.18
[INFO] [stderr]    Compiling percent-encoding v2.1.0
[INFO] [stderr]    Compiling want v0.3.0
[INFO] [stderr]    Compiling socket2 v0.4.4
[INFO] [stderr]    Compiling mio v0.8.3
[INFO] [stderr]    Compiling num_cpus v1.13.1
[INFO] [stderr]    Compiling atty v0.2.14
[INFO] [stderr]    Compiling mime_guess v2.0.4
[INFO] [stderr]    Compiling form_urlencoded v1.0.1
[INFO] [stderr]    Compiling num-integer v0.1.45
[INFO] [stderr]    Compiling proc-macro-error-attr v1.0.4
[INFO] [stderr]    Compiling http-body v0.4.5
[INFO] [stderr]    Compiling tokio v1.18.2
[INFO] [stderr]    Compiling serde_json v1.0.81
[INFO] [stderr]    Compiling openssl-sys v0.9.74
[INFO] [stderr]    Compiling httpdate v1.0.2
[INFO] [stderr]    Compiling unicode-segmentation v1.9.0
[INFO] [stderr]    Compiling unicode-normalization v0.1.19
[INFO] [stderr]    Compiling encoding_rs v0.8.31
[INFO] [stderr]    Compiling unicode-width v0.1.9
[INFO] [stderr]    Compiling tower-service v0.3.1
[INFO] [stderr]    Compiling unicode-bidi v0.3.8
[INFO] [stderr]    Compiling textwrap v0.11.0
[INFO] [stderr]    Compiling aho-corasick v0.7.18
[INFO] [stderr]    Compiling ansi_term v0.12.1
[INFO] [stderr]    Compiling anyhow v1.0.57
[INFO] [stderr]    Compiling mime v0.3.16
[INFO] [stderr]    Compiling linked-hash-map v0.5.4
[INFO] [stderr]    Compiling regex-syntax v0.6.26
[INFO] [stderr]    Compiling yaml-rust v0.4.5
[INFO] [stderr]    Compiling heck v0.3.3
[INFO] [stderr]    Compiling crypto-common v0.1.3
[INFO] [stderr]    Compiling block-buffer v0.10.2
[INFO] [stderr]    Compiling digest v0.10.3
[INFO] [stderr]    Compiling clap v2.34.0
[INFO] [stderr]    Compiling getrandom v0.2.6
[INFO] [stderr]    Compiling time v0.1.44
[INFO] [stderr]    Compiling ipnet v2.5.0
[INFO] [stderr]    Compiling idna v0.2.3
[INFO] [stderr]    Compiling cpufeatures v0.2.2
[INFO] [stderr]    Compiling base64 v0.13.0
[INFO] [stderr]    Compiling termcolor v1.1.3
[INFO] [stderr]    Compiling humantime v2.1.0
[INFO] [stderr]    Compiling sha2 v0.10.2
[INFO] [stderr]    Compiling colored v2.0.0
[INFO] [stderr]    Compiling dotenv v0.15.0
[INFO] [stderr]    Compiling regex v1.5.6
[INFO] [stderr]    Compiling env_logger v0.9.0
[INFO] [stderr]    Compiling darling_core v0.13.4
[INFO] [stderr]    Compiling proc-macro-error v1.0.4
[INFO] [stderr]    Compiling tracing-attributes v0.1.21
[INFO] [stderr]    Compiling openssl-macros v0.1.0
[INFO] [stderr]    Compiling structopt-derive v0.4.18
[INFO] [stderr]    Compiling darling_macro v0.13.4
[INFO] [stderr]    Compiling structopt v0.3.26
[INFO] [stderr]    Compiling tracing v0.1.34
[INFO] [stderr]    Compiling darling v0.13.4
[INFO] [stderr]    Compiling tokio-util v0.7.2
[INFO] [stderr]    Compiling serde_with_macros v1.5.2
[INFO] [stderr]    Compiling h2 v0.3.13
[INFO] [stderr]    Compiling tokio-native-tls v0.3.0
[INFO] [stderr]    Compiling hyper v0.14.19
[INFO] [stderr]    Compiling url v2.2.2
[INFO] [stderr]    Compiling serde_urlencoded v0.7.1
[INFO] [stderr]    Compiling serde_with v1.14.0
[INFO] [stderr]    Compiling serde_yaml v0.8.24
[INFO] [stderr]    Compiling uuid v0.8.2
[INFO] [stderr]    Compiling chrono v0.4.19
[INFO] [stderr]    Compiling hyper-tls v0.5.0
[INFO] [stderr]    Compiling reqwest v0.11.10
[INFO] [stderr]    Compiling gh-trs v1.1.20 (/opt/rustwide/workdir)
[INFO] [stderr]     Finished dev [unoptimized + debuginfo] target(s) in 28.10s
[INFO] running `Command { std: "docker" "inspect" "bf12c5d07aa0971dcd5ff8b413e94272a6b2dd8375f814e2a38ff3b0cccd8f28", kill_on_drop: false }`
[INFO] running `Command { std: "docker" "rm" "-f" "bf12c5d07aa0971dcd5ff8b413e94272a6b2dd8375f814e2a38ff3b0cccd8f28", kill_on_drop: false }`
[INFO] [stdout] bf12c5d07aa0971dcd5ff8b413e94272a6b2dd8375f814e2a38ff3b0cccd8f28
[INFO] running `Command { std: "docker" "create" "-v" "/var/lib/crater-agent-workspace/builds/worker-1-tc1/target:/opt/rustwide/target:rw,Z" "-v" "/var/lib/crater-agent-workspace/builds/worker-1-tc1/source:/opt/rustwide/workdir:ro,Z" "-v" "/var/lib/crater-agent-workspace/cargo-home:/opt/rustwide/cargo-home:ro,Z" "-v" "/var/lib/crater-agent-workspace/rustup-home:/opt/rustwide/rustup-home:ro,Z" "-e" "SOURCE_DIR=/opt/rustwide/workdir" "-e" "CARGO_TARGET_DIR=/opt/rustwide/target" "-e" "CARGO_INCREMENTAL=0" "-e" "RUST_BACKTRACE=full" "-e" "RUSTFLAGS=--cap-lints=warn" "-e" "RUSTDOCFLAGS=--cap-lints=warn" "-e" "CARGO_HOME=/opt/rustwide/cargo-home" "-e" "RUSTUP_HOME=/opt/rustwide/rustup-home" "-w" "/opt/rustwide/workdir" "-m" "1610612736" "--user" "0:0" "--network" "none" "ghcr.io/rust-lang/crates-build-env/linux@sha256:2788e3201cd34a07e3172128adcd8b3090168a8e3bcc40d7c032b9dda1df7d1c" "/opt/rustwide/cargo-home/bin/cargo" "+1.75.0" "test" "--frozen" "--no-run" "--message-format=json", kill_on_drop: false }`
[INFO] [stdout] 976817d23025499ffd5066d3e90e360cd0c72bd1dd13dffa4044d176bca84d1e
[INFO] running `Command { std: "docker" "start" "-a" "976817d23025499ffd5066d3e90e360cd0c72bd1dd13dffa4044d176bca84d1e", kill_on_drop: false }`
[INFO] [stderr]    Compiling gh-trs v1.1.20 (/opt/rustwide/workdir)
[INFO] [stderr]     Finished test [unoptimized + debuginfo] target(s) in 5.21s
[INFO] running `Command { std: "docker" "inspect" "976817d23025499ffd5066d3e90e360cd0c72bd1dd13dffa4044d176bca84d1e", kill_on_drop: false }`
[INFO] running `Command { std: "docker" "rm" "-f" "976817d23025499ffd5066d3e90e360cd0c72bd1dd13dffa4044d176bca84d1e", kill_on_drop: false }`
[INFO] [stdout] 976817d23025499ffd5066d3e90e360cd0c72bd1dd13dffa4044d176bca84d1e
[INFO] running `Command { std: "docker" "create" "-v" "/var/lib/crater-agent-workspace/builds/worker-1-tc1/target:/opt/rustwide/target:rw,Z" "-v" "/var/lib/crater-agent-workspace/builds/worker-1-tc1/source:/opt/rustwide/workdir:ro,Z" "-v" "/var/lib/crater-agent-workspace/cargo-home:/opt/rustwide/cargo-home:ro,Z" "-v" "/var/lib/crater-agent-workspace/rustup-home:/opt/rustwide/rustup-home:ro,Z" "-e" "SOURCE_DIR=/opt/rustwide/workdir" "-e" "CARGO_TARGET_DIR=/opt/rustwide/target" "-e" "CARGO_INCREMENTAL=0" "-e" "RUST_BACKTRACE=full" "-e" "RUSTFLAGS=--cap-lints=warn" "-e" "RUSTDOCFLAGS=--cap-lints=warn" "-e" "CARGO_HOME=/opt/rustwide/cargo-home" "-e" "RUSTUP_HOME=/opt/rustwide/rustup-home" "-w" "/opt/rustwide/workdir" "-m" "1610612736" "--user" "0:0" "--network" "none" "ghcr.io/rust-lang/crates-build-env/linux@sha256:2788e3201cd34a07e3172128adcd8b3090168a8e3bcc40d7c032b9dda1df7d1c" "/opt/rustwide/cargo-home/bin/cargo" "+1.75.0" "test" "--frozen", kill_on_drop: false }`
[INFO] [stdout] b6eb66bc3409a1417fd41b8fb6cef2bdafb57d7f6b1e3ba2855c381a18c23688
[INFO] running `Command { std: "docker" "start" "-a" "b6eb66bc3409a1417fd41b8fb6cef2bdafb57d7f6b1e3ba2855c381a18c23688", kill_on_drop: false }`
[INFO] [stderr]     Finished test [unoptimized + debuginfo] target(s) in 0.13s
[INFO] [stderr]      Running unittests src/lib.rs (/opt/rustwide/target/debug/deps/gh_trs-555809e43928021c)
[INFO] [stdout] 
[INFO] [stdout] running 53 tests
[INFO] [stdout] test args::tests::test_make_template ... ok
[INFO] [stdout] test config::types::tests::test_file_new_no_target ... ok
[INFO] [stdout] test config::types::tests::test_test_file_new ... ok
[INFO] [stdout] test args::tests::test_validate ... ok
[INFO] [stdout] test github_api::tests::test_get_default_branch ... FAILED
[INFO] [stdout] test github_api::tests::test_get_author_info ... FAILED
[INFO] [stdout] test github_api::tests::test_get_file_list_recursive ... FAILED
[INFO] [stdout] test config::types::tests::test_test_file_no_target ... ok
[INFO] [stdout] test github_api::tests::test_get_default_branch_with_memo ... FAILED
[INFO] [stdout] test config::types::tests::test_file_new ... ok
[INFO] [stdout] test github_api::tests::test_get_latest_commit_sha ... FAILED
[INFO] [stdout] test command::make_template::tests::test_obtain_wf_files ... FAILED
[INFO] [stdout] test args::tests::test_test ... ok
[INFO] [stdout] test github_api::tests::test_get_file_list_recursive_with_dir ... FAILED
[INFO] [stdout] test config::types::tests::test_testing_default ... ok
[INFO] [stdout] test args::tests::test_publish ... ok
[INFO] [stdout] test raw_url::tests::test_base_dir ... FAILED
[INFO] [stdout] test raw_url::tests::test_raw_url_invalid_path ... FAILED
[INFO] [stdout] test raw_url::tests::test_raw_url_invalid_host ... FAILED
[INFO] [stdout] test raw_url::tests::test_raw_url ... FAILED
[INFO] [stdout] test raw_url::tests::test_to_base_url ... FAILED
[INFO] [stdout] test raw_url::tests::test_raw_url_invalid_url ... FAILED
[INFO] [stdout] test raw_url::tests::test_is_commit_hash ... ok
[INFO] [stdout] test github_api::tests::test_get_latest_commit_sha_with_memo ... FAILED
[INFO] [stdout] test github_api::tests::test_get_readme_url ... FAILED
[INFO] [stdout] test trs::api::tests::test_get_request ... ignored
[INFO] [stdout] test command::validate::tests::test_validate_wf_name ... ok
[INFO] [stdout] test raw_url::tests::test_to_url ... FAILED
[INFO] [stdout] test trs::api::tests::test_new_from_tool_version_url ... ok
[INFO] [stdout] test trs::types::tests::test_file_type_new_from_file_type ... ok
[INFO] [stdout] test trs::types::tests::test_tool_version_new ... ok
[INFO] [stdout] test trs::types::tests::test_new_or_update_service_info ... ok
[INFO] [stdout] test trs::types::tests::test_tool_add_new_tool_version ... ok
[INFO] [stdout] test trs::response::tests::test_generate_tests ... ok
[INFO] [stdout] test trs::types::tests::test_default_tool_class ... ok
[INFO] [stdout] test trs::types::tests::test_tool_new ... ok
[INFO] [stdout] test trs::types::tests::test_tool_version_version ... ok
[INFO] [stdout] test wes::tests::test_stop_wes ... FAILED
[INFO] [stdout] test wes::tests::test_post_run ... FAILED
[INFO] [stdout] test wes::tests::test_check_wes_running ... FAILED
[INFO] [stdout] test wes::tests::test_check_wes_running_with_invalid_docker_host ... ok
[INFO] [stdout] test wes::tests::test_get_supported_wes_versions ... FAILED
[INFO] [stdout] test wes::tests::test_start_wes ... FAILED
[INFO] [stdout] test trs::api::tests::test_get_request_not_found ... FAILED
[INFO] [stdout] test remote::tests::test_fetch_raw_content ... FAILED
[INFO] [stdout] test inspect::tests::test_inspect_wf_type_version_nfl ... FAILED
[INFO] [stdout] test inspect::tests::test_inspect_wf_type_version_smk ... FAILED
[INFO] [stdout] test trs::response::tests::test_generate_descriptor ... ok
[INFO] [stdout] test trs::response::tests::test_generate_tool_classes ... ok
[INFO] [stdout] test inspect::tests::test_inspect_wf_type_version_wdl ... FAILED
[INFO] [stdout] test inspect::tests::test_inspect_wf_type_version_cwl ... FAILED
[INFO] [stdout] test trs::response::tests::test_trs_response_new ... ok
[INFO] [stdout] test trs::response::tests::test_generate_files ... FAILED
[INFO] [stdout] 
[INFO] [stdout] failures:
[INFO] [stdout] 
[INFO] [stdout] ---- github_api::tests::test_get_default_branch stdout ----
[INFO] [stdout] Error: No GitHub token provided. Please set the environment variable `GITHUB_TOKEN` or pass the `--gh-token` flag.
[INFO] [stdout] 
[INFO] [stdout] ---- github_api::tests::test_get_author_info stdout ----
[INFO] [stdout] Error: No GitHub token provided. Please set the environment variable `GITHUB_TOKEN` or pass the `--gh-token` flag.
[INFO] [stdout] 
[INFO] [stdout] ---- github_api::tests::test_get_file_list_recursive stdout ----
[INFO] [stdout] Error: No GitHub token provided. Please set the environment variable `GITHUB_TOKEN` or pass the `--gh-token` flag.
[INFO] [stdout] 
[INFO] [stdout] ---- github_api::tests::test_get_default_branch_with_memo stdout ----
[INFO] [stdout] Error: No GitHub token provided. Please set the environment variable `GITHUB_TOKEN` or pass the `--gh-token` flag.
[INFO] [stdout] 
[INFO] [stdout] ---- github_api::tests::test_get_latest_commit_sha stdout ----
[INFO] [stdout] Error: No GitHub token provided. Please set the environment variable `GITHUB_TOKEN` or pass the `--gh-token` flag.
[INFO] [stdout] 
[INFO] [stdout] ---- command::make_template::tests::test_obtain_wf_files stdout ----
[INFO] [stdout] Error: No GitHub token provided. Please set the environment variable `GITHUB_TOKEN` or pass the `--gh-token` flag.
[INFO] [stdout] 
[INFO] [stdout] ---- github_api::tests::test_get_file_list_recursive_with_dir stdout ----
[INFO] [stdout] Error: No GitHub token provided. Please set the environment variable `GITHUB_TOKEN` or pass the `--gh-token` flag.
[INFO] [stdout] 
[INFO] [stdout] ---- raw_url::tests::test_base_dir stdout ----
[INFO] [stdout] Error: No GitHub token provided. Please set the environment variable `GITHUB_TOKEN` or pass the `--gh-token` flag.
[INFO] [stdout] 
[INFO] [stdout] ---- raw_url::tests::test_raw_url_invalid_path stdout ----
[INFO] [stdout] Error: No GitHub token provided. Please set the environment variable `GITHUB_TOKEN` or pass the `--gh-token` flag.
[INFO] [stdout] 
[INFO] [stdout] ---- raw_url::tests::test_raw_url_invalid_host stdout ----
[INFO] [stdout] Error: No GitHub token provided. Please set the environment variable `GITHUB_TOKEN` or pass the `--gh-token` flag.
[INFO] [stdout] 
[INFO] [stdout] ---- raw_url::tests::test_raw_url stdout ----
[INFO] [stdout] Error: No GitHub token provided. Please set the environment variable `GITHUB_TOKEN` or pass the `--gh-token` flag.
[INFO] [stdout] 
[INFO] [stdout] ---- raw_url::tests::test_to_base_url stdout ----
[INFO] [stdout] Error: No GitHub token provided. Please set the environment variable `GITHUB_TOKEN` or pass the `--gh-token` flag.
[INFO] [stdout] 
[INFO] [stdout] ---- raw_url::tests::test_raw_url_invalid_url stdout ----
[INFO] [stdout] Error: No GitHub token provided. Please set the environment variable `GITHUB_TOKEN` or pass the `--gh-token` flag.
[INFO] [stdout] 
[INFO] [stdout] ---- github_api::tests::test_get_latest_commit_sha_with_memo stdout ----
[INFO] [stdout] Error: No GitHub token provided. Please set the environment variable `GITHUB_TOKEN` or pass the `--gh-token` flag.
[INFO] [stdout] 
[INFO] [stdout] ---- github_api::tests::test_get_readme_url stdout ----
[INFO] [stdout] Error: No GitHub token provided. Please set the environment variable `GITHUB_TOKEN` or pass the `--gh-token` flag.
[INFO] [stdout] 
[INFO] [stdout] ---- raw_url::tests::test_to_url stdout ----
[INFO] [stdout] Error: No GitHub token provided. Please set the environment variable `GITHUB_TOKEN` or pass the `--gh-token` flag.
[INFO] [stdout] 
[INFO] [stdout] ---- wes::tests::test_stop_wes stdout ----
[INFO] [stdout] Error: Failed to check sapporo-service status:
[INFO] [stdout] Cannot connect to the Docker daemon at unix:///var/run/docker.sock. Is the docker daemon running?
[INFO] [stdout] 
[INFO] [stdout] 
[INFO] [stdout] ---- wes::tests::test_post_run stdout ----
[INFO] [stdout] Error: Failed to check sapporo-service status:
[INFO] [stdout] Cannot connect to the Docker daemon at unix:///var/run/docker.sock. Is the docker daemon running?
[INFO] [stdout] 
[INFO] [stdout] 
[INFO] [stdout] ---- wes::tests::test_check_wes_running stdout ----
[INFO] [stdout] Error: Failed to check sapporo-service status:
[INFO] [stdout] Cannot connect to the Docker daemon at unix:///var/run/docker.sock. Is the docker daemon running?
[INFO] [stdout] 
[INFO] [stdout] 
[INFO] [stdout] ---- wes::tests::test_get_supported_wes_versions stdout ----
[INFO] [stdout] Error: Failed to check sapporo-service status:
[INFO] [stdout] Cannot connect to the Docker daemon at unix:///var/run/docker.sock. Is the docker daemon running?
[INFO] [stdout] 
[INFO] [stdout] 
[INFO] [stdout] ---- wes::tests::test_start_wes stdout ----
[INFO] [stdout] thread 'wes::tests::test_start_wes' panicked at src/wes.rs:434:9:
[INFO] [stdout] assertion failed: start_wes(&docker_host).is_ok()
[INFO] [stdout] stack backtrace:
[INFO] [stdout]    0:     0x55a14e0c994c - std::backtrace_rs::backtrace::libunwind::trace::ha637c64ce894333a
[INFO] [stdout]                                at /rustc/82e1608dfa6e0b5569232559e3d385fea5a93112/library/std/src/../../backtrace/src/backtrace/libunwind.rs:104:5
[INFO] [stdout]    1:     0x55a14e0c994c - std::backtrace_rs::backtrace::trace_unsynchronized::h47f62dea28e0c88d
[INFO] [stdout]                                at /rustc/82e1608dfa6e0b5569232559e3d385fea5a93112/library/std/src/../../backtrace/src/backtrace/mod.rs:66:5
[INFO] [stdout]    2:     0x55a14e0c994c - std::sys_common::backtrace::_print_fmt::h9eef0abe20ede486
[INFO] [stdout]                                at /rustc/82e1608dfa6e0b5569232559e3d385fea5a93112/library/std/src/sys_common/backtrace.rs:67:5
[INFO] [stdout]    3:     0x55a14e0c994c - <std::sys_common::backtrace::_print::DisplayBacktrace as core::fmt::Display>::fmt::hed7f999df88cc644
[INFO] [stdout]                                at /rustc/82e1608dfa6e0b5569232559e3d385fea5a93112/library/std/src/sys_common/backtrace.rs:44:22
[INFO] [stdout]    4:     0x55a14e0f8210 - core::fmt::rt::Argument::fmt::h1539a9308b8d058d
[INFO] [stdout]                                at /rustc/82e1608dfa6e0b5569232559e3d385fea5a93112/library/core/src/fmt/rt.rs:142:9
[INFO] [stdout]    5:     0x55a14e0f8210 - core::fmt::write::h3a39390d8560d9c9
[INFO] [stdout]                                at /rustc/82e1608dfa6e0b5569232559e3d385fea5a93112/library/core/src/fmt/mod.rs:1120:17
[INFO] [stdout]    6:     0x55a14e0c5def - std::io::Write::write_fmt::h040b369f3a0f9cbc
[INFO] [stdout]                                at /rustc/82e1608dfa6e0b5569232559e3d385fea5a93112/library/std/src/io/mod.rs:1762:15
[INFO] [stdout]    7:     0x55a14e0c9734 - std::sys_common::backtrace::_print::h894006fb5c6f3d45
[INFO] [stdout]                                at /rustc/82e1608dfa6e0b5569232559e3d385fea5a93112/library/std/src/sys_common/backtrace.rs:47:5
[INFO] [stdout]    8:     0x55a14e0c9734 - std::sys_common::backtrace::print::h23a2d212c6fff936
[INFO] [stdout]                                at /rustc/82e1608dfa6e0b5569232559e3d385fea5a93112/library/std/src/sys_common/backtrace.rs:34:9
[INFO] [stdout]    9:     0x55a14e0cb3f7 - std::panicking::default_hook::{{closure}}::h8a1d2ee00185001a
[INFO] [stdout]   10:     0x55a14e0cb0e3 - std::panicking::default_hook::h6038f2eba384e475
[INFO] [stdout]                                at /rustc/82e1608dfa6e0b5569232559e3d385fea5a93112/library/std/src/panicking.rs:289:9
[INFO] [stdout]   11:     0x55a14d964987 - <alloc::boxed::Box<F,A> as core::ops::function::Fn<Args>>::call::h0ad024c9bdc6d768
[INFO] [stdout]                                at /rustc/82e1608dfa6e0b5569232559e3d385fea5a93112/library/alloc/src/boxed.rs:2021:9
[INFO] [stdout]   12:     0x55a14d964987 - test::test_main::{{closure}}::h7500b54257359db6
[INFO] [stdout]                                at /rustc/82e1608dfa6e0b5569232559e3d385fea5a93112/library/test/src/lib.rs:138:21
[INFO] [stdout]   13:     0x55a14e0cba08 - <alloc::boxed::Box<F,A> as core::ops::function::Fn<Args>>::call::h1f8f335eaa9cfaee
[INFO] [stdout]                                at /rustc/82e1608dfa6e0b5569232559e3d385fea5a93112/library/alloc/src/boxed.rs:2021:9
[INFO] [stdout]   14:     0x55a14e0cba08 - std::panicking::rust_panic_with_hook::h2b5517d590cab22e
[INFO] [stdout]                                at /rustc/82e1608dfa6e0b5569232559e3d385fea5a93112/library/std/src/panicking.rs:783:13
[INFO] [stdout]   15:     0x55a14e0cb729 - std::panicking::begin_panic_handler::{{closure}}::h233112c06e0ef43e
[INFO] [stdout]                                at /rustc/82e1608dfa6e0b5569232559e3d385fea5a93112/library/std/src/panicking.rs:649:13
[INFO] [stdout]   16:     0x55a14e0c9e16 - std::sys_common::backtrace::__rust_end_short_backtrace::h6e893f24d7ebbff8
[INFO] [stdout]                                at /rustc/82e1608dfa6e0b5569232559e3d385fea5a93112/library/std/src/sys_common/backtrace.rs:170:18
[INFO] [stdout]   17:     0x55a14e0cb4c2 - rust_begin_unwind
[INFO] [stdout]                                at /rustc/82e1608dfa6e0b5569232559e3d385fea5a93112/library/std/src/panicking.rs:645:5
[INFO] [stdout]   18:     0x55a14d7fe8f5 - core::panicking::panic_fmt::hbf0e066aabfa482c
[INFO] [stdout]                                at /rustc/82e1608dfa6e0b5569232559e3d385fea5a93112/library/core/src/panicking.rs:72:14
[INFO] [stdout]   19:     0x55a14d7fe993 - core::panicking::panic::h195fc2a96298d4c3
[INFO] [stdout]                                at /rustc/82e1608dfa6e0b5569232559e3d385fea5a93112/library/core/src/panicking.rs:127:5
[INFO] [stdout]   20:     0x55a14d92f5a1 - gh_trs::wes::tests::test_start_wes::h9b52613ce40c5ffb
[INFO] [stdout]                                at /opt/rustwide/workdir/src/wes.rs:434:9
[INFO] [stdout]   21:     0x55a14d92f397 - gh_trs::wes::tests::test_start_wes::{{closure}}::h753ab57c604aefb6
[INFO] [stdout]                                at /opt/rustwide/workdir/src/wes.rs:432:28
[INFO] [stdout]   22:     0x55a14d8ba4b6 - core::ops::function::FnOnce::call_once::hfb6f689589102c44
[INFO] [stdout]                                at /rustc/82e1608dfa6e0b5569232559e3d385fea5a93112/library/core/src/ops/function.rs:250:5
[INFO] [stdout]   23:     0x55a14d969fdf - core::ops::function::FnOnce::call_once::h2b5d431d5046312d
[INFO] [stdout]                                at /rustc/82e1608dfa6e0b5569232559e3d385fea5a93112/library/core/src/ops/function.rs:250:5
[INFO] [stdout]   24:     0x55a14d969fdf - test::__rust_begin_short_backtrace::h7714669af176e207
[INFO] [stdout]                                at /rustc/82e1608dfa6e0b5569232559e3d385fea5a93112/library/test/src/lib.rs:628:18
[INFO] [stdout]   25:     0x55a14d968ff5 - test::run_test_in_process::{{closure}}::h85218797dcbcec12
[INFO] [stdout]                                at /rustc/82e1608dfa6e0b5569232559e3d385fea5a93112/library/test/src/lib.rs:651:60
[INFO] [stdout]   26:     0x55a14d968ff5 - <core::panic::unwind_safe::AssertUnwindSafe<F> as core::ops::function::FnOnce<()>>::call_once::h76c106ea31c14d7b
[INFO] [stdout]                                at /rustc/82e1608dfa6e0b5569232559e3d385fea5a93112/library/core/src/panic/unwind_safe.rs:272:9
[INFO] [stdout]   27:     0x55a14d968ff5 - std::panicking::try::do_call::h3bd5d0f6620ee946
[INFO] [stdout]                                at /rustc/82e1608dfa6e0b5569232559e3d385fea5a93112/library/std/src/panicking.rs:552:40
[INFO] [stdout]   28:     0x55a14d968ff5 - std::panicking::try::h232e535e4744fe31
[INFO] [stdout]                                at /rustc/82e1608dfa6e0b5569232559e3d385fea5a93112/library/std/src/panicking.rs:516:19
[INFO] [stdout]   29:     0x55a14d968ff5 - std::panic::catch_unwind::h3ce3bd6ca8dbac68
[INFO] [stdout]                                at /rustc/82e1608dfa6e0b5569232559e3d385fea5a93112/library/std/src/panic.rs:142:14
[INFO] [stdout]   30:     0x55a14d968ff5 - test::run_test_in_process::hc97b257c9621286a
[INFO] [stdout]                                at /rustc/82e1608dfa6e0b5569232559e3d385fea5a93112/library/test/src/lib.rs:651:27
[INFO] [stdout]   31:     0x55a14d968ff5 - test::run_test::{{closure}}::h2aa798823a438d38
[INFO] [stdout]                                at /rustc/82e1608dfa6e0b5569232559e3d385fea5a93112/library/test/src/lib.rs:574:43
[INFO] [stdout]   32:     0x55a14d9312b6 - test::run_test::{{closure}}::h87d231c78fb59832
[INFO] [stdout]                                at /rustc/82e1608dfa6e0b5569232559e3d385fea5a93112/library/test/src/lib.rs:602:41
[INFO] [stdout]   33:     0x55a14d9312b6 - std::sys_common::backtrace::__rust_begin_short_backtrace::he6df152596625789
[INFO] [stdout]                                at /rustc/82e1608dfa6e0b5569232559e3d385fea5a93112/library/std/src/sys_common/backtrace.rs:154:18
[INFO] [stdout]   34:     0x55a14d936367 - std::thread::Builder::spawn_unchecked_::{{closure}}::{{closure}}::ha94be15d1e0acf36
[INFO] [stdout]                                at /rustc/82e1608dfa6e0b5569232559e3d385fea5a93112/library/std/src/thread/mod.rs:529:17
[INFO] [stdout]   35:     0x55a14d936367 - <core::panic::unwind_safe::AssertUnwindSafe<F> as core::ops::function::FnOnce<()>>::call_once::h9dc6bd6372f16606
[INFO] [stdout]                                at /rustc/82e1608dfa6e0b5569232559e3d385fea5a93112/library/core/src/panic/unwind_safe.rs:272:9
[INFO] [stdout]   36:     0x55a14d936367 - std::panicking::try::do_call::h9057517f80303cd4
[INFO] [stdout]                                at /rustc/82e1608dfa6e0b5569232559e3d385fea5a93112/library/std/src/panicking.rs:552:40
[INFO] [stdout]   37:     0x55a14d936367 - std::panicking::try::he3a30b11ee45340c
[INFO] [stdout]                                at /rustc/82e1608dfa6e0b5569232559e3d385fea5a93112/library/std/src/panicking.rs:516:19
[INFO] [stdout]   38:     0x55a14d936367 - std::panic::catch_unwind::h410458cfd3528b8b
[INFO] [stdout]                                at /rustc/82e1608dfa6e0b5569232559e3d385fea5a93112/library/std/src/panic.rs:142:14
[INFO] [stdout]   39:     0x55a14d936367 - std::thread::Builder::spawn_unchecked_::{{closure}}::h72ac3bdb567b737b
[INFO] [stdout]                                at /rustc/82e1608dfa6e0b5569232559e3d385fea5a93112/library/std/src/thread/mod.rs:528:30
[INFO] [stdout]   40:     0x55a14d936367 - core::ops::function::FnOnce::call_once{{vtable.shim}}::h38f34da3654a8344
[INFO] [stdout]                                at /rustc/82e1608dfa6e0b5569232559e3d385fea5a93112/library/core/src/ops/function.rs:250:5
[INFO] [stdout]   41:     0x55a14e0d08a5 - <alloc::boxed::Box<F,A> as core::ops::function::FnOnce<Args>>::call_once::hc7eafaff61e32df9
[INFO] [stdout]                                at /rustc/82e1608dfa6e0b5569232559e3d385fea5a93112/library/alloc/src/boxed.rs:2007:9
[INFO] [stdout]   42:     0x55a14e0d08a5 - <alloc::boxed::Box<F,A> as core::ops::function::FnOnce<Args>>::call_once::h6ba4a5de48dd2304
[INFO] [stdout]                                at /rustc/82e1608dfa6e0b5569232559e3d385fea5a93112/library/alloc/src/boxed.rs:2007:9
[INFO] [stdout]   43:     0x55a14e0d08a5 - std::sys::unix::thread::Thread::new::thread_start::he469335aef763e45
[INFO] [stdout]                                at /rustc/82e1608dfa6e0b5569232559e3d385fea5a93112/library/std/src/sys/unix/thread.rs:108:17
[INFO] [stdout]   44:     0x7fd632b53ac3 - <unknown>
[INFO] [stdout]   45:     0x7fd632be4bf4 - __clone
[INFO] [stdout]   46:                0x0 - <unknown>
[INFO] [stdout] 
[INFO] [stdout] ---- trs::api::tests::test_get_request_not_found stdout ----
[INFO] [stdout] thread 'trs::api::tests::test_get_request_not_found' panicked at src/trs/api.rs:176:9:
[INFO] [stdout] assertion failed: res.unwrap_err().to_string().contains("404")
[INFO] [stdout] stack backtrace:
[INFO] [stdout]    0:     0x55a14e0c994c - std::backtrace_rs::backtrace::libunwind::trace::ha637c64ce894333a
[INFO] [stdout]                                at /rustc/82e1608dfa6e0b5569232559e3d385fea5a93112/library/std/src/../../backtrace/src/backtrace/libunwind.rs:104:5
[INFO] [stdout]    1:     0x55a14e0c994c - std::backtrace_rs::backtrace::trace_unsynchronized::h47f62dea28e0c88d
[INFO] [stdout]                                at /rustc/82e1608dfa6e0b5569232559e3d385fea5a93112/library/std/src/../../backtrace/src/backtrace/mod.rs:66:5
[INFO] [stdout]    2:     0x55a14e0c994c - std::sys_common::backtrace::_print_fmt::h9eef0abe20ede486
[INFO] [stdout]                                at /rustc/82e1608dfa6e0b5569232559e3d385fea5a93112/library/std/src/sys_common/backtrace.rs:67:5
[INFO] [stdout]    3:     0x55a14e0c994c - <std::sys_common::backtrace::_print::DisplayBacktrace as core::fmt::Display>::fmt::hed7f999df88cc644
[INFO] [stdout]                                at /rustc/82e1608dfa6e0b5569232559e3d385fea5a93112/library/std/src/sys_common/backtrace.rs:44:22
[INFO] [stdout]    4:     0x55a14e0f8210 - core::fmt::rt::Argument::fmt::h1539a9308b8d058d
[INFO] [stdout]                                at /rustc/82e1608dfa6e0b5569232559e3d385fea5a93112/library/core/src/fmt/rt.rs:142:9
[INFO] [stdout]    5:     0x55a14e0f8210 - core::fmt::write::h3a39390d8560d9c9
[INFO] [stdout]                                at /rustc/82e1608dfa6e0b5569232559e3d385fea5a93112/library/core/src/fmt/mod.rs:1120:17
[INFO] [stdout]    6:     0x55a14e0c5def - std::io::Write::write_fmt::h040b369f3a0f9cbc
[INFO] [stdout]                                at /rustc/82e1608dfa6e0b5569232559e3d385fea5a93112/library/std/src/io/mod.rs:1762:15
[INFO] [stdout]    7:     0x55a14e0c9734 - std::sys_common::backtrace::_print::h894006fb5c6f3d45
[INFO] [stdout]                                at /rustc/82e1608dfa6e0b5569232559e3d385fea5a93112/library/std/src/sys_common/backtrace.rs:47:5
[INFO] [stdout]    8:     0x55a14e0c9734 - std::sys_common::backtrace::print::h23a2d212c6fff936
[INFO] [stdout]                                at /rustc/82e1608dfa6e0b5569232559e3d385fea5a93112/library/std/src/sys_common/backtrace.rs:34:9
[INFO] [stdout]    9:     0x55a14e0cb3f7 - std::panicking::default_hook::{{closure}}::h8a1d2ee00185001a
[INFO] [stdout]   10:     0x55a14e0cb0e3 - std::panicking::default_hook::h6038f2eba384e475
[INFO] [stdout]                                at /rustc/82e1608dfa6e0b5569232559e3d385fea5a93112/library/std/src/panicking.rs:289:9
[INFO] [stdout]   11:     0x55a14d964987 - <alloc::boxed::Box<F,A> as core::ops::function::Fn<Args>>::call::h0ad024c9bdc6d768
[INFO] [stdout]                                at /rustc/82e1608dfa6e0b5569232559e3d385fea5a93112/library/alloc/src/boxed.rs:2021:9
[INFO] [stdout]   12:     0x55a14d964987 - test::test_main::{{closure}}::h7500b54257359db6
[INFO] [stdout]                                at /rustc/82e1608dfa6e0b5569232559e3d385fea5a93112/library/test/src/lib.rs:138:21
[INFO] [stdout]   13:     0x55a14e0cba08 - <alloc::boxed::Box<F,A> as core::ops::function::Fn<Args>>::call::h1f8f335eaa9cfaee
[INFO] [stdout]                                at /rustc/82e1608dfa6e0b5569232559e3d385fea5a93112/library/alloc/src/boxed.rs:2021:9
[INFO] [stdout]   14:     0x55a14e0cba08 - std::panicking::rust_panic_with_hook::h2b5517d590cab22e
[INFO] [stdout]                                at /rustc/82e1608dfa6e0b5569232559e3d385fea5a93112/library/std/src/panicking.rs:783:13
[INFO] [stdout]   15:     0x55a14e0cb729 - std::panicking::begin_panic_handler::{{closure}}::h233112c06e0ef43e
[INFO] [stdout]                                at /rustc/82e1608dfa6e0b5569232559e3d385fea5a93112/library/std/src/panicking.rs:649:13
[INFO] [stdout]   16:     0x55a14e0c9e16 - std::sys_common::backtrace::__rust_end_short_backtrace::h6e893f24d7ebbff8
[INFO] [stdout]                                at /rustc/82e1608dfa6e0b5569232559e3d385fea5a93112/library/std/src/sys_common/backtrace.rs:170:18
[INFO] [stdout]   17:     0x55a14e0cb4c2 - rust_begin_unwind
[INFO] [stdout]                                at /rustc/82e1608dfa6e0b5569232559e3d385fea5a93112/library/std/src/panicking.rs:645:5
[INFO] [stdout]   18:     0x55a14d7fe8f5 - core::panicking::panic_fmt::hbf0e066aabfa482c
[INFO] [stdout]                                at /rustc/82e1608dfa6e0b5569232559e3d385fea5a93112/library/core/src/panicking.rs:72:14
[INFO] [stdout]   19:     0x55a14d7fe993 - core::panicking::panic::h195fc2a96298d4c3
[INFO] [stdout]                                at /rustc/82e1608dfa6e0b5569232559e3d385fea5a93112/library/core/src/panicking.rs:127:5
[INFO] [stdout]   20:     0x55a14d8a63ec - gh_trs::trs::api::tests::test_get_request_not_found::h3d807adbb14bdb7f
[INFO] [stdout]                                at /opt/rustwide/workdir/src/trs/api.rs:176:9
[INFO] [stdout]   21:     0x55a14d8a60a7 - gh_trs::trs::api::tests::test_get_request_not_found::{{closure}}::h4249175645fe7964
[INFO] [stdout]                                at /opt/rustwide/workdir/src/trs/api.rs:172:40
[INFO] [stdout]   22:     0x55a14d8b8d76 - core::ops::function::FnOnce::call_once::h45ce755eb3b73cec
[INFO] [stdout]                                at /rustc/82e1608dfa6e0b5569232559e3d385fea5a93112/library/core/src/ops/function.rs:250:5
[INFO] [stdout]   23:     0x55a14d969fdf - core::ops::function::FnOnce::call_once::h2b5d431d5046312d
[INFO] [stdout]                                at /rustc/82e1608dfa6e0b5569232559e3d385fea5a93112/library/core/src/ops/function.rs:250:5
[INFO] [stdout]   24:     0x55a14d969fdf - test::__rust_begin_short_backtrace::h7714669af176e207
[INFO] [stdout]                                at /rustc/82e1608dfa6e0b5569232559e3d385fea5a93112/library/test/src/lib.rs:628:18
[INFO] [stdout]   25:     0x55a14d968ff5 - test::run_test_in_process::{{closure}}::h85218797dcbcec12
[INFO] [stdout]                                at /rustc/82e1608dfa6e0b5569232559e3d385fea5a93112/library/test/src/lib.rs:651:60
[INFO] [stdout]   26:     0x55a14d968ff5 - <core::panic::unwind_safe::AssertUnwindSafe<F> as core::ops::function::FnOnce<()>>::call_once::h76c106ea31c14d7b
[INFO] [stdout]                                at /rustc/82e1608dfa6e0b5569232559e3d385fea5a93112/library/core/src/panic/unwind_safe.rs:272:9
[INFO] [stdout]   27:     0x55a14d968ff5 - std::panicking::try::do_call::h3bd5d0f6620ee946
[INFO] [stdout]                                at /rustc/82e1608dfa6e0b5569232559e3d385fea5a93112/library/std/src/panicking.rs:552:40
[INFO] [stdout]   28:     0x55a14d968ff5 - std::panicking::try::h232e535e4744fe31
[INFO] [stdout]                                at /rustc/82e1608dfa6e0b5569232559e3d385fea5a93112/library/std/src/panicking.rs:516:19
[INFO] [stdout]   29:     0x55a14d968ff5 - std::panic::catch_unwind::h3ce3bd6ca8dbac68
[INFO] [stdout]                                at /rustc/82e1608dfa6e0b5569232559e3d385fea5a93112/library/std/src/panic.rs:142:14
[INFO] [stdout]   30:     0x55a14d968ff5 - test::run_test_in_process::hc97b257c9621286a
[INFO] [stdout]                                at /rustc/82e1608dfa6e0b5569232559e3d385fea5a93112/library/test/src/lib.rs:651:27
[INFO] [stdout]   31:     0x55a14d968ff5 - test::run_test::{{closure}}::h2aa798823a438d38
[INFO] [stdout]                                at /rustc/82e1608dfa6e0b5569232559e3d385fea5a93112/library/test/src/lib.rs:574:43
[INFO] [stdout]   32:     0x55a14d9312b6 - test::run_test::{{closure}}::h87d231c78fb59832
[INFO] [stdout]                                at /rustc/82e1608dfa6e0b5569232559e3d385fea5a93112/library/test/src/lib.rs:602:41
[INFO] [stdout]   33:     0x55a14d9312b6 - std::sys_common::backtrace::__rust_begin_short_backtrace::he6df152596625789
[INFO] [stdout]                                at /rustc/82e1608dfa6e0b5569232559e3d385fea5a93112/library/std/src/sys_common/backtrace.rs:154:18
[INFO] [stdout]   34:     0x55a14d936367 - std::thread::Builder::spawn_unchecked_::{{closure}}::{{closure}}::ha94be15d1e0acf36
[INFO] [stdout]                                at /rustc/82e1608dfa6e0b5569232559e3d385fea5a93112/library/std/src/thread/mod.rs:529:17
[INFO] [stdout]   35:     0x55a14d936367 - <core::panic::unwind_safe::AssertUnwindSafe<F> as core::ops::function::FnOnce<()>>::call_once::h9dc6bd6372f16606
[INFO] [stdout]                                at /rustc/82e1608dfa6e0b5569232559e3d385fea5a93112/library/core/src/panic/unwind_safe.rs:272:9
[INFO] [stdout]   36:     0x55a14d936367 - std::panicking::try::do_call::h9057517f80303cd4
[INFO] [stdout]                                at /rustc/82e1608dfa6e0b5569232559e3d385fea5a93112/library/std/src/panicking.rs:552:40
[INFO] [stdout]   37:     0x55a14d936367 - std::panicking::try::he3a30b11ee45340c
[INFO] [stdout]                                at /rustc/82e1608dfa6e0b5569232559e3d385fea5a93112/library/std/src/panicking.rs:516:19
[INFO] [stdout]   38:     0x55a14d936367 - std::panic::catch_unwind::h410458cfd3528b8b
[INFO] [stdout]                                at /rustc/82e1608dfa6e0b5569232559e3d385fea5a93112/library/std/src/panic.rs:142:14
[INFO] [stdout]   39:     0x55a14d936367 - std::thread::Builder::spawn_unchecked_::{{closure}}::h72ac3bdb567b737b
[INFO] [stdout]                                at /rustc/82e1608dfa6e0b5569232559e3d385fea5a93112/library/std/src/thread/mod.rs:528:30
[INFO] [stdout]   40:     0x55a14d936367 - core::ops::function::FnOnce::call_once{{vtable.shim}}::h38f34da3654a8344
[INFO] [stdout]                                at /rustc/82e1608dfa6e0b5569232559e3d385fea5a93112/library/core/src/ops/function.rs:250:5
[INFO] [stdout]   41:     0x55a14e0d08a5 - <alloc::boxed::Box<F,A> as core::ops::function::FnOnce<Args>>::call_once::hc7eafaff61e32df9
[INFO] [stdout]                                at /rustc/82e1608dfa6e0b5569232559e3d385fea5a93112/library/alloc/src/boxed.rs:2007:9
[INFO] [stdout]   42:     0x55a14e0d08a5 - <alloc::boxed::Box<F,A> as core::ops::function::FnOnce<Args>>::call_once::h6ba4a5de48dd2304
[INFO] [stdout]                                at /rustc/82e1608dfa6e0b5569232559e3d385fea5a93112/library/alloc/src/boxed.rs:2007:9
[INFO] [stdout]   43:     0x55a14e0d08a5 - std::sys::unix::thread::Thread::new::thread_start::he469335aef763e45
[INFO] [stdout]                                at /rustc/82e1608dfa6e0b5569232559e3d385fea5a93112/library/std/src/sys/unix/thread.rs:108:17
[INFO] [stdout]   44:     0x7fd632b53ac3 - <unknown>
[INFO] [stdout]   45:     0x7fd632be4bf4 - __clone
[INFO] [stdout]   46:                0x0 - <unknown>
[INFO] [stdout] 
[INFO] [stdout] ---- remote::tests::test_fetch_raw_content stdout ----
[INFO] [stdout] Error: error sending request for url (https://raw.githubusercontent.com/suecharo/gh-trs/main/README.md): error trying to connect: dns error: failed to lookup address information: Temporary failure in name resolution
[INFO] [stdout] 
[INFO] [stdout] Caused by:
[INFO] [stdout]     0: error trying to connect: dns error: failed to lookup address information: Temporary failure in name resolution
[INFO] [stdout]     1: dns error: failed to lookup address information: Temporary failure in name resolution
[INFO] [stdout]     2: failed to lookup address information: Temporary failure in name resolution
[INFO] [stdout] 
[INFO] [stdout] ---- inspect::tests::test_inspect_wf_type_version_nfl stdout ----
[INFO] [stdout] Error: error sending request for url (https://raw.githubusercontent.com/suecharo/gh-trs/main/tests/NFL/wf/file_input.nf): error trying to connect: dns error: failed to lookup address information: Temporary failure in name resolution
[INFO] [stdout] 
[INFO] [stdout] Caused by:
[INFO] [stdout]     0: error trying to connect: dns error: failed to lookup address information: Temporary failure in name resolution
[INFO] [stdout]     1: dns error: failed to lookup address information: Temporary failure in name resolution
[INFO] [stdout]     2: failed to lookup address information: Temporary failure in name resolution
[INFO] [stdout] 
[INFO] [stdout] ---- inspect::tests::test_inspect_wf_type_version_smk stdout ----
[INFO] [stdout] Error: error sending request for url (https://raw.githubusercontent.com/suecharo/gh-trs/main/tests/SMK/wf/Snakefile): error trying to connect: dns error: failed to lookup address information: Temporary failure in name resolution
[INFO] [stdout] 
[INFO] [stdout] Caused by:
[INFO] [stdout]     0: error trying to connect: dns error: failed to lookup address information: Temporary failure in name resolution
[INFO] [stdout]     1: dns error: failed to lookup address information: Temporary failure in name resolution
[INFO] [stdout]     2: failed to lookup address information: Temporary failure in name resolution
[INFO] [stdout] 
[INFO] [stdout] ---- inspect::tests::test_inspect_wf_type_version_wdl stdout ----
[INFO] [stdout] Error: error sending request for url (https://raw.githubusercontent.com/suecharo/gh-trs/main/tests/WDL/wf/dockstore-tool-bamstats.wdl): error trying to connect: dns error: failed to lookup address information: Temporary failure in name resolution
[INFO] [stdout] 
[INFO] [stdout] Caused by:
[INFO] [stdout]     0: error trying to connect: dns error: failed to lookup address information: Temporary failure in name resolution
[INFO] [stdout]     1: dns error: failed to lookup address information: Temporary failure in name resolution
[INFO] [stdout]     2: failed to lookup address information: Temporary failure in name resolution
[INFO] [stdout] 
[INFO] [stdout] ---- inspect::tests::test_inspect_wf_type_version_cwl stdout ----
[INFO] [stdout] Error: error sending request for url (https://raw.githubusercontent.com/suecharo/gh-trs/main/tests/CWL/wf/trimming_and_qc.cwl): error trying to connect: dns error: failed to lookup address information: Temporary failure in name resolution
[INFO] [stdout] 
[INFO] [stdout] Caused by:
[INFO] [stdout]     0: error trying to connect: dns error: failed to lookup address information: Temporary failure in name resolution
[INFO] [stdout]     1: dns error: failed to lookup address information: Temporary failure in name resolution
[INFO] [stdout]     2: failed to lookup address information: Temporary failure in name resolution
[INFO] [stdout] 
[INFO] [stdout] ---- trs::response::tests::test_generate_files stdout ----
[INFO] [stdout] thread 'trs::response::tests::test_generate_files' panicked at src/trs/response.rs:300:9:
[INFO] [stdout] assertion `left == right` failed
[INFO] [stdout]   left: [ToolFile { path: Some(Url { scheme: "https", cannot_be_a_base: false, username: "", password: None, host: Some(Domain("raw.githubusercontent.com")), port: None, path: "/suecharo/gh-trs/458d0524e667f2442a5effb730b523c1f15748d4/tests/CWL/wf/fastqc.cwl", query: None, fragment: None }), file_type: Some(SecondaryDescriptor), checksum: None }, ToolFile { path: Some(Url { scheme: "https", cannot_be_a_base: false, username: "", password: None, host: Some(Domain("raw.githubusercontent.com")), port: None, path: "/suecharo/gh-trs/458d0524e667f2442a5effb730b523c1f15748d4/tests/CWL/wf/trimming_and_qc.cwl", query: None, fragment: None }), file_type: Some(PrimaryDescriptor), checksum: None }, ToolFile { path: Some(Url { scheme: "https", cannot_be_a_base: false, username: "", password: None, host: Some(Domain("raw.githubusercontent.com")), port: None, path: "/suecharo/gh-trs/458d0524e667f2442a5effb730b523c1f15748d4/tests/CWL/wf/trimmomatic_pe.cwl", query: None, fragment: None }), file_type: Some(SecondaryDescriptor), checksum: None }]
[INFO] [stdout]  right: [ToolFile { path: Some(Url { scheme: "https", cannot_be_a_base: false, username: "", password: None, host: Some(Domain("raw.githubusercontent.com")), port: None, path: "/suecharo/gh-trs/458d0524e667f2442a5effb730b523c1f15748d4/tests/CWL/wf/fastqc.cwl", query: None, fragment: None }), file_type: Some(SecondaryDescriptor), checksum: Some(Checksum { checksum: "1bd771a51336a782b695db8334872e00f305cd7c49c4978e7e58786ea4714437", type: "sha256" }) }, ToolFile { path: Some(Url { scheme: "https", cannot_be_a_base: false, username: "", password: None, host: Some(Domain("raw.githubusercontent.com")), port: None, path: "/suecharo/gh-trs/458d0524e667f2442a5effb730b523c1f15748d4/tests/CWL/wf/trimming_and_qc.cwl", query: None, fragment: None }), file_type: Some(PrimaryDescriptor), checksum: Some(Checksum { checksum: "33ef70b2d5ee38cb394c5ca6354243f44a85118271026eb9fc61365a703e730b", type: "sha256" }) }, ToolFile { path: Some(Url { scheme: "https", cannot_be_a_base: false, username: "", password: None, host: Some(Domain("raw.githubusercontent.com")), port: None, path: "/suecharo/gh-trs/458d0524e667f2442a5effb730b523c1f15748d4/tests/CWL/wf/trimmomatic_pe.cwl", query: None, fragment: None }), file_type: Some(SecondaryDescriptor), checksum: Some(Checksum { checksum: "531d0a38116347cade971c211056334f7cae48e1293e2bb0e334894e55636f8e", type: "sha256" }) }]
[INFO] [stdout] stack backtrace:
[INFO] [stdout]    0:     0x55a14e0c994c - std::backtrace_rs::backtrace::libunwind::trace::ha637c64ce894333a
[INFO] [stdout]                                at /rustc/82e1608dfa6e0b5569232559e3d385fea5a93112/library/std/src/../../backtrace/src/backtrace/libunwind.rs:104:5
[INFO] [stdout]    1:     0x55a14e0c994c - std::backtrace_rs::backtrace::trace_unsynchronized::h47f62dea28e0c88d
[INFO] [stdout]                                at /rustc/82e1608dfa6e0b5569232559e3d385fea5a93112/library/std/src/../../backtrace/src/backtrace/mod.rs:66:5
[INFO] [stdout]    2:     0x55a14e0c994c - std::sys_common::backtrace::_print_fmt::h9eef0abe20ede486
[INFO] [stdout]                                at /rustc/82e1608dfa6e0b5569232559e3d385fea5a93112/library/std/src/sys_common/backtrace.rs:67:5
[INFO] [stdout]    3:     0x55a14e0c994c - <std::sys_common::backtrace::_print::DisplayBacktrace as core::fmt::Display>::fmt::hed7f999df88cc644
[INFO] [stdout]                                at /rustc/82e1608dfa6e0b5569232559e3d385fea5a93112/library/std/src/sys_common/backtrace.rs:44:22
[INFO] [stdout]    4:     0x55a14e0f8210 - core::fmt::rt::Argument::fmt::h1539a9308b8d058d
[INFO] [stdout]                                at /rustc/82e1608dfa6e0b5569232559e3d385fea5a93112/library/core/src/fmt/rt.rs:142:9
[INFO] [stdout]    5:     0x55a14e0f8210 - core::fmt::write::h3a39390d8560d9c9
[INFO] [stdout]                                at /rustc/82e1608dfa6e0b5569232559e3d385fea5a93112/library/core/src/fmt/mod.rs:1120:17
[INFO] [stdout]    6:     0x55a14e0c5def - std::io::Write::write_fmt::h040b369f3a0f9cbc
[INFO] [stdout]                                at /rustc/82e1608dfa6e0b5569232559e3d385fea5a93112/library/std/src/io/mod.rs:1762:15
[INFO] [stdout]    7:     0x55a14e0c9734 - std::sys_common::backtrace::_print::h894006fb5c6f3d45
[INFO] [stdout]                                at /rustc/82e1608dfa6e0b5569232559e3d385fea5a93112/library/std/src/sys_common/backtrace.rs:47:5
[INFO] [stdout]    8:     0x55a14e0c9734 - std::sys_common::backtrace::print::h23a2d212c6fff936
[INFO] [stdout]                                at /rustc/82e1608dfa6e0b5569232559e3d385fea5a93112/library/std/src/sys_common/backtrace.rs:34:9
[INFO] [stdout]    9:     0x55a14e0cb3f7 - std::panicking::default_hook::{{closure}}::h8a1d2ee00185001a
[INFO] [stdout]   10:     0x55a14e0cb0e3 - std::panicking::default_hook::h6038f2eba384e475
[INFO] [stdout]                                at /rustc/82e1608dfa6e0b5569232559e3d385fea5a93112/library/std/src/panicking.rs:289:9
[INFO] [stdout]   11:     0x55a14d964987 - <alloc::boxed::Box<F,A> as core::ops::function::Fn<Args>>::call::h0ad024c9bdc6d768
[INFO] [stdout]                                at /rustc/82e1608dfa6e0b5569232559e3d385fea5a93112/library/alloc/src/boxed.rs:2021:9
[INFO] [stdout]   12:     0x55a14d964987 - test::test_main::{{closure}}::h7500b54257359db6
[INFO] [stdout]                                at /rustc/82e1608dfa6e0b5569232559e3d385fea5a93112/library/test/src/lib.rs:138:21
[INFO] [stdout]   13:     0x55a14e0cba08 - <alloc::boxed::Box<F,A> as core::ops::function::Fn<Args>>::call::h1f8f335eaa9cfaee
[INFO] [stdout]                                at /rustc/82e1608dfa6e0b5569232559e3d385fea5a93112/library/alloc/src/boxed.rs:2021:9
[INFO] [stdout]   14:     0x55a14e0cba08 - std::panicking::rust_panic_with_hook::h2b5517d590cab22e
[INFO] [stdout]                                at /rustc/82e1608dfa6e0b5569232559e3d385fea5a93112/library/std/src/panicking.rs:783:13
[INFO] [stdout]   15:     0x55a14e0cb75e - std::panicking::begin_panic_handler::{{closure}}::h233112c06e0ef43e
[INFO] [stdout]                                at /rustc/82e1608dfa6e0b5569232559e3d385fea5a93112/library/std/src/panicking.rs:657:13
[INFO] [stdout]   16:     0x55a14e0c9e16 - std::sys_common::backtrace::__rust_end_short_backtrace::h6e893f24d7ebbff8
[INFO] [stdout]                                at /rustc/82e1608dfa6e0b5569232559e3d385fea5a93112/library/std/src/sys_common/backtrace.rs:170:18
[INFO] [stdout]   17:     0x55a14e0cb4c2 - rust_begin_unwind
[INFO] [stdout]                                at /rustc/82e1608dfa6e0b5569232559e3d385fea5a93112/library/std/src/panicking.rs:645:5
[INFO] [stdout]   18:     0x55a14d7fe8f5 - core::panicking::panic_fmt::hbf0e066aabfa482c
[INFO] [stdout]                                at /rustc/82e1608dfa6e0b5569232559e3d385fea5a93112/library/core/src/panicking.rs:72:14
[INFO] [stdout]   19:     0x55a14d7fed4b - core::panicking::assert_failed_inner::h0bba8b7c26ee4492
[INFO] [stdout]   20:     0x55a14d88cade - core::panicking::assert_failed::h53e7ebf01c05a309
[INFO] [stdout]                                at /rustc/82e1608dfa6e0b5569232559e3d385fea5a93112/library/core/src/panicking.rs:279:5
[INFO] [stdout]   21:     0x55a14d883620 - gh_trs::trs::response::tests::test_generate_files::h50aa4275cc658f5a
[INFO] [stdout]                                at /opt/rustwide/workdir/src/trs/response.rs:300:9
[INFO] [stdout]   22:     0x55a14d8832d7 - gh_trs::trs::response::tests::test_generate_files::{{closure}}::h8210e107222a4f32
[INFO] [stdout]                                at /opt/rustwide/workdir/src/trs/response.rs:268:33
[INFO] [stdout]   23:     0x55a14d8b86c6 - core::ops::function::FnOnce::call_once::h0edd877738e7b7fc
[INFO] [stdout]                                at /rustc/82e1608dfa6e0b5569232559e3d385fea5a93112/library/core/src/ops/function.rs:250:5
[INFO] [stdout]   24:     0x55a14d969fdf - core::ops::function::FnOnce::call_once::h2b5d431d5046312d
[INFO] [stdout]                                at /rustc/82e1608dfa6e0b5569232559e3d385fea5a93112/library/core/src/ops/function.rs:250:5
[INFO] [stdout]   25:     0x55a14d969fdf - test::__rust_begin_short_backtrace::h7714669af176e207
[INFO] [stdout]                                at /rustc/82e1608dfa6e0b5569232559e3d385fea5a93112/library/test/src/lib.rs:628:18
[INFO] [stdout]   26:     0x55a14d968ff5 - test::run_test_in_process::{{closure}}::h85218797dcbcec12
[INFO] [stdout]                                at /rustc/82e1608dfa6e0b5569232559e3d385fea5a93112/library/test/src/lib.rs:651:60
[INFO] [stdout]   27:     0x55a14d968ff5 - <core::panic::unwind_safe::AssertUnwindSafe<F> as core::ops::function::FnOnce<()>>::call_once::h76c106ea31c14d7b
[INFO] [stdout]                                at /rustc/82e1608dfa6e0b5569232559e3d385fea5a93112/library/core/src/panic/unwind_safe.rs:272:9
[INFO] [stdout]   28:     0x55a14d968ff5 - std::panicking::try::do_call::h3bd5d0f6620ee946
[INFO] [stdout]                                at /rustc/82e1608dfa6e0b5569232559e3d385fea5a93112/library/std/src/panicking.rs:552:40
[INFO] [stdout]   29:     0x55a14d968ff5 - std::panicking::try::h232e535e4744fe31
[INFO] [stdout]                                at /rustc/82e1608dfa6e0b5569232559e3d385fea5a93112/library/std/src/panicking.rs:516:19
[INFO] [stdout]   30:     0x55a14d968ff5 - std::panic::catch_unwind::h3ce3bd6ca8dbac68
[INFO] [stdout]                                at /rustc/82e1608dfa6e0b5569232559e3d385fea5a93112/library/std/src/panic.rs:142:14
[INFO] [stdout]   31:     0x55a14d968ff5 - test::run_test_in_process::hc97b257c9621286a
[INFO] [stdout]                                at /rustc/82e1608dfa6e0b5569232559e3d385fea5a93112/library/test/src/lib.rs:651:27
[INFO] [stdout]   32:     0x55a14d968ff5 - test::run_test::{{closure}}::h2aa798823a438d38
[INFO] [stdout]                                at /rustc/82e1608dfa6e0b5569232559e3d385fea5a93112/library/test/src/lib.rs:574:43
[INFO] [stdout]   33:     0x55a14d9312b6 - test::run_test::{{closure}}::h87d231c78fb59832
[INFO] [stdout]                                at /rustc/82e1608dfa6e0b5569232559e3d385fea5a93112/library/test/src/lib.rs:602:41
[INFO] [stdout]   34:     0x55a14d9312b6 - std::sys_common::backtrace::__rust_begin_short_backtrace::he6df152596625789
[INFO] [stdout]                                at /rustc/82e1608dfa6e0b5569232559e3d385fea5a93112/library/std/src/sys_common/backtrace.rs:154:18
[INFO] [stdout]   35:     0x55a14d936367 - std::thread::Builder::spawn_unchecked_::{{closure}}::{{closure}}::ha94be15d1e0acf36
[INFO] [stdout]                                at /rustc/82e1608dfa6e0b5569232559e3d385fea5a93112/library/std/src/thread/mod.rs:529:17
[INFO] [stdout]   36:     0x55a14d936367 - <core::panic::unwind_safe::AssertUnwindSafe<F> as core::ops::function::FnOnce<()>>::call_once::h9dc6bd6372f16606
[INFO] [stdout]                                at /rustc/82e1608dfa6e0b5569232559e3d385fea5a93112/library/core/src/panic/unwind_safe.rs:272:9
[INFO] [stdout]   37:     0x55a14d936367 - std::panicking::try::do_call::h9057517f80303cd4
[INFO] [stdout]                                at /rustc/82e1608dfa6e0b5569232559e3d385fea5a93112/library/std/src/panicking.rs:552:40
[INFO] [stdout]   38:     0x55a14d936367 - std::panicking::try::he3a30b11ee45340c
[INFO] [stdout]                                at /rustc/82e1608dfa6e0b5569232559e3d385fea5a93112/library/std/src/panicking.rs:516:19
[INFO] [stdout]   39:     0x55a14d936367 - std::panic::catch_unwind::h410458cfd3528b8b
[INFO] [stdout]                                at /rustc/82e1608dfa6e0b5569232559e3d385fea5a93112/library/std/src/panic.rs:142:14
[INFO] [stdout]   40:     0x55a14d936367 - std::thread::Builder::spawn_unchecked_::{{closure}}::h72ac3bdb567b737b
[INFO] [stdout]                                at /rustc/82e1608dfa6e0b5569232559e3d385fea5a93112/library/std/src/thread/mod.rs:528:30
[INFO] [stdout]   41:     0x55a14d936367 - core::ops::function::FnOnce::call_once{{vtable.shim}}::h38f34da3654a8344
[INFO] [stdout]                                at /rustc/82e1608dfa6e0b5569232559e3d385fea5a93112/library/core/src/ops/function.rs:250:5
[INFO] [stdout]   42:     0x55a14e0d08a5 - <alloc::boxed::Box<F,A> as core::ops::function::FnOnce<Args>>::call_once::hc7eafaff61e32df9
[INFO] [stdout]                                at /rustc/82e1608dfa6e0b5569232559e3d385fea5a93112/library/alloc/src/boxed.rs:2007:9
[INFO] [stdout]   43:     0x55a14e0d08a5 - <alloc::boxed::Box<F,A> as core::ops::function::FnOnce<Args>>::call_once::h6ba4a5de48dd2304
[INFO] [stdout]                                at /rustc/82e1608dfa6e0b5569232559e3d385fea5a93112/library/alloc/src/boxed.rs:2007:9
[INFO] [stdout]   44:     0x55a14e0d08a5 - std::sys::unix::thread::Thread::new::thread_start::he469335aef763e45
[INFO] [stdout]                                at /rustc/82e1608dfa6e0b5569232559e3d385fea5a93112/library/std/src/sys/unix/thread.rs:108:17
[INFO] [stdout]   45:     0x7fd632b53ac3 - <unknown>
[INFO] [stdout]   46:     0x7fd632be4bf4 - __clone
[INFO] [stdout]   47:                0x0 - <unknown>
[INFO] [stdout] 
[INFO] [stdout] 
[INFO] [stdout] failures:
[INFO] [stdout]     command::make_template::tests::test_obtain_wf_files
[INFO] [stdout]     github_api::tests::test_get_author_info
[INFO] [stdout]     github_api::tests::test_get_default_branch
[INFO] [stdout]     github_api::tests::test_get_default_branch_with_memo
[INFO] [stdout]     github_api::tests::test_get_file_list_recursive
[INFO] [stdout]     github_api::tests::test_get_file_list_recursive_with_dir
[INFO] [stdout]     github_api::tests::test_get_latest_commit_sha
[INFO] [stdout]     github_api::tests::test_get_latest_commit_sha_with_memo
[INFO] [stdout]     github_api::tests::test_get_readme_url
[INFO] [stdout]     inspect::tests::test_inspect_wf_type_version_cwl
[INFO] [stdout]     inspect::tests::test_inspect_wf_type_version_nfl
[INFO] [stdout]     inspect::tests::test_inspect_wf_type_version_smk
[INFO] [stdout]     inspect::tests::test_inspect_wf_type_version_wdl
[INFO] [stdout]     raw_url::tests::test_base_dir
[INFO] [stdout]     raw_url::tests::test_raw_url
[INFO] [stdout]     raw_url::tests::test_raw_url_invalid_host
[INFO] [stdout]     raw_url::tests::test_raw_url_invalid_path
[INFO] [stdout]     raw_url::tests::test_raw_url_invalid_url
[INFO] [stdout]     raw_url::tests::test_to_base_url
[INFO] [stdout]     raw_url::tests::test_to_url
[INFO] [stdout]     remote::tests::test_fetch_raw_content
[INFO] [stdout]     trs::api::tests::test_get_request_not_found
[INFO] [stdout]     trs::response::tests::test_generate_files
[INFO] [stdout]     wes::tests::test_check_wes_running
[INFO] [stdout]     wes::tests::test_get_supported_wes_versions
[INFO] [stdout]     wes::tests::test_post_run
[INFO] [stdout]     wes::tests::test_start_wes
[INFO] [stdout]     wes::tests::test_stop_wes
[INFO] [stdout] 
[INFO] [stdout] test result: FAILED. 24 passed; 28 failed; 1 ignored; 0 measured; 0 filtered out; finished in 1.51s
[INFO] [stdout] 
[INFO] [stderr] error: test failed, to rerun pass `--lib`
[INFO] running `Command { std: "docker" "inspect" "b6eb66bc3409a1417fd41b8fb6cef2bdafb57d7f6b1e3ba2855c381a18c23688", kill_on_drop: false }`
[INFO] running `Command { std: "docker" "rm" "-f" "b6eb66bc3409a1417fd41b8fb6cef2bdafb57d7f6b1e3ba2855c381a18c23688", kill_on_drop: false }`
[INFO] [stdout] b6eb66bc3409a1417fd41b8fb6cef2bdafb57d7f6b1e3ba2855c381a18c23688
[INFO] testing gh-trs-1.1.20 against beta-2023-12-22 for beta-1.76-1
[INFO] extracting crate gh-trs 1.1.20 into /workspace/builds/worker-1-tc2/source
[INFO] validating manifest of crates.io crate gh-trs 1.1.20 on toolchain beta-2023-12-22
[INFO] running `Command { std: CARGO_HOME="/workspace/cargo-home" RUSTUP_HOME="/workspace/rustup-home" "/workspace/cargo-home/bin/cargo" "+beta-2023-12-22" "metadata" "--manifest-path" "Cargo.toml" "--no-deps", kill_on_drop: false }`
[INFO] started tweaking crates.io crate gh-trs 1.1.20
[INFO] finished tweaking crates.io crate gh-trs 1.1.20
[INFO] tweaked toml for crates.io crate gh-trs 1.1.20 written to /workspace/builds/worker-1-tc2/source/Cargo.toml
[INFO] crate crates.io crate gh-trs 1.1.20 already has a lockfile, it will not be regenerated
[INFO] running `Command { std: CARGO_HOME="/workspace/cargo-home" RUSTUP_HOME="/workspace/rustup-home" "/workspace/cargo-home/bin/cargo" "+beta-2023-12-22" "fetch" "--manifest-path" "Cargo.toml", kill_on_drop: false }`
[INFO] running `Command { std: "docker" "create" "-v" "/var/lib/crater-agent-workspace/builds/worker-1-tc2/target:/opt/rustwide/target:rw,Z" "-v" "/var/lib/crater-agent-workspace/builds/worker-1-tc2/source:/opt/rustwide/workdir:ro,Z" "-v" "/var/lib/crater-agent-workspace/cargo-home:/opt/rustwide/cargo-home:ro,Z" "-v" "/var/lib/crater-agent-workspace/rustup-home:/opt/rustwide/rustup-home:ro,Z" "-e" "SOURCE_DIR=/opt/rustwide/workdir" "-e" "CARGO_TARGET_DIR=/opt/rustwide/target" "-e" "CARGO_HOME=/opt/rustwide/cargo-home" "-e" "RUSTUP_HOME=/opt/rustwide/rustup-home" "-w" "/opt/rustwide/workdir" "-m" "1610612736" "--user" "0:0" "--network" "none" "ghcr.io/rust-lang/crates-build-env/linux@sha256:2788e3201cd34a07e3172128adcd8b3090168a8e3bcc40d7c032b9dda1df7d1c" "/opt/rustwide/cargo-home/bin/cargo" "+beta-2023-12-22" "metadata" "--no-deps" "--format-version=1", kill_on_drop: false }`
[INFO] [stdout] 2b4f47416a3a2251d3351f99becc15fc1ad6c19ec22f406268b76a2d827ee69f
[INFO] running `Command { std: "docker" "start" "-a" "2b4f47416a3a2251d3351f99becc15fc1ad6c19ec22f406268b76a2d827ee69f", kill_on_drop: false }`
[INFO] running `Command { std: "docker" "inspect" "2b4f47416a3a2251d3351f99becc15fc1ad6c19ec22f406268b76a2d827ee69f", kill_on_drop: false }`
[INFO] running `Command { std: "docker" "rm" "-f" "2b4f47416a3a2251d3351f99becc15fc1ad6c19ec22f406268b76a2d827ee69f", kill_on_drop: false }`
[INFO] [stdout] 2b4f47416a3a2251d3351f99becc15fc1ad6c19ec22f406268b76a2d827ee69f
[INFO] running `Command { std: "docker" "create" "-v" "/var/lib/crater-agent-workspace/builds/worker-1-tc2/target:/opt/rustwide/target:rw,Z" "-v" "/var/lib/crater-agent-workspace/builds/worker-1-tc2/source:/opt/rustwide/workdir:ro,Z" "-v" "/var/lib/crater-agent-workspace/cargo-home:/opt/rustwide/cargo-home:ro,Z" "-v" "/var/lib/crater-agent-workspace/rustup-home:/opt/rustwide/rustup-home:ro,Z" "-e" "SOURCE_DIR=/opt/rustwide/workdir" "-e" "CARGO_TARGET_DIR=/opt/rustwide/target" "-e" "CARGO_INCREMENTAL=0" "-e" "RUST_BACKTRACE=full" "-e" "RUSTFLAGS=--cap-lints=warn" "-e" "RUSTDOCFLAGS=--cap-lints=warn" "-e" "CARGO_HOME=/opt/rustwide/cargo-home" "-e" "RUSTUP_HOME=/opt/rustwide/rustup-home" "-w" "/opt/rustwide/workdir" "-m" "1610612736" "--user" "0:0" "--network" "none" "ghcr.io/rust-lang/crates-build-env/linux@sha256:2788e3201cd34a07e3172128adcd8b3090168a8e3bcc40d7c032b9dda1df7d1c" "/opt/rustwide/cargo-home/bin/cargo" "+beta-2023-12-22" "build" "--frozen" "--message-format=json", kill_on_drop: false }`
[INFO] [stdout] 649f9b0b0ede4633113b2f5384fba23c4d448399b44beb933cfaa55e71ebd0f9
[INFO] running `Command { std: "docker" "start" "-a" "649f9b0b0ede4633113b2f5384fba23c4d448399b44beb933cfaa55e71ebd0f9", kill_on_drop: false }`
[INFO] [stderr]    Compiling proc-macro2 v1.0.39
[INFO] [stderr]    Compiling unicode-ident v1.0.0
[INFO] [stderr]    Compiling syn v1.0.96
[INFO] [stderr]    Compiling libc v0.2.126
[INFO] [stderr]    Compiling log v0.4.17
[INFO] [stderr]    Compiling memchr v2.5.0
[INFO] [stderr]    Compiling serde_derive v1.0.137
[INFO] [stderr]    Compiling pin-project-lite v0.2.9
[INFO] [stderr]    Compiling serde v1.0.137
[INFO] [stderr]    Compiling cc v1.0.73
[INFO] [stderr]    Compiling pkg-config v0.3.25
[INFO] [stderr]    Compiling once_cell v1.12.0
[INFO] [stderr]    Compiling bytes v1.1.0
[INFO] [stderr]    Compiling futures-core v0.3.21
[INFO] [stderr]    Compiling itoa v1.0.2
[INFO] [stderr]    Compiling indexmap v1.8.2
[INFO] [stderr]    Compiling futures-task v0.3.21
[INFO] [stderr]    Compiling typenum v1.15.0
[INFO] [stderr]    Compiling tracing-core v0.1.26
[INFO] [stderr]    Compiling unicase v2.6.0
[INFO] [stderr]    Compiling generic-array v0.14.5
[INFO] [stderr]    Compiling futures-util v0.3.21
[INFO] [stderr]    Compiling openssl v0.10.40
[INFO] [stderr]    Compiling futures-channel v0.3.21
[INFO] [stderr]    Compiling native-tls v0.2.10
[INFO] [stderr]    Compiling http v0.2.7
[INFO] [stderr]    Compiling slab v0.4.6
[INFO] [stderr]    Compiling matches v0.1.9
[INFO] [stderr]    Compiling httparse v1.7.1
[INFO] [stderr]    Compiling tinyvec_macros v0.1.0
[INFO] [stderr]    Compiling futures-io v0.3.21
[INFO] [stderr]    Compiling futures-sink v0.3.21
[INFO] [stderr]    Compiling tinyvec v1.6.0
[INFO] [stderr]    Compiling num-traits v0.2.15
[INFO] [stderr]    Compiling percent-encoding v2.1.0
[INFO] [stderr]    Compiling try-lock v0.2.3
[INFO] [stderr]    Compiling ryu v1.0.10
[INFO] [stderr]    Compiling want v0.3.0
[INFO] [stderr]    Compiling mime_guess v2.0.4
[INFO] [stderr]    Compiling quote v1.0.18
[INFO] [stderr]    Compiling socket2 v0.4.4
[INFO] [stderr]    Compiling num_cpus v1.13.1
[INFO] [stderr]    Compiling mio v0.8.3
[INFO] [stderr]    Compiling atty v0.2.14
[INFO] [stderr]    Compiling form_urlencoded v1.0.1
[INFO] [stderr]    Compiling num-integer v0.1.45
[INFO] [stderr]    Compiling unicode-segmentation v1.9.0
[INFO] [stderr]    Compiling encoding_rs v0.8.31
[INFO] [stderr]    Compiling unicode-width v0.1.9
[INFO] [stderr]    Compiling unicode-bidi v0.3.8
[INFO] [stderr]    Compiling proc-macro-error-attr v1.0.4
[INFO] [stderr]    Compiling tokio v1.18.2
[INFO] [stderr]    Compiling serde_json v1.0.81
[INFO] [stderr]    Compiling http-body v0.4.5
[INFO] [stderr]    Compiling httpdate v1.0.2
[INFO] [stderr]    Compiling tower-service v0.3.1
[INFO] [stderr]    Compiling openssl-sys v0.9.74
[INFO] [stderr]    Compiling textwrap v0.11.0
[INFO] [stderr]    Compiling heck v0.3.3
[INFO] [stderr]    Compiling aho-corasick v0.7.18
[INFO] [stderr]    Compiling ansi_term v0.12.1
[INFO] [stderr]    Compiling regex-syntax v0.6.26
[INFO] [stderr]    Compiling mime v0.3.16
[INFO] [stderr]    Compiling unicode-normalization v0.1.19
[INFO] [stderr]    Compiling linked-hash-map v0.5.4
[INFO] [stderr]    Compiling anyhow v1.0.57
[INFO] [stderr]    Compiling clap v2.34.0
[INFO] [stderr]    Compiling yaml-rust v0.4.5
[INFO] [stderr]    Compiling getrandom v0.2.6
[INFO] [stderr]    Compiling time v0.1.44
[INFO] [stderr]    Compiling cpufeatures v0.2.2
[INFO] [stderr]    Compiling base64 v0.13.0
[INFO] [stderr]    Compiling humantime v2.1.0
[INFO] [stderr]    Compiling termcolor v1.1.3
[INFO] [stderr]    Compiling crypto-common v0.1.3
[INFO] [stderr]    Compiling block-buffer v0.10.2
[INFO] [stderr]    Compiling idna v0.2.3
[INFO] [stderr]    Compiling digest v0.10.3
[INFO] [stderr]    Compiling ipnet v2.5.0
[INFO] [stderr]    Compiling colored v2.0.0
[INFO] [stderr]    Compiling dotenv v0.15.0
[INFO] [stderr]    Compiling sha2 v0.10.2
[INFO] [stderr]    Compiling regex v1.5.6
[INFO] [stderr]    Compiling env_logger v0.9.0
[INFO] [stderr]    Compiling darling_core v0.13.4
[INFO] [stderr]    Compiling proc-macro-error v1.0.4
[INFO] [stderr]    Compiling tracing-attributes v0.1.21
[INFO] [stderr]    Compiling openssl-macros v0.1.0
[INFO] [stderr]    Compiling structopt-derive v0.4.18
[INFO] [stderr]    Compiling darling_macro v0.13.4
[INFO] [stderr]    Compiling structopt v0.3.26
[INFO] [stderr]    Compiling tracing v0.1.34
[INFO] [stderr]    Compiling tokio-util v0.7.2
[INFO] [stderr]    Compiling darling v0.13.4
[INFO] [stderr]    Compiling serde_with_macros v1.5.2
[INFO] [stderr]    Compiling h2 v0.3.13
[INFO] [stderr]    Compiling tokio-native-tls v0.3.0
[INFO] [stderr]    Compiling hyper v0.14.19
[INFO] [stderr]    Compiling url v2.2.2
[INFO] [stderr]    Compiling serde_urlencoded v0.7.1
[INFO] [stderr]    Compiling chrono v0.4.19
[INFO] [stderr]    Compiling serde_yaml v0.8.24
[INFO] [stderr]    Compiling uuid v0.8.2
[INFO] [stderr]    Compiling serde_with v1.14.0
[INFO] [stderr]    Compiling hyper-tls v0.5.0
[INFO] [stderr]    Compiling reqwest v0.11.10
[INFO] [stderr]    Compiling gh-trs v1.1.20 (/opt/rustwide/workdir)
[INFO] [stderr]     Finished dev [unoptimized + debuginfo] target(s) in 43.32s
[INFO] running `Command { std: "docker" "inspect" "649f9b0b0ede4633113b2f5384fba23c4d448399b44beb933cfaa55e71ebd0f9", kill_on_drop: false }`
[INFO] running `Command { std: "docker" "rm" "-f" "649f9b0b0ede4633113b2f5384fba23c4d448399b44beb933cfaa55e71ebd0f9", kill_on_drop: false }`
[INFO] [stdout] 649f9b0b0ede4633113b2f5384fba23c4d448399b44beb933cfaa55e71ebd0f9
[INFO] running `Command { std: "docker" "create" "-v" "/var/lib/crater-agent-workspace/builds/worker-1-tc2/target:/opt/rustwide/target:rw,Z" "-v" "/var/lib/crater-agent-workspace/builds/worker-1-tc2/source:/opt/rustwide/workdir:ro,Z" "-v" "/var/lib/crater-agent-workspace/cargo-home:/opt/rustwide/cargo-home:ro,Z" "-v" "/var/lib/crater-agent-workspace/rustup-home:/opt/rustwide/rustup-home:ro,Z" "-e" "SOURCE_DIR=/opt/rustwide/workdir" "-e" "CARGO_TARGET_DIR=/opt/rustwide/target" "-e" "CARGO_INCREMENTAL=0" "-e" "RUST_BACKTRACE=full" "-e" "RUSTFLAGS=--cap-lints=warn" "-e" "RUSTDOCFLAGS=--cap-lints=warn" "-e" "CARGO_HOME=/opt/rustwide/cargo-home" "-e" "RUSTUP_HOME=/opt/rustwide/rustup-home" "-w" "/opt/rustwide/workdir" "-m" "1610612736" "--user" "0:0" "--network" "none" "ghcr.io/rust-lang/crates-build-env/linux@sha256:2788e3201cd34a07e3172128adcd8b3090168a8e3bcc40d7c032b9dda1df7d1c" "/opt/rustwide/cargo-home/bin/cargo" "+beta-2023-12-22" "test" "--frozen" "--no-run" "--message-format=json", kill_on_drop: false }`
[INFO] [stdout] b5e7c4f4e7b3e963675efce8fe9759beec934a62484c23cefaad1702462c5a51
[INFO] running `Command { std: "docker" "start" "-a" "b5e7c4f4e7b3e963675efce8fe9759beec934a62484c23cefaad1702462c5a51", kill_on_drop: false }`
[INFO] [stderr]    Compiling gh-trs v1.1.20 (/opt/rustwide/workdir)
[INFO] [stderr]     Finished test [unoptimized + debuginfo] target(s) in 8.11s
[INFO] running `Command { std: "docker" "inspect" "b5e7c4f4e7b3e963675efce8fe9759beec934a62484c23cefaad1702462c5a51", kill_on_drop: false }`
[INFO] running `Command { std: "docker" "rm" "-f" "b5e7c4f4e7b3e963675efce8fe9759beec934a62484c23cefaad1702462c5a51", kill_on_drop: false }`
[INFO] [stdout] b5e7c4f4e7b3e963675efce8fe9759beec934a62484c23cefaad1702462c5a51
[INFO] running `Command { std: "docker" "create" "-v" "/var/lib/crater-agent-workspace/builds/worker-1-tc2/target:/opt/rustwide/target:rw,Z" "-v" "/var/lib/crater-agent-workspace/builds/worker-1-tc2/source:/opt/rustwide/workdir:ro,Z" "-v" "/var/lib/crater-agent-workspace/cargo-home:/opt/rustwide/cargo-home:ro,Z" "-v" "/var/lib/crater-agent-workspace/rustup-home:/opt/rustwide/rustup-home:ro,Z" "-e" "SOURCE_DIR=/opt/rustwide/workdir" "-e" "CARGO_TARGET_DIR=/opt/rustwide/target" "-e" "CARGO_INCREMENTAL=0" "-e" "RUST_BACKTRACE=full" "-e" "RUSTFLAGS=--cap-lints=warn" "-e" "RUSTDOCFLAGS=--cap-lints=warn" "-e" "CARGO_HOME=/opt/rustwide/cargo-home" "-e" "RUSTUP_HOME=/opt/rustwide/rustup-home" "-w" "/opt/rustwide/workdir" "-m" "1610612736" "--user" "0:0" "--network" "none" "ghcr.io/rust-lang/crates-build-env/linux@sha256:2788e3201cd34a07e3172128adcd8b3090168a8e3bcc40d7c032b9dda1df7d1c" "/opt/rustwide/cargo-home/bin/cargo" "+beta-2023-12-22" "test" "--frozen", kill_on_drop: false }`
[INFO] [stdout] 66ea71e50a1717c4337b89bce33248655ac3bcf3111997f9e79c97251e6e82e2
[INFO] running `Command { std: "docker" "start" "-a" "66ea71e50a1717c4337b89bce33248655ac3bcf3111997f9e79c97251e6e82e2", kill_on_drop: false }`
[INFO] [stderr]     Finished test [unoptimized + debuginfo] target(s) in 0.12s
[INFO] [stderr]      Running unittests src/lib.rs (/opt/rustwide/target/debug/deps/gh_trs-a31e0d717d88fe25)
[INFO] [stdout] 
[INFO] [stdout] running 53 tests
[INFO] [stdout] test args::tests::test_test ... ok
[INFO] [stdout] test command::validate::tests::test_validate_wf_name ... ok
[INFO] [stdout] test config::types::tests::test_file_new_no_target ... ok
[INFO] [stdout] test config::types::tests::test_test_file_no_target ... ok
[INFO] [stdout] test config::types::tests::test_testing_default ... ok
[INFO] [stdout] test github_api::tests::test_get_default_branch_with_memo ... FAILED
[INFO] [stdout] test github_api::tests::test_get_readme_url ... FAILED
[INFO] [stdout] test github_api::tests::test_get_file_list_recursive ... FAILED
[INFO] [stdout] test github_api::tests::test_get_author_info ... FAILED
[INFO] [stdout] test config::types::tests::test_file_new ... ok
[INFO] [stdout] test github_api::tests::test_get_latest_commit_sha_with_memo ... FAILED
[INFO] [stdout] test github_api::tests::test_get_latest_commit_sha ... FAILED
[INFO] [stdout] test args::tests::test_make_template ... ok
[INFO] [stdout] test command::make_template::tests::test_obtain_wf_files ... FAILED
[INFO] [stdout] test github_api::tests::test_get_file_list_recursive_with_dir ... FAILED
[INFO] [stdout] test config::types::tests::test_test_file_new ... ok
[INFO] [stdout] test github_api::tests::test_get_default_branch ... FAILED
[INFO] [stdout] test raw_url::tests::test_base_dir ... FAILED
[INFO] [stdout] test raw_url::tests::test_raw_url_invalid_url ... FAILED
[INFO] [stdout] test raw_url::tests::test_raw_url_invalid_path ... FAILED
[INFO] [stdout] test raw_url::tests::test_raw_url ... FAILED
[INFO] [stdout] test raw_url::tests::test_raw_url_invalid_host ... FAILED
[INFO] [stdout] test args::tests::test_publish ... ok
[INFO] [stdout] test raw_url::tests::test_is_commit_hash ... ok
[INFO] [stdout] test args::tests::test_validate ... ok
[INFO] [stdout] test trs::api::tests::test_get_request ... ignored
[INFO] [stdout] test raw_url::tests::test_to_base_url ... FAILED
[INFO] [stdout] test trs::api::tests::test_new_from_tool_version_url ... ok
[INFO] [stdout] test trs::response::tests::test_generate_tests ... ok
[INFO] [stdout] test trs::types::tests::test_file_type_new_from_file_type ... ok
[INFO] [stdout] test trs::types::tests::test_default_tool_class ... ok
[INFO] [stdout] test trs::types::tests::test_tool_new ... ok
[INFO] [stdout] test raw_url::tests::test_to_url ... FAILED
[INFO] [stdout] test trs::types::tests::test_tool_add_new_tool_version ... ok
[INFO] [stdout] test trs::types::tests::test_tool_version_new ... ok
[INFO] [stdout] test trs::types::tests::test_tool_version_version ... ok
[INFO] [stdout] test trs::types::tests::test_new_or_update_service_info ... ok
[INFO] [stdout] test wes::tests::test_stop_wes ... FAILED
[INFO] [stdout] test wes::tests::test_get_supported_wes_versions ... FAILED
[INFO] [stdout] test wes::tests::test_check_wes_running ... FAILED
[INFO] [stdout] test wes::tests::test_check_wes_running_with_invalid_docker_host ... ok
[INFO] [stdout] test wes::tests::test_post_run ... FAILED
[INFO] [stdout] test wes::tests::test_start_wes ... FAILED
[INFO] [stdout] test remote::tests::test_fetch_raw_content ... FAILED
[INFO] [stdout] test trs::response::tests::test_generate_descriptor ... ok
[INFO] [stdout] test inspect::tests::test_inspect_wf_type_version_cwl ... FAILED
[INFO] [stdout] test trs::api::tests::test_get_request_not_found ... FAILED
[INFO] [stdout] test inspect::tests::test_inspect_wf_type_version_wdl ... FAILED
[INFO] [stdout] test trs::response::tests::test_generate_tool_classes ... ok
[INFO] [stdout] test inspect::tests::test_inspect_wf_type_version_nfl ... FAILED
[INFO] [stdout] test inspect::tests::test_inspect_wf_type_version_smk ... FAILED
[INFO] [stdout] test trs::response::tests::test_generate_files ... FAILED
[INFO] [stdout] test trs::response::tests::test_trs_response_new ... ok
[INFO] [stdout] 
[INFO] [stdout] failures:
[INFO] [stdout] 
[INFO] [stdout] ---- github_api::tests::test_get_default_branch_with_memo stdout ----
[INFO] [stdout] Error: No GitHub token provided. Please set the environment variable `GITHUB_TOKEN` or pass the `--gh-token` flag.
[INFO] [stdout] 
[INFO] [stdout] ---- github_api::tests::test_get_readme_url stdout ----
[INFO] [stdout] Error: No GitHub token provided. Please set the environment variable `GITHUB_TOKEN` or pass the `--gh-token` flag.
[INFO] [stdout] 
[INFO] [stdout] ---- github_api::tests::test_get_file_list_recursive stdout ----
[INFO] [stdout] Error: No GitHub token provided. Please set the environment variable `GITHUB_TOKEN` or pass the `--gh-token` flag.
[INFO] [stdout] 
[INFO] [stdout] ---- github_api::tests::test_get_author_info stdout ----
[INFO] [stdout] Error: No GitHub token provided. Please set the environment variable `GITHUB_TOKEN` or pass the `--gh-token` flag.
[INFO] [stdout] 
[INFO] [stdout] ---- github_api::tests::test_get_latest_commit_sha_with_memo stdout ----
[INFO] [stdout] Error: No GitHub token provided. Please set the environment variable `GITHUB_TOKEN` or pass the `--gh-token` flag.
[INFO] [stdout] 
[INFO] [stdout] ---- github_api::tests::test_get_latest_commit_sha stdout ----
[INFO] [stdout] Error: No GitHub token provided. Please set the environment variable `GITHUB_TOKEN` or pass the `--gh-token` flag.
[INFO] [stdout] 
[INFO] [stdout] ---- command::make_template::tests::test_obtain_wf_files stdout ----
[INFO] [stdout] Error: No GitHub token provided. Please set the environment variable `GITHUB_TOKEN` or pass the `--gh-token` flag.
[INFO] [stdout] 
[INFO] [stdout] ---- github_api::tests::test_get_file_list_recursive_with_dir stdout ----
[INFO] [stdout] Error: No GitHub token provided. Please set the environment variable `GITHUB_TOKEN` or pass the `--gh-token` flag.
[INFO] [stdout] 
[INFO] [stdout] ---- github_api::tests::test_get_default_branch stdout ----
[INFO] [stdout] Error: No GitHub token provided. Please set the environment variable `GITHUB_TOKEN` or pass the `--gh-token` flag.
[INFO] [stdout] 
[INFO] [stdout] ---- raw_url::tests::test_base_dir stdout ----
[INFO] [stdout] Error: No GitHub token provided. Please set the environment variable `GITHUB_TOKEN` or pass the `--gh-token` flag.
[INFO] [stdout] 
[INFO] [stdout] ---- raw_url::tests::test_raw_url_invalid_url stdout ----
[INFO] [stdout] Error: No GitHub token provided. Please set the environment variable `GITHUB_TOKEN` or pass the `--gh-token` flag.
[INFO] [stdout] 
[INFO] [stdout] ---- raw_url::tests::test_raw_url_invalid_path stdout ----
[INFO] [stdout] Error: No GitHub token provided. Please set the environment variable `GITHUB_TOKEN` or pass the `--gh-token` flag.
[INFO] [stdout] 
[INFO] [stdout] ---- raw_url::tests::test_raw_url stdout ----
[INFO] [stdout] Error: No GitHub token provided. Please set the environment variable `GITHUB_TOKEN` or pass the `--gh-token` flag.
[INFO] [stdout] 
[INFO] [stdout] ---- raw_url::tests::test_raw_url_invalid_host stdout ----
[INFO] [stdout] Error: No GitHub token provided. Please set the environment variable `GITHUB_TOKEN` or pass the `--gh-token` flag.
[INFO] [stdout] 
[INFO] [stdout] ---- raw_url::tests::test_to_base_url stdout ----
[INFO] [stdout] Error: No GitHub token provided. Please set the environment variable `GITHUB_TOKEN` or pass the `--gh-token` flag.
[INFO] [stdout] 
[INFO] [stdout] ---- raw_url::tests::test_to_url stdout ----
[INFO] [stdout] Error: No GitHub token provided. Please set the environment variable `GITHUB_TOKEN` or pass the `--gh-token` flag.
[INFO] [stdout] 
[INFO] [stdout] ---- wes::tests::test_stop_wes stdout ----
[INFO] [stdout] Error: Failed to check sapporo-service status:
[INFO] [stdout] Cannot connect to the Docker daemon at unix:///var/run/docker.sock. Is the docker daemon running?
[INFO] [stdout] 
[INFO] [stdout] 
[INFO] [stdout] ---- wes::tests::test_get_supported_wes_versions stdout ----
[INFO] [stdout] Error: Failed to check sapporo-service status:
[INFO] [stdout] Cannot connect to the Docker daemon at unix:///var/run/docker.sock. Is the docker daemon running?
[INFO] [stdout] 
[INFO] [stdout] 
[INFO] [stdout] ---- wes::tests::test_check_wes_running stdout ----
[INFO] [stdout] Error: Failed to check sapporo-service status:
[INFO] [stdout] Cannot connect to the Docker daemon at unix:///var/run/docker.sock. Is the docker daemon running?
[INFO] [stdout] 
[INFO] [stdout] 
[INFO] [stdout] ---- wes::tests::test_post_run stdout ----
[INFO] [stdout] Error: Failed to check sapporo-service status:
[INFO] [stdout] Cannot connect to the Docker daemon at unix:///var/run/docker.sock. Is the docker daemon running?
[INFO] [stdout] 
[INFO] [stdout] 
[INFO] [stdout] ---- wes::tests::test_start_wes stdout ----
[INFO] [stdout] thread 'wes::tests::test_start_wes' panicked at src/wes.rs:434:9:
[INFO] [stdout] assertion failed: start_wes(&docker_host).is_ok()
[INFO] [stdout] stack backtrace:
[INFO] [stdout]    0:     0x559f7d95c326 - std::backtrace_rs::backtrace::libunwind::trace::h261606ad26a499c1
[INFO] [stdout]                                at /rustc/0e09125c6c3c2fd70d7de961bcf0e51575235fad/library/std/src/../../backtrace/src/backtrace/libunwind.rs:104:5
[INFO] [stdout]    1:     0x559f7d95c326 - std::backtrace_rs::backtrace::trace_unsynchronized::hd183f0625477fb28
[INFO] [stdout]                                at /rustc/0e09125c6c3c2fd70d7de961bcf0e51575235fad/library/std/src/../../backtrace/src/backtrace/mod.rs:66:5
[INFO] [stdout]    2:     0x559f7d95c326 - std::sys_common::backtrace::_print_fmt::hd7f8fef21b4eda67
[INFO] [stdout]                                at /rustc/0e09125c6c3c2fd70d7de961bcf0e51575235fad/library/std/src/sys_common/backtrace.rs:68:5
[INFO] [stdout]    3:     0x559f7d95c326 - <std::sys_common::backtrace::_print::DisplayBacktrace as core::fmt::Display>::fmt::h623d9b51f2f453f1
[INFO] [stdout]                                at /rustc/0e09125c6c3c2fd70d7de961bcf0e51575235fad/library/std/src/sys_common/backtrace.rs:44:22
[INFO] [stdout]    4:     0x559f7d989e80 - core::fmt::rt::Argument::fmt::h9f417ac76a86f368
[INFO] [stdout]                                at /rustc/0e09125c6c3c2fd70d7de961bcf0e51575235fad/library/core/src/fmt/rt.rs:142:9
[INFO] [stdout]    5:     0x559f7d989e80 - core::fmt::write::hc9b6faf4ac2aeff7
[INFO] [stdout]                                at /rustc/0e09125c6c3c2fd70d7de961bcf0e51575235fad/library/core/src/fmt/mod.rs:1120:17
[INFO] [stdout]    6:     0x559f7d95897f - std::io::Write::write_fmt::he04625a3a989fec3
[INFO] [stdout]                                at /rustc/0e09125c6c3c2fd70d7de961bcf0e51575235fad/library/std/src/io/mod.rs:1810:15
[INFO] [stdout]    7:     0x559f7d95c104 - std::sys_common::backtrace::_print::hd5d66399c7df88a2
[INFO] [stdout]                                at /rustc/0e09125c6c3c2fd70d7de961bcf0e51575235fad/library/std/src/sys_common/backtrace.rs:47:5
[INFO] [stdout]    8:     0x559f7d95c104 - std::sys_common::backtrace::print::he81ed2da642d37e5
[INFO] [stdout]                                at /rustc/0e09125c6c3c2fd70d7de961bcf0e51575235fad/library/std/src/sys_common/backtrace.rs:34:9
[INFO] [stdout]    9:     0x559f7d95de77 - std::panicking::default_hook::{{closure}}::h85773f4fa117163d
[INFO] [stdout]   10:     0x559f7d95db5d - std::panicking::default_hook::h6a1694a91d09b278
[INFO] [stdout]                                at /rustc/0e09125c6c3c2fd70d7de961bcf0e51575235fad/library/std/src/panicking.rs:289:9
[INFO] [stdout]   11:     0x559f7d1fa267 - <alloc::boxed::Box<F,A> as core::ops::function::Fn<Args>>::call::h616ac37fa3cd6c8f
[INFO] [stdout]                                at /rustc/0e09125c6c3c2fd70d7de961bcf0e51575235fad/library/alloc/src/boxed.rs:2029:9
[INFO] [stdout]   12:     0x559f7d1fa267 - test::test_main::{{closure}}::h00d84697cefdcbb6
[INFO] [stdout]                                at /rustc/0e09125c6c3c2fd70d7de961bcf0e51575235fad/library/test/src/lib.rs:138:21
[INFO] [stdout]   13:     0x559f7d95e496 - <alloc::boxed::Box<F,A> as core::ops::function::Fn<Args>>::call::hcb3fe3b9bb537ba8
[INFO] [stdout]                                at /rustc/0e09125c6c3c2fd70d7de961bcf0e51575235fad/library/alloc/src/boxed.rs:2029:9
[INFO] [stdout]   14:     0x559f7d95e496 - std::panicking::rust_panic_with_hook::h0a7ad96e90f7145b
[INFO] [stdout]                                at /rustc/0e09125c6c3c2fd70d7de961bcf0e51575235fad/library/std/src/panicking.rs:783:13
[INFO] [stdout]   15:     0x559f7d95e1a9 - std::panicking::begin_panic_handler::{{closure}}::h7919090525c6485e
[INFO] [stdout]                                at /rustc/0e09125c6c3c2fd70d7de961bcf0e51575235fad/library/std/src/panicking.rs:649:13
[INFO] [stdout]   16:     0x559f7d95c826 - std::sys_common::backtrace::__rust_end_short_backtrace::hf3289479464f7dfe
[INFO] [stdout]                                at /rustc/0e09125c6c3c2fd70d7de961bcf0e51575235fad/library/std/src/sys_common/backtrace.rs:171:18
[INFO] [stdout]   17:     0x559f7d95df40 - rust_begin_unwind
[INFO] [stdout]                                at /rustc/0e09125c6c3c2fd70d7de961bcf0e51575235fad/library/std/src/panicking.rs:645:5
[INFO] [stdout]   18:     0x559f7d08d8d5 - core::panicking::panic_fmt::hcc9f77c5c132af55
[INFO] [stdout]                                at /rustc/0e09125c6c3c2fd70d7de961bcf0e51575235fad/library/core/src/panicking.rs:72:14
[INFO] [stdout]   19:     0x559f7d08d993 - core::panicking::panic::h5a1259c1164bd480
[INFO] [stdout]                                at /rustc/0e09125c6c3c2fd70d7de961bcf0e51575235fad/library/core/src/panicking.rs:144:5
[INFO] [stdout]   20:     0x559f7d13bdfb - gh_trs::wes::tests::test_start_wes::h35d9365d78c342aa
[INFO] [stdout]                                at /opt/rustwide/workdir/src/wes.rs:434:9
[INFO] [stdout]   21:     0x559f7d13bbe7 - gh_trs::wes::tests::test_start_wes::{{closure}}::h3830ed20262723fc
[INFO] [stdout]                                at /opt/rustwide/workdir/src/wes.rs:432:28
[INFO] [stdout]   22:     0x559f7d1108d6 - core::ops::function::FnOnce::call_once::hed30a6c7b518a0b6
[INFO] [stdout]                                at /rustc/0e09125c6c3c2fd70d7de961bcf0e51575235fad/library/core/src/ops/function.rs:250:5
[INFO] [stdout]   23:     0x559f7d1ffb3f - core::ops::function::FnOnce::call_once::hd64d26f405258157
[INFO] [stdout]                                at /rustc/0e09125c6c3c2fd70d7de961bcf0e51575235fad/library/core/src/ops/function.rs:250:5
[INFO] [stdout]   24:     0x559f7d1ffb3f - test::__rust_begin_short_backtrace::he21b0b7a6d731bf9
[INFO] [stdout]                                at /rustc/0e09125c6c3c2fd70d7de961bcf0e51575235fad/library/test/src/lib.rs:627:18
[INFO] [stdout]   25:     0x559f7d1fe8c1 - test::run_test_in_process::{{closure}}::hf5c73986d7bdfde2
[INFO] [stdout]                                at /rustc/0e09125c6c3c2fd70d7de961bcf0e51575235fad/library/test/src/lib.rs:650:60
[INFO] [stdout]   26:     0x559f7d1fe8c1 - <core::panic::unwind_safe::AssertUnwindSafe<F> as core::ops::function::FnOnce<()>>::call_once::h330011ad032aadc0
[INFO] [stdout]                                at /rustc/0e09125c6c3c2fd70d7de961bcf0e51575235fad/library/core/src/panic/unwind_safe.rs:272:9
[INFO] [stdout]   27:     0x559f7d1fe8c1 - std::panicking::try::do_call::he61b0a958b795a41
[INFO] [stdout]                                at /rustc/0e09125c6c3c2fd70d7de961bcf0e51575235fad/library/std/src/panicking.rs:552:40
[INFO] [stdout]   28:     0x559f7d1fe8c1 - std::panicking::try::h7309da130f906eb7
[INFO] [stdout]                                at /rustc/0e09125c6c3c2fd70d7de961bcf0e51575235fad/library/std/src/panicking.rs:516:19
[INFO] [stdout]   29:     0x559f7d1fe8c1 - std::panic::catch_unwind::hc5c3a06fdaf0a92a
[INFO] [stdout]                                at /rustc/0e09125c6c3c2fd70d7de961bcf0e51575235fad/library/std/src/panic.rs:142:14
[INFO] [stdout]   30:     0x559f7d1fe8c1 - test::run_test_in_process::h7e7b7c71c3324e0f
[INFO] [stdout]                                at /rustc/0e09125c6c3c2fd70d7de961bcf0e51575235fad/library/test/src/lib.rs:650:27
[INFO] [stdout]   31:     0x559f7d1fe8c1 - test::run_test::{{closure}}::h1f509f28f5cf20b1
[INFO] [stdout]                                at /rustc/0e09125c6c3c2fd70d7de961bcf0e51575235fad/library/test/src/lib.rs:573:43
[INFO] [stdout]   32:     0x559f7d1c5bf6 - test::run_test::{{closure}}::h1754218abf443f6d
[INFO] [stdout]                                at /rustc/0e09125c6c3c2fd70d7de961bcf0e51575235fad/library/test/src/lib.rs:601:41
[INFO] [stdout]   33:     0x559f7d1c5bf6 - std::sys_common::backtrace::__rust_begin_short_backtrace::h2ee174b9d5954948
[INFO] [stdout]                                at /rustc/0e09125c6c3c2fd70d7de961bcf0e51575235fad/library/std/src/sys_common/backtrace.rs:155:18
[INFO] [stdout]   34:     0x559f7d1cac57 - std::thread::Builder::spawn_unchecked_::{{closure}}::{{closure}}::hf60bee9c1a17ef09
[INFO] [stdout]                                at /rustc/0e09125c6c3c2fd70d7de961bcf0e51575235fad/library/std/src/thread/mod.rs:529:17
[INFO] [stdout]   35:     0x559f7d1cac57 - <core::panic::unwind_safe::AssertUnwindSafe<F> as core::ops::function::FnOnce<()>>::call_once::h33d0dddec5216160
[INFO] [stdout]                                at /rustc/0e09125c6c3c2fd70d7de961bcf0e51575235fad/library/core/src/panic/unwind_safe.rs:272:9
[INFO] [stdout]   36:     0x559f7d1cac57 - std::panicking::try::do_call::h144b3048b546f835
[INFO] [stdout]                                at /rustc/0e09125c6c3c2fd70d7de961bcf0e51575235fad/library/std/src/panicking.rs:552:40
[INFO] [stdout]   37:     0x559f7d1cac57 - std::panicking::try::h978244d04646189f
[INFO] [stdout]                                at /rustc/0e09125c6c3c2fd70d7de961bcf0e51575235fad/library/std/src/panicking.rs:516:19
[INFO] [stdout]   38:     0x559f7d1cac57 - std::panic::catch_unwind::hdf436369d188fe86
[INFO] [stdout]                                at /rustc/0e09125c6c3c2fd70d7de961bcf0e51575235fad/library/std/src/panic.rs:142:14
[INFO] [stdout]   39:     0x559f7d1cac57 - std::thread::Builder::spawn_unchecked_::{{closure}}::h87329cbdd33c79ec
[INFO] [stdout]                                at /rustc/0e09125c6c3c2fd70d7de961bcf0e51575235fad/library/std/src/thread/mod.rs:528:30
[INFO] [stdout]   40:     0x559f7d1cac57 - core::ops::function::FnOnce::call_once{{vtable.shim}}::h401abbe67897d450
[INFO] [stdout]                                at /rustc/0e09125c6c3c2fd70d7de961bcf0e51575235fad/library/core/src/ops/function.rs:250:5
[INFO] [stdout]   41:     0x559f7d963345 - <alloc::boxed::Box<F,A> as core::ops::function::FnOnce<Args>>::call_once::h5d7c8f150ab9c84c
[INFO] [stdout]                                at /rustc/0e09125c6c3c2fd70d7de961bcf0e51575235fad/library/alloc/src/boxed.rs:2015:9
[INFO] [stdout]   42:     0x559f7d963345 - <alloc::boxed::Box<F,A> as core::ops::function::FnOnce<Args>>::call_once::h570d5b005c242c15
[INFO] [stdout]                                at /rustc/0e09125c6c3c2fd70d7de961bcf0e51575235fad/library/alloc/src/boxed.rs:2015:9
[INFO] [stdout]   43:     0x559f7d963345 - std::sys::unix::thread::Thread::new::thread_start::h36b0a20c0b2361ad
[INFO] [stdout]                                at /rustc/0e09125c6c3c2fd70d7de961bcf0e51575235fad/library/std/src/sys/unix/thread.rs:108:17
[INFO] [stdout]   44:     0x7f79aa44aac3 - <unknown>
[INFO] [stdout]   45:     0x7f79aa4dbbf4 - __clone
[INFO] [stdout]   46:                0x0 - <unknown>
[INFO] [stdout] 
[INFO] [stdout] ---- remote::tests::test_fetch_raw_content stdout ----
[INFO] [stdout] Error: error sending request for url (https://raw.githubusercontent.com/suecharo/gh-trs/main/README.md): error trying to connect: dns error: failed to lookup address information: Temporary failure in name resolution
[INFO] [stdout] 
[INFO] [stdout] Caused by:
[INFO] [stdout]     0: error trying to connect: dns error: failed to lookup address information: Temporary failure in name resolution
[INFO] [stdout]     1: dns error: failed to lookup address information: Temporary failure in name resolution
[INFO] [stdout]     2: failed to lookup address information: Temporary failure in name resolution
[INFO] [stdout] 
[INFO] [stdout] ---- inspect::tests::test_inspect_wf_type_version_cwl stdout ----
[INFO] [stdout] Error: error sending request for url (https://raw.githubusercontent.com/suecharo/gh-trs/main/tests/CWL/wf/trimming_and_qc.cwl): error trying to connect: dns error: failed to lookup address information: Temporary failure in name resolution
[INFO] [stdout] 
[INFO] [stdout] Caused by:
[INFO] [stdout]     0: error trying to connect: dns error: failed to lookup address information: Temporary failure in name resolution
[INFO] [stdout]     1: dns error: failed to lookup address information: Temporary failure in name resolution
[INFO] [stdout]     2: failed to lookup address information: Temporary failure in name resolution
[INFO] [stdout] 
[INFO] [stdout] ---- trs::api::tests::test_get_request_not_found stdout ----
[INFO] [stdout] thread 'trs::api::tests::test_get_request_not_found' panicked at src/trs/api.rs:176:9:
[INFO] [stdout] assertion failed: res.unwrap_err().to_string().contains("404")
[INFO] [stdout] stack backtrace:
[INFO] [stdout]    0:     0x559f7d95c326 - std::backtrace_rs::backtrace::libunwind::trace::h261606ad26a499c1
[INFO] [stdout]                                at /rustc/0e09125c6c3c2fd70d7de961bcf0e51575235fad/library/std/src/../../backtrace/src/backtrace/libunwind.rs:104:5
[INFO] [stdout]    1:     0x559f7d95c326 - std::backtrace_rs::backtrace::trace_unsynchronized::hd183f0625477fb28
[INFO] [stdout]                                at /rustc/0e09125c6c3c2fd70d7de961bcf0e51575235fad/library/std/src/../../backtrace/src/backtrace/mod.rs:66:5
[INFO] [stdout]    2:     0x559f7d95c326 - std::sys_common::backtrace::_print_fmt::hd7f8fef21b4eda67
[INFO] [stdout]                                at /rustc/0e09125c6c3c2fd70d7de961bcf0e51575235fad/library/std/src/sys_common/backtrace.rs:68:5
[INFO] [stdout]    3:     0x559f7d95c326 - <std::sys_common::backtrace::_print::DisplayBacktrace as core::fmt::Display>::fmt::h623d9b51f2f453f1
[INFO] [stdout]                                at /rustc/0e09125c6c3c2fd70d7de961bcf0e51575235fad/library/std/src/sys_common/backtrace.rs:44:22
[INFO] [stdout]    4:     0x559f7d989e80 - core::fmt::rt::Argument::fmt::h9f417ac76a86f368
[INFO] [stdout]                                at /rustc/0e09125c6c3c2fd70d7de961bcf0e51575235fad/library/core/src/fmt/rt.rs:142:9
[INFO] [stdout]    5:     0x559f7d989e80 - core::fmt::write::hc9b6faf4ac2aeff7
[INFO] [stdout]                                at /rustc/0e09125c6c3c2fd70d7de961bcf0e51575235fad/library/core/src/fmt/mod.rs:1120:17
[INFO] [stdout]    6:     0x559f7d95897f - std::io::Write::write_fmt::he04625a3a989fec3
[INFO] [stdout]                                at /rustc/0e09125c6c3c2fd70d7de961bcf0e51575235fad/library/std/src/io/mod.rs:1810:15
[INFO] [stdout]    7:     0x559f7d95c104 - std::sys_common::backtrace::_print::hd5d66399c7df88a2
[INFO] [stdout]                                at /rustc/0e09125c6c3c2fd70d7de961bcf0e51575235fad/library/std/src/sys_common/backtrace.rs:47:5
[INFO] [stdout]    8:     0x559f7d95c104 - std::sys_common::backtrace::print::he81ed2da642d37e5
[INFO] [stdout]                                at /rustc/0e09125c6c3c2fd70d7de961bcf0e51575235fad/library/std/src/sys_common/backtrace.rs:34:9
[INFO] [stdout]    9:     0x559f7d95de77 - std::panicking::default_hook::{{closure}}::h85773f4fa117163d
[INFO] [stdout]   10:     0x559f7d95db5d - std::panicking::default_hook::h6a1694a91d09b278
[INFO] [stdout]                                at /rustc/0e09125c6c3c2fd70d7de961bcf0e51575235fad/library/std/src/panicking.rs:289:9
[INFO] [stdout]   11:     0x559f7d1fa267 - <alloc::boxed::Box<F,A> as core::ops::function::Fn<Args>>::call::h616ac37fa3cd6c8f
[INFO] [stdout]                                at /rustc/0e09125c6c3c2fd70d7de961bcf0e51575235fad/library/alloc/src/boxed.rs:2029:9
[INFO] [stdout]   12:     0x559f7d1fa267 - test::test_main::{{closure}}::h00d84697cefdcbb6
[INFO] [stdout]                                at /rustc/0e09125c6c3c2fd70d7de961bcf0e51575235fad/library/test/src/lib.rs:138:21
[INFO] [stdout]   13:     0x559f7d95e496 - <alloc::boxed::Box<F,A> as core::ops::function::Fn<Args>>::call::hcb3fe3b9bb537ba8
[INFO] [stdout]                                at /rustc/0e09125c6c3c2fd70d7de961bcf0e51575235fad/library/alloc/src/boxed.rs:2029:9
[INFO] [stdout]   14:     0x559f7d95e496 - std::panicking::rust_panic_with_hook::h0a7ad96e90f7145b
[INFO] [stdout]                                at /rustc/0e09125c6c3c2fd70d7de961bcf0e51575235fad/library/std/src/panicking.rs:783:13
[INFO] [stdout]   15:     0x559f7d95e1a9 - std::panicking::begin_panic_handler::{{closure}}::h7919090525c6485e
[INFO] [stdout]                                at /rustc/0e09125c6c3c2fd70d7de961bcf0e51575235fad/library/std/src/panicking.rs:649:13
[INFO] [stdout]   16:     0x559f7d95c826 - std::sys_common::backtrace::__rust_end_short_backtrace::hf3289479464f7dfe
[INFO] [stdout]                                at /rustc/0e09125c6c3c2fd70d7de961bcf0e51575235fad/library/std/src/sys_common/backtrace.rs:171:18
[INFO] [stdout]   17:     0x559f7d95df40 - rust_begin_unwind
[INFO] [stdout]                                at /rustc/0e09125c6c3c2fd70d7de961bcf0e51575235fad/library/std/src/panicking.rs:645:5
[INFO] [stdout]   18:     0x559f7d08d8d5 - core::panicking::panic_fmt::hcc9f77c5c132af55
[INFO] [stdout]                                at /rustc/0e09125c6c3c2fd70d7de961bcf0e51575235fad/library/core/src/panicking.rs:72:14
[INFO] [stdout]   19:     0x559f7d08d993 - core::panicking::panic::h5a1259c1164bd480
[INFO] [stdout]                                at /rustc/0e09125c6c3c2fd70d7de961bcf0e51575235fad/library/core/src/panicking.rs:144:5
[INFO] [stdout]   20:     0x559f7d133536 - gh_trs::trs::api::tests::test_get_request_not_found::hd98de7b79e681067
[INFO] [stdout]                                at /opt/rustwide/workdir/src/trs/api.rs:176:9
[INFO] [stdout]   21:     0x559f7d1331e7 - gh_trs::trs::api::tests::test_get_request_not_found::{{closure}}::h85730030ab1ba908
[INFO] [stdout]                                at /opt/rustwide/workdir/src/trs/api.rs:172:40
[INFO] [stdout]   22:     0x559f7d110a86 - core::ops::function::FnOnce::call_once::hf9567869a374441b
[INFO] [stdout]                                at /rustc/0e09125c6c3c2fd70d7de961bcf0e51575235fad/library/core/src/ops/function.rs:250:5
[INFO] [stdout]   23:     0x559f7d1ffb3f - core::ops::function::FnOnce::call_once::hd64d26f405258157
[INFO] [stdout]                                at /rustc/0e09125c6c3c2fd70d7de961bcf0e51575235fad/library/core/src/ops/function.rs:250:5
[INFO] [stdout]   24:     0x559f7d1ffb3f - test::__rust_begin_short_backtrace::he21b0b7a6d731bf9
[INFO] [stdout]                                at /rustc/0e09125c6c3c2fd70d7de961bcf0e51575235fad/library/test/src/lib.rs:627:18
[INFO] [stdout]   25:     0x559f7d1fe8c1 - test::run_test_in_process::{{closure}}::hf5c73986d7bdfde2
[INFO] [stdout]                                at /rustc/0e09125c6c3c2fd70d7de961bcf0e51575235fad/library/test/src/lib.rs:650:60
[INFO] [stdout]   26:     0x559f7d1fe8c1 - <core::panic::unwind_safe::AssertUnwindSafe<F> as core::ops::function::FnOnce<()>>::call_once::h330011ad032aadc0
[INFO] [stdout]                                at /rustc/0e09125c6c3c2fd70d7de961bcf0e51575235fad/library/core/src/panic/unwind_safe.rs:272:9
[INFO] [stdout]   27:     0x559f7d1fe8c1 - std::panicking::try::do_call::he61b0a958b795a41
[INFO] [stdout]                                at /rustc/0e09125c6c3c2fd70d7de961bcf0e51575235fad/library/std/src/panicking.rs:552:40
[INFO] [stdout]   28:     0x559f7d1fe8c1 - std::panicking::try::h7309da130f906eb7
[INFO] [stdout]                                at /rustc/0e09125c6c3c2fd70d7de961bcf0e51575235fad/library/std/src/panicking.rs:516:19
[INFO] [stdout]   29:     0x559f7d1fe8c1 - std::panic::catch_unwind::hc5c3a06fdaf0a92a
[INFO] [stdout]                                at /rustc/0e09125c6c3c2fd70d7de961bcf0e51575235fad/library/std/src/panic.rs:142:14
[INFO] [stdout]   30:     0x559f7d1fe8c1 - test::run_test_in_process::h7e7b7c71c3324e0f
[INFO] [stdout]                                at /rustc/0e09125c6c3c2fd70d7de961bcf0e51575235fad/library/test/src/lib.rs:650:27
[INFO] [stdout]   31:     0x559f7d1fe8c1 - test::run_test::{{closure}}::h1f509f28f5cf20b1
[INFO] [stdout]                                at /rustc/0e09125c6c3c2fd70d7de961bcf0e51575235fad/library/test/src/lib.rs:573:43
[INFO] [stdout]   32:     0x559f7d1c5bf6 - test::run_test::{{closure}}::h1754218abf443f6d
[INFO] [stdout]                                at /rustc/0e09125c6c3c2fd70d7de961bcf0e51575235fad/library/test/src/lib.rs:601:41
[INFO] [stdout]   33:     0x559f7d1c5bf6 - std::sys_common::backtrace::__rust_begin_short_backtrace::h2ee174b9d5954948
[INFO] [stdout]                                at /rustc/0e09125c6c3c2fd70d7de961bcf0e51575235fad/library/std/src/sys_common/backtrace.rs:155:18
[INFO] [stdout]   34:     0x559f7d1cac57 - std::thread::Builder::spawn_unchecked_::{{closure}}::{{closure}}::hf60bee9c1a17ef09
[INFO] [stdout]                                at /rustc/0e09125c6c3c2fd70d7de961bcf0e51575235fad/library/std/src/thread/mod.rs:529:17
[INFO] [stdout]   35:     0x559f7d1cac57 - <core::panic::unwind_safe::AssertUnwindSafe<F> as core::ops::function::FnOnce<()>>::call_once::h33d0dddec5216160
[INFO] [stdout]                                at /rustc/0e09125c6c3c2fd70d7de961bcf0e51575235fad/library/core/src/panic/unwind_safe.rs:272:9
[INFO] [stdout]   36:     0x559f7d1cac57 - std::panicking::try::do_call::h144b3048b546f835
[INFO] [stdout]                                at /rustc/0e09125c6c3c2fd70d7de961bcf0e51575235fad/library/std/src/panicking.rs:552:40
[INFO] [stdout]   37:     0x559f7d1cac57 - std::panicking::try::h978244d04646189f
[INFO] [stdout]                                at /rustc/0e09125c6c3c2fd70d7de961bcf0e51575235fad/library/std/src/panicking.rs:516:19
[INFO] [stdout]   38:     0x559f7d1cac57 - std::panic::catch_unwind::hdf436369d188fe86
[INFO] [stdout]                                at /rustc/0e09125c6c3c2fd70d7de961bcf0e51575235fad/library/std/src/panic.rs:142:14
[INFO] [stdout]   39:     0x559f7d1cac57 - std::thread::Builder::spawn_unchecked_::{{closure}}::h87329cbdd33c79ec
[INFO] [stdout]                                at /rustc/0e09125c6c3c2fd70d7de961bcf0e51575235fad/library/std/src/thread/mod.rs:528:30
[INFO] [stdout]   40:     0x559f7d1cac57 - core::ops::function::FnOnce::call_once{{vtable.shim}}::h401abbe67897d450
[INFO] [stdout]                                at /rustc/0e09125c6c3c2fd70d7de961bcf0e51575235fad/library/core/src/ops/function.rs:250:5
[INFO] [stdout]   41:     0x559f7d963345 - <alloc::boxed::Box<F,A> as core::ops::function::FnOnce<Args>>::call_once::h5d7c8f150ab9c84c
[INFO] [stdout]                                at /rustc/0e09125c6c3c2fd70d7de961bcf0e51575235fad/library/alloc/src/boxed.rs:2015:9
[INFO] [stdout]   42:     0x559f7d963345 - <alloc::boxed::Box<F,A> as core::ops::function::FnOnce<Args>>::call_once::h570d5b005c242c15
[INFO] [stdout]                                at /rustc/0e09125c6c3c2fd70d7de961bcf0e51575235fad/library/alloc/src/boxed.rs:2015:9
[INFO] [stdout]   43:     0x559f7d963345 - std::sys::unix::thread::Thread::new::thread_start::h36b0a20c0b2361ad
[INFO] [stdout]                                at /rustc/0e09125c6c3c2fd70d7de961bcf0e51575235fad/library/std/src/sys/unix/thread.rs:108:17
[INFO] [stdout]   44:     0x7f79aa44aac3 - <unknown>
[INFO] [stdout]   45:     0x7f79aa4dbbf4 - __clone
[INFO] [stdout]   46:                0x0 - <unknown>
[INFO] [stdout] 
[INFO] [stdout] ---- inspect::tests::test_inspect_wf_type_version_wdl stdout ----
[INFO] [stdout] Error: error sending request for url (https://raw.githubusercontent.com/suecharo/gh-trs/main/tests/WDL/wf/dockstore-tool-bamstats.wdl): error trying to connect: dns error: failed to lookup address information: Temporary failure in name resolution
[INFO] [stdout] 
[INFO] [stdout] Caused by:
[INFO] [stdout]     0: error trying to connect: dns error: failed to lookup address information: Temporary failure in name resolution
[INFO] [stdout]     1: dns error: failed to lookup address information: Temporary failure in name resolution
[INFO] [stdout]     2: failed to lookup address information: Temporary failure in name resolution
[INFO] [stdout] 
[INFO] [stdout] ---- inspect::tests::test_inspect_wf_type_version_nfl stdout ----
[INFO] [stdout] Error: error sending request for url (https://raw.githubusercontent.com/suecharo/gh-trs/main/tests/NFL/wf/file_input.nf): error trying to connect: dns error: failed to lookup address information: Temporary failure in name resolution
[INFO] [stdout] 
[INFO] [stdout] Caused by:
[INFO] [stdout]     0: error trying to connect: dns error: failed to lookup address information: Temporary failure in name resolution
[INFO] [stdout]     1: dns error: failed to lookup address information: Temporary failure in name resolution
[INFO] [stdout]     2: failed to lookup address information: Temporary failure in name resolution
[INFO] [stdout] 
[INFO] [stdout] ---- inspect::tests::test_inspect_wf_type_version_smk stdout ----
[INFO] [stdout] Error: error sending request for url (https://raw.githubusercontent.com/suecharo/gh-trs/main/tests/SMK/wf/Snakefile): error trying to connect: dns error: failed to lookup address information: Temporary failure in name resolution
[INFO] [stdout] 
[INFO] [stdout] Caused by:
[INFO] [stdout]     0: error trying to connect: dns error: failed to lookup address information: Temporary failure in name resolution
[INFO] [stdout]     1: dns error: failed to lookup address information: Temporary failure in name resolution
[INFO] [stdout]     2: failed to lookup address information: Temporary failure in name resolution
[INFO] [stdout] 
[INFO] [stdout] ---- trs::response::tests::test_generate_files stdout ----
[INFO] [stdout] thread 'trs::response::tests::test_generate_files' panicked at src/trs/response.rs:300:9:
[INFO] [stdout] assertion `left == right` failed
[INFO] [stdout]   left: [ToolFile { path: Some(Url { scheme: "https", cannot_be_a_base: false, username: "", password: None, host: Some(Domain("raw.githubusercontent.com")), port: None, path: "/suecharo/gh-trs/458d0524e667f2442a5effb730b523c1f15748d4/tests/CWL/wf/fastqc.cwl", query: None, fragment: None }), file_type: Some(SecondaryDescriptor), checksum: None }, ToolFile { path: Some(Url { scheme: "https", cannot_be_a_base: false, username: "", password: None, host: Some(Domain("raw.githubusercontent.com")), port: None, path: "/suecharo/gh-trs/458d0524e667f2442a5effb730b523c1f15748d4/tests/CWL/wf/trimming_and_qc.cwl", query: None, fragment: None }), file_type: Some(PrimaryDescriptor), checksum: None }, ToolFile { path: Some(Url { scheme: "https", cannot_be_a_base: false, username: "", password: None, host: Some(Domain("raw.githubusercontent.com")), port: None, path: "/suecharo/gh-trs/458d0524e667f2442a5effb730b523c1f15748d4/tests/CWL/wf/trimmomatic_pe.cwl", query: None, fragment: None }), file_type: Some(SecondaryDescriptor), checksum: None }]
[INFO] [stdout]  right: [ToolFile { path: Some(Url { scheme: "https", cannot_be_a_base: false, username: "", password: None, host: Some(Domain("raw.githubusercontent.com")), port: None, path: "/suecharo/gh-trs/458d0524e667f2442a5effb730b523c1f15748d4/tests/CWL/wf/fastqc.cwl", query: None, fragment: None }), file_type: Some(SecondaryDescriptor), checksum: Some(Checksum { checksum: "1bd771a51336a782b695db8334872e00f305cd7c49c4978e7e58786ea4714437", type: "sha256" }) }, ToolFile { path: Some(Url { scheme: "https", cannot_be_a_base: false, username: "", password: None, host: Some(Domain("raw.githubusercontent.com")), port: None, path: "/suecharo/gh-trs/458d0524e667f2442a5effb730b523c1f15748d4/tests/CWL/wf/trimming_and_qc.cwl", query: None, fragment: None }), file_type: Some(PrimaryDescriptor), checksum: Some(Checksum { checksum: "33ef70b2d5ee38cb394c5ca6354243f44a85118271026eb9fc61365a703e730b", type: "sha256" }) }, ToolFile { path: Some(Url { scheme: "https", cannot_be_a_base: false, username: "", password: None, host: Some(Domain("raw.githubusercontent.com")), port: None, path: "/suecharo/gh-trs/458d0524e667f2442a5effb730b523c1f15748d4/tests/CWL/wf/trimmomatic_pe.cwl", query: None, fragment: None }), file_type: Some(SecondaryDescriptor), checksum: Some(Checksum { checksum: "531d0a38116347cade971c211056334f7cae48e1293e2bb0e334894e55636f8e", type: "sha256" }) }]
[INFO] [stdout] stack backtrace:
[INFO] [stdout]    0:     0x559f7d95c326 - std::backtrace_rs::backtrace::libunwind::trace::h261606ad26a499c1
[INFO] [stdout]                                at /rustc/0e09125c6c3c2fd70d7de961bcf0e51575235fad/library/std/src/../../backtrace/src/backtrace/libunwind.rs:104:5
[INFO] [stdout]    1:     0x559f7d95c326 - std::backtrace_rs::backtrace::trace_unsynchronized::hd183f0625477fb28
[INFO] [stdout]                                at /rustc/0e09125c6c3c2fd70d7de961bcf0e51575235fad/library/std/src/../../backtrace/src/backtrace/mod.rs:66:5
[INFO] [stdout]    2:     0x559f7d95c326 - std::sys_common::backtrace::_print_fmt::hd7f8fef21b4eda67
[INFO] [stdout]                                at /rustc/0e09125c6c3c2fd70d7de961bcf0e51575235fad/library/std/src/sys_common/backtrace.rs:68:5
[INFO] [stdout]    3:     0x559f7d95c326 - <std::sys_common::backtrace::_print::DisplayBacktrace as core::fmt::Display>::fmt::h623d9b51f2f453f1
[INFO] [stdout]                                at /rustc/0e09125c6c3c2fd70d7de961bcf0e51575235fad/library/std/src/sys_common/backtrace.rs:44:22
[INFO] [stdout]    4:     0x559f7d989e80 - core::fmt::rt::Argument::fmt::h9f417ac76a86f368
[INFO] [stdout]                                at /rustc/0e09125c6c3c2fd70d7de961bcf0e51575235fad/library/core/src/fmt/rt.rs:142:9
[INFO] [stdout]    5:     0x559f7d989e80 - core::fmt::write::hc9b6faf4ac2aeff7
[INFO] [stdout]                                at /rustc/0e09125c6c3c2fd70d7de961bcf0e51575235fad/library/core/src/fmt/mod.rs:1120:17
[INFO] [stdout]    6:     0x559f7d95897f - std::io::Write::write_fmt::he04625a3a989fec3
[INFO] [stdout]                                at /rustc/0e09125c6c3c2fd70d7de961bcf0e51575235fad/library/std/src/io/mod.rs:1810:15
[INFO] [stdout]    7:     0x559f7d95c104 - std::sys_common::backtrace::_print::hd5d66399c7df88a2
[INFO] [stdout]                                at /rustc/0e09125c6c3c2fd70d7de961bcf0e51575235fad/library/std/src/sys_common/backtrace.rs:47:5
[INFO] [stdout]    8:     0x559f7d95c104 - std::sys_common::backtrace::print::he81ed2da642d37e5
[INFO] [stdout]                                at /rustc/0e09125c6c3c2fd70d7de961bcf0e51575235fad/library/std/src/sys_common/backtrace.rs:34:9
[INFO] [stdout]    9:     0x559f7d95de77 - std::panicking::default_hook::{{closure}}::h85773f4fa117163d
[INFO] [stdout]   10:     0x559f7d95db5d - std::panicking::default_hook::h6a1694a91d09b278
[INFO] [stdout]                                at /rustc/0e09125c6c3c2fd70d7de961bcf0e51575235fad/library/std/src/panicking.rs:289:9
[INFO] [stdout]   11:     0x559f7d1fa267 - <alloc::boxed::Box<F,A> as core::ops::function::Fn<Args>>::call::h616ac37fa3cd6c8f
[INFO] [stdout]                                at /rustc/0e09125c6c3c2fd70d7de961bcf0e51575235fad/library/alloc/src/boxed.rs:2029:9
[INFO] [stdout]   12:     0x559f7d1fa267 - test::test_main::{{closure}}::h00d84697cefdcbb6
[INFO] [stdout]                                at /rustc/0e09125c6c3c2fd70d7de961bcf0e51575235fad/library/test/src/lib.rs:138:21
[INFO] [stdout]   13:     0x559f7d95e496 - <alloc::boxed::Box<F,A> as core::ops::function::Fn<Args>>::call::hcb3fe3b9bb537ba8
[INFO] [stdout]                                at /rustc/0e09125c6c3c2fd70d7de961bcf0e51575235fad/library/alloc/src/boxed.rs:2029:9
[INFO] [stdout]   14:     0x559f7d95e496 - std::panicking::rust_panic_with_hook::h0a7ad96e90f7145b
[INFO] [stdout]                                at /rustc/0e09125c6c3c2fd70d7de961bcf0e51575235fad/library/std/src/panicking.rs:783:13
[INFO] [stdout]   15:     0x559f7d95e1e2 - std::panicking::begin_panic_handler::{{closure}}::h7919090525c6485e
[INFO] [stdout]                                at /rustc/0e09125c6c3c2fd70d7de961bcf0e51575235fad/library/std/src/panicking.rs:657:13
[INFO] [stdout]   16:     0x559f7d95c826 - std::sys_common::backtrace::__rust_end_short_backtrace::hf3289479464f7dfe
[INFO] [stdout]                                at /rustc/0e09125c6c3c2fd70d7de961bcf0e51575235fad/library/std/src/sys_common/backtrace.rs:171:18
[INFO] [stdout]   17:     0x559f7d95df40 - rust_begin_unwind
[INFO] [stdout]                                at /rustc/0e09125c6c3c2fd70d7de961bcf0e51575235fad/library/std/src/panicking.rs:645:5
[INFO] [stdout]   18:     0x559f7d08d8d5 - core::panicking::panic_fmt::hcc9f77c5c132af55
[INFO] [stdout]                                at /rustc/0e09125c6c3c2fd70d7de961bcf0e51575235fad/library/core/src/panicking.rs:72:14
[INFO] [stdout]   19:     0x559f7d08dd4b - core::panicking::assert_failed_inner::h9f13e27dd63c3a08
[INFO] [stdout]                                at /rustc/0e09125c6c3c2fd70d7de961bcf0e51575235fad/library/core/src/panicking.rs:342:17
[INFO] [stdout]   20:     0x559f7d13587e - core::panicking::assert_failed::hc59ad4b7803b9634
[INFO] [stdout]                                at /rustc/0e09125c6c3c2fd70d7de961bcf0e51575235fad/library/core/src/panicking.rs:297:5
[INFO] [stdout]   21:     0x559f7d169226 - gh_trs::trs::response::tests::test_generate_files::hcffc03c2c6566bfe
[INFO] [stdout]                                at /opt/rustwide/workdir/src/trs/response.rs:300:9
[INFO] [stdout]   22:     0x559f7d168ec7 - gh_trs::trs::response::tests::test_generate_files::{{closure}}::h9d411f3ebafff902
[INFO] [stdout]                                at /opt/rustwide/workdir/src/trs/response.rs:268:33
[INFO] [stdout]   23:     0x559f7d110066 - core::ops::function::FnOnce::call_once::h9f947f5a817fb381
[INFO] [stdout]                                at /rustc/0e09125c6c3c2fd70d7de961bcf0e51575235fad/library/core/src/ops/function.rs:250:5
[INFO] [stdout]   24:     0x559f7d1ffb3f - core::ops::function::FnOnce::call_once::hd64d26f405258157
[INFO] [stdout]                                at /rustc/0e09125c6c3c2fd70d7de961bcf0e51575235fad/library/core/src/ops/function.rs:250:5
[INFO] [stdout]   25:     0x559f7d1ffb3f - test::__rust_begin_short_backtrace::he21b0b7a6d731bf9
[INFO] [stdout]                                at /rustc/0e09125c6c3c2fd70d7de961bcf0e51575235fad/library/test/src/lib.rs:627:18
[INFO] [stdout]   26:     0x559f7d1fe8c1 - test::run_test_in_process::{{closure}}::hf5c73986d7bdfde2
[INFO] [stdout]                                at /rustc/0e09125c6c3c2fd70d7de961bcf0e51575235fad/library/test/src/lib.rs:650:60
[INFO] [stdout]   27:     0x559f7d1fe8c1 - <core::panic::unwind_safe::AssertUnwindSafe<F> as core::ops::function::FnOnce<()>>::call_once::h330011ad032aadc0
[INFO] [stdout]                                at /rustc/0e09125c6c3c2fd70d7de961bcf0e51575235fad/library/core/src/panic/unwind_safe.rs:272:9
[INFO] [stdout]   28:     0x559f7d1fe8c1 - std::panicking::try::do_call::he61b0a958b795a41
[INFO] [stdout]                                at /rustc/0e09125c6c3c2fd70d7de961bcf0e51575235fad/library/std/src/panicking.rs:552:40
[INFO] [stdout]   29:     0x559f7d1fe8c1 - std::panicking::try::h7309da130f906eb7
[INFO] [stdout]                                at /rustc/0e09125c6c3c2fd70d7de961bcf0e51575235fad/library/std/src/panicking.rs:516:19
[INFO] [stdout]   30:     0x559f7d1fe8c1 - std::panic::catch_unwind::hc5c3a06fdaf0a92a
[INFO] [stdout]                                at /rustc/0e09125c6c3c2fd70d7de961bcf0e51575235fad/library/std/src/panic.rs:142:14
[INFO] [stdout]   31:     0x559f7d1fe8c1 - test::run_test_in_process::h7e7b7c71c3324e0f
[INFO] [stdout]                                at /rustc/0e09125c6c3c2fd70d7de961bcf0e51575235fad/library/test/src/lib.rs:650:27
[INFO] [stdout]   32:     0x559f7d1fe8c1 - test::run_test::{{closure}}::h1f509f28f5cf20b1
[INFO] [stdout]                                at /rustc/0e09125c6c3c2fd70d7de961bcf0e51575235fad/library/test/src/lib.rs:573:43
[INFO] [stdout]   33:     0x559f7d1c5bf6 - test::run_test::{{closure}}::h1754218abf443f6d
[INFO] [stdout]                                at /rustc/0e09125c6c3c2fd70d7de961bcf0e51575235fad/library/test/src/lib.rs:601:41
[INFO] [stdout]   34:     0x559f7d1c5bf6 - std::sys_common::backtrace::__rust_begin_short_backtrace::h2ee174b9d5954948
[INFO] [stdout]                                at /rustc/0e09125c6c3c2fd70d7de961bcf0e51575235fad/library/std/src/sys_common/backtrace.rs:155:18
[INFO] [stdout]   35:     0x559f7d1cac57 - std::thread::Builder::spawn_unchecked_::{{closure}}::{{closure}}::hf60bee9c1a17ef09
[INFO] [stdout]                                at /rustc/0e09125c6c3c2fd70d7de961bcf0e51575235fad/library/std/src/thread/mod.rs:529:17
[INFO] [stdout]   36:     0x559f7d1cac57 - <core::panic::unwind_safe::AssertUnwindSafe<F> as core::ops::function::FnOnce<()>>::call_once::h33d0dddec5216160
[INFO] [stdout]                                at /rustc/0e09125c6c3c2fd70d7de961bcf0e51575235fad/library/core/src/panic/unwind_safe.rs:272:9
[INFO] [stdout]   37:     0x559f7d1cac57 - std::panicking::try::do_call::h144b3048b546f835
[INFO] [stdout]                                at /rustc/0e09125c6c3c2fd70d7de961bcf0e51575235fad/library/std/src/panicking.rs:552:40
[INFO] [stdout]   38:     0x559f7d1cac57 - std::panicking::try::h978244d04646189f
[INFO] [stdout]                                at /rustc/0e09125c6c3c2fd70d7de961bcf0e51575235fad/library/std/src/panicking.rs:516:19
[INFO] [stdout]   39:     0x559f7d1cac57 - std::panic::catch_unwind::hdf436369d188fe86
[INFO] [stdout]                                at /rustc/0e09125c6c3c2fd70d7de961bcf0e51575235fad/library/std/src/panic.rs:142:14
[INFO] [stdout]   40:     0x559f7d1cac57 - std::thread::Builder::spawn_unchecked_::{{closure}}::h87329cbdd33c79ec
[INFO] [stdout]                                at /rustc/0e09125c6c3c2fd70d7de961bcf0e51575235fad/library/std/src/thread/mod.rs:528:30
[INFO] [stdout]   41:     0x559f7d1cac57 - core::ops::function::FnOnce::call_once{{vtable.shim}}::h401abbe67897d450
[INFO] [stdout]                                at /rustc/0e09125c6c3c2fd70d7de961bcf0e51575235fad/library/core/src/ops/function.rs:250:5
[INFO] [stdout]   42:     0x559f7d963345 - <alloc::boxed::Box<F,A> as core::ops::function::FnOnce<Args>>::call_once::h5d7c8f150ab9c84c
[INFO] [stdout]                                at /rustc/0e09125c6c3c2fd70d7de961bcf0e51575235fad/library/alloc/src/boxed.rs:2015:9
[INFO] [stdout]   43:     0x559f7d963345 - <alloc::boxed::Box<F,A> as core::ops::function::FnOnce<Args>>::call_once::h570d5b005c242c15
[INFO] [stdout]                                at /rustc/0e09125c6c3c2fd70d7de961bcf0e51575235fad/library/alloc/src/boxed.rs:2015:9
[INFO] [stdout]   44:     0x559f7d963345 - std::sys::unix::thread::Thread::new::thread_start::h36b0a20c0b2361ad
[INFO] [stdout]                                at /rustc/0e09125c6c3c2fd70d7de961bcf0e51575235fad/library/std/src/sys/unix/thread.rs:108:17
[INFO] [stdout]   45:     0x7f79aa44aac3 - <unknown>
[INFO] [stdout]   46:     0x7f79aa4dbbf4 - __clone
[INFO] [stdout]   47:                0x0 - <unknown>
[INFO] [stdout] 
[INFO] [stdout] 
[INFO] [stdout] failures:
[INFO] [stdout]     command::make_template::tests::test_obtain_wf_files
[INFO] [stdout]     github_api::tests::test_get_author_info
[INFO] [stdout]     github_api::tests::test_get_default_branch
[INFO] [stdout]     github_api::tests::test_get_default_branch_with_memo
[INFO] [stdout]     github_api::tests::test_get_file_list_recursive
[INFO] [stdout]     github_api::tests::test_get_file_list_recursive_with_dir
[INFO] [stdout]     github_api::tests::test_get_latest_commit_sha
[INFO] [stdout]     github_api::tests::test_get_latest_commit_sha_with_memo
[INFO] [stdout]     github_api::tests::test_get_readme_url
[INFO] [stdout]     inspect::tests::test_inspect_wf_type_version_cwl
[INFO] [stdout]     inspect::tests::test_inspect_wf_type_version_nfl
[INFO] [stdout]     inspect::tests::test_inspect_wf_type_version_smk
[INFO] [stdout]     inspect::tests::test_inspect_wf_type_version_wdl
[INFO] [stdout]     raw_url::tests::test_base_dir
[INFO] [stdout]     raw_url::tests::test_raw_url
[INFO] [stdout]     raw_url::tests::test_raw_url_invalid_host
[INFO] [stdout]     raw_url::tests::test_raw_url_invalid_path
[INFO] [stdout]     raw_url::tests::test_raw_url_invalid_url
[INFO] [stdout]     raw_url::tests::test_to_base_url
[INFO] [stdout]     raw_url::tests::test_to_url
[INFO] [stdout]     remote::tests::test_fetch_raw_content
[INFO] [stdout]     trs::api::tests::test_get_request_not_found
[INFO] [stdout]     trs::response::tests::test_generate_files
[INFO] [stdout]     wes::tests::test_check_wes_running
[INFO] [stdout]     wes::tests::test_get_supported_wes_versions
[INFO] [stdout]     wes::tests::test_post_run
[INFO] [stdout]     wes::tests::test_start_wes
[INFO] [stdout]     wes::tests::test_stop_wes
[INFO] [stdout] 
[INFO] [stdout] test result: FAILED. 24 passed; 28 failed; 1 ignored; 0 measured; 0 filtered out; finished in 1.76s
[INFO] [stdout] 
[INFO] [stderr] error: test failed, to rerun pass `--lib`
[INFO] running `Command { std: "docker" "inspect" "66ea71e50a1717c4337b89bce33248655ac3bcf3111997f9e79c97251e6e82e2", kill_on_drop: false }`
[INFO] running `Command { std: "docker" "rm" "-f" "66ea71e50a1717c4337b89bce33248655ac3bcf3111997f9e79c97251e6e82e2", kill_on_drop: false }`
[INFO] [stdout] 66ea71e50a1717c4337b89bce33248655ac3bcf3111997f9e79c97251e6e82e2
