[INFO] fetching crate gets 0.0.1...
[INFO] testing gets-0.0.1 against 1.75.0 for beta-1.76-1
[INFO] extracting crate gets 0.0.1 into /workspace/builds/worker-7-tc1/source
[INFO] validating manifest of crates.io crate gets 0.0.1 on toolchain 1.75.0
[INFO] running `Command { std: CARGO_HOME="/workspace/cargo-home" RUSTUP_HOME="/workspace/rustup-home" "/workspace/cargo-home/bin/cargo" "+1.75.0" "metadata" "--manifest-path" "Cargo.toml" "--no-deps", kill_on_drop: false }`
[INFO] started tweaking crates.io crate gets 0.0.1
[INFO] finished tweaking crates.io crate gets 0.0.1
[INFO] tweaked toml for crates.io crate gets 0.0.1 written to /workspace/builds/worker-7-tc1/source/Cargo.toml
[INFO] crate crates.io crate gets 0.0.1 already has a lockfile, it will not be regenerated
[INFO] running `Command { std: CARGO_HOME="/workspace/cargo-home" RUSTUP_HOME="/workspace/rustup-home" "/workspace/cargo-home/bin/cargo" "+1.75.0" "fetch" "--manifest-path" "Cargo.toml", kill_on_drop: false }`
[INFO] running `Command { std: "docker" "create" "-v" "/var/lib/crater-agent-workspace/builds/worker-7-tc1/target:/opt/rustwide/target:rw,Z" "-v" "/var/lib/crater-agent-workspace/builds/worker-7-tc1/source:/opt/rustwide/workdir:ro,Z" "-v" "/var/lib/crater-agent-workspace/cargo-home:/opt/rustwide/cargo-home:ro,Z" "-v" "/var/lib/crater-agent-workspace/rustup-home:/opt/rustwide/rustup-home:ro,Z" "-e" "SOURCE_DIR=/opt/rustwide/workdir" "-e" "CARGO_TARGET_DIR=/opt/rustwide/target" "-e" "CARGO_HOME=/opt/rustwide/cargo-home" "-e" "RUSTUP_HOME=/opt/rustwide/rustup-home" "-w" "/opt/rustwide/workdir" "-m" "1610612736" "--user" "0:0" "--network" "none" "ghcr.io/rust-lang/crates-build-env/linux@sha256:2788e3201cd34a07e3172128adcd8b3090168a8e3bcc40d7c032b9dda1df7d1c" "/opt/rustwide/cargo-home/bin/cargo" "+1.75.0" "metadata" "--no-deps" "--format-version=1", kill_on_drop: false }`
[INFO] [stdout] 800f3099e99c415ccfd5516fd86abff66c2c507a7bbe3fde4f75adea9699c704
[INFO] running `Command { std: "docker" "start" "-a" "800f3099e99c415ccfd5516fd86abff66c2c507a7bbe3fde4f75adea9699c704", kill_on_drop: false }`
[INFO] running `Command { std: "docker" "inspect" "800f3099e99c415ccfd5516fd86abff66c2c507a7bbe3fde4f75adea9699c704", kill_on_drop: false }`
[INFO] running `Command { std: "docker" "rm" "-f" "800f3099e99c415ccfd5516fd86abff66c2c507a7bbe3fde4f75adea9699c704", kill_on_drop: false }`
[INFO] [stdout] 800f3099e99c415ccfd5516fd86abff66c2c507a7bbe3fde4f75adea9699c704
[INFO] running `Command { std: "docker" "create" "-v" "/var/lib/crater-agent-workspace/builds/worker-7-tc1/target:/opt/rustwide/target:rw,Z" "-v" "/var/lib/crater-agent-workspace/builds/worker-7-tc1/source:/opt/rustwide/workdir:ro,Z" "-v" "/var/lib/crater-agent-workspace/cargo-home:/opt/rustwide/cargo-home:ro,Z" "-v" "/var/lib/crater-agent-workspace/rustup-home:/opt/rustwide/rustup-home:ro,Z" "-e" "SOURCE_DIR=/opt/rustwide/workdir" "-e" "CARGO_TARGET_DIR=/opt/rustwide/target" "-e" "CARGO_INCREMENTAL=0" "-e" "RUST_BACKTRACE=full" "-e" "RUSTFLAGS=--cap-lints=warn" "-e" "RUSTDOCFLAGS=--cap-lints=warn" "-e" "CARGO_HOME=/opt/rustwide/cargo-home" "-e" "RUSTUP_HOME=/opt/rustwide/rustup-home" "-w" "/opt/rustwide/workdir" "-m" "1610612736" "--user" "0:0" "--network" "none" "ghcr.io/rust-lang/crates-build-env/linux@sha256:2788e3201cd34a07e3172128adcd8b3090168a8e3bcc40d7c032b9dda1df7d1c" "/opt/rustwide/cargo-home/bin/cargo" "+1.75.0" "build" "--frozen" "--message-format=json", kill_on_drop: false }`
[INFO] [stdout] 6725bf072068344e471462ebf8675c302bbcf5911b4c051bac63361366515a1c
[INFO] running `Command { std: "docker" "start" "-a" "6725bf072068344e471462ebf8675c302bbcf5911b4c051bac63361366515a1c", kill_on_drop: false }`
[INFO] [stderr]    Compiling gets v0.0.1 (/opt/rustwide/workdir)
[INFO] [stderr]     Finished dev [unoptimized + debuginfo] target(s) in 0.06s
[INFO] running `Command { std: "docker" "inspect" "6725bf072068344e471462ebf8675c302bbcf5911b4c051bac63361366515a1c", kill_on_drop: false }`
[INFO] running `Command { std: "docker" "rm" "-f" "6725bf072068344e471462ebf8675c302bbcf5911b4c051bac63361366515a1c", kill_on_drop: false }`
[INFO] [stdout] 6725bf072068344e471462ebf8675c302bbcf5911b4c051bac63361366515a1c
[INFO] running `Command { std: "docker" "create" "-v" "/var/lib/crater-agent-workspace/builds/worker-7-tc1/target:/opt/rustwide/target:rw,Z" "-v" "/var/lib/crater-agent-workspace/builds/worker-7-tc1/source:/opt/rustwide/workdir:ro,Z" "-v" "/var/lib/crater-agent-workspace/cargo-home:/opt/rustwide/cargo-home:ro,Z" "-v" "/var/lib/crater-agent-workspace/rustup-home:/opt/rustwide/rustup-home:ro,Z" "-e" "SOURCE_DIR=/opt/rustwide/workdir" "-e" "CARGO_TARGET_DIR=/opt/rustwide/target" "-e" "CARGO_INCREMENTAL=0" "-e" "RUST_BACKTRACE=full" "-e" "RUSTFLAGS=--cap-lints=warn" "-e" "RUSTDOCFLAGS=--cap-lints=warn" "-e" "CARGO_HOME=/opt/rustwide/cargo-home" "-e" "RUSTUP_HOME=/opt/rustwide/rustup-home" "-w" "/opt/rustwide/workdir" "-m" "1610612736" "--user" "0:0" "--network" "none" "ghcr.io/rust-lang/crates-build-env/linux@sha256:2788e3201cd34a07e3172128adcd8b3090168a8e3bcc40d7c032b9dda1df7d1c" "/opt/rustwide/cargo-home/bin/cargo" "+1.75.0" "test" "--frozen" "--no-run" "--message-format=json", kill_on_drop: false }`
[INFO] [stdout] 738ece182f1c5ebd70ada6a8bb5af4e14b1e627f39178207dac5c48119bcc09f
[INFO] running `Command { std: "docker" "start" "-a" "738ece182f1c5ebd70ada6a8bb5af4e14b1e627f39178207dac5c48119bcc09f", kill_on_drop: false }`
[INFO] [stderr]    Compiling gets v0.0.1 (/opt/rustwide/workdir)
[INFO] [stderr]     Finished test [unoptimized + debuginfo] target(s) in 0.17s
[INFO] running `Command { std: "docker" "inspect" "738ece182f1c5ebd70ada6a8bb5af4e14b1e627f39178207dac5c48119bcc09f", kill_on_drop: false }`
[INFO] running `Command { std: "docker" "rm" "-f" "738ece182f1c5ebd70ada6a8bb5af4e14b1e627f39178207dac5c48119bcc09f", kill_on_drop: false }`
[INFO] [stdout] 738ece182f1c5ebd70ada6a8bb5af4e14b1e627f39178207dac5c48119bcc09f
[INFO] running `Command { std: "docker" "create" "-v" "/var/lib/crater-agent-workspace/builds/worker-7-tc1/target:/opt/rustwide/target:rw,Z" "-v" "/var/lib/crater-agent-workspace/builds/worker-7-tc1/source:/opt/rustwide/workdir:ro,Z" "-v" "/var/lib/crater-agent-workspace/cargo-home:/opt/rustwide/cargo-home:ro,Z" "-v" "/var/lib/crater-agent-workspace/rustup-home:/opt/rustwide/rustup-home:ro,Z" "-e" "SOURCE_DIR=/opt/rustwide/workdir" "-e" "CARGO_TARGET_DIR=/opt/rustwide/target" "-e" "CARGO_INCREMENTAL=0" "-e" "RUST_BACKTRACE=full" "-e" "RUSTFLAGS=--cap-lints=warn" "-e" "RUSTDOCFLAGS=--cap-lints=warn" "-e" "CARGO_HOME=/opt/rustwide/cargo-home" "-e" "RUSTUP_HOME=/opt/rustwide/rustup-home" "-w" "/opt/rustwide/workdir" "-m" "1610612736" "--user" "0:0" "--network" "none" "ghcr.io/rust-lang/crates-build-env/linux@sha256:2788e3201cd34a07e3172128adcd8b3090168a8e3bcc40d7c032b9dda1df7d1c" "/opt/rustwide/cargo-home/bin/cargo" "+1.75.0" "test" "--frozen", kill_on_drop: false }`
[INFO] [stdout] 7abc9838d5d8db53e57b40539c847f3c82712302f566f0e308633fb69f35e38b
[INFO] running `Command { std: "docker" "start" "-a" "7abc9838d5d8db53e57b40539c847f3c82712302f566f0e308633fb69f35e38b", kill_on_drop: false }`
[INFO] [stderr]     Finished test [unoptimized + debuginfo] target(s) in 0.00s
[INFO] [stderr]      Running unittests src/lib.rs (/opt/rustwide/target/debug/deps/gets-b9524553a6f342d9)
[INFO] [stdout] 
[INFO] [stdout] running 0 tests
[INFO] [stdout] 
[INFO] [stdout] test result: ok. 0 passed; 0 failed; 0 ignored; 0 measured; 0 filtered out; finished in 0.00s
[INFO] [stdout] 
[INFO] [stderr]    Doc-tests gets
[INFO] [stdout] 
[INFO] [stdout] running 1 test
[INFO] [stdout] test src/lib.rs - (line 7) ... FAILED
[INFO] [stdout] 
[INFO] [stdout] failures:
[INFO] [stdout] 
[INFO] [stdout] ---- src/lib.rs - (line 7) stdout ----
[INFO] [stdout] error[E0412]: cannot find type `c_char` in this scope
[INFO] [stdout]  --> src/lib.rs:13:15
[INFO] [stdout]   |
[INFO] [stdout] 9 | let mut buf: [c_char; 128] = std::mem::uninitialized();
[INFO] [stdout]   |               ^^^^^^
[INFO] [stdout]   |
[INFO] [stdout] help: a builtin type with a similar name exists
[INFO] [stdout]   |
[INFO] [stdout] 9 | let mut buf: [char; 128] = std::mem::uninitialized();
[INFO] [stdout]   |               ~~~~
[INFO] [stdout] help: consider importing one of these items
[INFO] [stdout]   |
[INFO] [stdout] 6 + use core::ffi::c_char;
[INFO] [stdout]   |
[INFO] [stdout] 6 + use std::ffi::c_char;
[INFO] [stdout]   |
[INFO] [stdout] 6 + use std::os::raw::c_char;
[INFO] [stdout]   |
[INFO] [stdout] 
[INFO] [stdout] error[E0423]: expected function, found crate `gets`
[INFO] [stdout]   --> src/lib.rs:18:11
[INFO] [stdout]    |
[INFO] [stdout] 14 | let ptr = gets(buf.as_mut_ptr());
[INFO] [stdout]    |           ^^^^ not a function
[INFO] [stdout]    |
[INFO] [stdout] help: consider importing this function instead
[INFO] [stdout]    |
[INFO] [stdout] 6  + use gets::gets;
[INFO] [stdout]    |
[INFO] [stdout] 
[INFO] [stdout] error[E0433]: failed to resolve: use of undeclared type `CStr`
[INFO] [stdout]   --> src/lib.rs:25:12
[INFO] [stdout]    |
[INFO] [stdout] 21 | let name = CStr::from_ptr(ptr).to_str().unwrap_unchecked();
[INFO] [stdout]    |            ^^^^ use of undeclared type `CStr`
[INFO] [stdout]    |
[INFO] [stdout] help: consider importing one of these items
[INFO] [stdout]    |
[INFO] [stdout] 6  + use core::ffi::CStr;
[INFO] [stdout]    |
[INFO] [stdout] 6  + use std::ffi::CStr;
[INFO] [stdout]    |
[INFO] [stdout] 
[INFO] [stdout] error: aborting due to 3 previous errors
[INFO] [stdout] 
[INFO] [stdout] Some errors have detailed explanations: E0412, E0423, E0433.
[INFO] [stdout] For more information about an error, try `rustc --explain E0412`.
[INFO] [stdout] Couldn't compile the test.
[INFO] [stdout] 
[INFO] [stdout] failures:
[INFO] [stdout]     src/lib.rs - (line 7)
[INFO] [stdout] 
[INFO] [stdout] test result: FAILED. 0 passed; 1 failed; 0 ignored; 0 measured; 0 filtered out; finished in 0.03s
[INFO] [stdout] 
[INFO] [stderr] error: doctest failed, to rerun pass `--doc`
[INFO] running `Command { std: "docker" "inspect" "7abc9838d5d8db53e57b40539c847f3c82712302f566f0e308633fb69f35e38b", kill_on_drop: false }`
[INFO] running `Command { std: "docker" "rm" "-f" "7abc9838d5d8db53e57b40539c847f3c82712302f566f0e308633fb69f35e38b", kill_on_drop: false }`
[INFO] [stdout] 7abc9838d5d8db53e57b40539c847f3c82712302f566f0e308633fb69f35e38b
[INFO] testing gets-0.0.1 against beta-2023-12-22 for beta-1.76-1
[INFO] extracting crate gets 0.0.1 into /workspace/builds/worker-7-tc2/source
[INFO] validating manifest of crates.io crate gets 0.0.1 on toolchain beta-2023-12-22
[INFO] running `Command { std: CARGO_HOME="/workspace/cargo-home" RUSTUP_HOME="/workspace/rustup-home" "/workspace/cargo-home/bin/cargo" "+beta-2023-12-22" "metadata" "--manifest-path" "Cargo.toml" "--no-deps", kill_on_drop: false }`
[INFO] started tweaking crates.io crate gets 0.0.1
[INFO] finished tweaking crates.io crate gets 0.0.1
[INFO] tweaked toml for crates.io crate gets 0.0.1 written to /workspace/builds/worker-7-tc2/source/Cargo.toml
[INFO] crate crates.io crate gets 0.0.1 already has a lockfile, it will not be regenerated
[INFO] running `Command { std: CARGO_HOME="/workspace/cargo-home" RUSTUP_HOME="/workspace/rustup-home" "/workspace/cargo-home/bin/cargo" "+beta-2023-12-22" "fetch" "--manifest-path" "Cargo.toml", kill_on_drop: false }`
[INFO] [stderr]     Blocking waiting for file lock on package cache
[INFO] running `Command { std: "docker" "create" "-v" "/var/lib/crater-agent-workspace/builds/worker-7-tc2/target:/opt/rustwide/target:rw,Z" "-v" "/var/lib/crater-agent-workspace/builds/worker-7-tc2/source:/opt/rustwide/workdir:ro,Z" "-v" "/var/lib/crater-agent-workspace/cargo-home:/opt/rustwide/cargo-home:ro,Z" "-v" "/var/lib/crater-agent-workspace/rustup-home:/opt/rustwide/rustup-home:ro,Z" "-e" "SOURCE_DIR=/opt/rustwide/workdir" "-e" "CARGO_TARGET_DIR=/opt/rustwide/target" "-e" "CARGO_HOME=/opt/rustwide/cargo-home" "-e" "RUSTUP_HOME=/opt/rustwide/rustup-home" "-w" "/opt/rustwide/workdir" "-m" "1610612736" "--user" "0:0" "--network" "none" "ghcr.io/rust-lang/crates-build-env/linux@sha256:2788e3201cd34a07e3172128adcd8b3090168a8e3bcc40d7c032b9dda1df7d1c" "/opt/rustwide/cargo-home/bin/cargo" "+beta-2023-12-22" "metadata" "--no-deps" "--format-version=1", kill_on_drop: false }`
[INFO] [stdout] eb951d0d5517f8c8e42bc7e995cf0ed377d6ca6ff674f3dc04a09d841cf8d185
[INFO] running `Command { std: "docker" "start" "-a" "eb951d0d5517f8c8e42bc7e995cf0ed377d6ca6ff674f3dc04a09d841cf8d185", kill_on_drop: false }`
[INFO] running `Command { std: "docker" "inspect" "eb951d0d5517f8c8e42bc7e995cf0ed377d6ca6ff674f3dc04a09d841cf8d185", kill_on_drop: false }`
[INFO] running `Command { std: "docker" "rm" "-f" "eb951d0d5517f8c8e42bc7e995cf0ed377d6ca6ff674f3dc04a09d841cf8d185", kill_on_drop: false }`
[INFO] [stdout] eb951d0d5517f8c8e42bc7e995cf0ed377d6ca6ff674f3dc04a09d841cf8d185
[INFO] running `Command { std: "docker" "create" "-v" "/var/lib/crater-agent-workspace/builds/worker-7-tc2/target:/opt/rustwide/target:rw,Z" "-v" "/var/lib/crater-agent-workspace/builds/worker-7-tc2/source:/opt/rustwide/workdir:ro,Z" "-v" "/var/lib/crater-agent-workspace/cargo-home:/opt/rustwide/cargo-home:ro,Z" "-v" "/var/lib/crater-agent-workspace/rustup-home:/opt/rustwide/rustup-home:ro,Z" "-e" "SOURCE_DIR=/opt/rustwide/workdir" "-e" "CARGO_TARGET_DIR=/opt/rustwide/target" "-e" "CARGO_INCREMENTAL=0" "-e" "RUST_BACKTRACE=full" "-e" "RUSTFLAGS=--cap-lints=warn" "-e" "RUSTDOCFLAGS=--cap-lints=warn" "-e" "CARGO_HOME=/opt/rustwide/cargo-home" "-e" "RUSTUP_HOME=/opt/rustwide/rustup-home" "-w" "/opt/rustwide/workdir" "-m" "1610612736" "--user" "0:0" "--network" "none" "ghcr.io/rust-lang/crates-build-env/linux@sha256:2788e3201cd34a07e3172128adcd8b3090168a8e3bcc40d7c032b9dda1df7d1c" "/opt/rustwide/cargo-home/bin/cargo" "+beta-2023-12-22" "build" "--frozen" "--message-format=json", kill_on_drop: false }`
[INFO] [stdout] f1867281f627aaa71ab201c4941528b5070d459bd81619d40e61bc16d51a62b6
[INFO] running `Command { std: "docker" "start" "-a" "f1867281f627aaa71ab201c4941528b5070d459bd81619d40e61bc16d51a62b6", kill_on_drop: false }`
[INFO] [stderr]    Compiling gets v0.0.1 (/opt/rustwide/workdir)
[INFO] [stderr]     Finished dev [unoptimized + debuginfo] target(s) in 0.06s
[INFO] running `Command { std: "docker" "inspect" "f1867281f627aaa71ab201c4941528b5070d459bd81619d40e61bc16d51a62b6", kill_on_drop: false }`
[INFO] running `Command { std: "docker" "rm" "-f" "f1867281f627aaa71ab201c4941528b5070d459bd81619d40e61bc16d51a62b6", kill_on_drop: false }`
[INFO] [stdout] f1867281f627aaa71ab201c4941528b5070d459bd81619d40e61bc16d51a62b6
[INFO] running `Command { std: "docker" "create" "-v" "/var/lib/crater-agent-workspace/builds/worker-7-tc2/target:/opt/rustwide/target:rw,Z" "-v" "/var/lib/crater-agent-workspace/builds/worker-7-tc2/source:/opt/rustwide/workdir:ro,Z" "-v" "/var/lib/crater-agent-workspace/cargo-home:/opt/rustwide/cargo-home:ro,Z" "-v" "/var/lib/crater-agent-workspace/rustup-home:/opt/rustwide/rustup-home:ro,Z" "-e" "SOURCE_DIR=/opt/rustwide/workdir" "-e" "CARGO_TARGET_DIR=/opt/rustwide/target" "-e" "CARGO_INCREMENTAL=0" "-e" "RUST_BACKTRACE=full" "-e" "RUSTFLAGS=--cap-lints=warn" "-e" "RUSTDOCFLAGS=--cap-lints=warn" "-e" "CARGO_HOME=/opt/rustwide/cargo-home" "-e" "RUSTUP_HOME=/opt/rustwide/rustup-home" "-w" "/opt/rustwide/workdir" "-m" "1610612736" "--user" "0:0" "--network" "none" "ghcr.io/rust-lang/crates-build-env/linux@sha256:2788e3201cd34a07e3172128adcd8b3090168a8e3bcc40d7c032b9dda1df7d1c" "/opt/rustwide/cargo-home/bin/cargo" "+beta-2023-12-22" "test" "--frozen" "--no-run" "--message-format=json", kill_on_drop: false }`
[INFO] [stdout] e6036dff983a17a0a1c8ca22293f07ae32f844f5d94fbfc16a1524d0994fa414
[INFO] running `Command { std: "docker" "start" "-a" "e6036dff983a17a0a1c8ca22293f07ae32f844f5d94fbfc16a1524d0994fa414", kill_on_drop: false }`
[INFO] [stderr]    Compiling gets v0.0.1 (/opt/rustwide/workdir)
[INFO] [stderr]     Finished test [unoptimized + debuginfo] target(s) in 0.29s
[INFO] running `Command { std: "docker" "inspect" "e6036dff983a17a0a1c8ca22293f07ae32f844f5d94fbfc16a1524d0994fa414", kill_on_drop: false }`
[INFO] running `Command { std: "docker" "rm" "-f" "e6036dff983a17a0a1c8ca22293f07ae32f844f5d94fbfc16a1524d0994fa414", kill_on_drop: false }`
[INFO] [stdout] e6036dff983a17a0a1c8ca22293f07ae32f844f5d94fbfc16a1524d0994fa414
[INFO] running `Command { std: "docker" "create" "-v" "/var/lib/crater-agent-workspace/builds/worker-7-tc2/target:/opt/rustwide/target:rw,Z" "-v" "/var/lib/crater-agent-workspace/builds/worker-7-tc2/source:/opt/rustwide/workdir:ro,Z" "-v" "/var/lib/crater-agent-workspace/cargo-home:/opt/rustwide/cargo-home:ro,Z" "-v" "/var/lib/crater-agent-workspace/rustup-home:/opt/rustwide/rustup-home:ro,Z" "-e" "SOURCE_DIR=/opt/rustwide/workdir" "-e" "CARGO_TARGET_DIR=/opt/rustwide/target" "-e" "CARGO_INCREMENTAL=0" "-e" "RUST_BACKTRACE=full" "-e" "RUSTFLAGS=--cap-lints=warn" "-e" "RUSTDOCFLAGS=--cap-lints=warn" "-e" "CARGO_HOME=/opt/rustwide/cargo-home" "-e" "RUSTUP_HOME=/opt/rustwide/rustup-home" "-w" "/opt/rustwide/workdir" "-m" "1610612736" "--user" "0:0" "--network" "none" "ghcr.io/rust-lang/crates-build-env/linux@sha256:2788e3201cd34a07e3172128adcd8b3090168a8e3bcc40d7c032b9dda1df7d1c" "/opt/rustwide/cargo-home/bin/cargo" "+beta-2023-12-22" "test" "--frozen", kill_on_drop: false }`
[INFO] [stdout] f6a615d0bc2c28a8c2f3162f9b27e844573d833a327d365104d7d2e9dc4cc468
[INFO] running `Command { std: "docker" "start" "-a" "f6a615d0bc2c28a8c2f3162f9b27e844573d833a327d365104d7d2e9dc4cc468", kill_on_drop: false }`
[INFO] [stderr]     Finished test [unoptimized + debuginfo] target(s) in 0.01s
[INFO] [stdout] 
[INFO] [stderr]      Running unittests src/lib.rs (/opt/rustwide/target/debug/deps/gets-4f46f3d03d2200bf)
[INFO] [stdout] running 0 tests
[INFO] [stderr]    Doc-tests gets
[INFO] [stdout] 
[INFO] [stdout] test result: ok. 0 passed; 0 failed; 0 ignored; 0 measured; 0 filtered out; finished in 0.00s
[INFO] [stdout] 
[INFO] [stdout] 
[INFO] [stdout] running 1 test
[INFO] [stdout] test src/lib.rs - (line 7) ... FAILED
[INFO] [stdout] 
[INFO] [stdout] failures:
[INFO] [stdout] 
[INFO] [stdout] ---- src/lib.rs - (line 7) stdout ----
[INFO] [stdout] error[E0412]: cannot find type `c_char` in this scope
[INFO] [stdout]  --> src/lib.rs:13:15
[INFO] [stdout]   |
[INFO] [stdout] 9 | let mut buf: [c_char; 128] = std::mem::uninitialized();
[INFO] [stdout]   |               ^^^^^^
[INFO] [stdout]   |
[INFO] [stdout] help: a builtin type with a similar name exists
[INFO] [stdout]   |
[INFO] [stdout] 9 | let mut buf: [char; 128] = std::mem::uninitialized();
[INFO] [stdout]   |               ~~~~
[INFO] [stdout] help: consider importing one of these items
[INFO] [stdout]   |
[INFO] [stdout] 6 + use core::ffi::c_char;
[INFO] [stdout]   |
[INFO] [stdout] 6 + use std::ffi::c_char;
[INFO] [stdout]   |
[INFO] [stdout] 6 + use std::os::raw::c_char;
[INFO] [stdout]   |
[INFO] [stdout] 
[INFO] [stdout] error[E0423]: expected function, found crate `gets`
[INFO] [stdout]   --> src/lib.rs:18:11
[INFO] [stdout]    |
[INFO] [stdout] 14 | let ptr = gets(buf.as_mut_ptr());
[INFO] [stdout]    |           ^^^^ not a function
[INFO] [stdout]    |
[INFO] [stdout] help: consider importing this function instead
[INFO] [stdout]    |
[INFO] [stdout] 6  + use gets::gets;
[INFO] [stdout]    |
[INFO] [stdout] 
[INFO] [stdout] error[E0433]: failed to resolve: use of undeclared type `CStr`
[INFO] [stdout]   --> src/lib.rs:25:12
[INFO] [stdout]    |
[INFO] [stdout] 21 | let name = CStr::from_ptr(ptr).to_str().unwrap_unchecked();
[INFO] [stdout]    |            ^^^^ use of undeclared type `CStr`
[INFO] [stdout]    |
[INFO] [stdout] help: consider importing one of these items
[INFO] [stdout]    |
[INFO] [stdout] 6  + use core::ffi::CStr;
[INFO] [stdout]    |
[INFO] [stdout] 6  + use std::ffi::CStr;
[INFO] [stdout]    |
[INFO] [stdout] 
[INFO] [stdout] error: aborting due to 3 previous errors
[INFO] [stdout] 
[INFO] [stdout] Some errors have detailed explanations: E0412, E0423, E0433.
[INFO] [stdout] For more information about an error, try `rustc --explain E0412`.
[INFO] [stdout] Couldn't compile the test.
[INFO] [stdout] 
[INFO] [stdout] failures:
[INFO] [stdout]     src/lib.rs - (line 7)
[INFO] [stdout] 
[INFO] [stdout] test result: FAILED. 0 passed; 1 failed; 0 ignored; 0 measured; 0 filtered out; finished in 0.05s
[INFO] [stdout] 
[INFO] [stderr] error: doctest failed, to rerun pass `--doc`
[INFO] running `Command { std: "docker" "inspect" "f6a615d0bc2c28a8c2f3162f9b27e844573d833a327d365104d7d2e9dc4cc468", kill_on_drop: false }`
[INFO] running `Command { std: "docker" "rm" "-f" "f6a615d0bc2c28a8c2f3162f9b27e844573d833a327d365104d7d2e9dc4cc468", kill_on_drop: false }`
[INFO] [stdout] f6a615d0bc2c28a8c2f3162f9b27e844573d833a327d365104d7d2e9dc4cc468
