[INFO] fetching crate getopt-long 0.3.0...
[INFO] testing getopt-long-0.3.0 against 1.75.0 for beta-1.76-1
[INFO] extracting crate getopt-long 0.3.0 into /workspace/builds/worker-1-tc1/source
[INFO] validating manifest of crates.io crate getopt-long 0.3.0 on toolchain 1.75.0
[INFO] running `Command { std: CARGO_HOME="/workspace/cargo-home" RUSTUP_HOME="/workspace/rustup-home" "/workspace/cargo-home/bin/cargo" "+1.75.0" "metadata" "--manifest-path" "Cargo.toml" "--no-deps", kill_on_drop: false }`
[INFO] started tweaking crates.io crate getopt-long 0.3.0
[INFO] finished tweaking crates.io crate getopt-long 0.3.0
[INFO] tweaked toml for crates.io crate getopt-long 0.3.0 written to /workspace/builds/worker-1-tc1/source/Cargo.toml
[INFO] crate crates.io crate getopt-long 0.3.0 already has a lockfile, it will not be regenerated
[INFO] running `Command { std: CARGO_HOME="/workspace/cargo-home" RUSTUP_HOME="/workspace/rustup-home" "/workspace/cargo-home/bin/cargo" "+1.75.0" "fetch" "--manifest-path" "Cargo.toml", kill_on_drop: false }`
[INFO] running `Command { std: "docker" "create" "-v" "/var/lib/crater-agent-workspace/builds/worker-1-tc1/target:/opt/rustwide/target:rw,Z" "-v" "/var/lib/crater-agent-workspace/builds/worker-1-tc1/source:/opt/rustwide/workdir:ro,Z" "-v" "/var/lib/crater-agent-workspace/cargo-home:/opt/rustwide/cargo-home:ro,Z" "-v" "/var/lib/crater-agent-workspace/rustup-home:/opt/rustwide/rustup-home:ro,Z" "-e" "SOURCE_DIR=/opt/rustwide/workdir" "-e" "CARGO_TARGET_DIR=/opt/rustwide/target" "-e" "CARGO_HOME=/opt/rustwide/cargo-home" "-e" "RUSTUP_HOME=/opt/rustwide/rustup-home" "-w" "/opt/rustwide/workdir" "-m" "1610612736" "--user" "0:0" "--network" "none" "ghcr.io/rust-lang/crates-build-env/linux@sha256:2788e3201cd34a07e3172128adcd8b3090168a8e3bcc40d7c032b9dda1df7d1c" "/opt/rustwide/cargo-home/bin/cargo" "+1.75.0" "metadata" "--no-deps" "--format-version=1", kill_on_drop: false }`
[INFO] [stdout] 6076fb8e726e65adb90bed56eaa4de9503245b74e310be8f578ff706b2b9676a
[INFO] running `Command { std: "docker" "start" "-a" "6076fb8e726e65adb90bed56eaa4de9503245b74e310be8f578ff706b2b9676a", kill_on_drop: false }`
[INFO] running `Command { std: "docker" "inspect" "6076fb8e726e65adb90bed56eaa4de9503245b74e310be8f578ff706b2b9676a", kill_on_drop: false }`
[INFO] running `Command { std: "docker" "rm" "-f" "6076fb8e726e65adb90bed56eaa4de9503245b74e310be8f578ff706b2b9676a", kill_on_drop: false }`
[INFO] [stdout] 6076fb8e726e65adb90bed56eaa4de9503245b74e310be8f578ff706b2b9676a
[INFO] running `Command { std: "docker" "create" "-v" "/var/lib/crater-agent-workspace/builds/worker-1-tc1/target:/opt/rustwide/target:rw,Z" "-v" "/var/lib/crater-agent-workspace/builds/worker-1-tc1/source:/opt/rustwide/workdir:ro,Z" "-v" "/var/lib/crater-agent-workspace/cargo-home:/opt/rustwide/cargo-home:ro,Z" "-v" "/var/lib/crater-agent-workspace/rustup-home:/opt/rustwide/rustup-home:ro,Z" "-e" "SOURCE_DIR=/opt/rustwide/workdir" "-e" "CARGO_TARGET_DIR=/opt/rustwide/target" "-e" "CARGO_INCREMENTAL=0" "-e" "RUST_BACKTRACE=full" "-e" "RUSTFLAGS=--cap-lints=warn" "-e" "RUSTDOCFLAGS=--cap-lints=warn" "-e" "CARGO_HOME=/opt/rustwide/cargo-home" "-e" "RUSTUP_HOME=/opt/rustwide/rustup-home" "-w" "/opt/rustwide/workdir" "-m" "1610612736" "--user" "0:0" "--network" "none" "ghcr.io/rust-lang/crates-build-env/linux@sha256:2788e3201cd34a07e3172128adcd8b3090168a8e3bcc40d7c032b9dda1df7d1c" "/opt/rustwide/cargo-home/bin/cargo" "+1.75.0" "build" "--frozen" "--message-format=json", kill_on_drop: false }`
[INFO] [stdout] 33d0b1e728e4ae044da4589b4cf5dbbb493e4ab15f29f036a70067005ab62970
[INFO] running `Command { std: "docker" "start" "-a" "33d0b1e728e4ae044da4589b4cf5dbbb493e4ab15f29f036a70067005ab62970", kill_on_drop: false }`
[INFO] [stderr]    Compiling cc v1.0.50
[INFO] [stderr]    Compiling getopt-long v0.3.0 (/opt/rustwide/workdir)
[INFO] [stdout] warning: unused return value of `CString::from_raw` that must be used
[INFO] [stdout]    --> src/getopt_long.rs:175:13
[INFO] [stdout]     |
[INFO] [stdout] 175 |             CString::from_raw(v);
[INFO] [stdout]     |             ^^^^^^^^^^^^^^^^^^^^
[INFO] [stdout]     |
[INFO] [stdout]     = note: call `drop(from_raw(ptr))` if you intend to drop the `CString`
[INFO] [stdout]     = note: `#[warn(unused_must_use)]` on by default
[INFO] [stdout] help: use `let _ = ...` to ignore the resulting value
[INFO] [stdout]     |
[INFO] [stdout] 175 |             let _ = CString::from_raw(v);
[INFO] [stdout]     |             +++++++
[INFO] [stdout] 
[INFO] [stdout] 
[INFO] [stdout] warning: 1 warning emitted
[INFO] [stdout] 
[INFO] [stdout] 
[INFO] [stderr]     Finished dev [unoptimized + debuginfo] target(s) in 0.74s
[INFO] running `Command { std: "docker" "inspect" "33d0b1e728e4ae044da4589b4cf5dbbb493e4ab15f29f036a70067005ab62970", kill_on_drop: false }`
[INFO] running `Command { std: "docker" "rm" "-f" "33d0b1e728e4ae044da4589b4cf5dbbb493e4ab15f29f036a70067005ab62970", kill_on_drop: false }`
[INFO] [stdout] 33d0b1e728e4ae044da4589b4cf5dbbb493e4ab15f29f036a70067005ab62970
[INFO] running `Command { std: "docker" "create" "-v" "/var/lib/crater-agent-workspace/builds/worker-1-tc1/target:/opt/rustwide/target:rw,Z" "-v" "/var/lib/crater-agent-workspace/builds/worker-1-tc1/source:/opt/rustwide/workdir:ro,Z" "-v" "/var/lib/crater-agent-workspace/cargo-home:/opt/rustwide/cargo-home:ro,Z" "-v" "/var/lib/crater-agent-workspace/rustup-home:/opt/rustwide/rustup-home:ro,Z" "-e" "SOURCE_DIR=/opt/rustwide/workdir" "-e" "CARGO_TARGET_DIR=/opt/rustwide/target" "-e" "CARGO_INCREMENTAL=0" "-e" "RUST_BACKTRACE=full" "-e" "RUSTFLAGS=--cap-lints=warn" "-e" "RUSTDOCFLAGS=--cap-lints=warn" "-e" "CARGO_HOME=/opt/rustwide/cargo-home" "-e" "RUSTUP_HOME=/opt/rustwide/rustup-home" "-w" "/opt/rustwide/workdir" "-m" "1610612736" "--user" "0:0" "--network" "none" "ghcr.io/rust-lang/crates-build-env/linux@sha256:2788e3201cd34a07e3172128adcd8b3090168a8e3bcc40d7c032b9dda1df7d1c" "/opt/rustwide/cargo-home/bin/cargo" "+1.75.0" "test" "--frozen" "--no-run" "--message-format=json", kill_on_drop: false }`
[INFO] [stdout] ebb382d07922853722617cababe13fba73c00919be2c4e322aa356b84d55f54f
[INFO] running `Command { std: "docker" "start" "-a" "ebb382d07922853722617cababe13fba73c00919be2c4e322aa356b84d55f54f", kill_on_drop: false }`
[INFO] [stdout] warning: unused return value of `CString::from_raw` that must be used
[INFO] [stdout]    --> src/getopt_long.rs:175:13
[INFO] [stdout]     |
[INFO] [stdout] 175 |             CString::from_raw(v);
[INFO] [stdout]     |             ^^^^^^^^^^^^^^^^^^^^
[INFO] [stdout]     |
[INFO] [stdout]     = note: call `drop(from_raw(ptr))` if you intend to drop the `CString`
[INFO] [stdout]     = note: `#[warn(unused_must_use)]` on by default
[INFO] [stdout] help: use `let _ = ...` to ignore the resulting value
[INFO] [stdout]     |
[INFO] [stdout] 175 |             let _ = CString::from_raw(v);
[INFO] [stdout]     |             +++++++
[INFO] [stdout] 
[INFO] [stdout] 
[INFO] [stderr]    Compiling getopt-long v0.3.0 (/opt/rustwide/workdir)
[INFO] [stdout] warning: 1 warning emitted
[INFO] [stdout] 
[INFO] [stdout] 
[INFO] [stdout] warning: unused return value of `CString::from_raw` that must be used
[INFO] [stdout]    --> src/getopt_long.rs:175:13
[INFO] [stdout]     |
[INFO] [stdout] 175 |             CString::from_raw(v);
[INFO] [stdout]     |             ^^^^^^^^^^^^^^^^^^^^
[INFO] [stdout]     |
[INFO] [stdout]     = note: call `drop(from_raw(ptr))` if you intend to drop the `CString`
[INFO] [stdout]     = note: `#[warn(unused_must_use)]` on by default
[INFO] [stdout] help: use `let _ = ...` to ignore the resulting value
[INFO] [stdout]     |
[INFO] [stdout] 175 |             let _ = CString::from_raw(v);
[INFO] [stdout]     |             +++++++
[INFO] [stdout] 
[INFO] [stdout] 
[INFO] [stdout] warning: 1 warning emitted
[INFO] [stdout] 
[INFO] [stdout] 
[INFO] [stderr]     Finished test [unoptimized + debuginfo] target(s) in 0.26s
[INFO] running `Command { std: "docker" "inspect" "ebb382d07922853722617cababe13fba73c00919be2c4e322aa356b84d55f54f", kill_on_drop: false }`
[INFO] running `Command { std: "docker" "rm" "-f" "ebb382d07922853722617cababe13fba73c00919be2c4e322aa356b84d55f54f", kill_on_drop: false }`
[INFO] [stdout] ebb382d07922853722617cababe13fba73c00919be2c4e322aa356b84d55f54f
[INFO] running `Command { std: "docker" "create" "-v" "/var/lib/crater-agent-workspace/builds/worker-1-tc1/target:/opt/rustwide/target:rw,Z" "-v" "/var/lib/crater-agent-workspace/builds/worker-1-tc1/source:/opt/rustwide/workdir:ro,Z" "-v" "/var/lib/crater-agent-workspace/cargo-home:/opt/rustwide/cargo-home:ro,Z" "-v" "/var/lib/crater-agent-workspace/rustup-home:/opt/rustwide/rustup-home:ro,Z" "-e" "SOURCE_DIR=/opt/rustwide/workdir" "-e" "CARGO_TARGET_DIR=/opt/rustwide/target" "-e" "CARGO_INCREMENTAL=0" "-e" "RUST_BACKTRACE=full" "-e" "RUSTFLAGS=--cap-lints=warn" "-e" "RUSTDOCFLAGS=--cap-lints=warn" "-e" "CARGO_HOME=/opt/rustwide/cargo-home" "-e" "RUSTUP_HOME=/opt/rustwide/rustup-home" "-w" "/opt/rustwide/workdir" "-m" "1610612736" "--user" "0:0" "--network" "none" "ghcr.io/rust-lang/crates-build-env/linux@sha256:2788e3201cd34a07e3172128adcd8b3090168a8e3bcc40d7c032b9dda1df7d1c" "/opt/rustwide/cargo-home/bin/cargo" "+1.75.0" "test" "--frozen", kill_on_drop: false }`
[INFO] [stdout] 91b15ab6d1b3343be1cc85d496fcb9190912abf7eb8b629b706b6a575cd5d29a
[INFO] running `Command { std: "docker" "start" "-a" "91b15ab6d1b3343be1cc85d496fcb9190912abf7eb8b629b706b6a575cd5d29a", kill_on_drop: false }`
[INFO] [stderr] warning: unused return value of `CString::from_raw` that must be used
[INFO] [stderr]    --> src/getopt_long.rs:175:13
[INFO] [stderr]     |
[INFO] [stderr] 175 |             CString::from_raw(v);
[INFO] [stderr]     |             ^^^^^^^^^^^^^^^^^^^^
[INFO] [stderr]     |
[INFO] [stderr]     = note: call `drop(from_raw(ptr))` if you intend to drop the `CString`
[INFO] [stderr]     = note: `#[warn(unused_must_use)]` on by default
[INFO] [stderr] help: use `let _ = ...` to ignore the resulting value
[INFO] [stderr]     |
[INFO] [stderr] 175 |             let _ = CString::from_raw(v);
[INFO] [stderr]     |             +++++++
[INFO] [stderr] 
[INFO] [stderr] warning: `getopt-long` (lib) generated 1 warning
[INFO] [stderr] warning: `getopt-long` (lib test) generated 1 warning (1 duplicate)
[INFO] [stderr]     Finished test [unoptimized + debuginfo] target(s) in 0.00s
[INFO] [stderr]      Running unittests src/lib.rs (/opt/rustwide/target/debug/deps/getopt_long-40e32aaa46ec2d61)
[INFO] [stdout] 
[INFO] [stdout] running 0 tests
[INFO] [stdout] 
[INFO] [stdout] test result: ok. 0 passed; 0 failed; 0 ignored; 0 measured; 0 filtered out; finished in 0.00s
[INFO] [stdout] 
[INFO] [stderr]    Doc-tests getopt-long
[INFO] [stdout] 
[INFO] [stdout] running 1 test
[INFO] [stdout] test src/lib.rs - (line 4) ... FAILED
[INFO] [stdout] 
[INFO] [stdout] failures:
[INFO] [stdout] 
[INFO] [stdout] ---- src/lib.rs - (line 4) stdout ----
[INFO] [stdout] error: cannot find macro `on_the_spot` in this scope
[INFO] [stdout]   --> src/lib.rs:22:18
[INFO] [stdout]    |
[INFO] [stdout] 21 |     .map_err(|e| on_the_spot!(e))?,
[INFO] [stdout]    |                  ^^^^^^^^^^^
[INFO] [stdout] 
[INFO] [stdout] error: cannot find macro `on_the_spot` in this scope
[INFO] [stdout]   --> src/lib.rs:29:18
[INFO] [stdout]    |
[INFO] [stdout] 28 |     .map_err(|e| on_the_spot!(e))?,
[INFO] [stdout]    |                  ^^^^^^^^^^^
[INFO] [stdout] 
[INFO] [stdout] error: cannot find macro `on_the_spot` in this scope
[INFO] [stdout]   --> src/lib.rs:36:18
[INFO] [stdout]    |
[INFO] [stdout] 35 |     .map_err(|e| on_the_spot!(e))?,
[INFO] [stdout]    |                  ^^^^^^^^^^^
[INFO] [stdout] 
[INFO] [stdout] error: cannot find macro `on_the_spot` in this scope
[INFO] [stdout]   --> src/lib.rs:43:18
[INFO] [stdout]    |
[INFO] [stdout] 42 |     .map_err(|e| on_the_spot!(e))?,
[INFO] [stdout]    |                  ^^^^^^^^^^^
[INFO] [stdout] 
[INFO] [stdout] error: cannot find macro `on_the_spot` in this scope
[INFO] [stdout]   --> src/lib.rs:50:18
[INFO] [stdout]    |
[INFO] [stdout] 49 |     .map_err(|e| on_the_spot!(e))?,
[INFO] [stdout]    |                  ^^^^^^^^^^^
[INFO] [stdout] 
[INFO] [stdout] error: cannot find macro `on_the_spot` in this scope
[INFO] [stdout]   --> src/lib.rs:57:18
[INFO] [stdout]    |
[INFO] [stdout] 56 |     .map_err(|e| on_the_spot!(e))?,
[INFO] [stdout]    |                  ^^^^^^^^^^^
[INFO] [stdout] 
[INFO] [stdout] error: cannot find macro `on_the_spot` in this scope
[INFO] [stdout]   --> src/lib.rs:64:18
[INFO] [stdout]    |
[INFO] [stdout] 63 |     .map_err(|e| on_the_spot!(e))?,
[INFO] [stdout]    |                  ^^^^^^^^^^^
[INFO] [stdout] 
[INFO] [stdout] error: cannot find macro `on_the_spot` in this scope
[INFO] [stdout]   --> src/lib.rs:71:18
[INFO] [stdout]    |
[INFO] [stdout] 70 |     .map_err(|e| on_the_spot!(e))?,
[INFO] [stdout]    |                  ^^^^^^^^^^^
[INFO] [stdout] 
[INFO] [stdout] error: cannot find macro `on_the_spot` in this scope
[INFO] [stdout]   --> src/lib.rs:73:46
[INFO] [stdout]    |
[INFO] [stdout] 72 | let opts = getopt_long(longopts).map_err(|e| on_the_spot!(e))?;
[INFO] [stdout]    |                                              ^^^^^^^^^^^
[INFO] [stdout] 
[INFO] [stdout] error: cannot find macro `on_the_spot` in this scope
[INFO] [stdout]    --> src/lib.rs:138:59
[INFO] [stdout]     |
[INFO] [stdout] 137 |             .map_err(|e: <u32 as std::str::FromStr>::Err| on_the_spot!(e))?;
[INFO] [stdout]     |                                                           ^^^^^^^^^^^
[INFO] [stdout] 
[INFO] [stdout] error[E0433]: failed to resolve: use of undeclared type `Opt`
[INFO] [stdout]   --> src/lib.rs:16:5
[INFO] [stdout]    |
[INFO] [stdout] 15 |     Opt::new(
[INFO] [stdout]    |     ^^^ use of undeclared type `Opt`
[INFO] [stdout]    |
[INFO] [stdout] help: consider importing this struct
[INFO] [stdout]    |
[INFO] [stdout] 2  + use getopt_long::Opt;
[INFO] [stdout]    |
[INFO] [stdout] 
[INFO] [stdout] error[E0433]: failed to resolve: use of undeclared type `HasArg`
[INFO] [stdout]   --> src/lib.rs:19:9
[INFO] [stdout]    |
[INFO] [stdout] 18 |         HasArg::NoArgument,
[INFO] [stdout]    |         ^^^^^^ use of undeclared type `HasArg`
[INFO] [stdout]    |
[INFO] [stdout] help: consider importing this enum
[INFO] [stdout]    |
[INFO] [stdout] 2  + use getopt_long::HasArg;
[INFO] [stdout]    |
[INFO] [stdout] 
[INFO] [stdout] error[E0433]: failed to resolve: use of undeclared type `Opt`
[INFO] [stdout]   --> src/lib.rs:23:5
[INFO] [stdout]    |
[INFO] [stdout] 22 |     Opt::new(
[INFO] [stdout]    |     ^^^ use of undeclared type `Opt`
[INFO] [stdout]    |
[INFO] [stdout] help: consider importing this struct
[INFO] [stdout]    |
[INFO] [stdout] 2  + use getopt_long::Opt;
[INFO] [stdout]    |
[INFO] [stdout] 
[INFO] [stdout] error[E0433]: failed to resolve: use of undeclared type `HasArg`
[INFO] [stdout]   --> src/lib.rs:26:9
[INFO] [stdout]    |
[INFO] [stdout] 25 |         HasArg::NoArgument,
[INFO] [stdout]    |         ^^^^^^ use of undeclared type `HasArg`
[INFO] [stdout]    |
[INFO] [stdout] help: consider importing this enum
[INFO] [stdout]    |
[INFO] [stdout] 2  + use getopt_long::HasArg;
[INFO] [stdout]    |
[INFO] [stdout] 
[INFO] [stdout] error[E0433]: failed to resolve: use of undeclared type `Opt`
[INFO] [stdout]   --> src/lib.rs:30:5
[INFO] [stdout]    |
[INFO] [stdout] 29 |     Opt::new(
[INFO] [stdout]    |     ^^^ use of undeclared type `Opt`
[INFO] [stdout]    |
[INFO] [stdout] help: consider importing this struct
[INFO] [stdout]    |
[INFO] [stdout] 2  + use getopt_long::Opt;
[INFO] [stdout]    |
[INFO] [stdout] 
[INFO] [stdout] error[E0433]: failed to resolve: use of undeclared type `HasArg`
[INFO] [stdout]   --> src/lib.rs:33:9
[INFO] [stdout]    |
[INFO] [stdout] 32 |         HasArg::NoArgument,
[INFO] [stdout]    |         ^^^^^^ use of undeclared type `HasArg`
[INFO] [stdout]    |
[INFO] [stdout] help: consider importing this enum
[INFO] [stdout]    |
[INFO] [stdout] 2  + use getopt_long::HasArg;
[INFO] [stdout]    |
[INFO] [stdout] 
[INFO] [stdout] error[E0433]: failed to resolve: use of undeclared type `Opt`
[INFO] [stdout]   --> src/lib.rs:37:5
[INFO] [stdout]    |
[INFO] [stdout] 36 |     Opt::new(
[INFO] [stdout]    |     ^^^ use of undeclared type `Opt`
[INFO] [stdout]    |
[INFO] [stdout] help: consider importing this struct
[INFO] [stdout]    |
[INFO] [stdout] 2  + use getopt_long::Opt;
[INFO] [stdout]    |
[INFO] [stdout] 
[INFO] [stdout] error[E0433]: failed to resolve: use of undeclared type `HasArg`
[INFO] [stdout]   --> src/lib.rs:40:9
[INFO] [stdout]    |
[INFO] [stdout] 39 |         HasArg::NoArgument,
[INFO] [stdout]    |         ^^^^^^ use of undeclared type `HasArg`
[INFO] [stdout]    |
[INFO] [stdout] help: consider importing this enum
[INFO] [stdout]    |
[INFO] [stdout] 2  + use getopt_long::HasArg;
[INFO] [stdout]    |
[INFO] [stdout] 
[INFO] [stdout] error[E0433]: failed to resolve: use of undeclared type `Opt`
[INFO] [stdout]   --> src/lib.rs:44:5
[INFO] [stdout]    |
[INFO] [stdout] 43 |     Opt::new(
[INFO] [stdout]    |     ^^^ use of undeclared type `Opt`
[INFO] [stdout]    |
[INFO] [stdout] help: consider importing this struct
[INFO] [stdout]    |
[INFO] [stdout] 2  + use getopt_long::Opt;
[INFO] [stdout]    |
[INFO] [stdout] 
[INFO] [stdout] error[E0433]: failed to resolve: use of undeclared type `HasArg`
[INFO] [stdout]   --> src/lib.rs:47:9
[INFO] [stdout]    |
[INFO] [stdout] 46 |         HasArg::RequiredArgument,
[INFO] [stdout]    |         ^^^^^^ use of undeclared type `HasArg`
[INFO] [stdout]    |
[INFO] [stdout] help: consider importing this enum
[INFO] [stdout]    |
[INFO] [stdout] 2  + use getopt_long::HasArg;
[INFO] [stdout]    |
[INFO] [stdout] 
[INFO] [stdout] error[E0433]: failed to resolve: use of undeclared type `Opt`
[INFO] [stdout]   --> src/lib.rs:51:5
[INFO] [stdout]    |
[INFO] [stdout] 50 |     Opt::new(
[INFO] [stdout]    |     ^^^ use of undeclared type `Opt`
[INFO] [stdout]    |
[INFO] [stdout] help: consider importing this struct
[INFO] [stdout]    |
[INFO] [stdout] 2  + use getopt_long::Opt;
[INFO] [stdout]    |
[INFO] [stdout] 
[INFO] [stdout] error[E0433]: failed to resolve: use of undeclared type `HasArg`
[INFO] [stdout]   --> src/lib.rs:54:9
[INFO] [stdout]    |
[INFO] [stdout] 53 |         HasArg::NoArgument,
[INFO] [stdout]    |         ^^^^^^ use of undeclared type `HasArg`
[INFO] [stdout]    |
[INFO] [stdout] help: consider importing this enum
[INFO] [stdout]    |
[INFO] [stdout] 2  + use getopt_long::HasArg;
[INFO] [stdout]    |
[INFO] [stdout] 
[INFO] [stdout] error[E0433]: failed to resolve: use of undeclared type `Opt`
[INFO] [stdout]   --> src/lib.rs:58:5
[INFO] [stdout]    |
[INFO] [stdout] 57 |     Opt::new(
[INFO] [stdout]    |     ^^^ use of undeclared type `Opt`
[INFO] [stdout]    |
[INFO] [stdout] help: consider importing this struct
[INFO] [stdout]    |
[INFO] [stdout] 2  + use getopt_long::Opt;
[INFO] [stdout]    |
[INFO] [stdout] 
[INFO] [stdout] error[E0433]: failed to resolve: use of undeclared type `HasArg`
[INFO] [stdout]   --> src/lib.rs:61:9
[INFO] [stdout]    |
[INFO] [stdout] 60 |         HasArg::RequiredArgument,
[INFO] [stdout]    |         ^^^^^^ use of undeclared type `HasArg`
[INFO] [stdout]    |
[INFO] [stdout] help: consider importing this enum
[INFO] [stdout]    |
[INFO] [stdout] 2  + use getopt_long::HasArg;
[INFO] [stdout]    |
[INFO] [stdout] 
[INFO] [stdout] error[E0433]: failed to resolve: use of undeclared type `Opt`
[INFO] [stdout]   --> src/lib.rs:65:5
[INFO] [stdout]    |
[INFO] [stdout] 64 |     Opt::new(
[INFO] [stdout]    |     ^^^ use of undeclared type `Opt`
[INFO] [stdout]    |
[INFO] [stdout] help: consider importing this struct
[INFO] [stdout]    |
[INFO] [stdout] 2  + use getopt_long::Opt;
[INFO] [stdout]    |
[INFO] [stdout] 
[INFO] [stdout] error[E0433]: failed to resolve: use of undeclared type `HasArg`
[INFO] [stdout]   --> src/lib.rs:68:9
[INFO] [stdout]    |
[INFO] [stdout] 67 |         HasArg::RequiredArgument,
[INFO] [stdout]    |         ^^^^^^ use of undeclared type `HasArg`
[INFO] [stdout]    |
[INFO] [stdout] help: consider importing this enum
[INFO] [stdout]    |
[INFO] [stdout] 2  + use getopt_long::HasArg;
[INFO] [stdout]    |
[INFO] [stdout] 
[INFO] [stdout] error[E0423]: expected function, found crate `getopt_long`
[INFO] [stdout]   --> src/lib.rs:73:12
[INFO] [stdout]    |
[INFO] [stdout] 72 | let opts = getopt_long(longopts).map_err(|e| on_the_spot!(e))?;
[INFO] [stdout]    |            ^^^^^^^^^^^ not a function
[INFO] [stdout]    |
[INFO] [stdout] help: consider importing this function instead
[INFO] [stdout]    |
[INFO] [stdout] 2  + use getopt_long::getopt_long;
[INFO] [stdout]    |
[INFO] [stdout] 
[INFO] [stdout] error[E0425]: cannot find function `usage` in this scope
[INFO] [stdout]   --> src/lib.rs:92:9
[INFO] [stdout]    |
[INFO] [stdout] 91 |         usage(
[INFO] [stdout]    |         ^^^^^ not found in this scope
[INFO] [stdout]    |
[INFO] [stdout] help: consider importing this function
[INFO] [stdout]    |
[INFO] [stdout] 2  + use getopt_long::usage;
[INFO] [stdout]    |
[INFO] [stdout] 
[INFO] [stdout] error[E0728]: `await` is only allowed inside `async` functions and blocks
[INFO] [stdout]    --> src/lib.rs:151:31
[INFO] [stdout]     |
[INFO] [stdout] 4   | fn main() { #[allow(non_snake_case)] fn _doctest_main_src_lib_rs_4_0() {
[INFO] [stdout]     |                                         ---------------------------- this is not `async`
[INFO] [stdout] ...
[INFO] [stdout] 150 | action.do_with_config(config).await
[INFO] [stdout]     |                               ^^^^^ only allowed inside `async` functions and blocks
[INFO] [stdout] 
[INFO] [stdout] error[E0433]: failed to resolve: use of undeclared type `Config`
[INFO] [stdout]   --> src/lib.rs:85:5
[INFO] [stdout]    |
[INFO] [stdout] 84 |     Config::load(&config_name)?
[INFO] [stdout]    |     ^^^^^^ use of undeclared type `Config`
[INFO] [stdout] 
[INFO] [stdout] error[E0433]: failed to resolve: use of undeclared type `Action`
[INFO] [stdout]   --> src/lib.rs:98:15
[INFO] [stdout]    |
[INFO] [stdout] 97 |         break Action::Quit;
[INFO] [stdout]    |               ^^^^^^
[INFO] [stdout]    |               |
[INFO] [stdout]    |               use of undeclared type `Action`
[INFO] [stdout]    |               help: an enum with a similar name exists: `Option`
[INFO] [stdout] 
[INFO] [stdout] error[E0433]: failed to resolve: use of undeclared type `Action`
[INFO] [stdout]    --> src/lib.rs:104:15
[INFO] [stdout]     |
[INFO] [stdout] 103 |         break Action::List;
[INFO] [stdout]     |               ^^^^^^
[INFO] [stdout]     |               |
[INFO] [stdout]     |               use of undeclared type `Action`
[INFO] [stdout]     |               help: an enum with a similar name exists: `Option`
[INFO] [stdout] 
[INFO] [stdout] error[E0433]: failed to resolve: use of undeclared type `Action`
[INFO] [stdout]    --> src/lib.rs:110:15
[INFO] [stdout]     |
[INFO] [stdout] 109 |         break Action::Shell;
[INFO] [stdout]     |               ^^^^^^
[INFO] [stdout]     |               |
[INFO] [stdout]     |               use of undeclared type `Action`
[INFO] [stdout]     |               help: an enum with a similar name exists: `Option`
[INFO] [stdout] 
[INFO] [stdout] error[E0433]: failed to resolve: use of undeclared type `Action`
[INFO] [stdout]    --> src/lib.rs:145:11
[INFO] [stdout]     |
[INFO] [stdout] 144 |     break Action::Query {
[INFO] [stdout]     |           ^^^^^^
[INFO] [stdout]     |           |
[INFO] [stdout]     |           use of undeclared type `Action`
[INFO] [stdout]     |           help: an enum with a similar name exists: `Option`
[INFO] [stdout] 
[INFO] [stdout] error[E0433]: failed to resolve: use of undeclared type `Action`
[INFO] [stdout]    --> src/lib.rs:139:15
[INFO] [stdout]     |
[INFO] [stdout] 138 |         break Action::RowId {
[INFO] [stdout]     |               ^^^^^^
[INFO] [stdout]     |               |
[INFO] [stdout]     |               use of undeclared type `Action`
[INFO] [stdout]     |               help: an enum with a similar name exists: `Option`
[INFO] [stdout] 
[INFO] [stdout] error[E0433]: failed to resolve: use of undeclared type `Action`
[INFO] [stdout]    --> src/lib.rs:132:15
[INFO] [stdout]     |
[INFO] [stdout] 131 |         break Action::Rows { dict: dict_name };
[INFO] [stdout]     |               ^^^^^^
[INFO] [stdout]     |               |
[INFO] [stdout]     |               use of undeclared type `Action`
[INFO] [stdout]     |               help: an enum with a similar name exists: `Option`
[INFO] [stdout] 
[INFO] [stdout] error[E0433]: failed to resolve: use of undeclared type `Action`
[INFO] [stdout]    --> src/lib.rs:118:15
[INFO] [stdout]     |
[INFO] [stdout] 117 |         break Action::Run {script: script.clone()}
[INFO] [stdout]     |               ^^^^^^
[INFO] [stdout]     |               |
[INFO] [stdout]     |               use of undeclared type `Action`
[INFO] [stdout]     |               help: an enum with a similar name exists: `Option`
[INFO] [stdout] 
[INFO] [stdout] error[E0433]: failed to resolve: use of undeclared type `Action`
[INFO] [stdout]    --> src/lib.rs:116:15
[INFO] [stdout]     |
[INFO] [stdout] 115 |         break Action::Run {script: script.clone()}
[INFO] [stdout]     |               ^^^^^^
[INFO] [stdout]     |               |
[INFO] [stdout]     |               use of undeclared type `Action`
[INFO] [stdout]     |               help: an enum with a similar name exists: `Option`
[INFO] [stdout] 
[INFO] [stdout] error: aborting due to 38 previous errors
[INFO] [stdout] 
[INFO] [stdout] Some errors have detailed explanations: E0423, E0425, E0433, E0728.
[INFO] [stdout] For more information about an error, try `rustc --explain E0423`.
[INFO] [stdout] Couldn't compile the test.
[INFO] [stdout] 
[INFO] [stdout] failures:
[INFO] [stdout]     src/lib.rs - (line 4)
[INFO] [stdout] 
[INFO] [stdout] test result: FAILED. 0 passed; 1 failed; 0 ignored; 0 measured; 0 filtered out; finished in 0.08s
[INFO] [stdout] 
[INFO] [stderr] error: doctest failed, to rerun pass `--doc`
[INFO] running `Command { std: "docker" "inspect" "91b15ab6d1b3343be1cc85d496fcb9190912abf7eb8b629b706b6a575cd5d29a", kill_on_drop: false }`
[INFO] running `Command { std: "docker" "rm" "-f" "91b15ab6d1b3343be1cc85d496fcb9190912abf7eb8b629b706b6a575cd5d29a", kill_on_drop: false }`
[INFO] [stdout] 91b15ab6d1b3343be1cc85d496fcb9190912abf7eb8b629b706b6a575cd5d29a
