[INFO] fetching crate get-size-derive 0.1.3...
[INFO] testing get-size-derive-0.1.3 against 1.75.0 for beta-1.76-1
[INFO] extracting crate get-size-derive 0.1.3 into /workspace/builds/worker-1-tc1/source
[INFO] validating manifest of crates.io crate get-size-derive 0.1.3 on toolchain 1.75.0
[INFO] running `Command { std: CARGO_HOME="/workspace/cargo-home" RUSTUP_HOME="/workspace/rustup-home" "/workspace/cargo-home/bin/cargo" "+1.75.0" "metadata" "--manifest-path" "Cargo.toml" "--no-deps", kill_on_drop: false }`
[INFO] started tweaking crates.io crate get-size-derive 0.1.3
[INFO] finished tweaking crates.io crate get-size-derive 0.1.3
[INFO] tweaked toml for crates.io crate get-size-derive 0.1.3 written to /workspace/builds/worker-1-tc1/source/Cargo.toml
[INFO] running `Command { std: CARGO_HOME="/workspace/cargo-home" RUSTUP_HOME="/workspace/rustup-home" "/workspace/cargo-home/bin/cargo" "+1.75.0" "generate-lockfile" "--manifest-path" "Cargo.toml", kill_on_drop: false }`
[INFO] [stderr]     Updating crates.io index
[INFO] running `Command { std: CARGO_HOME="/workspace/cargo-home" RUSTUP_HOME="/workspace/rustup-home" "/workspace/cargo-home/bin/cargo" "+1.75.0" "fetch" "--manifest-path" "Cargo.toml", kill_on_drop: false }`
[INFO] [stderr]  Downloading crates ...
[INFO] [stderr]   Downloaded attribute-derive v0.6.1
[INFO] [stderr]   Downloaded attribute-derive-macro v0.6.1
[INFO] [stderr]   Downloaded quote-use-macros v0.7.2
[INFO] [stderr]   Downloaded collection_literals v1.0.1
[INFO] [stderr]   Downloaded interpolator v0.5.0
[INFO] [stderr]   Downloaded quote-use v0.7.2
[INFO] [stderr]   Downloaded proc-macro-utils v0.8.0
[INFO] [stderr]   Downloaded derive-where v1.2.7
[INFO] running `Command { std: "docker" "create" "-v" "/var/lib/crater-agent-workspace/builds/worker-1-tc1/target:/opt/rustwide/target:rw,Z" "-v" "/var/lib/crater-agent-workspace/builds/worker-1-tc1/source:/opt/rustwide/workdir:ro,Z" "-v" "/var/lib/crater-agent-workspace/cargo-home:/opt/rustwide/cargo-home:ro,Z" "-v" "/var/lib/crater-agent-workspace/rustup-home:/opt/rustwide/rustup-home:ro,Z" "-e" "SOURCE_DIR=/opt/rustwide/workdir" "-e" "CARGO_TARGET_DIR=/opt/rustwide/target" "-e" "CARGO_HOME=/opt/rustwide/cargo-home" "-e" "RUSTUP_HOME=/opt/rustwide/rustup-home" "-w" "/opt/rustwide/workdir" "-m" "1610612736" "--user" "0:0" "--network" "none" "ghcr.io/rust-lang/crates-build-env/linux@sha256:2788e3201cd34a07e3172128adcd8b3090168a8e3bcc40d7c032b9dda1df7d1c" "/opt/rustwide/cargo-home/bin/cargo" "+1.75.0" "metadata" "--no-deps" "--format-version=1", kill_on_drop: false }`
[INFO] [stdout] b55f08a4fd32a7ac0da775231a2eaffb5f86b81125c89fd63c575abea6525a90
[INFO] running `Command { std: "docker" "start" "-a" "b55f08a4fd32a7ac0da775231a2eaffb5f86b81125c89fd63c575abea6525a90", kill_on_drop: false }`
[INFO] running `Command { std: "docker" "inspect" "b55f08a4fd32a7ac0da775231a2eaffb5f86b81125c89fd63c575abea6525a90", kill_on_drop: false }`
[INFO] running `Command { std: "docker" "rm" "-f" "b55f08a4fd32a7ac0da775231a2eaffb5f86b81125c89fd63c575abea6525a90", kill_on_drop: false }`
[INFO] [stdout] b55f08a4fd32a7ac0da775231a2eaffb5f86b81125c89fd63c575abea6525a90
[INFO] running `Command { std: "docker" "create" "-v" "/var/lib/crater-agent-workspace/builds/worker-1-tc1/target:/opt/rustwide/target:rw,Z" "-v" "/var/lib/crater-agent-workspace/builds/worker-1-tc1/source:/opt/rustwide/workdir:ro,Z" "-v" "/var/lib/crater-agent-workspace/cargo-home:/opt/rustwide/cargo-home:ro,Z" "-v" "/var/lib/crater-agent-workspace/rustup-home:/opt/rustwide/rustup-home:ro,Z" "-e" "SOURCE_DIR=/opt/rustwide/workdir" "-e" "CARGO_TARGET_DIR=/opt/rustwide/target" "-e" "CARGO_INCREMENTAL=0" "-e" "RUST_BACKTRACE=full" "-e" "RUSTFLAGS=--cap-lints=warn" "-e" "RUSTDOCFLAGS=--cap-lints=warn" "-e" "CARGO_HOME=/opt/rustwide/cargo-home" "-e" "RUSTUP_HOME=/opt/rustwide/rustup-home" "-w" "/opt/rustwide/workdir" "-m" "1610612736" "--user" "0:0" "--network" "none" "ghcr.io/rust-lang/crates-build-env/linux@sha256:2788e3201cd34a07e3172128adcd8b3090168a8e3bcc40d7c032b9dda1df7d1c" "/opt/rustwide/cargo-home/bin/cargo" "+1.75.0" "build" "--frozen" "--message-format=json", kill_on_drop: false }`
[INFO] [stdout] 1029d9d0d833ad9aada41a9c495ae539fe43b022ebc92a6b8a16f6a1f4b3504f
[INFO] running `Command { std: "docker" "start" "-a" "1029d9d0d833ad9aada41a9c495ae539fe43b022ebc92a6b8a16f6a1f4b3504f", kill_on_drop: false }`
[INFO] [stderr]    Compiling syn v1.0.109
[INFO] [stderr]    Compiling smallvec v1.11.2
[INFO] [stderr]    Compiling collection_literals v1.0.1
[INFO] [stderr]    Compiling interpolator v0.5.0
[INFO] [stderr]    Compiling syn v2.0.48
[INFO] [stderr]    Compiling proc-macro-error-attr v1.0.4
[INFO] [stderr]    Compiling proc-macro-utils v0.8.0
[INFO] [stderr]    Compiling proc-macro-error v1.0.4
[INFO] [stderr]    Compiling derive-where v1.2.7
[INFO] [stderr]    Compiling quote-use-macros v0.7.2
[INFO] [stderr]    Compiling quote-use v0.7.2
[INFO] [stderr]    Compiling attribute-derive-macro v0.6.1
[INFO] [stderr]    Compiling attribute-derive v0.6.1
[INFO] [stderr]    Compiling get-size-derive v0.1.3 (/opt/rustwide/workdir)
[INFO] [stderr]     Finished dev [unoptimized + debuginfo] target(s) in 9.05s
[INFO] running `Command { std: "docker" "inspect" "1029d9d0d833ad9aada41a9c495ae539fe43b022ebc92a6b8a16f6a1f4b3504f", kill_on_drop: false }`
[INFO] running `Command { std: "docker" "rm" "-f" "1029d9d0d833ad9aada41a9c495ae539fe43b022ebc92a6b8a16f6a1f4b3504f", kill_on_drop: false }`
[INFO] [stdout] 1029d9d0d833ad9aada41a9c495ae539fe43b022ebc92a6b8a16f6a1f4b3504f
[INFO] running `Command { std: "docker" "create" "-v" "/var/lib/crater-agent-workspace/builds/worker-1-tc1/target:/opt/rustwide/target:rw,Z" "-v" "/var/lib/crater-agent-workspace/builds/worker-1-tc1/source:/opt/rustwide/workdir:ro,Z" "-v" "/var/lib/crater-agent-workspace/cargo-home:/opt/rustwide/cargo-home:ro,Z" "-v" "/var/lib/crater-agent-workspace/rustup-home:/opt/rustwide/rustup-home:ro,Z" "-e" "SOURCE_DIR=/opt/rustwide/workdir" "-e" "CARGO_TARGET_DIR=/opt/rustwide/target" "-e" "CARGO_INCREMENTAL=0" "-e" "RUST_BACKTRACE=full" "-e" "RUSTFLAGS=--cap-lints=warn" "-e" "RUSTDOCFLAGS=--cap-lints=warn" "-e" "CARGO_HOME=/opt/rustwide/cargo-home" "-e" "RUSTUP_HOME=/opt/rustwide/rustup-home" "-w" "/opt/rustwide/workdir" "-m" "1610612736" "--user" "0:0" "--network" "none" "ghcr.io/rust-lang/crates-build-env/linux@sha256:2788e3201cd34a07e3172128adcd8b3090168a8e3bcc40d7c032b9dda1df7d1c" "/opt/rustwide/cargo-home/bin/cargo" "+1.75.0" "test" "--frozen" "--no-run" "--message-format=json", kill_on_drop: false }`
[INFO] [stdout] 706bba9b3f67676bb2a0bfe9e7a4aec4a6c98a71e28bb6534976788ff04b06f9
[INFO] running `Command { std: "docker" "start" "-a" "706bba9b3f67676bb2a0bfe9e7a4aec4a6c98a71e28bb6534976788ff04b06f9", kill_on_drop: false }`
[INFO] [stderr]    Compiling get-size-derive v0.1.3 (/opt/rustwide/workdir)
[INFO] [stderr]     Finished test [unoptimized + debuginfo] target(s) in 0.94s
[INFO] running `Command { std: "docker" "inspect" "706bba9b3f67676bb2a0bfe9e7a4aec4a6c98a71e28bb6534976788ff04b06f9", kill_on_drop: false }`
[INFO] running `Command { std: "docker" "rm" "-f" "706bba9b3f67676bb2a0bfe9e7a4aec4a6c98a71e28bb6534976788ff04b06f9", kill_on_drop: false }`
[INFO] [stdout] 706bba9b3f67676bb2a0bfe9e7a4aec4a6c98a71e28bb6534976788ff04b06f9
[INFO] running `Command { std: "docker" "create" "-v" "/var/lib/crater-agent-workspace/builds/worker-1-tc1/target:/opt/rustwide/target:rw,Z" "-v" "/var/lib/crater-agent-workspace/builds/worker-1-tc1/source:/opt/rustwide/workdir:ro,Z" "-v" "/var/lib/crater-agent-workspace/cargo-home:/opt/rustwide/cargo-home:ro,Z" "-v" "/var/lib/crater-agent-workspace/rustup-home:/opt/rustwide/rustup-home:ro,Z" "-e" "SOURCE_DIR=/opt/rustwide/workdir" "-e" "CARGO_TARGET_DIR=/opt/rustwide/target" "-e" "CARGO_INCREMENTAL=0" "-e" "RUST_BACKTRACE=full" "-e" "RUSTFLAGS=--cap-lints=warn" "-e" "RUSTDOCFLAGS=--cap-lints=warn" "-e" "CARGO_HOME=/opt/rustwide/cargo-home" "-e" "RUSTUP_HOME=/opt/rustwide/rustup-home" "-w" "/opt/rustwide/workdir" "-m" "1610612736" "--user" "0:0" "--network" "none" "ghcr.io/rust-lang/crates-build-env/linux@sha256:2788e3201cd34a07e3172128adcd8b3090168a8e3bcc40d7c032b9dda1df7d1c" "/opt/rustwide/cargo-home/bin/cargo" "+1.75.0" "test" "--frozen", kill_on_drop: false }`
[INFO] [stdout] e0382f4a54715e1ebfaba4fcec0821b13e2c72fadec23ad85dfcea1c1d417e05
[INFO] running `Command { std: "docker" "start" "-a" "e0382f4a54715e1ebfaba4fcec0821b13e2c72fadec23ad85dfcea1c1d417e05", kill_on_drop: false }`
[INFO] [stderr]     Finished test [unoptimized + debuginfo] target(s) in 0.02s
[INFO] [stderr]      Running unittests src/lib.rs (/opt/rustwide/target/debug/deps/get_size_derive-a90c6587bf0968af)
[INFO] [stdout] 
[INFO] [stdout] running 0 tests
[INFO] [stdout] 
[INFO] [stdout] test result: ok. 0 passed; 0 failed; 0 ignored; 0 measured; 0 filtered out; finished in 0.00s
[INFO] [stdout] 
[INFO] [stderr]    Doc-tests get-size-derive
[INFO] [stdout] 
[INFO] [stdout] running 8 tests
[INFO] [stdout] test src/lib.rs - (line 160) ... FAILED
[INFO] [stdout] test src/lib.rs - (line 231) ... FAILED
[INFO] [stdout] test src/lib.rs - (line 268) ... FAILED
[INFO] [stdout] test src/lib.rs - (line 195) ... FAILED
[INFO] [stdout] test src/lib.rs - (line 118) ... FAILED
[INFO] [stdout] test src/lib.rs - (line 11) ... FAILED
[INFO] [stdout] test src/lib.rs - (line 70) ... FAILED
[INFO] [stdout] test src/lib.rs - (line 32) ... FAILED
[INFO] [stdout] 
[INFO] [stdout] failures:
[INFO] [stdout] 
[INFO] [stdout] ---- src/lib.rs - (line 160) stdout ----
[INFO] [stdout] error[E0432]: unresolved import `get_size`
[INFO] [stdout]  --> src/lib.rs:161:5
[INFO] [stdout]   |
[INFO] [stdout] 2 | use get_size::GetSize;
[INFO] [stdout]   |     ^^^^^^^^ use of undeclared crate or module `get_size`
[INFO] [stdout] 
[INFO] [stdout] error: cannot determine resolution for the derive macro `GetSize`
[INFO] [stdout]   --> src/lib.rs:169:10
[INFO] [stdout]    |
[INFO] [stdout] 10 | #[derive(GetSize)]
[INFO] [stdout]    |          ^^^^^^^
[INFO] [stdout]    |
[INFO] [stdout]    = note: import resolution is stuck, try simplifying macro imports
[INFO] [stdout] 
[INFO] [stdout] error: cannot find attribute `get_size` in this scope
[INFO] [stdout]   --> src/lib.rs:172:5
[INFO] [stdout]    |
[INFO] [stdout] 13 |   #[get_size(ignore)]
[INFO] [stdout]    |     ^^^^^^^^
[INFO] [stdout] 
[INFO] [stdout] error[E0599]: no method named `get_heap_size` found for struct `TestStruct` in the current scope
[INFO] [stdout]   --> src/lib.rs:187:19
[INFO] [stdout]    |
[INFO] [stdout] 11 | struct TestStruct {
[INFO] [stdout]    | ----------------- method `get_heap_size` not found for this struct
[INFO] [stdout] ...
[INFO] [stdout] 28 |   assert_eq!(test.get_heap_size(), 4);
[INFO] [stdout]    |                   ^^^^^^^^^^^^^ method not found in `TestStruct`
[INFO] [stdout] 
[INFO] [stdout] error: aborting due to 4 previous errors
[INFO] [stdout] 
[INFO] [stdout] Some errors have detailed explanations: E0432, E0599.
[INFO] [stdout] For more information about an error, try `rustc --explain E0432`.
[INFO] [stdout] Couldn't compile the test.
[INFO] [stdout] ---- src/lib.rs - (line 231) stdout ----
[INFO] [stdout] error[E0432]: unresolved import `get_size`
[INFO] [stdout]  --> src/lib.rs:232:5
[INFO] [stdout]   |
[INFO] [stdout] 2 | use get_size::GetSize;
[INFO] [stdout]   |     ^^^^^^^^ use of undeclared crate or module `get_size`
[INFO] [stdout] 
[INFO] [stdout] error: cannot determine resolution for the derive macro `GetSize`
[INFO] [stdout]  --> src/lib.rs:236:10
[INFO] [stdout]   |
[INFO] [stdout] 6 | #[derive(GetSize)]
[INFO] [stdout]   |          ^^^^^^^
[INFO] [stdout]   |
[INFO] [stdout]   = note: import resolution is stuck, try simplifying macro imports
[INFO] [stdout] 
[INFO] [stdout] error: cannot find attribute `get_size` in this scope
[INFO] [stdout]  --> src/lib.rs:239:5
[INFO] [stdout]   |
[INFO] [stdout] 9 |   #[get_size(size_fn = vec_alike_helper)]
[INFO] [stdout]   |     ^^^^^^^^
[INFO] [stdout] 
[INFO] [stdout] error[E0599]: no method named `get_heap_size` found for struct `TestStruct` in the current scope
[INFO] [stdout]   --> src/lib.rs:260:19
[INFO] [stdout]    |
[INFO] [stdout] 7  | struct TestStruct {
[INFO] [stdout]    | ----------------- method `get_heap_size` not found for this struct
[INFO] [stdout] ...
[INFO] [stdout] 30 |   assert_eq!(test.get_heap_size(), 512);
[INFO] [stdout]    |                   ^^^^^^^^^^^^^ method not found in `TestStruct`
[INFO] [stdout] 
[INFO] [stdout] error: aborting due to 4 previous errors
[INFO] [stdout] 
[INFO] [stdout] Some errors have detailed explanations: E0432, E0599.
[INFO] [stdout] For more information about an error, try `rustc --explain E0432`.
[INFO] [stdout] Couldn't compile the test.
[INFO] [stdout] ---- src/lib.rs - (line 268) stdout ----
[INFO] [stdout] error[E0432]: unresolved import `get_size`
[INFO] [stdout]  --> src/lib.rs:269:5
[INFO] [stdout]   |
[INFO] [stdout] 2 | use get_size::GetSize;
[INFO] [stdout]   |     ^^^^^^^^ use of undeclared crate or module `get_size`
[INFO] [stdout] 
[INFO] [stdout] error: cannot determine resolution for the derive macro `GetSize`
[INFO] [stdout]  --> src/lib.rs:271:10
[INFO] [stdout]   |
[INFO] [stdout] 4 | #[derive(GetSize)]
[INFO] [stdout]   |          ^^^^^^^
[INFO] [stdout]   |
[INFO] [stdout]   = note: import resolution is stuck, try simplifying macro imports
[INFO] [stdout] 
[INFO] [stdout] error: cannot find attribute `get_size` in this scope
[INFO] [stdout]  --> src/lib.rs:272:3
[INFO] [stdout]   |
[INFO] [stdout] 5 | #[get_size(ignore(B, C, D))]
[INFO] [stdout]   |   ^^^^^^^^
[INFO] [stdout] 
[INFO] [stdout] error: cannot find attribute `get_size` in this scope
[INFO] [stdout]  --> src/lib.rs:275:7
[INFO] [stdout]   |
[INFO] [stdout] 8 |     #[get_size(size = 100)]
[INFO] [stdout]   |       ^^^^^^^^
[INFO] [stdout] 
[INFO] [stdout] error: cannot find attribute `get_size` in this scope
[INFO] [stdout]   --> src/lib.rs:277:7
[INFO] [stdout]    |
[INFO] [stdout] 10 |     #[get_size(size_fn = get_size_helper)]
[INFO] [stdout]    |       ^^^^^^^^
[INFO] [stdout] 
[INFO] [stdout] error: cannot find attribute `get_size` in this scope
[INFO] [stdout]   --> src/lib.rs:279:7
[INFO] [stdout]    |
[INFO] [stdout] 12 |     #[get_size(ignore)]
[INFO] [stdout]    |       ^^^^^^^^
[INFO] [stdout] 
[INFO] [stdout] error[E0599]: no method named `get_heap_size` found for struct `TestStructHelpers` in the current scope
[INFO] [stdout]   --> src/lib.rs:298:21
[INFO] [stdout]    |
[INFO] [stdout] 6  | struct TestStructHelpers<A, B, C, D> {
[INFO] [stdout]    | ------------------------------------ method `get_heap_size` not found for this struct
[INFO] [stdout] ...
[INFO] [stdout] 31 |     assert_eq!(test.get_heap_size(), 5 + 100 + 50);
[INFO] [stdout]    |                     ^^^^^^^^^^^^^ method not found in `TestStructHelpers<String, NoGS, NoGS, u64>`
[INFO] [stdout] 
[INFO] [stdout] error: aborting due to 7 previous errors
[INFO] [stdout] 
[INFO] [stdout] Some errors have detailed explanations: E0432, E0599.
[INFO] [stdout] For more information about an error, try `rustc --explain E0432`.
[INFO] [stdout] Couldn't compile the test.
[INFO] [stdout] ---- src/lib.rs - (line 195) stdout ----
[INFO] [stdout] error[E0432]: unresolved import `get_size`
[INFO] [stdout]  --> src/lib.rs:196:5
[INFO] [stdout]   |
[INFO] [stdout] 2 | use get_size::GetSize;
[INFO] [stdout]   |     ^^^^^^^^ use of undeclared crate or module `get_size`
[INFO] [stdout] 
[INFO] [stdout] error: cannot determine resolution for the derive macro `GetSize`
[INFO] [stdout]   --> src/lib.rs:206:10
[INFO] [stdout]    |
[INFO] [stdout] 12 | #[derive(GetSize)]
[INFO] [stdout]    |          ^^^^^^^
[INFO] [stdout]    |
[INFO] [stdout]    = note: import resolution is stuck, try simplifying macro imports
[INFO] [stdout] 
[INFO] [stdout] error: cannot find attribute `get_size` in this scope
[INFO] [stdout]   --> src/lib.rs:209:5
[INFO] [stdout]    |
[INFO] [stdout] 15 |   #[get_size(size = 1024)]
[INFO] [stdout]    |     ^^^^^^^^
[INFO] [stdout] 
[INFO] [stdout] error[E0599]: no method named `get_heap_size` found for struct `TestStruct` in the current scope
[INFO] [stdout]   --> src/lib.rs:219:19
[INFO] [stdout]    |
[INFO] [stdout] 13 | struct TestStruct {
[INFO] [stdout]    | ----------------- method `get_heap_size` not found for this struct
[INFO] [stdout] ...
[INFO] [stdout] 25 |   assert_eq!(test.get_heap_size(), 1024);
[INFO] [stdout]    |                   ^^^^^^^^^^^^^ method not found in `TestStruct`
[INFO] [stdout] 
[INFO] [stdout] error: aborting due to 4 previous errors
[INFO] [stdout] 
[INFO] [stdout] Some errors have detailed explanations: E0432, E0599.
[INFO] [stdout] For more information about an error, try `rustc --explain E0432`.
[INFO] [stdout] Couldn't compile the test.
[INFO] [stdout] ---- src/lib.rs - (line 118) stdout ----
[INFO] [stdout] error[E0432]: unresolved import `get_size`
[INFO] [stdout]  --> src/lib.rs:120:5
[INFO] [stdout]   |
[INFO] [stdout] 3 | use get_size::GetSize;
[INFO] [stdout]   |     ^^^^^^^^ use of undeclared crate or module `get_size`
[INFO] [stdout] 
[INFO] [stdout] error: cannot determine resolution for the derive macro `GetSize`
[INFO] [stdout]  --> src/lib.rs:122:10
[INFO] [stdout]   |
[INFO] [stdout] 5 | #[derive(GetSize)]
[INFO] [stdout]   |          ^^^^^^^
[INFO] [stdout]   |
[INFO] [stdout]   = note: import resolution is stuck, try simplifying macro imports
[INFO] [stdout] 
[INFO] [stdout] error: cannot determine resolution for the derive macro `GetSize`
[INFO] [stdout]   --> src/lib.rs:128:10
[INFO] [stdout]    |
[INFO] [stdout] 11 | #[derive(GetSize)]
[INFO] [stdout]    |          ^^^^^^^
[INFO] [stdout]    |
[INFO] [stdout]    = note: import resolution is stuck, try simplifying macro imports
[INFO] [stdout] 
[INFO] [stdout] error: cannot find attribute `get_size` in this scope
[INFO] [stdout]   --> src/lib.rs:131:5
[INFO] [stdout]    |
[INFO] [stdout] 14 |   #[get_size(ignore)]
[INFO] [stdout]    |     ^^^^^^^^
[INFO] [stdout] 
[INFO] [stdout] error[E0599]: no method named `get_heap_size` found for struct `PrimaryStore` in the current scope
[INFO] [stdout]   --> src/lib.rs:149:27
[INFO] [stdout]    |
[INFO] [stdout] 6  | struct PrimaryStore {
[INFO] [stdout]    | ------------------- method `get_heap_size` not found for this struct
[INFO] [stdout] ...
[INFO] [stdout] 32 |   assert_eq!(primary_data.get_heap_size(), Vec::<u8>::get_stack_size() + 1024);
[INFO] [stdout]    |                           ^^^^^^^^^^^^^ method not found in `PrimaryStore`
[INFO] [stdout] 
[INFO] [stdout] error[E0599]: no function or associated item named `get_stack_size` found for struct `Vec<u8>` in the current scope
[INFO] [stdout]   --> src/lib.rs:149:55
[INFO] [stdout]    |
[INFO] [stdout] 32 |   assert_eq!(primary_data.get_heap_size(), Vec::<u8>::get_stack_size() + 1024);
[INFO] [stdout]    |                                                       ^^^^^^^^^^^^^^ function or associated item not found in `Vec<u8>`
[INFO] [stdout] 
[INFO] [stdout] error[E0599]: no method named `get_heap_size` found for struct `SecondaryStore` in the current scope
[INFO] [stdout]   --> src/lib.rs:150:29
[INFO] [stdout]    |
[INFO] [stdout] 12 | struct SecondaryStore {
[INFO] [stdout]    | --------------------- method `get_heap_size` not found for this struct
[INFO] [stdout] ...
[INFO] [stdout] 33 |   assert_eq!(secondary_data.get_heap_size(), 0);
[INFO] [stdout]    |                             ^^^^^^^^^^^^^ method not found in `SecondaryStore`
[INFO] [stdout] 
[INFO] [stdout] error: aborting due to 7 previous errors
[INFO] [stdout] 
[INFO] [stdout] Some errors have detailed explanations: E0432, E0599.
[INFO] [stdout] For more information about an error, try `rustc --explain E0432`.
[INFO] [stdout] Couldn't compile the test.
[INFO] [stdout] ---- src/lib.rs - (line 11) stdout ----
[INFO] [stdout] error[E0432]: unresolved import `get_size`
[INFO] [stdout]  --> src/lib.rs:12:5
[INFO] [stdout]   |
[INFO] [stdout] 2 | use get_size::GetSize;
[INFO] [stdout]   |     ^^^^^^^^ use of undeclared crate or module `get_size`
[INFO] [stdout] 
[INFO] [stdout] error: cannot determine resolution for the derive macro `GetSize`
[INFO] [stdout]  --> src/lib.rs:14:10
[INFO] [stdout]   |
[INFO] [stdout] 4 | #[derive(GetSize)]
[INFO] [stdout]   |          ^^^^^^^
[INFO] [stdout]   |
[INFO] [stdout]   = note: import resolution is stuck, try simplifying macro imports
[INFO] [stdout] 
[INFO] [stdout] error[E0599]: no method named `get_heap_size` found for struct `OwnStruct` in the current scope
[INFO] [stdout]   --> src/lib.rs:26:21
[INFO] [stdout]    |
[INFO] [stdout] 5  | pub struct OwnStruct {
[INFO] [stdout]    | -------------------- method `get_heap_size` not found for this struct
[INFO] [stdout] ...
[INFO] [stdout] 16 |     assert_eq!(test.get_heap_size(), 5);
[INFO] [stdout]    |                     ^^^^^^^^^^^^^ method not found in `OwnStruct`
[INFO] [stdout] 
[INFO] [stdout] error: aborting due to 3 previous errors
[INFO] [stdout] 
[INFO] [stdout] Some errors have detailed explanations: E0432, E0599.
[INFO] [stdout] For more information about an error, try `rustc --explain E0432`.
[INFO] [stdout] Couldn't compile the test.
[INFO] [stdout] ---- src/lib.rs - (line 70) stdout ----
[INFO] [stdout] error[E0432]: unresolved import `get_size`
[INFO] [stdout]  --> src/lib.rs:71:5
[INFO] [stdout]   |
[INFO] [stdout] 2 | use get_size::GetSize;
[INFO] [stdout]   |     ^^^^^^^^ use of undeclared crate or module `get_size`
[INFO] [stdout] 
[INFO] [stdout] error: cannot determine resolution for the derive macro `GetSize`
[INFO] [stdout]  --> src/lib.rs:73:10
[INFO] [stdout]   |
[INFO] [stdout] 4 | #[derive(GetSize)]
[INFO] [stdout]   |          ^^^^^^^
[INFO] [stdout]   |
[INFO] [stdout]   = note: import resolution is stuck, try simplifying macro imports
[INFO] [stdout] 
[INFO] [stdout] error: cannot determine resolution for the derive macro `GetSize`
[INFO] [stdout]   --> src/lib.rs:79:10
[INFO] [stdout]    |
[INFO] [stdout] 10 | #[derive(GetSize)]
[INFO] [stdout]    |          ^^^^^^^
[INFO] [stdout]    |
[INFO] [stdout]    = note: import resolution is stuck, try simplifying macro imports
[INFO] [stdout] 
[INFO] [stdout] error[E0599]: no method named `get_heap_size` found for struct `TestStructGenerics` in the current scope
[INFO] [stdout]   --> src/lib.rs:91:21
[INFO] [stdout]    |
[INFO] [stdout] 5  | struct TestStructGenerics<A, B> {
[INFO] [stdout]    | ------------------------------- method `get_heap_size` not found for this struct
[INFO] [stdout] ...
[INFO] [stdout] 22 |     assert_eq!(test.get_heap_size(), 5);
[INFO] [stdout]    |                     ^^^^^^^^^^^^^ method not found in `TestStructGenerics<String, u64>`
[INFO] [stdout] 
[INFO] [stdout] error[E0599]: no method named `get_heap_size` found for enum `TestEnumGenerics` in the current scope
[INFO] [stdout]   --> src/lib.rs:96:21
[INFO] [stdout]    |
[INFO] [stdout] 11 | enum TestEnumGenerics<A, B> {
[INFO] [stdout]    | --------------------------- method `get_heap_size` not found for this enum
[INFO] [stdout] ...
[INFO] [stdout] 27 |     assert_eq!(test.get_heap_size(), 5);
[INFO] [stdout]    |                     ^^^^^^^^^^^^^ method not found in `TestEnumGenerics<String, u64>`
[INFO] [stdout] 
[INFO] [stdout] error[E0599]: no method named `get_heap_size` found for enum `TestEnumGenerics` in the current scope
[INFO] [stdout]   --> src/lib.rs:100:21
[INFO] [stdout]    |
[INFO] [stdout] 11 | enum TestEnumGenerics<A, B> {
[INFO] [stdout]    | --------------------------- method `get_heap_size` not found for this enum
[INFO] [stdout] ...
[INFO] [stdout] 31 |     assert_eq!(test.get_heap_size(), 0);
[INFO] [stdout]    |                     ^^^^^^^^^^^^^ method not found in `TestEnumGenerics<String, u64>`
[INFO] [stdout] 
[INFO] [stdout] error: aborting due to 6 previous errors
[INFO] [stdout] 
[INFO] [stdout] Some errors have detailed explanations: E0432, E0599.
[INFO] [stdout] For more information about an error, try `rustc --explain E0432`.
[INFO] [stdout] Couldn't compile the test.
[INFO] [stdout] ---- src/lib.rs - (line 32) stdout ----
[INFO] [stdout] error[E0432]: unresolved import `get_size`
[INFO] [stdout]  --> src/lib.rs:33:5
[INFO] [stdout]   |
[INFO] [stdout] 2 | use get_size::GetSize;
[INFO] [stdout]   |     ^^^^^^^^ use of undeclared crate or module `get_size`
[INFO] [stdout] 
[INFO] [stdout] error: cannot determine resolution for the derive macro `GetSize`
[INFO] [stdout]  --> src/lib.rs:35:10
[INFO] [stdout]   |
[INFO] [stdout] 4 | #[derive(GetSize)]
[INFO] [stdout]   |          ^^^^^^^
[INFO] [stdout]   |
[INFO] [stdout]   = note: import resolution is stuck, try simplifying macro imports
[INFO] [stdout] 
[INFO] [stdout] error: cannot determine resolution for the derive macro `GetSize`
[INFO] [stdout]   --> src/lib.rs:43:10
[INFO] [stdout]    |
[INFO] [stdout] 12 | #[derive(GetSize)]
[INFO] [stdout]    |          ^^^^^^^
[INFO] [stdout]    |
[INFO] [stdout]    = note: import resolution is stuck, try simplifying macro imports
[INFO] [stdout] 
[INFO] [stdout] error[E0599]: no method named `get_heap_size` found for enum `TestEnum` in the current scope
[INFO] [stdout]   --> src/lib.rs:52:21
[INFO] [stdout]    |
[INFO] [stdout] 5  | pub enum TestEnum {
[INFO] [stdout]    | ----------------- method `get_heap_size` not found for this enum
[INFO] [stdout] ...
[INFO] [stdout] 21 |     assert_eq!(test.get_heap_size(), 0);
[INFO] [stdout]    |                     ^^^^^^^^^^^^^ method not found in `TestEnum`
[INFO] [stdout] 
[INFO] [stdout] error[E0599]: no method named `get_heap_size` found for enum `TestEnum` in the current scope
[INFO] [stdout]   --> src/lib.rs:55:21
[INFO] [stdout]    |
[INFO] [stdout] 5  | pub enum TestEnum {
[INFO] [stdout]    | ----------------- method `get_heap_size` not found for this enum
[INFO] [stdout] ...
[INFO] [stdout] 24 |     assert_eq!(test.get_heap_size(), 5);
[INFO] [stdout]    |                     ^^^^^^^^^^^^^ method not found in `TestEnum`
[INFO] [stdout] 
[INFO] [stdout] error[E0599]: no method named `get_heap_size` found for enum `TestEnum` in the current scope
[INFO] [stdout]   --> src/lib.rs:58:21
[INFO] [stdout]    |
[INFO] [stdout] 5  | pub enum TestEnum {
[INFO] [stdout]    | ----------------- method `get_heap_size` not found for this enum
[INFO] [stdout] ...
[INFO] [stdout] 27 |     assert_eq!(test.get_heap_size(), 0);
[INFO] [stdout]    |                     ^^^^^^^^^^^^^ method not found in `TestEnum`
[INFO] [stdout] 
[INFO] [stdout] error[E0599]: no method named `get_heap_size` found for enum `TestEnum` in the current scope
[INFO] [stdout]   --> src/lib.rs:61:21
[INFO] [stdout]    |
[INFO] [stdout] 5  | pub enum TestEnum {
[INFO] [stdout]    | ----------------- method `get_heap_size` not found for this enum
[INFO] [stdout] ...
[INFO] [stdout] 30 |     assert_eq!(test.get_heap_size(), 5 + 5);
[INFO] [stdout]    |                     ^^^^^^^^^^^^^ method not found in `TestEnum`
[INFO] [stdout] 
[INFO] [stdout] error[E0599]: no method named `get_heap_size` found for enum `TestEnumNumber` in the current scope
[INFO] [stdout]   --> src/lib.rs:64:21
[INFO] [stdout]    |
[INFO] [stdout] 13 | pub enum TestEnumNumber {
[INFO] [stdout]    | ----------------------- method `get_heap_size` not found for this enum
[INFO] [stdout] ...
[INFO] [stdout] 33 |     assert_eq!(test.get_heap_size(), 0);
[INFO] [stdout]    |                     ^^^^^^^^^^^^^ method not found in `TestEnumNumber`
[INFO] [stdout] 
[INFO] [stdout] error: aborting due to 8 previous errors
[INFO] [stdout] 
[INFO] [stdout] Some errors have detailed explanations: E0432, E0599.
[INFO] [stdout] For more information about an error, try `rustc --explain E0432`.
[INFO] [stdout] Couldn't compile the test.
[INFO] [stdout] 
[INFO] [stdout] failures:
[INFO] [stdout]     src/lib.rs - (line 11)
[INFO] [stdout]     src/lib.rs - (line 118)
[INFO] [stdout]     src/lib.rs - (line 160)
[INFO] [stdout]     src/lib.rs - (line 195)
[INFO] [stdout]     src/lib.rs - (line 231)
[INFO] [stdout]     src/lib.rs - (line 268)
[INFO] [stdout]     src/lib.rs - (line 32)
[INFO] [stdout]     src/lib.rs - (line 70)
[INFO] [stdout] 
[INFO] [stdout] test result: FAILED. 0 passed; 8 failed; 0 ignored; 0 measured; 0 filtered out; finished in 0.19s
[INFO] [stdout] 
[INFO] [stderr] error: doctest failed, to rerun pass `--doc`
[INFO] running `Command { std: "docker" "inspect" "e0382f4a54715e1ebfaba4fcec0821b13e2c72fadec23ad85dfcea1c1d417e05", kill_on_drop: false }`
[INFO] running `Command { std: "docker" "rm" "-f" "e0382f4a54715e1ebfaba4fcec0821b13e2c72fadec23ad85dfcea1c1d417e05", kill_on_drop: false }`
[INFO] [stdout] e0382f4a54715e1ebfaba4fcec0821b13e2c72fadec23ad85dfcea1c1d417e05
[INFO] testing get-size-derive-0.1.3 against beta-2023-12-22 for beta-1.76-1
[INFO] extracting crate get-size-derive 0.1.3 into /workspace/builds/worker-1-tc2/source
[INFO] validating manifest of crates.io crate get-size-derive 0.1.3 on toolchain beta-2023-12-22
[INFO] running `Command { std: CARGO_HOME="/workspace/cargo-home" RUSTUP_HOME="/workspace/rustup-home" "/workspace/cargo-home/bin/cargo" "+beta-2023-12-22" "metadata" "--manifest-path" "Cargo.toml" "--no-deps", kill_on_drop: false }`
[INFO] started tweaking crates.io crate get-size-derive 0.1.3
[INFO] finished tweaking crates.io crate get-size-derive 0.1.3
[INFO] tweaked toml for crates.io crate get-size-derive 0.1.3 written to /workspace/builds/worker-1-tc2/source/Cargo.toml
[INFO] running `Command { std: CARGO_HOME="/workspace/cargo-home" RUSTUP_HOME="/workspace/rustup-home" "/workspace/cargo-home/bin/cargo" "+beta-2023-12-22" "generate-lockfile" "--manifest-path" "Cargo.toml", kill_on_drop: false }`
[INFO] [stderr]     Updating crates.io index
[INFO] running `Command { std: CARGO_HOME="/workspace/cargo-home" RUSTUP_HOME="/workspace/rustup-home" "/workspace/cargo-home/bin/cargo" "+beta-2023-12-22" "fetch" "--manifest-path" "Cargo.toml", kill_on_drop: false }`
[INFO] running `Command { std: "docker" "create" "-v" "/var/lib/crater-agent-workspace/builds/worker-1-tc2/target:/opt/rustwide/target:rw,Z" "-v" "/var/lib/crater-agent-workspace/builds/worker-1-tc2/source:/opt/rustwide/workdir:ro,Z" "-v" "/var/lib/crater-agent-workspace/cargo-home:/opt/rustwide/cargo-home:ro,Z" "-v" "/var/lib/crater-agent-workspace/rustup-home:/opt/rustwide/rustup-home:ro,Z" "-e" "SOURCE_DIR=/opt/rustwide/workdir" "-e" "CARGO_TARGET_DIR=/opt/rustwide/target" "-e" "CARGO_HOME=/opt/rustwide/cargo-home" "-e" "RUSTUP_HOME=/opt/rustwide/rustup-home" "-w" "/opt/rustwide/workdir" "-m" "1610612736" "--user" "0:0" "--network" "none" "ghcr.io/rust-lang/crates-build-env/linux@sha256:2788e3201cd34a07e3172128adcd8b3090168a8e3bcc40d7c032b9dda1df7d1c" "/opt/rustwide/cargo-home/bin/cargo" "+beta-2023-12-22" "metadata" "--no-deps" "--format-version=1", kill_on_drop: false }`
[INFO] [stdout] 1337d117c1a9497619cbf542dd4f38f0898fb5b5d069e041a200a6d039e3d226
[INFO] running `Command { std: "docker" "start" "-a" "1337d117c1a9497619cbf542dd4f38f0898fb5b5d069e041a200a6d039e3d226", kill_on_drop: false }`
[INFO] running `Command { std: "docker" "inspect" "1337d117c1a9497619cbf542dd4f38f0898fb5b5d069e041a200a6d039e3d226", kill_on_drop: false }`
[INFO] running `Command { std: "docker" "rm" "-f" "1337d117c1a9497619cbf542dd4f38f0898fb5b5d069e041a200a6d039e3d226", kill_on_drop: false }`
[INFO] [stdout] 1337d117c1a9497619cbf542dd4f38f0898fb5b5d069e041a200a6d039e3d226
[INFO] running `Command { std: "docker" "create" "-v" "/var/lib/crater-agent-workspace/builds/worker-1-tc2/target:/opt/rustwide/target:rw,Z" "-v" "/var/lib/crater-agent-workspace/builds/worker-1-tc2/source:/opt/rustwide/workdir:ro,Z" "-v" "/var/lib/crater-agent-workspace/cargo-home:/opt/rustwide/cargo-home:ro,Z" "-v" "/var/lib/crater-agent-workspace/rustup-home:/opt/rustwide/rustup-home:ro,Z" "-e" "SOURCE_DIR=/opt/rustwide/workdir" "-e" "CARGO_TARGET_DIR=/opt/rustwide/target" "-e" "CARGO_INCREMENTAL=0" "-e" "RUST_BACKTRACE=full" "-e" "RUSTFLAGS=--cap-lints=warn" "-e" "RUSTDOCFLAGS=--cap-lints=warn" "-e" "CARGO_HOME=/opt/rustwide/cargo-home" "-e" "RUSTUP_HOME=/opt/rustwide/rustup-home" "-w" "/opt/rustwide/workdir" "-m" "1610612736" "--user" "0:0" "--network" "none" "ghcr.io/rust-lang/crates-build-env/linux@sha256:2788e3201cd34a07e3172128adcd8b3090168a8e3bcc40d7c032b9dda1df7d1c" "/opt/rustwide/cargo-home/bin/cargo" "+beta-2023-12-22" "build" "--frozen" "--message-format=json", kill_on_drop: false }`
[INFO] [stdout] c030be5925a6bd36ef04a1b73ab5862d10c74730ce33ebc3f8048adadc99c8d7
[INFO] running `Command { std: "docker" "start" "-a" "c030be5925a6bd36ef04a1b73ab5862d10c74730ce33ebc3f8048adadc99c8d7", kill_on_drop: false }`
[INFO] [stderr]    Compiling syn v1.0.109
[INFO] [stderr]    Compiling smallvec v1.11.2
[INFO] [stderr]    Compiling interpolator v0.5.0
[INFO] [stderr]    Compiling collection_literals v1.0.1
[INFO] [stderr]    Compiling syn v2.0.48
[INFO] [stderr]    Compiling proc-macro-error-attr v1.0.4
[INFO] [stderr]    Compiling proc-macro-utils v0.8.0
[INFO] [stderr]    Compiling proc-macro-error v1.0.4
[INFO] [stderr]    Compiling derive-where v1.2.7
[INFO] [stderr]    Compiling quote-use-macros v0.7.2
[INFO] [stderr]    Compiling quote-use v0.7.2
[INFO] [stderr]    Compiling attribute-derive-macro v0.6.1
[INFO] [stderr]    Compiling attribute-derive v0.6.1
[INFO] [stderr]    Compiling get-size-derive v0.1.3 (/opt/rustwide/workdir)
[INFO] [stderr]     Finished dev [unoptimized + debuginfo] target(s) in 6.39s
[INFO] running `Command { std: "docker" "inspect" "c030be5925a6bd36ef04a1b73ab5862d10c74730ce33ebc3f8048adadc99c8d7", kill_on_drop: false }`
[INFO] running `Command { std: "docker" "rm" "-f" "c030be5925a6bd36ef04a1b73ab5862d10c74730ce33ebc3f8048adadc99c8d7", kill_on_drop: false }`
[INFO] [stdout] c030be5925a6bd36ef04a1b73ab5862d10c74730ce33ebc3f8048adadc99c8d7
[INFO] running `Command { std: "docker" "create" "-v" "/var/lib/crater-agent-workspace/builds/worker-1-tc2/target:/opt/rustwide/target:rw,Z" "-v" "/var/lib/crater-agent-workspace/builds/worker-1-tc2/source:/opt/rustwide/workdir:ro,Z" "-v" "/var/lib/crater-agent-workspace/cargo-home:/opt/rustwide/cargo-home:ro,Z" "-v" "/var/lib/crater-agent-workspace/rustup-home:/opt/rustwide/rustup-home:ro,Z" "-e" "SOURCE_DIR=/opt/rustwide/workdir" "-e" "CARGO_TARGET_DIR=/opt/rustwide/target" "-e" "CARGO_INCREMENTAL=0" "-e" "RUST_BACKTRACE=full" "-e" "RUSTFLAGS=--cap-lints=warn" "-e" "RUSTDOCFLAGS=--cap-lints=warn" "-e" "CARGO_HOME=/opt/rustwide/cargo-home" "-e" "RUSTUP_HOME=/opt/rustwide/rustup-home" "-w" "/opt/rustwide/workdir" "-m" "1610612736" "--user" "0:0" "--network" "none" "ghcr.io/rust-lang/crates-build-env/linux@sha256:2788e3201cd34a07e3172128adcd8b3090168a8e3bcc40d7c032b9dda1df7d1c" "/opt/rustwide/cargo-home/bin/cargo" "+beta-2023-12-22" "test" "--frozen" "--no-run" "--message-format=json", kill_on_drop: false }`
[INFO] [stdout] 3221f3c81f38ceb741baec91ee1f5fe33bd6128fa3cee648ba77269342b06fc3
[INFO] running `Command { std: "docker" "start" "-a" "3221f3c81f38ceb741baec91ee1f5fe33bd6128fa3cee648ba77269342b06fc3", kill_on_drop: false }`
[INFO] [stderr]    Compiling get-size-derive v0.1.3 (/opt/rustwide/workdir)
[INFO] [stderr]     Finished test [unoptimized + debuginfo] target(s) in 0.51s
[INFO] running `Command { std: "docker" "inspect" "3221f3c81f38ceb741baec91ee1f5fe33bd6128fa3cee648ba77269342b06fc3", kill_on_drop: false }`
[INFO] running `Command { std: "docker" "rm" "-f" "3221f3c81f38ceb741baec91ee1f5fe33bd6128fa3cee648ba77269342b06fc3", kill_on_drop: false }`
[INFO] [stdout] 3221f3c81f38ceb741baec91ee1f5fe33bd6128fa3cee648ba77269342b06fc3
[INFO] running `Command { std: "docker" "create" "-v" "/var/lib/crater-agent-workspace/builds/worker-1-tc2/target:/opt/rustwide/target:rw,Z" "-v" "/var/lib/crater-agent-workspace/builds/worker-1-tc2/source:/opt/rustwide/workdir:ro,Z" "-v" "/var/lib/crater-agent-workspace/cargo-home:/opt/rustwide/cargo-home:ro,Z" "-v" "/var/lib/crater-agent-workspace/rustup-home:/opt/rustwide/rustup-home:ro,Z" "-e" "SOURCE_DIR=/opt/rustwide/workdir" "-e" "CARGO_TARGET_DIR=/opt/rustwide/target" "-e" "CARGO_INCREMENTAL=0" "-e" "RUST_BACKTRACE=full" "-e" "RUSTFLAGS=--cap-lints=warn" "-e" "RUSTDOCFLAGS=--cap-lints=warn" "-e" "CARGO_HOME=/opt/rustwide/cargo-home" "-e" "RUSTUP_HOME=/opt/rustwide/rustup-home" "-w" "/opt/rustwide/workdir" "-m" "1610612736" "--user" "0:0" "--network" "none" "ghcr.io/rust-lang/crates-build-env/linux@sha256:2788e3201cd34a07e3172128adcd8b3090168a8e3bcc40d7c032b9dda1df7d1c" "/opt/rustwide/cargo-home/bin/cargo" "+beta-2023-12-22" "test" "--frozen", kill_on_drop: false }`
[INFO] [stdout] 63d1278a73dc1dd62ff93eccab1444d7522526a971144142a1f11c76af5df58b
[INFO] running `Command { std: "docker" "start" "-a" "63d1278a73dc1dd62ff93eccab1444d7522526a971144142a1f11c76af5df58b", kill_on_drop: false }`
[INFO] [stderr]     Finished test [unoptimized + debuginfo] target(s) in 0.01s
[INFO] [stderr]      Running unittests src/lib.rs (/opt/rustwide/target/debug/deps/get_size_derive-8686bde54603cad5)
[INFO] [stdout] 
[INFO] [stdout] running 0 tests
[INFO] [stdout] 
[INFO] [stdout] test result: ok. 0 passed; 0 failed; 0 ignored; 0 measured; 0 filtered out; finished in 0.00s
[INFO] [stdout] 
[INFO] [stderr]    Doc-tests get-size-derive
[INFO] [stdout] 
[INFO] [stdout] running 8 tests
[INFO] [stdout] test src/lib.rs - (line 195) ... FAILED
[INFO] [stdout] test src/lib.rs - (line 231) ... FAILED
[INFO] [stdout] test src/lib.rs - (line 11) ... FAILED
[INFO] [stdout] test src/lib.rs - (line 268) ... FAILED
[INFO] [stdout] test src/lib.rs - (line 160) ... FAILED
[INFO] [stdout] test src/lib.rs - (line 118) ... FAILED
[INFO] [stdout] test src/lib.rs - (line 70) ... FAILED
[INFO] [stdout] test src/lib.rs - (line 32) ... FAILED
[INFO] [stdout] 
[INFO] [stdout] failures:
[INFO] [stdout] 
[INFO] [stdout] ---- src/lib.rs - (line 195) stdout ----
[INFO] [stdout] error[E0432]: unresolved import `get_size`
[INFO] [stdout]  --> src/lib.rs:196:5
[INFO] [stdout]   |
[INFO] [stdout] 2 | use get_size::GetSize;
[INFO] [stdout]   |     ^^^^^^^^ use of undeclared crate or module `get_size`
[INFO] [stdout] 
[INFO] [stdout] error: cannot determine resolution for the derive macro `GetSize`
[INFO] [stdout]   --> src/lib.rs:206:10
[INFO] [stdout]    |
[INFO] [stdout] 12 | #[derive(GetSize)]
[INFO] [stdout]    |          ^^^^^^^
[INFO] [stdout]    |
[INFO] [stdout]    = note: import resolution is stuck, try simplifying macro imports
[INFO] [stdout] 
[INFO] [stdout] error: cannot find attribute `get_size` in this scope
[INFO] [stdout]   --> src/lib.rs:209:5
[INFO] [stdout]    |
[INFO] [stdout] 15 |   #[get_size(size = 1024)]
[INFO] [stdout]    |     ^^^^^^^^
[INFO] [stdout] 
[INFO] [stdout] error[E0599]: no method named `get_heap_size` found for struct `TestStruct` in the current scope
[INFO] [stdout]   --> src/lib.rs:219:19
[INFO] [stdout]    |
[INFO] [stdout] 13 | struct TestStruct {
[INFO] [stdout]    | ----------------- method `get_heap_size` not found for this struct
[INFO] [stdout] ...
[INFO] [stdout] 25 |   assert_eq!(test.get_heap_size(), 1024);
[INFO] [stdout]    |                   ^^^^^^^^^^^^^ method not found in `TestStruct`
[INFO] [stdout] 
[INFO] [stdout] error: aborting due to 4 previous errors
[INFO] [stdout] 
[INFO] [stdout] Some errors have detailed explanations: E0432, E0599.
[INFO] [stdout] For more information about an error, try `rustc --explain E0432`.
[INFO] [stdout] Couldn't compile the test.
[INFO] [stdout] ---- src/lib.rs - (line 231) stdout ----
[INFO] [stdout] error[E0432]: unresolved import `get_size`
[INFO] [stdout]  --> src/lib.rs:232:5
[INFO] [stdout]   |
[INFO] [stdout] 2 | use get_size::GetSize;
[INFO] [stdout]   |     ^^^^^^^^ use of undeclared crate or module `get_size`
[INFO] [stdout] 
[INFO] [stdout] error: cannot determine resolution for the derive macro `GetSize`
[INFO] [stdout]  --> src/lib.rs:236:10
[INFO] [stdout]   |
[INFO] [stdout] 6 | #[derive(GetSize)]
[INFO] [stdout]   |          ^^^^^^^
[INFO] [stdout]   |
[INFO] [stdout]   = note: import resolution is stuck, try simplifying macro imports
[INFO] [stdout] 
[INFO] [stdout] error: cannot find attribute `get_size` in this scope
[INFO] [stdout]  --> src/lib.rs:239:5
[INFO] [stdout]   |
[INFO] [stdout] 9 |   #[get_size(size_fn = vec_alike_helper)]
[INFO] [stdout]   |     ^^^^^^^^
[INFO] [stdout] 
[INFO] [stdout] error[E0599]: no method named `get_heap_size` found for struct `TestStruct` in the current scope
[INFO] [stdout]   --> src/lib.rs:260:19
[INFO] [stdout]    |
[INFO] [stdout] 7  | struct TestStruct {
[INFO] [stdout]    | ----------------- method `get_heap_size` not found for this struct
[INFO] [stdout] ...
[INFO] [stdout] 30 |   assert_eq!(test.get_heap_size(), 512);
[INFO] [stdout]    |                   ^^^^^^^^^^^^^ method not found in `TestStruct`
[INFO] [stdout] 
[INFO] [stdout] error: aborting due to 4 previous errors
[INFO] [stdout] 
[INFO] [stdout] Some errors have detailed explanations: E0432, E0599.
[INFO] [stdout] For more information about an error, try `rustc --explain E0432`.
[INFO] [stdout] Couldn't compile the test.
[INFO] [stdout] ---- src/lib.rs - (line 11) stdout ----
[INFO] [stdout] error[E0432]: unresolved import `get_size`
[INFO] [stdout]  --> src/lib.rs:12:5
[INFO] [stdout]   |
[INFO] [stdout] 2 | use get_size::GetSize;
[INFO] [stdout]   |     ^^^^^^^^ use of undeclared crate or module `get_size`
[INFO] [stdout] 
[INFO] [stdout] error: cannot determine resolution for the derive macro `GetSize`
[INFO] [stdout]  --> src/lib.rs:14:10
[INFO] [stdout]   |
[INFO] [stdout] 4 | #[derive(GetSize)]
[INFO] [stdout]   |          ^^^^^^^
[INFO] [stdout]   |
[INFO] [stdout]   = note: import resolution is stuck, try simplifying macro imports
[INFO] [stdout] 
[INFO] [stdout] error[E0599]: no method named `get_heap_size` found for struct `OwnStruct` in the current scope
[INFO] [stdout]   --> src/lib.rs:26:21
[INFO] [stdout]    |
[INFO] [stdout] 5  | pub struct OwnStruct {
[INFO] [stdout]    | -------------------- method `get_heap_size` not found for this struct
[INFO] [stdout] ...
[INFO] [stdout] 16 |     assert_eq!(test.get_heap_size(), 5);
[INFO] [stdout]    |                     ^^^^^^^^^^^^^ method not found in `OwnStruct`
[INFO] [stdout] 
[INFO] [stdout] error: aborting due to 3 previous errors
[INFO] [stdout] 
[INFO] [stdout] Some errors have detailed explanations: E0432, E0599.
[INFO] [stdout] For more information about an error, try `rustc --explain E0432`.
[INFO] [stdout] Couldn't compile the test.
[INFO] [stdout] ---- src/lib.rs - (line 268) stdout ----
[INFO] [stdout] error[E0432]: unresolved import `get_size`
[INFO] [stdout]  --> src/lib.rs:269:5
[INFO] [stdout]   |
[INFO] [stdout] 2 | use get_size::GetSize;
[INFO] [stdout]   |     ^^^^^^^^ use of undeclared crate or module `get_size`
[INFO] [stdout] 
[INFO] [stdout] error: cannot determine resolution for the derive macro `GetSize`
[INFO] [stdout]  --> src/lib.rs:271:10
[INFO] [stdout]   |
[INFO] [stdout] 4 | #[derive(GetSize)]
[INFO] [stdout]   |          ^^^^^^^
[INFO] [stdout]   |
[INFO] [stdout]   = note: import resolution is stuck, try simplifying macro imports
[INFO] [stdout] 
[INFO] [stdout] error: cannot find attribute `get_size` in this scope
[INFO] [stdout]  --> src/lib.rs:272:3
[INFO] [stdout]   |
[INFO] [stdout] 5 | #[get_size(ignore(B, C, D))]
[INFO] [stdout]   |   ^^^^^^^^
[INFO] [stdout] 
[INFO] [stdout] error: cannot find attribute `get_size` in this scope
[INFO] [stdout]  --> src/lib.rs:275:7
[INFO] [stdout]   |
[INFO] [stdout] 8 |     #[get_size(size = 100)]
[INFO] [stdout]   |       ^^^^^^^^
[INFO] [stdout] 
[INFO] [stdout] error: cannot find attribute `get_size` in this scope
[INFO] [stdout]   --> src/lib.rs:277:7
[INFO] [stdout]    |
[INFO] [stdout] 10 |     #[get_size(size_fn = get_size_helper)]
[INFO] [stdout]    |       ^^^^^^^^
[INFO] [stdout] 
[INFO] [stdout] error: cannot find attribute `get_size` in this scope
[INFO] [stdout]   --> src/lib.rs:279:7
[INFO] [stdout]    |
[INFO] [stdout] 12 |     #[get_size(ignore)]
[INFO] [stdout]    |       ^^^^^^^^
[INFO] [stdout] 
[INFO] [stdout] error[E0599]: no method named `get_heap_size` found for struct `TestStructHelpers` in the current scope
[INFO] [stdout]   --> src/lib.rs:298:21
[INFO] [stdout]    |
[INFO] [stdout] 6  | struct TestStructHelpers<A, B, C, D> {
[INFO] [stdout]    | ------------------------------------ method `get_heap_size` not found for this struct
[INFO] [stdout] ...
[INFO] [stdout] 31 |     assert_eq!(test.get_heap_size(), 5 + 100 + 50);
[INFO] [stdout]    |                     ^^^^^^^^^^^^^ method not found in `TestStructHelpers<String, NoGS, NoGS, u64>`
[INFO] [stdout] 
[INFO] [stdout] error: aborting due to 7 previous errors
[INFO] [stdout] 
[INFO] [stdout] Some errors have detailed explanations: E0432, E0599.
[INFO] [stdout] For more information about an error, try `rustc --explain E0432`.
[INFO] [stdout] Couldn't compile the test.
[INFO] [stdout] ---- src/lib.rs - (line 160) stdout ----
[INFO] [stdout] error[E0432]: unresolved import `get_size`
[INFO] [stdout]  --> src/lib.rs:161:5
[INFO] [stdout]   |
[INFO] [stdout] 2 | use get_size::GetSize;
[INFO] [stdout]   |     ^^^^^^^^ use of undeclared crate or module `get_size`
[INFO] [stdout] 
[INFO] [stdout] error: cannot determine resolution for the derive macro `GetSize`
[INFO] [stdout]   --> src/lib.rs:169:10
[INFO] [stdout]    |
[INFO] [stdout] 10 | #[derive(GetSize)]
[INFO] [stdout]    |          ^^^^^^^
[INFO] [stdout]    |
[INFO] [stdout]    = note: import resolution is stuck, try simplifying macro imports
[INFO] [stdout] 
[INFO] [stdout] error: cannot find attribute `get_size` in this scope
[INFO] [stdout]   --> src/lib.rs:172:5
[INFO] [stdout]    |
[INFO] [stdout] 13 |   #[get_size(ignore)]
[INFO] [stdout]    |     ^^^^^^^^
[INFO] [stdout] 
[INFO] [stdout] error[E0599]: no method named `get_heap_size` found for struct `TestStruct` in the current scope
[INFO] [stdout]   --> src/lib.rs:187:19
[INFO] [stdout]    |
[INFO] [stdout] 11 | struct TestStruct {
[INFO] [stdout]    | ----------------- method `get_heap_size` not found for this struct
[INFO] [stdout] ...
[INFO] [stdout] 28 |   assert_eq!(test.get_heap_size(), 4);
[INFO] [stdout]    |                   ^^^^^^^^^^^^^ method not found in `TestStruct`
[INFO] [stdout] 
[INFO] [stdout] error: aborting due to 4 previous errors
[INFO] [stdout] 
[INFO] [stdout] Some errors have detailed explanations: E0432, E0599.
[INFO] [stdout] For more information about an error, try `rustc --explain E0432`.
[INFO] [stdout] Couldn't compile the test.
[INFO] [stdout] ---- src/lib.rs - (line 118) stdout ----
[INFO] [stdout] error[E0432]: unresolved import `get_size`
[INFO] [stdout]  --> src/lib.rs:120:5
[INFO] [stdout]   |
[INFO] [stdout] 3 | use get_size::GetSize;
[INFO] [stdout]   |     ^^^^^^^^ use of undeclared crate or module `get_size`
[INFO] [stdout] 
[INFO] [stdout] error: cannot determine resolution for the derive macro `GetSize`
[INFO] [stdout]  --> src/lib.rs:122:10
[INFO] [stdout]   |
[INFO] [stdout] 5 | #[derive(GetSize)]
[INFO] [stdout]   |          ^^^^^^^
[INFO] [stdout]   |
[INFO] [stdout]   = note: import resolution is stuck, try simplifying macro imports
[INFO] [stdout] 
[INFO] [stdout] error: cannot determine resolution for the derive macro `GetSize`
[INFO] [stdout]   --> src/lib.rs:128:10
[INFO] [stdout]    |
[INFO] [stdout] 11 | #[derive(GetSize)]
[INFO] [stdout]    |          ^^^^^^^
[INFO] [stdout]    |
[INFO] [stdout]    = note: import resolution is stuck, try simplifying macro imports
[INFO] [stdout] 
[INFO] [stdout] error: cannot find attribute `get_size` in this scope
[INFO] [stdout]   --> src/lib.rs:131:5
[INFO] [stdout]    |
[INFO] [stdout] 14 |   #[get_size(ignore)]
[INFO] [stdout]    |     ^^^^^^^^
[INFO] [stdout] 
[INFO] [stdout] error[E0599]: no method named `get_heap_size` found for struct `PrimaryStore` in the current scope
[INFO] [stdout]   --> src/lib.rs:149:27
[INFO] [stdout]    |
[INFO] [stdout] 6  | struct PrimaryStore {
[INFO] [stdout]    | ------------------- method `get_heap_size` not found for this struct
[INFO] [stdout] ...
[INFO] [stdout] 32 |   assert_eq!(primary_data.get_heap_size(), Vec::<u8>::get_stack_size() + 1024);
[INFO] [stdout]    |                           ^^^^^^^^^^^^^ method not found in `PrimaryStore`
[INFO] [stdout] 
[INFO] [stdout] error[E0599]: no function or associated item named `get_stack_size` found for struct `Vec<u8>` in the current scope
[INFO] [stdout]   --> src/lib.rs:149:55
[INFO] [stdout]    |
[INFO] [stdout] 32 |   assert_eq!(primary_data.get_heap_size(), Vec::<u8>::get_stack_size() + 1024);
[INFO] [stdout]    |                                                       ^^^^^^^^^^^^^^ function or associated item not found in `Vec<u8>`
[INFO] [stdout] 
[INFO] [stdout] error[E0599]: no method named `get_heap_size` found for struct `SecondaryStore` in the current scope
[INFO] [stdout]   --> src/lib.rs:150:29
[INFO] [stdout]    |
[INFO] [stdout] 12 | struct SecondaryStore {
[INFO] [stdout]    | --------------------- method `get_heap_size` not found for this struct
[INFO] [stdout] ...
[INFO] [stdout] 33 |   assert_eq!(secondary_data.get_heap_size(), 0);
[INFO] [stdout]    |                             ^^^^^^^^^^^^^ method not found in `SecondaryStore`
[INFO] [stdout] 
[INFO] [stdout] error: aborting due to 7 previous errors
[INFO] [stdout] 
[INFO] [stdout] Some errors have detailed explanations: E0432, E0599.
[INFO] [stdout] For more information about an error, try `rustc --explain E0432`.
[INFO] [stdout] Couldn't compile the test.
[INFO] [stdout] ---- src/lib.rs - (line 70) stdout ----
[INFO] [stdout] error[E0432]: unresolved import `get_size`
[INFO] [stdout]  --> src/lib.rs:71:5
[INFO] [stdout]   |
[INFO] [stdout] 2 | use get_size::GetSize;
[INFO] [stdout]   |     ^^^^^^^^ use of undeclared crate or module `get_size`
[INFO] [stdout] 
[INFO] [stdout] error: cannot determine resolution for the derive macro `GetSize`
[INFO] [stdout]  --> src/lib.rs:73:10
[INFO] [stdout]   |
[INFO] [stdout] 4 | #[derive(GetSize)]
[INFO] [stdout]   |          ^^^^^^^
[INFO] [stdout]   |
[INFO] [stdout]   = note: import resolution is stuck, try simplifying macro imports
[INFO] [stdout] 
[INFO] [stdout] error: cannot determine resolution for the derive macro `GetSize`
[INFO] [stdout]   --> src/lib.rs:79:10
[INFO] [stdout]    |
[INFO] [stdout] 10 | #[derive(GetSize)]
[INFO] [stdout]    |          ^^^^^^^
[INFO] [stdout]    |
[INFO] [stdout]    = note: import resolution is stuck, try simplifying macro imports
[INFO] [stdout] 
[INFO] [stdout] error[E0599]: no method named `get_heap_size` found for struct `TestStructGenerics` in the current scope
[INFO] [stdout]   --> src/lib.rs:91:21
[INFO] [stdout]    |
[INFO] [stdout] 5  | struct TestStructGenerics<A, B> {
[INFO] [stdout]    | ------------------------------- method `get_heap_size` not found for this struct
[INFO] [stdout] ...
[INFO] [stdout] 22 |     assert_eq!(test.get_heap_size(), 5);
[INFO] [stdout]    |                     ^^^^^^^^^^^^^ method not found in `TestStructGenerics<String, u64>`
[INFO] [stdout] 
[INFO] [stdout] error[E0599]: no method named `get_heap_size` found for enum `TestEnumGenerics` in the current scope
[INFO] [stdout]   --> src/lib.rs:96:21
[INFO] [stdout]    |
[INFO] [stdout] 11 | enum TestEnumGenerics<A, B> {
[INFO] [stdout]    | --------------------------- method `get_heap_size` not found for this enum
[INFO] [stdout] ...
[INFO] [stdout] 27 |     assert_eq!(test.get_heap_size(), 5);
[INFO] [stdout]    |                     ^^^^^^^^^^^^^ method not found in `TestEnumGenerics<String, u64>`
[INFO] [stdout] 
[INFO] [stdout] error[E0599]: no method named `get_heap_size` found for enum `TestEnumGenerics` in the current scope
[INFO] [stdout]   --> src/lib.rs:100:21
[INFO] [stdout]    |
[INFO] [stdout] 11 | enum TestEnumGenerics<A, B> {
[INFO] [stdout]    | --------------------------- method `get_heap_size` not found for this enum
[INFO] [stdout] ...
[INFO] [stdout] 31 |     assert_eq!(test.get_heap_size(), 0);
[INFO] [stdout]    |                     ^^^^^^^^^^^^^ method not found in `TestEnumGenerics<String, u64>`
[INFO] [stdout] 
[INFO] [stdout] error: aborting due to 6 previous errors
[INFO] [stdout] 
[INFO] [stdout] Some errors have detailed explanations: E0432, E0599.
[INFO] [stdout] For more information about an error, try `rustc --explain E0432`.
[INFO] [stdout] Couldn't compile the test.
[INFO] [stdout] ---- src/lib.rs - (line 32) stdout ----
[INFO] [stdout] error[E0432]: unresolved import `get_size`
[INFO] [stdout]  --> src/lib.rs:33:5
[INFO] [stdout]   |
[INFO] [stdout] 2 | use get_size::GetSize;
[INFO] [stdout]   |     ^^^^^^^^ use of undeclared crate or module `get_size`
[INFO] [stdout] 
[INFO] [stdout] error: cannot determine resolution for the derive macro `GetSize`
[INFO] [stdout]  --> src/lib.rs:35:10
[INFO] [stdout]   |
[INFO] [stdout] 4 | #[derive(GetSize)]
[INFO] [stdout]   |          ^^^^^^^
[INFO] [stdout]   |
[INFO] [stdout]   = note: import resolution is stuck, try simplifying macro imports
[INFO] [stdout] 
[INFO] [stdout] error: cannot determine resolution for the derive macro `GetSize`
[INFO] [stdout]   --> src/lib.rs:43:10
[INFO] [stdout]    |
[INFO] [stdout] 12 | #[derive(GetSize)]
[INFO] [stdout]    |          ^^^^^^^
[INFO] [stdout]    |
[INFO] [stdout]    = note: import resolution is stuck, try simplifying macro imports
[INFO] [stdout] 
[INFO] [stdout] error[E0599]: no method named `get_heap_size` found for enum `TestEnum` in the current scope
[INFO] [stdout]   --> src/lib.rs:52:21
[INFO] [stdout]    |
[INFO] [stdout] 5  | pub enum TestEnum {
[INFO] [stdout]    | ----------------- method `get_heap_size` not found for this enum
[INFO] [stdout] ...
[INFO] [stdout] 21 |     assert_eq!(test.get_heap_size(), 0);
[INFO] [stdout]    |                     ^^^^^^^^^^^^^ method not found in `TestEnum`
[INFO] [stdout] 
[INFO] [stdout] error[E0599]: no method named `get_heap_size` found for enum `TestEnum` in the current scope
[INFO] [stdout]   --> src/lib.rs:55:21
[INFO] [stdout]    |
[INFO] [stdout] 5  | pub enum TestEnum {
[INFO] [stdout]    | ----------------- method `get_heap_size` not found for this enum
[INFO] [stdout] ...
[INFO] [stdout] 24 |     assert_eq!(test.get_heap_size(), 5);
[INFO] [stdout]    |                     ^^^^^^^^^^^^^ method not found in `TestEnum`
[INFO] [stdout] 
[INFO] [stdout] error[E0599]: no method named `get_heap_size` found for enum `TestEnum` in the current scope
[INFO] [stdout]   --> src/lib.rs:58:21
[INFO] [stdout]    |
[INFO] [stdout] 5  | pub enum TestEnum {
[INFO] [stdout]    | ----------------- method `get_heap_size` not found for this enum
[INFO] [stdout] ...
[INFO] [stdout] 27 |     assert_eq!(test.get_heap_size(), 0);
[INFO] [stdout]    |                     ^^^^^^^^^^^^^ method not found in `TestEnum`
[INFO] [stdout] 
[INFO] [stdout] error[E0599]: no method named `get_heap_size` found for enum `TestEnum` in the current scope
[INFO] [stdout]   --> src/lib.rs:61:21
[INFO] [stdout]    |
[INFO] [stdout] 5  | pub enum TestEnum {
[INFO] [stdout]    | ----------------- method `get_heap_size` not found for this enum
[INFO] [stdout] ...
[INFO] [stdout] 30 |     assert_eq!(test.get_heap_size(), 5 + 5);
[INFO] [stdout]    |                     ^^^^^^^^^^^^^ method not found in `TestEnum`
[INFO] [stdout] 
[INFO] [stdout] error[E0599]: no method named `get_heap_size` found for enum `TestEnumNumber` in the current scope
[INFO] [stdout]   --> src/lib.rs:64:21
[INFO] [stdout]    |
[INFO] [stdout] 13 | pub enum TestEnumNumber {
[INFO] [stdout]    | ----------------------- method `get_heap_size` not found for this enum
[INFO] [stdout] ...
[INFO] [stdout] 33 |     assert_eq!(test.get_heap_size(), 0);
[INFO] [stdout]    |                     ^^^^^^^^^^^^^ method not found in `TestEnumNumber`
[INFO] [stdout] 
[INFO] [stdout] error: aborting due to 8 previous errors
[INFO] [stdout] 
[INFO] [stdout] Some errors have detailed explanations: E0432, E0599.
[INFO] [stdout] For more information about an error, try `rustc --explain E0432`.
[INFO] [stdout] Couldn't compile the test.
[INFO] [stdout] 
[INFO] [stdout] failures:
[INFO] [stdout]     src/lib.rs - (line 11)
[INFO] [stdout]     src/lib.rs - (line 118)
[INFO] [stdout]     src/lib.rs - (line 160)
[INFO] [stdout]     src/lib.rs - (line 195)
[INFO] [stdout]     src/lib.rs - (line 231)
[INFO] [stdout]     src/lib.rs - (line 268)
[INFO] [stdout]     src/lib.rs - (line 32)
[INFO] [stdout]     src/lib.rs - (line 70)
[INFO] [stdout] 
[INFO] [stdout] test result: FAILED. 0 passed; 8 failed; 0 ignored; 0 measured; 0 filtered out; finished in 0.09s
[INFO] [stdout] 
[INFO] [stderr] error: doctest failed, to rerun pass `--doc`
[INFO] running `Command { std: "docker" "inspect" "63d1278a73dc1dd62ff93eccab1444d7522526a971144142a1f11c76af5df58b", kill_on_drop: false }`
[INFO] running `Command { std: "docker" "rm" "-f" "63d1278a73dc1dd62ff93eccab1444d7522526a971144142a1f11c76af5df58b", kill_on_drop: false }`
[INFO] [stdout] 63d1278a73dc1dd62ff93eccab1444d7522526a971144142a1f11c76af5df58b
