[INFO] fetching crate geod 0.1.1...
[INFO] testing geod-0.1.1 against 1.75.0 for beta-1.76-1
[INFO] extracting crate geod 0.1.1 into /workspace/builds/worker-1-tc1/source
[INFO] validating manifest of crates.io crate geod 0.1.1 on toolchain 1.75.0
[INFO] running `Command { std: CARGO_HOME="/workspace/cargo-home" RUSTUP_HOME="/workspace/rustup-home" "/workspace/cargo-home/bin/cargo" "+1.75.0" "metadata" "--manifest-path" "Cargo.toml" "--no-deps", kill_on_drop: false }`
[INFO] started tweaking crates.io crate geod 0.1.1
[INFO] finished tweaking crates.io crate geod 0.1.1
[INFO] tweaked toml for crates.io crate geod 0.1.1 written to /workspace/builds/worker-1-tc1/source/Cargo.toml
[INFO] running `Command { std: CARGO_HOME="/workspace/cargo-home" RUSTUP_HOME="/workspace/rustup-home" "/workspace/cargo-home/bin/cargo" "+1.75.0" "generate-lockfile" "--manifest-path" "Cargo.toml", kill_on_drop: false }`
[INFO] [stderr]     Updating crates.io index
[INFO] running `Command { std: CARGO_HOME="/workspace/cargo-home" RUSTUP_HOME="/workspace/rustup-home" "/workspace/cargo-home/bin/cargo" "+1.75.0" "fetch" "--manifest-path" "Cargo.toml", kill_on_drop: false }`
[INFO] running `Command { std: "docker" "create" "-v" "/var/lib/crater-agent-workspace/builds/worker-1-tc1/target:/opt/rustwide/target:rw,Z" "-v" "/var/lib/crater-agent-workspace/builds/worker-1-tc1/source:/opt/rustwide/workdir:ro,Z" "-v" "/var/lib/crater-agent-workspace/cargo-home:/opt/rustwide/cargo-home:ro,Z" "-v" "/var/lib/crater-agent-workspace/rustup-home:/opt/rustwide/rustup-home:ro,Z" "-e" "SOURCE_DIR=/opt/rustwide/workdir" "-e" "CARGO_TARGET_DIR=/opt/rustwide/target" "-e" "CARGO_HOME=/opt/rustwide/cargo-home" "-e" "RUSTUP_HOME=/opt/rustwide/rustup-home" "-w" "/opt/rustwide/workdir" "-m" "1610612736" "--user" "0:0" "--network" "none" "ghcr.io/rust-lang/crates-build-env/linux@sha256:2788e3201cd34a07e3172128adcd8b3090168a8e3bcc40d7c032b9dda1df7d1c" "/opt/rustwide/cargo-home/bin/cargo" "+1.75.0" "metadata" "--no-deps" "--format-version=1", kill_on_drop: false }`
[INFO] [stdout] e6b8e61eab0d91bc6df136936beed37d3971229b1817351bb2fca4dd746f3179
[INFO] running `Command { std: "docker" "start" "-a" "e6b8e61eab0d91bc6df136936beed37d3971229b1817351bb2fca4dd746f3179", kill_on_drop: false }`
[INFO] running `Command { std: "docker" "inspect" "e6b8e61eab0d91bc6df136936beed37d3971229b1817351bb2fca4dd746f3179", kill_on_drop: false }`
[INFO] running `Command { std: "docker" "rm" "-f" "e6b8e61eab0d91bc6df136936beed37d3971229b1817351bb2fca4dd746f3179", kill_on_drop: false }`
[INFO] [stdout] e6b8e61eab0d91bc6df136936beed37d3971229b1817351bb2fca4dd746f3179
[INFO] running `Command { std: "docker" "create" "-v" "/var/lib/crater-agent-workspace/builds/worker-1-tc1/target:/opt/rustwide/target:rw,Z" "-v" "/var/lib/crater-agent-workspace/builds/worker-1-tc1/source:/opt/rustwide/workdir:ro,Z" "-v" "/var/lib/crater-agent-workspace/cargo-home:/opt/rustwide/cargo-home:ro,Z" "-v" "/var/lib/crater-agent-workspace/rustup-home:/opt/rustwide/rustup-home:ro,Z" "-e" "SOURCE_DIR=/opt/rustwide/workdir" "-e" "CARGO_TARGET_DIR=/opt/rustwide/target" "-e" "CARGO_INCREMENTAL=0" "-e" "RUST_BACKTRACE=full" "-e" "RUSTFLAGS=--cap-lints=warn" "-e" "RUSTDOCFLAGS=--cap-lints=warn" "-e" "CARGO_HOME=/opt/rustwide/cargo-home" "-e" "RUSTUP_HOME=/opt/rustwide/rustup-home" "-w" "/opt/rustwide/workdir" "-m" "1610612736" "--user" "0:0" "--network" "none" "ghcr.io/rust-lang/crates-build-env/linux@sha256:2788e3201cd34a07e3172128adcd8b3090168a8e3bcc40d7c032b9dda1df7d1c" "/opt/rustwide/cargo-home/bin/cargo" "+1.75.0" "build" "--frozen" "--message-format=json", kill_on_drop: false }`
[INFO] [stdout] cab8eed3303dab1190660165ea41bcb73c7e7948581e2e2d4dddc6d5fc5d890f
[INFO] running `Command { std: "docker" "start" "-a" "cab8eed3303dab1190660165ea41bcb73c7e7948581e2e2d4dddc6d5fc5d890f", kill_on_drop: false }`
[INFO] [stderr]    Compiling memchr v2.7.1
[INFO] [stderr]    Compiling autocfg v1.1.0
[INFO] [stderr]    Compiling regex-syntax v0.8.2
[INFO] [stderr]    Compiling num-traits v0.2.17
[INFO] [stderr]    Compiling aho-corasick v1.1.2
[INFO] [stderr]    Compiling regex-automata v0.4.3
[INFO] [stderr]    Compiling regex v1.10.2
[INFO] [stderr]    Compiling geod v0.1.1 (/opt/rustwide/workdir)
[INFO] [stdout] warning: lint `unaligned_references` has been removed: converted into hard error, see issue #82523 <https://github.com/rust-lang/rust/issues/82523> for more information
[INFO] [stdout]   --> src/lib.rs:32:9
[INFO] [stdout]    |
[INFO] [stdout] 32 | #![warn(unaligned_references)]
[INFO] [stdout]    |         ^^^^^^^^^^^^^^^^^^^^
[INFO] [stdout]    |
[INFO] [stdout]    = note: `#[warn(renamed_and_removed_lints)]` on by default
[INFO] [stdout] 
[INFO] [stdout] 
[INFO] [stdout] warning: unused import: `Pole`
[INFO] [stdout]  --> src/coord/mod.rs:6:21
[INFO] [stdout]   |
[INFO] [stdout] 6 |     lat::{Latitude, Pole},
[INFO] [stdout]   |                     ^^^^
[INFO] [stdout]   |
[INFO] [stdout]   = note: `#[warn(unused_imports)]` on by default
[INFO] [stdout] 
[INFO] [stdout] 
[INFO] [stdout] warning: 2 warnings emitted
[INFO] [stdout] 
[INFO] [stdout] 
[INFO] [stderr]     Finished dev [unoptimized + debuginfo] target(s) in 4.01s
[INFO] running `Command { std: "docker" "inspect" "cab8eed3303dab1190660165ea41bcb73c7e7948581e2e2d4dddc6d5fc5d890f", kill_on_drop: false }`
[INFO] running `Command { std: "docker" "rm" "-f" "cab8eed3303dab1190660165ea41bcb73c7e7948581e2e2d4dddc6d5fc5d890f", kill_on_drop: false }`
[INFO] [stdout] cab8eed3303dab1190660165ea41bcb73c7e7948581e2e2d4dddc6d5fc5d890f
[INFO] running `Command { std: "docker" "create" "-v" "/var/lib/crater-agent-workspace/builds/worker-1-tc1/target:/opt/rustwide/target:rw,Z" "-v" "/var/lib/crater-agent-workspace/builds/worker-1-tc1/source:/opt/rustwide/workdir:ro,Z" "-v" "/var/lib/crater-agent-workspace/cargo-home:/opt/rustwide/cargo-home:ro,Z" "-v" "/var/lib/crater-agent-workspace/rustup-home:/opt/rustwide/rustup-home:ro,Z" "-e" "SOURCE_DIR=/opt/rustwide/workdir" "-e" "CARGO_TARGET_DIR=/opt/rustwide/target" "-e" "CARGO_INCREMENTAL=0" "-e" "RUST_BACKTRACE=full" "-e" "RUSTFLAGS=--cap-lints=warn" "-e" "RUSTDOCFLAGS=--cap-lints=warn" "-e" "CARGO_HOME=/opt/rustwide/cargo-home" "-e" "RUSTUP_HOME=/opt/rustwide/rustup-home" "-w" "/opt/rustwide/workdir" "-m" "1610612736" "--user" "0:0" "--network" "none" "ghcr.io/rust-lang/crates-build-env/linux@sha256:2788e3201cd34a07e3172128adcd8b3090168a8e3bcc40d7c032b9dda1df7d1c" "/opt/rustwide/cargo-home/bin/cargo" "+1.75.0" "test" "--frozen" "--no-run" "--message-format=json", kill_on_drop: false }`
[INFO] [stdout] b41ffc6c240a3af5190055b62b770f97b7d204ca9ef78a4a30d2d30841c5fe3b
[INFO] running `Command { std: "docker" "start" "-a" "b41ffc6c240a3af5190055b62b770f97b7d204ca9ef78a4a30d2d30841c5fe3b", kill_on_drop: false }`
[INFO] [stderr]    Compiling geod v0.1.1 (/opt/rustwide/workdir)
[INFO] [stdout] warning: lint `unaligned_references` has been removed: converted into hard error, see issue #82523 <https://github.com/rust-lang/rust/issues/82523> for more information
[INFO] [stdout]   --> src/lib.rs:32:9
[INFO] [stdout]    |
[INFO] [stdout] 32 | #![warn(unaligned_references)]
[INFO] [stdout]    |         ^^^^^^^^^^^^^^^^^^^^
[INFO] [stdout]    |
[INFO] [stdout]    = note: `#[warn(renamed_and_removed_lints)]` on by default
[INFO] [stdout] 
[INFO] [stdout] 
[INFO] [stdout] warning: unused import: `Pole`
[INFO] [stdout]  --> src/coord/mod.rs:6:21
[INFO] [stdout]   |
[INFO] [stdout] 6 |     lat::{Latitude, Pole},
[INFO] [stdout]   |                     ^^^^
[INFO] [stdout]   |
[INFO] [stdout]   = note: `#[warn(unused_imports)]` on by default
[INFO] [stdout] 
[INFO] [stdout] 
[INFO] [stdout] warning: 2 warnings emitted
[INFO] [stdout] 
[INFO] [stdout] 
[INFO] [stdout] warning: lint `unaligned_references` has been removed: converted into hard error, see issue #82523 <https://github.com/rust-lang/rust/issues/82523> for more information
[INFO] [stdout]   --> src/lib.rs:32:9
[INFO] [stdout]    |
[INFO] [stdout] 32 | #![warn(unaligned_references)]
[INFO] [stdout]    |         ^^^^^^^^^^^^^^^^^^^^
[INFO] [stdout]    |
[INFO] [stdout]    = note: `#[warn(renamed_and_removed_lints)]` on by default
[INFO] [stdout] 
[INFO] [stdout] 
[INFO] [stdout] warning: unused import: `Pole`
[INFO] [stdout]  --> src/coord/mod.rs:6:21
[INFO] [stdout]   |
[INFO] [stdout] 6 |     lat::{Latitude, Pole},
[INFO] [stdout]   |                     ^^^^
[INFO] [stdout]   |
[INFO] [stdout]   = note: `#[warn(unused_imports)]` on by default
[INFO] [stdout] 
[INFO] [stdout] 
[INFO] [stdout] warning: use of constant `std::f64::EPSILON` that will be deprecated in a future Rust version: replaced by the `EPSILON` associated constant on `f64`
[INFO] [stdout]    --> src/angle/dd.rs:364:56
[INFO] [stdout]     |
[INFO] [stdout] 364 |         assert!((as_float - 66.563_333_4).abs() < f64::EPSILON);
[INFO] [stdout]     |                                                        ^^^^^^^
[INFO] [stdout]     |
[INFO] [stdout] note: the lint level is defined here
[INFO] [stdout]    --> src/lib.rs:13:9
[INFO] [stdout]     |
[INFO] [stdout] 13  | #![warn(deprecated_in_future)]
[INFO] [stdout]     |         ^^^^^^^^^^^^^^^^^^^^
[INFO] [stdout] 
[INFO] [stdout] 
[INFO] [stdout] warning: use of constant `std::f64::EPSILON` that will be deprecated in a future Rust version: replaced by the `EPSILON` associated constant on `f64`
[INFO] [stdout]    --> src/angle/dd.rs:378:49
[INFO] [stdout]     |
[INFO] [stdout] 378 |         assert!((as_float - 200.0).abs() < f64::EPSILON);
[INFO] [stdout]     |                                                 ^^^^^^^
[INFO] [stdout] 
[INFO] [stdout] 
[INFO] [stdout] warning: use of constant `std::f64::EPSILON` that will be deprecated in a future Rust version: replaced by the `EPSILON` associated constant on `f64`
[INFO] [stdout]    --> src/angle/dd.rs:439:49
[INFO] [stdout]     |
[INFO] [stdout] 439 |         assert!((as_float - 360.0).abs() < f64::EPSILON);
[INFO] [stdout]     |                                                 ^^^^^^^
[INFO] [stdout] 
[INFO] [stdout] 
[INFO] [stdout] warning: use of constant `std::f64::EPSILON` that will be deprecated in a future Rust version: replaced by the `EPSILON` associated constant on `f64`
[INFO] [stdout]    --> src/angle/dd.rs:494:56
[INFO] [stdout]     |
[INFO] [stdout] 494 |         assert!((as_float - 23.499_999_9).abs() < f64::EPSILON);
[INFO] [stdout]     |                                                        ^^^^^^^
[INFO] [stdout] 
[INFO] [stdout] 
[INFO] [stdout] warning: use of constant `std::f64::EPSILON` that will be deprecated in a future Rust version: replaced by the `EPSILON` associated constant on `f64`
[INFO] [stdout]    --> src/angle/dd.rs:514:51
[INFO] [stdout]     |
[INFO] [stdout] 514 |         assert!((as_float - 65566.5).abs() < f64::EPSILON);
[INFO] [stdout]     |                                                   ^^^^^^^
[INFO] [stdout] 
[INFO] [stdout] 
[INFO] [stdout] warning: use of constant `std::f64::EPSILON` that will be deprecated in a future Rust version: replaced by the `EPSILON` associated constant on `f64`
[INFO] [stdout]    --> src/angle/dd.rs:610:56
[INFO] [stdout]     |
[INFO] [stdout] 610 |         assert!((as_float - 30.999_999_9).abs() < f64::EPSILON);
[INFO] [stdout]     |                                                        ^^^^^^^
[INFO] [stdout] 
[INFO] [stdout] 
[INFO] [stdout] warning: use of constant `std::f64::EPSILON` that will be deprecated in a future Rust version: replaced by the `EPSILON` associated constant on `f64`
[INFO] [stdout]    --> src/angle/dd.rs:635:56
[INFO] [stdout]     |
[INFO] [stdout] 635 |         assert!((as_float - 30.999_999_8).abs() < f64::EPSILON);
[INFO] [stdout]     |                                                        ^^^^^^^
[INFO] [stdout] 
[INFO] [stdout] 
[INFO] [stdout] warning: use of constant `std::f64::EPSILON` that will be deprecated in a future Rust version: replaced by the `EPSILON` associated constant on `f64`
[INFO] [stdout]    --> src/angle/dd.rs:675:77
[INFO] [stdout]     |
[INFO] [stdout] 675 |             assert!((as_float - f64::from(f) / 10_000_000_f64).abs() < f64::EPSILON);
[INFO] [stdout]     |                                                                             ^^^^^^^
[INFO] [stdout] 
[INFO] [stdout] 
[INFO] [stdout] warning: use of constant `std::f64::EPSILON` that will be deprecated in a future Rust version: replaced by the `EPSILON` associated constant on `f64`
[INFO] [stdout]    --> src/angle/dms_dd.rs:399:54
[INFO] [stdout]     |
[INFO] [stdout] 399 |         assert!((as_float - 66.563_334).abs() < f64::EPSILON);
[INFO] [stdout]     |                                                      ^^^^^^^
[INFO] [stdout] 
[INFO] [stdout] 
[INFO] [stdout] warning: use of constant `std::f64::EPSILON` that will be deprecated in a future Rust version: replaced by the `EPSILON` associated constant on `f64`
[INFO] [stdout]    --> src/angle/dms_dd.rs:413:49
[INFO] [stdout]     |
[INFO] [stdout] 413 |         assert!((as_float - 200.0).abs() < f64::EPSILON);
[INFO] [stdout]     |                                                 ^^^^^^^
[INFO] [stdout] 
[INFO] [stdout] 
[INFO] [stdout] warning: use of constant `std::f64::EPSILON` that will be deprecated in a future Rust version: replaced by the `EPSILON` associated constant on `f64`
[INFO] [stdout]    --> src/angle/dms_dd.rs:474:49
[INFO] [stdout]     |
[INFO] [stdout] 474 |         assert!((as_float - 360.0).abs() < f64::EPSILON);
[INFO] [stdout]     |                                                 ^^^^^^^
[INFO] [stdout] 
[INFO] [stdout] 
[INFO] [stdout] warning: use of constant `std::f64::EPSILON` that will be deprecated in a future Rust version: replaced by the `EPSILON` associated constant on `f64`
[INFO] [stdout]    --> src/angle/dms_dd.rs:529:54
[INFO] [stdout]     |
[INFO] [stdout] 529 |         assert!((as_float - 23.499_999).abs() < f64::EPSILON);
[INFO] [stdout]     |                                                      ^^^^^^^
[INFO] [stdout] 
[INFO] [stdout] 
[INFO] [stdout] warning: use of constant `std::f64::EPSILON` that will be deprecated in a future Rust version: replaced by the `EPSILON` associated constant on `f64`
[INFO] [stdout]    --> src/angle/dms_dd.rs:549:51
[INFO] [stdout]     |
[INFO] [stdout] 549 |         assert!((as_float - 65566.5).abs() < f64::EPSILON);
[INFO] [stdout]     |                                                   ^^^^^^^
[INFO] [stdout] 
[INFO] [stdout] 
[INFO] [stdout] warning: use of constant `std::f64::EPSILON` that will be deprecated in a future Rust version: replaced by the `EPSILON` associated constant on `f64`
[INFO] [stdout]    --> src/angle/dms_dd.rs:644:54
[INFO] [stdout]     |
[INFO] [stdout] 644 |         assert!((as_float - 30.999_999).abs() < f64::EPSILON);
[INFO] [stdout]     |                                                      ^^^^^^^
[INFO] [stdout] 
[INFO] [stdout] 
[INFO] [stdout] warning: use of constant `std::f64::EPSILON` that will be deprecated in a future Rust version: replaced by the `EPSILON` associated constant on `f64`
[INFO] [stdout]    --> src/angle/dms_dd.rs:668:54
[INFO] [stdout]     |
[INFO] [stdout] 668 |         assert!((as_float - 30.999_998).abs() < f64::EPSILON);
[INFO] [stdout]     |                                                      ^^^^^^^
[INFO] [stdout] 
[INFO] [stdout] 
[INFO] [stdout] warning: use of constant `std::f64::EPSILON` that will be deprecated in a future Rust version: replaced by the `EPSILON` associated constant on `f64`
[INFO] [stdout]    --> src/angle/dms_dd.rs:708:76
[INFO] [stdout]     |
[INFO] [stdout] 708 |             assert!((as_float - f64::from(f) / 1_000_000_f64).abs() < f64::EPSILON);
[INFO] [stdout]     |                                                                            ^^^^^^^
[INFO] [stdout] 
[INFO] [stdout] 
[INFO] [stdout] warning: 18 warnings emitted
[INFO] [stdout] 
[INFO] [stdout] 
[INFO] [stderr]     Finished test [unoptimized + debuginfo] target(s) in 1.84s
[INFO] running `Command { std: "docker" "inspect" "b41ffc6c240a3af5190055b62b770f97b7d204ca9ef78a4a30d2d30841c5fe3b", kill_on_drop: false }`
[INFO] running `Command { std: "docker" "rm" "-f" "b41ffc6c240a3af5190055b62b770f97b7d204ca9ef78a4a30d2d30841c5fe3b", kill_on_drop: false }`
[INFO] [stdout] b41ffc6c240a3af5190055b62b770f97b7d204ca9ef78a4a30d2d30841c5fe3b
[INFO] running `Command { std: "docker" "create" "-v" "/var/lib/crater-agent-workspace/builds/worker-1-tc1/target:/opt/rustwide/target:rw,Z" "-v" "/var/lib/crater-agent-workspace/builds/worker-1-tc1/source:/opt/rustwide/workdir:ro,Z" "-v" "/var/lib/crater-agent-workspace/cargo-home:/opt/rustwide/cargo-home:ro,Z" "-v" "/var/lib/crater-agent-workspace/rustup-home:/opt/rustwide/rustup-home:ro,Z" "-e" "SOURCE_DIR=/opt/rustwide/workdir" "-e" "CARGO_TARGET_DIR=/opt/rustwide/target" "-e" "CARGO_INCREMENTAL=0" "-e" "RUST_BACKTRACE=full" "-e" "RUSTFLAGS=--cap-lints=warn" "-e" "RUSTDOCFLAGS=--cap-lints=warn" "-e" "CARGO_HOME=/opt/rustwide/cargo-home" "-e" "RUSTUP_HOME=/opt/rustwide/rustup-home" "-w" "/opt/rustwide/workdir" "-m" "1610612736" "--user" "0:0" "--network" "none" "ghcr.io/rust-lang/crates-build-env/linux@sha256:2788e3201cd34a07e3172128adcd8b3090168a8e3bcc40d7c032b9dda1df7d1c" "/opt/rustwide/cargo-home/bin/cargo" "+1.75.0" "test" "--frozen", kill_on_drop: false }`
[INFO] [stdout] 91ff964e52cc29f3e63397da98e66f519084a55bdc3c5a1fad822aa96ce933fc
[INFO] running `Command { std: "docker" "start" "-a" "91ff964e52cc29f3e63397da98e66f519084a55bdc3c5a1fad822aa96ce933fc", kill_on_drop: false }`
[INFO] [stderr] warning: lint `unaligned_references` has been removed: converted into hard error, see issue #82523 <https://github.com/rust-lang/rust/issues/82523> for more information
[INFO] [stderr]   --> src/lib.rs:32:9
[INFO] [stderr]    |
[INFO] [stderr] 32 | #![warn(unaligned_references)]
[INFO] [stderr]    |         ^^^^^^^^^^^^^^^^^^^^
[INFO] [stderr]    |
[INFO] [stderr]    = note: `#[warn(renamed_and_removed_lints)]` on by default
[INFO] [stderr] 
[INFO] [stderr] warning: unused import: `Pole`
[INFO] [stderr]  --> src/coord/mod.rs:6:21
[INFO] [stderr]   |
[INFO] [stderr] 6 |     lat::{Latitude, Pole},
[INFO] [stderr]   |                     ^^^^
[INFO] [stderr]   |
[INFO] [stderr]   = note: `#[warn(unused_imports)]` on by default
[INFO] [stderr] 
[INFO] [stderr] warning: use of constant `std::f64::EPSILON` that will be deprecated in a future Rust version: replaced by the `EPSILON` associated constant on `f64`
[INFO] [stderr]    --> src/angle/dd.rs:364:56
[INFO] [stderr]     |
[INFO] [stderr] 364 |         assert!((as_float - 66.563_333_4).abs() < f64::EPSILON);
[INFO] [stderr]     |                                                        ^^^^^^^
[INFO] [stderr]     |
[INFO] [stderr] note: the lint level is defined here
[INFO] [stderr]    --> src/lib.rs:13:9
[INFO] [stderr]     |
[INFO] [stderr] 13  | #![warn(deprecated_in_future)]
[INFO] [stderr]     |         ^^^^^^^^^^^^^^^^^^^^
[INFO] [stderr] 
[INFO] [stderr] warning: use of constant `std::f64::EPSILON` that will be deprecated in a future Rust version: replaced by the `EPSILON` associated constant on `f64`
[INFO] [stderr]    --> src/angle/dd.rs:378:49
[INFO] [stderr]     |
[INFO] [stderr] 378 |         assert!((as_float - 200.0).abs() < f64::EPSILON);
[INFO] [stderr]     |                                                 ^^^^^^^
[INFO] [stderr] 
[INFO] [stderr] warning: use of constant `std::f64::EPSILON` that will be deprecated in a future Rust version: replaced by the `EPSILON` associated constant on `f64`
[INFO] [stderr]    --> src/angle/dd.rs:439:49
[INFO] [stderr]     |
[INFO] [stderr] 439 |         assert!((as_float - 360.0).abs() < f64::EPSILON);
[INFO] [stderr]     |                                                 ^^^^^^^
[INFO] [stderr] 
[INFO] [stderr] warning: use of constant `std::f64::EPSILON` that will be deprecated in a future Rust version: replaced by the `EPSILON` associated constant on `f64`
[INFO] [stderr]    --> src/angle/dd.rs:494:56
[INFO] [stderr]     |
[INFO] [stderr] 494 |         assert!((as_float - 23.499_999_9).abs() < f64::EPSILON);
[INFO] [stderr]     |                                                        ^^^^^^^
[INFO] [stderr] 
[INFO] [stderr] warning: use of constant `std::f64::EPSILON` that will be deprecated in a future Rust version: replaced by the `EPSILON` associated constant on `f64`
[INFO] [stderr]    --> src/angle/dd.rs:514:51
[INFO] [stderr]     |
[INFO] [stderr] 514 |         assert!((as_float - 65566.5).abs() < f64::EPSILON);
[INFO] [stderr]     |                                                   ^^^^^^^
[INFO] [stderr] 
[INFO] [stderr] warning: use of constant `std::f64::EPSILON` that will be deprecated in a future Rust version: replaced by the `EPSILON` associated constant on `f64`
[INFO] [stderr]    --> src/angle/dd.rs:610:56
[INFO] [stderr]     |
[INFO] [stderr] 610 |         assert!((as_float - 30.999_999_9).abs() < f64::EPSILON);
[INFO] [stderr]     |                                                        ^^^^^^^
[INFO] [stderr] 
[INFO] [stderr] warning: use of constant `std::f64::EPSILON` that will be deprecated in a future Rust version: replaced by the `EPSILON` associated constant on `f64`
[INFO] [stderr]    --> src/angle/dd.rs:635:56
[INFO] [stderr]     |
[INFO] [stderr] 635 |         assert!((as_float - 30.999_999_8).abs() < f64::EPSILON);
[INFO] [stderr]     |                                                        ^^^^^^^
[INFO] [stderr] 
[INFO] [stderr] warning: use of constant `std::f64::EPSILON` that will be deprecated in a future Rust version: replaced by the `EPSILON` associated constant on `f64`
[INFO] [stderr]    --> src/angle/dd.rs:675:77
[INFO] [stderr]     |
[INFO] [stderr] 675 |             assert!((as_float - f64::from(f) / 10_000_000_f64).abs() < f64::EPSILON);
[INFO] [stderr]     |                                                                             ^^^^^^^
[INFO] [stderr] 
[INFO] [stderr] warning: use of constant `std::f64::EPSILON` that will be deprecated in a future Rust version: replaced by the `EPSILON` associated constant on `f64`
[INFO] [stderr]    --> src/angle/dms_dd.rs:399:54
[INFO] [stderr]     |
[INFO] [stderr] 399 |         assert!((as_float - 66.563_334).abs() < f64::EPSILON);
[INFO] [stderr]     |                                                      ^^^^^^^
[INFO] [stderr] 
[INFO] [stderr] warning: use of constant `std::f64::EPSILON` that will be deprecated in a future Rust version: replaced by the `EPSILON` associated constant on `f64`
[INFO] [stderr]    --> src/angle/dms_dd.rs:413:49
[INFO] [stderr]     |
[INFO] [stderr] 413 |         assert!((as_float - 200.0).abs() < f64::EPSILON);
[INFO] [stderr]     |                                                 ^^^^^^^
[INFO] [stderr] 
[INFO] [stderr] warning: use of constant `std::f64::EPSILON` that will be deprecated in a future Rust version: replaced by the `EPSILON` associated constant on `f64`
[INFO] [stderr]    --> src/angle/dms_dd.rs:474:49
[INFO] [stderr]     |
[INFO] [stderr] 474 |         assert!((as_float - 360.0).abs() < f64::EPSILON);
[INFO] [stderr]     |                                                 ^^^^^^^
[INFO] [stderr] 
[INFO] [stderr] warning: use of constant `std::f64::EPSILON` that will be deprecated in a future Rust version: replaced by the `EPSILON` associated constant on `f64`
[INFO] [stderr]    --> src/angle/dms_dd.rs:529:54
[INFO] [stderr]     |
[INFO] [stderr] 529 |         assert!((as_float - 23.499_999).abs() < f64::EPSILON);
[INFO] [stderr]     |                                                      ^^^^^^^
[INFO] [stderr] 
[INFO] [stderr] warning: use of constant `std::f64::EPSILON` that will be deprecated in a future Rust version: replaced by the `EPSILON` associated constant on `f64`
[INFO] [stderr]    --> src/angle/dms_dd.rs:549:51
[INFO] [stderr]     |
[INFO] [stderr] 549 |         assert!((as_float - 65566.5).abs() < f64::EPSILON);
[INFO] [stderr]     |                                                   ^^^^^^^
[INFO] [stderr] 
[INFO] [stderr] warning: use of constant `std::f64::EPSILON` that will be deprecated in a future Rust version: replaced by the `EPSILON` associated constant on `f64`
[INFO] [stderr]    --> src/angle/dms_dd.rs:644:54
[INFO] [stderr]     |
[INFO] [stderr] 644 |         assert!((as_float - 30.999_999).abs() < f64::EPSILON);
[INFO] [stderr]     |                                                      ^^^^^^^
[INFO] [stderr] 
[INFO] [stderr] warning: use of constant `std::f64::EPSILON` that will be deprecated in a future Rust version: replaced by the `EPSILON` associated constant on `f64`
[INFO] [stderr]    --> src/angle/dms_dd.rs:668:54
[INFO] [stderr]     |
[INFO] [stderr] 668 |         assert!((as_float - 30.999_998).abs() < f64::EPSILON);
[INFO] [stderr]     |                                                      ^^^^^^^
[INFO] [stderr] 
[INFO] [stderr] warning: use of constant `std::f64::EPSILON` that will be deprecated in a future Rust version: replaced by the `EPSILON` associated constant on `f64`
[INFO] [stderr]    --> src/angle/dms_dd.rs:708:76
[INFO] [stderr]     |
[INFO] [stderr] 708 |             assert!((as_float - f64::from(f) / 1_000_000_f64).abs() < f64::EPSILON);
[INFO] [stderr]     |                                                                            ^^^^^^^
[INFO] [stderr] 
[INFO] [stderr] warning: `geod` (lib) generated 2 warnings (run `cargo fix --lib -p geod` to apply 1 suggestion)
[INFO] [stderr] warning: `geod` (lib test) generated 18 warnings (2 duplicates)
[INFO] [stderr]     Finished test [unoptimized + debuginfo] target(s) in 0.01s
[INFO] [stderr]      Running unittests src/lib.rs (/opt/rustwide/target/debug/deps/geod-dd0430500ca628e5)
[INFO] [stdout] 
[INFO] [stdout] running 440 tests
[INFO] [stdout] test angle::dd::parse_ascii_tests::deg_min_sec ... ok
[INFO] [stdout] test angle::dd::parse_ascii_tests::deg_min_sec_mas ... ok
[INFO] [stdout] test angle::dd::parse_ascii_tests::single_digit_deg_min_sec_mas ... ok
[INFO] [stdout] test angle::dd::parse_ascii_tests::more_than_straight_is_valid ... ok
[INFO] [stdout] test angle::dd::parse_ascii_tests::simple_deg ... ok
[INFO] [stdout] test angle::dd::parse_ascii_tests::deg_min ... ok
[INFO] [stdout] test angle::dd::parse_ascii_tests::space_between_deg_and_min ... ok
[INFO] [stdout] test angle::dd::parse_ascii_tests::space_between_min_and_sec ... ok
[INFO] [stdout] test angle::dd::parse_ascii_tests::uneven_digits_deg_min_sec_mas ... ok
[INFO] [stdout] test angle::dd::parse_ascii_tests::skipping_degree_is_allowed_in_ascii_mode ... ok
[INFO] [stdout] test angle::dd::parse_ascii_tests::spaces_between_parts ... ok
[INFO] [stdout] test angle::dd::parse_tests::big_but_valid ... ok
[INFO] [stdout] test angle::dd::parse_tests::deg_min ... ok
[INFO] [stdout] test angle::dd::parse_tests::deg_min_sec ... ok
[INFO] [stdout] test angle::dd::parse_tests::deg_min_sec_mas ... ok
[INFO] [stdout] test angle::dd::parse_tests::deg_min_with_sign ... ok
[INFO] [stdout] test angle::dd::parse_tests::more_than_straight_is_valid ... ok
[INFO] [stdout] test angle::dd::parse_ascii_tests::overflow_in_deg_digits - should panic ... ok
[INFO] [stdout] test angle::dd::parse_ascii_tests::mixed_ascii_min_and_unicode - should panic ... ok
[INFO] [stdout] test angle::dd::parse_ascii_tests::overflow_in_milli_digits - should panic ... ok
[INFO] [stdout] test angle::dd::parse_ascii_tests::overflow_in_domain_deg - should panic ... ok
[INFO] [stdout] test angle::dd::parse_ascii_tests::overflow_in_sec_digits - should panic ... ok
[INFO] [stdout] test angle::dd::parse_tests::round_down_more_than_7_digits ... ok
[INFO] [stdout] test angle::dd::parse_ascii_tests::mixed_ascii_sec_and_unicode - should panic ... ok
[INFO] [stdout] test angle::dd::parse_ascii_tests::skipping_minutes_sign_is_not_allowed_in_ascii_mode - should panic ... ok
[INFO] [stdout] test angle::dd::parse_tests::simple_decimal ... ok
[INFO] [stdout] test angle::dd::parse_tests::round_up_more_than_7_digits ... ok
[INFO] [stdout] test angle::dd::parse_tests::simple_decimal_with_degree_sign ... ok
[INFO] [stdout] test angle::dd::parse_ascii_tests::skipping_seconds_sign_is_not_allowed_in_ascii_mode - should panic ... ok
[INFO] [stdout] test angle::dd::parse_tests::simple_deg ... ok
[INFO] [stdout] test angle::dd::parse_tests::simple_integer ... ok
[INFO] [stdout] test angle::dd::parse_ascii_tests::space_between_degree_val_and_sign_not_allowed - should panic ... ok
[INFO] [stdout] test angle::dd::parse_tests::simple_integer_with_degree_sign ... ok
[INFO] [stdout] test angle::dd::parse_tests::single_digit_deg_min_sec_mas ... ok
[INFO] [stdout] test angle::dd::parse_ascii_tests::mixed_ascii_deg_and_unicode - should panic ... ok
[INFO] [stdout] test angle::dd::parse_tests::space_between_deg_and_min ... ok
[INFO] [stdout] test angle::dd::parse_tests::skipping_degree_is_not_allowed_in_unicode_mode - should panic ... ok
[INFO] [stdout] test angle::dd::parse_ascii_tests::spaces_between_parts_and_milliseconds - should panic ... ok
[INFO] [stdout] test angle::dd::parse_tests::space_between_min_and_sec ... ok
[INFO] [stdout] test angle::dd::parse_tests::bad_float - should panic ... ok
[INFO] [stdout] test angle::dd::parse_tests::spaces_between_parts ... ok
[INFO] [stdout] test angle::dd::parse_tests::too_precise_truncation ... ok
[INFO] [stdout] test angle::dd::parse_tests::bad_negative - should panic ... ok
[INFO] [stdout] test angle::dd::tests::add ... ok
[INFO] [stdout] test angle::dd::tests::add_minimal_overflow ... ok
[INFO] [stdout] test angle::dd::tests::add_no_overflow ... ok
[INFO] [stdout] test angle::dd::tests::add_with_wrapping ... ok
[INFO] [stdout] test angle::dd::parse_tests::bad_too_big_for_angle - should panic ... ok
[INFO] [stdout] test angle::dd::parse_tests::overflow_in_deg_digits - should panic ... ok
[INFO] [stdout] test angle::dd::parse_tests::uneven_digits_deg_min_sec_mas ... ok
[INFO] [stdout] test angle::dd::parse_tests::overflow_in_domain_deg - should panic ... ok
[INFO] [stdout] test angle::dd::parse_tests::overflow_in_milli_digits - should panic ... ok
[INFO] [stdout] test angle::dd::parse_tests::overflow_in_min_digits - should panic ... ok
[INFO] [stdout] test angle::dd::parse_tests::overflow_in_sec_digits - should panic ... ok
[INFO] [stdout] test angle::dd::parse_ascii_tests::overflow_in_min_digits - should panic ... ok
[INFO] [stdout] test angle::dd::parse_tests::space_between_degree_val_and_sign_not_allowed - should panic ... ok
[INFO] [stdout] test angle::dd::parse_tests::spaces_between_parts_and_milliseconds - should panic ... ok
[INFO] [stdout] test angle::dd::tests::bigger_than_straight_is_valid ... ok
[INFO] [stdout] test angle::dd::tests::complement_of_obtuse_undefined ... ok
[INFO] [stdout] test angle::dd::tests::complementary ... ok
[INFO] [stdout] test angle::dd::tests::complementary_dms ... ok
[INFO] [stdout] test angle::dd::tests::complete ... ok
[INFO] [stdout] test angle::dd::tests::default ... ok
[INFO] [stdout] test angle::dd::tests::bigger_than_straight_dms ... ok
[INFO] [stdout] test angle::dd::tests::explement_of_obtuse_is_reflex ... ok
[INFO] [stdout] test angle::dd::tests::degree_angle_is_32_bits ... ok
[INFO] [stdout] test angle::dd::tests::dms_almost_int ... ok
[INFO] [stdout] test angle::dd::tests::bad_fraction - should panic ... ok
[INFO] [stdout] test angle::dd::tests::explementary ... ok
[INFO] [stdout] test angle::dd::tests::explementary_dms ... ok
[INFO] [stdout] test angle::dd::tests::bad_fraction_2 - should panic ... ok
[INFO] [stdout] test angle::dd::tests::from_ar2 ... ok
[INFO] [stdout] test angle::dd::tests::from_ar3 ... ok
[INFO] [stdout] test angle::dd::tests::from_ar4 ... ok
[INFO] [stdout] test angle::dd::tests::bad_minutes - should panic ... ok
[INFO] [stdout] test angle::dd::tests::bad_milli_seconds - should panic ... ok
[INFO] [stdout] test angle::dd::tests::from_f64 ... ok
[INFO] [stdout] test angle::dd::tests::bad_milli_seconds_2 - should panic ... ok
[INFO] [stdout] test angle::dd::tests::bad_seconds - should panic ... ok
[INFO] [stdout] test angle::dd::tests::from_pair ... ok
[INFO] [stdout] test angle::dd::tests::bigger_than_complete - should panic ... ok
[INFO] [stdout] test angle::dd::tests::from_quadruple ... ok
[INFO] [stdout] test angle::dd::tests::from_int_overflow - should panic ... ok
[INFO] [stdout] test angle::dd::tests::from_triple ... ok
[INFO] [stdout] test angle::dd::tests::bigger_than_complete_degree - should panic ... ok
[INFO] [stdout] test angle::dd::tests::bigger_than_complete_milli_second - should panic ... ok
[INFO] [stdout] test angle::dd::tests::from_u16 ... ok
[INFO] [stdout] test angle::dd::tests::bigger_than_complete_minimum_fraction - should panic ... ok
[INFO] [stdout] test angle::dd::tests::from_u8 ... ok
[INFO] [stdout] test angle::dd::tests::bigger_than_complete_minute - should panic ... ok
[INFO] [stdout] test angle::dd::tests::good_fraction_minus_one_is_overflow ... ok
[INFO] [stdout] test angle::dd::tests::good_fraction_minus_two ... ok
[INFO] [stdout] test angle::dd::tests::good_milli_seconds ... ok
[INFO] [stdout] test angle::dd::tests::bigger_than_complete_second - should panic ... ok
[INFO] [stdout] test angle::dd::tests::from_ar4_overflow - should panic ... ok
[INFO] [stdout] test angle::dd::tests::intermediate ... ok
[INFO] [stdout] test angle::dd::tests::max_valid_value ... ok
[INFO] [stdout] test angle::dd::tests::print_fraction_almost_integer ... ok
[INFO] [stdout] test angle::dd::tests::print_fraction ... ok
[INFO] [stdout] test angle::dd::tests::print_fraction_as_dms ... ok
[INFO] [stdout] test angle::dd::tests::from_f64_deg_overflow - should panic ... ok
[INFO] [stdout] test angle::dd::tests::print_fraction_as_dms_without_milli ... ok
[INFO] [stdout] test angle::dd::tests::print_fraction_as_dms_without_seconds ... ok
[INFO] [stdout] test angle::dd::tests::bad_seconds_2 - should panic ... ok
[INFO] [stdout] test angle::dd::tests::print_fraction_very_small ... ok
[INFO] [stdout] test angle::dd::tests::from_f64_wrap_around_u16 - should panic ... ok
[INFO] [stdout] test angle::dd::tests::print_right_as_dms ... ok
[INFO] [stdout] test angle::dd::tests::print_overflow_fraction_as_dms ... ok
[INFO] [stdout] test angle::dd::tests::print_right ... ok
[INFO] [stdout] test angle::dd::tests::print_zero ... ok
[INFO] [stdout] test angle::dd::tests::print_zero_as_dms ... ok
[INFO] [stdout] test angle::dd::tests::sub_underflow ... ok
[INFO] [stdout] test angle::dd::tests::sub ... ok
[INFO] [stdout] test angle::dd::tests::sub_with_zero_res ... ok
[INFO] [stdout] test angle::dd::tests::supplement_of_reflex_undefined ... ok
[INFO] [stdout] test angle::dd::tests::supplementary ... ok
[INFO] [stdout] test angle::dd::tests::supplementary_dms ... ok
[INFO] [stdout] test angle::dd::tests::test_first_degree_every_fraction_with_step_1 ... ignored
[INFO] [stdout] test angle::dd::tests::test_round_trip_conversion ... ignored
[INFO] [stdout] test angle::dd::tests::test_very_small_angles ... ok
[INFO] [stdout] test angle::dd::tests::summing_dms_accumulate_errors - should panic ... FAILED
[INFO] [stdout] test angle::dms_dd::parse_ascii_tests::deg_min ... ok
[INFO] [stdout] test angle::dms_dd::parse_ascii_tests::overflow_in_domain_deg - should panic ... ok
[INFO] [stdout] test angle::dms_dd::parse_ascii_tests::simple_deg ... ok
[INFO] [stdout] test angle::dms_dd::parse_ascii_tests::single_digit_deg_min_sec_cas ... ok
[INFO] [stdout] test angle::dms_dd::parse_ascii_tests::skipping_minutes_sign_is_not_allowed_in_ascii_mode - should panic ... ok
[INFO] [stdout] test angle::dms_dd::parse_ascii_tests::deg_min_with_sign ... ok
[INFO] [stdout] test angle::dms_dd::parse_ascii_tests::deg_min_sec_cas ... ok
[INFO] [stdout] test angle::dms_dd::parse_ascii_tests::skipping_degree_is_allowed_in_ascii_mode ... ok
[INFO] [stdout] test angle::dms_dd::parse_ascii_tests::space_between_deg_and_min ... ok
[INFO] [stdout] test angle::dms_dd::parse_ascii_tests::mixed_ascii_sec_and_unicode - should panic ... ok
[INFO] [stdout] test angle::dms_dd::parse_ascii_tests::deg_min_sec ... ok
[INFO] [stdout] test angle::dms_dd::parse_ascii_tests::overflow_in_min_digits - should panic ... ok
[INFO] [stdout] test angle::dms_dd::parse_ascii_tests::skipping_seconds_sign_is_not_allowed_in_ascii_mode - should panic ... ok
[INFO] [stdout] test angle::dms_dd::parse_ascii_tests::space_between_min_and_sec ... ok
[INFO] [stdout] test angle::dms_dd::parse_ascii_tests::more_than_straight_is_valid ... ok
[INFO] [stdout] test angle::dms_dd::parse_ascii_tests::spaces_between_parts ... ok
[INFO] [stdout] test angle::dms_dd::parse_ascii_tests::uneven_digits_deg_min_sec_cas ... ok
[INFO] [stdout] test angle::dms_dd::parse_ascii_tests::mixed_ascii_deg_and_unicode - should panic ... ok
[INFO] [stdout] test angle::dms_dd::parse_tests::deg_min ... ok
[INFO] [stdout] test angle::dms_dd::parse_tests::deg_min_sec ... ok
[INFO] [stdout] test angle::dms_dd::parse_tests::big_but_valid ... ok
[INFO] [stdout] test angle::dms_dd::parse_ascii_tests::space_between_degree_val_and_sign_not_allowed - should panic ... ok
[INFO] [stdout] test angle::dms_dd::parse_tests::deg_min_sec_cas ... ok
[INFO] [stdout] test angle::dms_dd::parse_ascii_tests::overflow_in_milli_digits - should panic ... ok
[INFO] [stdout] test angle::dms_dd::parse_tests::more_than_straight_is_valid ... ok
[INFO] [stdout] test angle::dms_dd::parse_tests::simple_decimal ... ok
[INFO] [stdout] test angle::dms_dd::parse_tests::round_up_more_than_7_digits ... ok
[INFO] [stdout] test angle::dms_dd::parse_ascii_tests::mixed_ascii_min_and_unicode - should panic ... ok
[INFO] [stdout] test angle::dms_dd::parse_tests::round_down_more_than_6_digits ... ok
[INFO] [stdout] test angle::dms_dd::parse_tests::simple_decimal_with_degree_sign ... ok
[INFO] [stdout] test angle::dms_dd::parse_tests::simple_deg ... ok
[INFO] [stdout] test angle::dms_dd::parse_tests::simple_integer ... ok
[INFO] [stdout] test angle::dms_dd::parse_ascii_tests::overflow_in_deg_digits - should panic ... ok
[INFO] [stdout] test angle::dms_dd::parse_tests::simple_integer_with_degree_sign ... ok
[INFO] [stdout] test angle::dms_dd::parse_tests::single_digit_deg_min_sec_cas ... ok
[INFO] [stdout] test angle::dms_dd::parse_ascii_tests::overflow_in_sec_digits - should panic ... ok
[INFO] [stdout] test angle::dms_dd::parse_tests::space_between_deg_and_min ... ok
[INFO] [stdout] test angle::dms_dd::parse_ascii_tests::spaces_between_parts_and_milliseconds - should panic ... ok
[INFO] [stdout] test angle::dms_dd::parse_tests::space_between_min_and_sec ... ok
[INFO] [stdout] test angle::dms_dd::parse_tests::spaces_between_parts ... ok
[INFO] [stdout] test angle::dms_dd::tests::accurate_angle_is_32_bits ... ok
[INFO] [stdout] test angle::dms_dd::parse_tests::uneven_digits_deg_min_sec_cas ... ok
[INFO] [stdout] test angle::dms_dd::tests::add ... ok
[INFO] [stdout] test angle::dms_dd::tests::add_minimal_overflow ... ok
[INFO] [stdout] test angle::dms_dd::parse_tests::too_precise_truncation ... ok
[INFO] [stdout] test angle::dms_dd::tests::add_with_wrapping ... ok
[INFO] [stdout] test angle::dms_dd::parse_tests::bad_float - should panic ... ok
[INFO] [stdout] test angle::dms_dd::tests::add_no_overflow ... ok
[INFO] [stdout] test angle::dms_dd::parse_tests::bad_negative - should panic ... ok
[INFO] [stdout] test angle::dms_dd::parse_tests::bad_too_big_for_angle - should panic ... ok
[INFO] [stdout] test angle::dms_dd::tests::bad_milli_seconds_2 - should panic ... ok
[INFO] [stdout] test angle::dms_dd::parse_tests::overflow_in_min_digits - should panic ... ok
[INFO] [stdout] test angle::dms_dd::parse_tests::overflow_in_domain_deg - should panic ... ok
[INFO] [stdout] test angle::dms_dd::parse_tests::overflow_in_sec_digits - should panic ... ok
[INFO] [stdout] test angle::dms_dd::parse_tests::overflow_in_milli_digits - should panic ... ok
[INFO] [stdout] test angle::dms_dd::parse_tests::skipping_degree_is_not_allowed_in_unicode_mode - should panic ... ok
[INFO] [stdout] test angle::dms_dd::parse_tests::space_between_degree_val_and_sign_not_allowed - should panic ... ok
[INFO] [stdout] test angle::dms_dd::tests::bigger_than_straight_dms ... ok
[INFO] [stdout] test angle::dms_dd::tests::bigger_than_complete_second - should panic ... ok
[INFO] [stdout] test angle::dms_dd::tests::bigger_than_straight_is_valid ... ok
[INFO] [stdout] test angle::dms_dd::tests::bad_fraction - should panic ... ok
[INFO] [stdout] test angle::dms_dd::tests::bad_fraction_2 - should panic ... ok
[INFO] [stdout] test angle::dms_dd::tests::complementary ... ok
[INFO] [stdout] test angle::dms_dd::tests::complementary_dms ... ok
[INFO] [stdout] test angle::dms_dd::tests::complement_of_obtuse_undefined ... ok
[INFO] [stdout] test angle::dms_dd::tests::bad_milli_seconds - should panic ... ok
[INFO] [stdout] test angle::dms_dd::tests::complete ... ok
[INFO] [stdout] test angle::dms_dd::tests::default ... ok
[INFO] [stdout] test angle::dms_dd::parse_tests::overflow_in_deg_digits - should panic ... ok
[INFO] [stdout] test angle::dms_dd::tests::dms_almost_int ... ok
[INFO] [stdout] test angle::dms_dd::tests::explement_of_obtuse_is_reflex ... ok
[INFO] [stdout] test angle::dms_dd::tests::bad_seconds - should panic ... ok
[INFO] [stdout] test angle::dms_dd::tests::explementary ... ok
[INFO] [stdout] test angle::dms_dd::tests::from_ar2 ... ok
[INFO] [stdout] test angle::dms_dd::tests::from_ar3 ... ok
[INFO] [stdout] test angle::dms_dd::tests::explementary_dms ... ok
[INFO] [stdout] test angle::dms_dd::tests::bad_minutes - should panic ... ok
[INFO] [stdout] test angle::dms_dd::tests::from_ar4 ... ok
[INFO] [stdout] test angle::dms_dd::tests::from_f64 ... ok
[INFO] [stdout] test angle::dms_dd::tests::bad_seconds_2 - should panic ... ok
[INFO] [stdout] test angle::dms_dd::tests::from_pair ... ok
[INFO] [stdout] test angle::dms_dd::tests::bigger_than_complete - should panic ... ok
[INFO] [stdout] test angle::dms_dd::tests::from_quadruple ... ok
[INFO] [stdout] test angle::dms_dd::tests::from_int_overflow - should panic ... ok
[INFO] [stdout] test angle::dms_dd::tests::from_u16 ... ok
[INFO] [stdout] test angle::dms_dd::tests::from_u8 ... ok
[INFO] [stdout] test angle::dms_dd::tests::from_triple ... ok
[INFO] [stdout] test angle::dms_dd::tests::good_fraction_minus_one_is_overflow ... ok
[INFO] [stdout] test angle::dms_dd::tests::good_fraction_minus_two ... ok
[INFO] [stdout] test angle::dms_dd::tests::bigger_than_complete_milli_second - should panic ... ok
[INFO] [stdout] test angle::dms_dd::tests::bigger_than_complete_minute - should panic ... ok
[INFO] [stdout] test angle::dms_dd::tests::bigger_than_complete_minimum_fraction - should panic ... ok
[INFO] [stdout] test angle::dms_dd::tests::good_milli_seconds ... ok
[INFO] [stdout] test angle::dms_dd::tests::intermediate ... ok
[INFO] [stdout] test angle::dms_dd::tests::max_valid_value ... ok
[INFO] [stdout] test angle::dms_dd::tests::from_f64_deg_overflow - should panic ... ok
[INFO] [stdout] test angle::dms_dd::tests::print_fraction_as_dms_without_milli ... ok
[INFO] [stdout] test angle::dms_dd::tests::print_fraction_almost_integer ... ok
[INFO] [stdout] test angle::dms_dd::tests::print_fraction_as_dms_without_seconds ... ok
[INFO] [stdout] test angle::dms_dd::tests::from_ar4_overflow - should panic ... ok
[INFO] [stdout] test angle::dms_dd::parse_tests::spaces_between_parts_and_milliseconds - should panic ... ok
[INFO] [stdout] test angle::dms_dd::tests::print_fraction ... ok
[INFO] [stdout] test angle::dms_dd::tests::bigger_than_complete_degree - should panic ... ok
[INFO] [stdout] test angle::dms_dd::tests::print_fraction_as_dms ... ok
[INFO] [stdout] test angle::dms_dd::tests::from_f64_wrap_around_u16 - should panic ... ok
[INFO] [stdout] test angle::dms_dd::tests::print_fraction_very_small ... ok
[INFO] [stdout] test angle::dms_dd::tests::print_right ... ok
[INFO] [stdout] test angle::dms_dd::tests::print_overflow_fraction_as_dms ... ok
[INFO] [stdout] test angle::dms_dd::tests::print_zero ... ok
[INFO] [stdout] test angle::dms_dd::tests::print_zero_as_dms ... ok
[INFO] [stdout] test angle::dms_dd::tests::sub_with_zero_res ... ok
[INFO] [stdout] test angle::dms_dd::tests::summing_dms_does_not_accumulate_errors ... ok
[INFO] [stdout] test angle::dms_dd::tests::print_right_as_dms ... ok
[INFO] [stdout] test angle::dms_dd::tests::sub ... ok
[INFO] [stdout] test angle::dms_dd::tests::sub_underflow ... ok
[INFO] [stdout] test angle::dms_dd::tests::supplement_of_reflex_undefined ... ok
[INFO] [stdout] test angle::dms_dd::tests::supplementary_dms ... ok
[INFO] [stdout] test angle::dms_dd::tests::supplementary ... ok
[INFO] [stdout] test angle::dms_dd::tests::test_first_degree_every_fraction_with_step_1 ... ignored
[INFO] [stdout] test angle::dms_dd::tests::test_round_trip_conversion ... ignored
[INFO] [stdout] test angle::dms_dd::tests::test_very_small_angles ... ok
[INFO] [stdout] test coord::lat::arith_tests::cross_the_equator_while_going_south ... ok
[INFO] [stdout] test coord::lat::arith_tests::diff_between_north_and_south ... ok
[INFO] [stdout] test coord::lat::arith_tests::cross_the_equator_while_going_north ... ok
[INFO] [stdout] test coord::lat::arith_tests::diff_equal_is_zero ... ok
[INFO] [stdout] test coord::lat::arith_tests::simply_north ... ok
[INFO] [stdout] test coord::lat::arith_tests::go_beyond_north_pole_bad_angle - should panic ... ok
[INFO] [stdout] test coord::lat::arith_tests::simply_south ... ok
[INFO] [stdout] test coord::lat::arith_tests::less_from_greater_is_undef - should panic ... ok
[INFO] [stdout] test coord::lat::arith_tests::go_beyond_south_pole - should panic ... ok
[INFO] [stdout] test coord::lat::arith_tests::go_beyond_north_pole - should panic ... ok
[INFO] [stdout] test coord::lat::bad_parse_tests_accur::round_more_than_7_digits ... ok
[INFO] [stdout] test coord::lat::bad_parse_tests_dec::round_more_than_7_digits ... ok
[INFO] [stdout] test coord::lat::parse_tests_accur::prefix_decimal ... ok
[INFO] [stdout] test coord::lat::parse_tests_accur::equator_does_not_require_pole ... ok
[INFO] [stdout] test coord::lat::parse_tests_accur::prefix_sign_decimal ... ok
[INFO] [stdout] test coord::lat::parse_tests_accur::prefix_no_space ... ok
[INFO] [stdout] test coord::lat::bad_parse_tests_accur::bad_float - should panic ... ok
[INFO] [stdout] test coord::lat::bad_parse_tests_accur::bad_hemisphere - should panic ... ok
[INFO] [stdout] test coord::lat::parse_tests_accur::prefix_sign_no_space ... ok
[INFO] [stdout] test coord::lat::bad_parse_tests_accur::bad_sign - should panic ... ok
[INFO] [stdout] test coord::lat::parse_tests_accur::prefix_sign_with_space ... ok
[INFO] [stdout] test coord::lat::bad_parse_tests_accur::no_prefix_no_suffix - should panic ... ok
[INFO] [stdout] test coord::lat::parse_tests_accur::simple_degree ... ok
[INFO] [stdout] test coord::lat::bad_parse_tests_accur::empty - should panic ... ok
[INFO] [stdout] test coord::lat::parse_tests_accur::suffix_decimal ... ok
[INFO] [stdout] test coord::lat::parse_tests_accur::prefix_with_space ... ok
[INFO] [stdout] test coord::lat::parse_tests_accur::suffix_no_space ... ok
[INFO] [stdout] test coord::lat::parse_tests_dec::prefix_decimal ... ok
[INFO] [stdout] test coord::lat::parse_tests_accur::suffix_with_space ... ok
[INFO] [stdout] test coord::lat::parse_tests_dec::prefix_sign_decimal ... ok
[INFO] [stdout] test coord::lat::parse_tests_dec::prefix_sign_with_space ... ok
[INFO] [stdout] test coord::lat::parse_tests_dec::equator_does_not_require_pole ... ok
[INFO] [stdout] test coord::lat::parse_tests_dec::simple_degree ... ok
[INFO] [stdout] test coord::lat::parse_tests_dec::prefix_with_space ... ok
[INFO] [stdout] test coord::lat::parse_tests_dec::suffix_decimal ... ok
[INFO] [stdout] test coord::lat::parse_tests_dec::prefix_sign_no_space ... ok
[INFO] [stdout] test coord::lat::parse_tests_dec::prefix_no_space ... ok
[INFO] [stdout] test coord::lat::parse_tests_dec::suffix_with_space ... ok
[INFO] [stdout] test coord::lat::bad_parse_tests_accur::too_big_angle_north - should panic ... ok
[INFO] [stdout] test coord::lat::bad_parse_tests_dec::empty - should panic ... ok
[INFO] [stdout] test coord::lat::bad_parse_tests_dec::bad_sign - should panic ... ok
[INFO] [stdout] test coord::lat::tests_accur::from_f64_north ... ok
[INFO] [stdout] test coord::lat::tests_accur::equal_equators ... ok
[INFO] [stdout] test coord::lat::bad_parse_tests_dec::bad_hemisphere - should panic ... ok
[INFO] [stdout] test coord::lat::parse_tests_dec::suffix_no_space ... ok
[INFO] [stdout] test coord::lat::tests_accur::from_f64_south ... ok
[INFO] [stdout] test coord::lat::tests_accur::good_latitude_max ... ok
[INFO] [stdout] test coord::lat::tests_accur::ordering ... ok
[INFO] [stdout] test coord::lat::tests_accur::good_latitude_min ... ok
[INFO] [stdout] test coord::lat::tests_accur::parallels_symmetry ... ok
[INFO] [stdout] test coord::lat::tests_accur::size_lat ... ok
[INFO] [stdout] test coord::lat::tests_accur::south_less_than_north ... ok
[INFO] [stdout] test coord::lat::tests_accur::bad_latitude_underflow - should panic ... ok
[INFO] [stdout] test coord::lat::bad_parse_tests_accur::too_big_angle_south - should panic ... ok
[INFO] [stdout] test coord::lat::tests_dec::equal_equators ... ok
[INFO] [stdout] test coord::lat::bad_parse_tests_dec::no_prefix_no_suffix - should panic ... ok
[INFO] [stdout] test coord::lat::tests_dec::from_f64_north ... ok
[INFO] [stdout] test coord::lat::bad_parse_tests_dec::too_big_angle_south - should panic ... ok
[INFO] [stdout] test coord::lat::bad_parse_tests_dec::too_big_angle_north - should panic ... ok
[INFO] [stdout] test coord::lat::tests_dec::from_f64_south ... ok
[INFO] [stdout] test coord::lat::tests_accur::bad_latitude_max - should panic ... ok
[INFO] [stdout] test coord::lat::tests_dec::good_latitude_min ... ok
[INFO] [stdout] test coord::lat::tests_dec::good_latitude_max ... ok
[INFO] [stdout] test coord::lat::tests_accur::bad_latitude_min - should panic ... ok
[INFO] [stdout] test coord::lat::tests_dec::ordering ... ok
[INFO] [stdout] test coord::lat::tests_accur::bad_latitude_overflow - should panic ... ok
[INFO] [stdout] test coord::lat::tests_dec::parallels_symmetry ... ok
[INFO] [stdout] test coord::lat::tests_dec::size_lat ... ok
[INFO] [stdout] test coord::lat::tests_dec::south_less_than_north ... ok
[INFO] [stdout] test coord::lat::bad_parse_tests_dec::bad_float - should panic ... ok
[INFO] [stdout] test coord::lat::tests_accur::from_f64_overflow - should panic ... ok
[INFO] [stdout] test coord::lon::arith_tests::cross_the_180_while_going_east ... ok
[INFO] [stdout] test coord::lon::arith_tests::around_the_world_east ... ok
[INFO] [stdout] test coord::lon::arith_tests::around_the_world_west ... ok
[INFO] [stdout] test coord::lon::arith_tests::cross_the_180_while_going_west ... ok
[INFO] [stdout] test coord::lon::arith_tests::cross_the_prime_while_going_east ... ok
[INFO] [stdout] test coord::lon::arith_tests::diff_between_east_and_west ... ok
[INFO] [stdout] test coord::lon::arith_tests::less_from_greater_is_almost_a_circle ... ok
[INFO] [stdout] test coord::lon::arith_tests::cross_the_prime_while_going_west ... ok
[INFO] [stdout] test coord::lon::arith_tests::diff_equal_is_zero ... ok
[INFO] [stdout] test coord::lon::arith_tests::simply_east ... ok
[INFO] [stdout] test coord::lon::arith_tests::simply_west ... ok
[INFO] [stdout] test coord::lon::bad_parse_tests_accur::round_more_than_7_digits ... ok
[INFO] [stdout] test coord::lon::bad_parse_tests_accur::more_than_right_angle ... ok
[INFO] [stdout] test coord::lat::tests_dec::bad_latitude_min - should panic ... ok
[INFO] [stdout] test coord::lat::tests_dec::bad_latitude_max - should panic ... ok
[INFO] [stdout] test coord::lat::tests_dec::bad_latitude_overflow - should panic ... ok
[INFO] [stdout] test coord::lat::tests_dec::bad_latitude_underflow - should panic ... ok
[INFO] [stdout] test coord::lat::tests_dec::from_f64_overflow - should panic ... ok
[INFO] [stdout] test coord::lon::bad_parse_tests_dec::more_than_right_angle ... ok
[INFO] [stdout] test coord::lon::bad_parse_tests_accur::bad_direction - should panic ... ok
[INFO] [stdout] test coord::lon::bad_parse_tests_dec::round_more_than_7_digits ... ok
[INFO] [stdout] test coord::lon::parse_tests_accur::anti_does_not_require_pole ... ok
[INFO] [stdout] test coord::lon::parse_tests_accur::prefix_decimal ... ok
[INFO] [stdout] test coord::lon::parse_tests_accur::prefix_sign_decimal ... ok
[INFO] [stdout] test coord::lon::parse_tests_accur::prefix_no_space ... ok
[INFO] [stdout] test coord::lon::parse_tests_accur::prefix_sign_with_space ... ok
[INFO] [stdout] test coord::lon::bad_parse_tests_dec::too_big_angle_east - should panic ... ok
[INFO] [stdout] test coord::lon::parse_tests_accur::prefix_sign_no_space ... ok
[INFO] [stdout] test coord::lon::bad_parse_tests_accur::bad_sign - should panic ... ok
[INFO] [stdout] test coord::lon::bad_parse_tests_accur::bad_float - should panic ... ok
[INFO] [stdout] test coord::lon::bad_parse_tests_accur::too_big_angle_east - should panic ... ok
[INFO] [stdout] test coord::lon::parse_tests_accur::prime_does_not_require_pole ... ok
[INFO] [stdout] test coord::lon::parse_tests_accur::suffix_decimal ... ok
[INFO] [stdout] test coord::lon::parse_tests_accur::prefix_with_space ... ok
[INFO] [stdout] test coord::lon::parse_tests_accur::simple_degree ... ok
[INFO] [stdout] test coord::lon::bad_parse_tests_dec::bad_direction - should panic ... ok
[INFO] [stdout] test coord::lon::bad_parse_tests_accur::too_big_angle_west - should panic ... ok
[INFO] [stdout] test coord::lon::bad_parse_tests_dec::bad_float - should panic ... ok
[INFO] [stdout] test coord::lon::bad_parse_tests_accur::no_prefix_no_suffix - should panic ... ok
[INFO] [stdout] test coord::lon::bad_parse_tests_dec::empty - should panic ... ok
[INFO] [stdout] test coord::lon::bad_parse_tests_dec::bad_sign - should panic ... ok
[INFO] [stdout] test coord::lon::parse_tests_dec::prefix_decimal ... ok
[INFO] [stdout] test coord::lon::parse_tests_accur::suffix_with_space ... ok
[INFO] [stdout] test coord::lon::parse_tests_accur::suffix_no_space ... ok
[INFO] [stdout] test coord::lon::bad_parse_tests_dec::no_prefix_no_suffix - should panic ... ok
[INFO] [stdout] test coord::lon::parse_tests_dec::prefix_sign_decimal ... ok
[INFO] [stdout] test coord::lon::bad_parse_tests_accur::empty - should panic ... ok
[INFO] [stdout] test coord::lon::parse_tests_dec::anti_does_not_require_pole ... ok
[INFO] [stdout] test coord::lon::parse_tests_dec::prefix_no_space ... ok
[INFO] [stdout] test coord::lon::bad_parse_tests_dec::too_big_angle_west - should panic ... ok
[INFO] [stdout] test coord::lon::parse_tests_dec::prefix_sign_no_space ... ok
[INFO] [stdout] test coord::lon::parse_tests_dec::prefix_sign_with_space ... ok
[INFO] [stdout] test coord::lon::parse_tests_dec::prefix_with_space ... ok
[INFO] [stdout] test coord::lon::parse_tests_dec::simple_degree ... ok
[INFO] [stdout] test coord::lon::parse_tests_dec::prime_does_not_require_pole ... ok
[INFO] [stdout] test coord::lon::parse_tests_dec::suffix_decimal ... ok
[INFO] [stdout] test coord::lon::tests_accur::anti_is_always_greater ... ok
[INFO] [stdout] test coord::lon::parse_tests_dec::suffix_no_space ... ok
[INFO] [stdout] test coord::lon::parse_tests_dec::suffix_with_space ... ok
[INFO] [stdout] test coord::lon::tests_accur::equal_anti_meridian ... ok
[INFO] [stdout] test coord::lon::tests_accur::east ... ok
[INFO] [stdout] test coord::lon::tests_accur::equal_prime ... ok
[INFO] [stdout] test coord::lon::tests_accur::east_and_west_are_non_comparable ... ok
[INFO] [stdout] test coord::lon::tests_accur::from_f64_east ... ok
[INFO] [stdout] test coord::lon::tests_accur::from_f64_west ... ok
[INFO] [stdout] test coord::lon::tests_accur::good_longitude_west ... ok
[INFO] [stdout] test coord::lon::tests_accur::neg_prime_is_prime ... ok
[INFO] [stdout] test coord::lon::tests_accur::opposite_longitudes ... ok
[INFO] [stdout] test coord::lon::tests_accur::bad_longitude_east_2 - should panic ... ok
[INFO] [stdout] test coord::lon::tests_accur::prime_and_anti_are_opposed_meridians ... ok
[INFO] [stdout] test coord::lon::tests_accur::bad_longitude_west - should panic ... ok
[INFO] [stdout] test coord::lon::tests_accur::bad_longitude_east - should panic ... ok
[INFO] [stdout] test coord::lon::tests_accur::from_f64_overflow - should panic ... ok
[INFO] [stdout] test coord::lon::tests_accur::west_0_is_prime ... ok
[INFO] [stdout] test coord::lon::tests_accur::prime_is_always_less ... ok
[INFO] [stdout] test coord::lon::tests_accur::size_long ... ok
[INFO] [stdout] test coord::lon::tests_accur::west ... ok
[INFO] [stdout] test coord::lon::tests_dec::anti_is_always_greater ... ok
[INFO] [stdout] test coord::lon::tests_dec::east ... ok
[INFO] [stdout] test coord::lon::tests_dec::equal_anti_meridian ... ok
[INFO] [stdout] test coord::lon::tests_dec::bad_longitude_east - should panic ... ok
[INFO] [stdout] test coord::lon::tests_dec::equal_prime ... ok
[INFO] [stdout] test coord::lon::tests_dec::from_f64_east ... ok
[INFO] [stdout] test coord::lon::tests_dec::bad_longitude_east_2 - should panic ... ok
[INFO] [stdout] test coord::lon::tests_dec::east_and_west_are_non_comparable ... ok
[INFO] [stdout] test coord::lon::tests_dec::from_f64_west ... ok
[INFO] [stdout] test coord::lon::tests_dec::bad_longitude_west - should panic ... ok
[INFO] [stdout] test coord::lon::tests_dec::good_longitude_west ... ok
[INFO] [stdout] test coord::lon::tests_dec::neg_prime_is_prime ... ok
[INFO] [stdout] test coord::lon::tests_dec::from_f64_overflow - should panic ... ok
[INFO] [stdout] test coord::lon::tests_dec::opposite_longitudes ... ok
[INFO] [stdout] test coord::lon::tests_dec::size_long ... ok
[INFO] [stdout] test coord::lon::tests_dec::prime_and_anti_are_opposed_meridians ... ok
[INFO] [stdout] test coord::lon::tests_dec::west_0_is_prime ... ok
[INFO] [stdout] test coord::lon::tests_dec::west ... ok
[INFO] [stdout] test coord::lon::tests_dec::prime_is_always_less ... ok
[INFO] [stdout] test coord::point::tests_accur::from_f64_east_long ... ok
[INFO] [stdout] test coord::point::tests_accur::from_f64_west_long ... ok
[INFO] [stdout] test coord::point::tests_accur::lat3_long4 ... ok
[INFO] [stdout] test coord::point::tests_accur::lat4_long3 ... ok
[INFO] [stdout] test coord::point::tests_accur::origin_point ... ok
[INFO] [stdout] test coord::point::tests_accur::north_east ... ok
[INFO] [stdout] test coord::point::tests_accur::south_pole ... ok
[INFO] [stdout] test coord::point::tests_arith::poles_are_antipods ... ok
[INFO] [stdout] test coord::point::tests_accur::south_west ... ok
[INFO] [stdout] test coord::point::tests_arith::equator_antipodal_is_on_equator ... ok
[INFO] [stdout] test coord::point::tests_dec::from_f64_west_long ... ok
[INFO] [stdout] test coord::point::tests_arith::simple_antipodal ... ok
[INFO] [stdout] test coord::point::tests_dec::lat3_long4 ... ok
[INFO] [stdout] test coord::point::tests_dec::north_east ... ok
[INFO] [stdout] test coord::point::tests_dec::origin_point ... ok
[INFO] [stdout] test coord::point::tests_dec::south_pole ... ok
[INFO] [stdout] test utils::tests::split_head ... ok
[INFO] [stdout] test coord::point::tests_dec::from_f64_east_long ... ok
[INFO] [stdout] test coord::point::tests_dec::south_west ... ok
[INFO] [stdout] test utils::tests::split_head_single ... ok
[INFO] [stdout] test utils::tests::split_head_empty ... ok
[INFO] [stdout] test coord::point::tests_dec::lat4_long3 ... ok
[INFO] [stdout] test utils::tests::test_div_mod ... ok
[INFO] [stdout] test utils::tests::unsigned ... ok
[INFO] [stdout] test utils::tests::split_tail ... ok
[INFO] [stdout] test utils::tests::split_tail_single ... ok
[INFO] [stdout] test utils::tests::split_tail_empty ... ok
[INFO] [stdout] test utils::tests::strip_prefix_matches ... ok
[INFO] [stdout] test utils::tests::strip_prefix_no_match ... ok
[INFO] [stdout] test utils::tests::strip_suffix_no_match ... ok
[INFO] [stdout] test utils::tests::strip_suffix_matches ... ok
[INFO] [stdout] 
[INFO] [stdout] failures:
[INFO] [stdout] 
[INFO] [stdout] ---- angle::dd::tests::summing_dms_accumulate_errors stdout ----
[INFO] [stdout] thread 'angle::dd::tests::summing_dms_accumulate_errors' panicked at src/angle/dd.rs:871:9:
[INFO] [stdout] assertion `left == right` failed
[INFO] [stdout]   left: 11
[INFO] [stdout]  right: 10
[INFO] [stdout] stack backtrace:
[INFO] [stdout]    0:     0x555caf3a4f3c - std::backtrace_rs::backtrace::libunwind::trace::ha637c64ce894333a
[INFO] [stdout]                                at /rustc/82e1608dfa6e0b5569232559e3d385fea5a93112/library/std/src/../../backtrace/src/backtrace/libunwind.rs:104:5
[INFO] [stdout]    1:     0x555caf3a4f3c - std::backtrace_rs::backtrace::trace_unsynchronized::h47f62dea28e0c88d
[INFO] [stdout]                                at /rustc/82e1608dfa6e0b5569232559e3d385fea5a93112/library/std/src/../../backtrace/src/backtrace/mod.rs:66:5
[INFO] [stdout]    2:     0x555caf3a4f3c - std::sys_common::backtrace::_print_fmt::h9eef0abe20ede486
[INFO] [stdout]                                at /rustc/82e1608dfa6e0b5569232559e3d385fea5a93112/library/std/src/sys_common/backtrace.rs:67:5
[INFO] [stdout]    3:     0x555caf3a4f3c - <std::sys_common::backtrace::_print::DisplayBacktrace as core::fmt::Display>::fmt::hed7f999df88cc644
[INFO] [stdout]                                at /rustc/82e1608dfa6e0b5569232559e3d385fea5a93112/library/std/src/sys_common/backtrace.rs:44:22
[INFO] [stdout]    4:     0x555caf3cfdc0 - core::fmt::rt::Argument::fmt::h1539a9308b8d058d
[INFO] [stdout]                                at /rustc/82e1608dfa6e0b5569232559e3d385fea5a93112/library/core/src/fmt/rt.rs:142:9
[INFO] [stdout]    5:     0x555caf3cfdc0 - core::fmt::write::h3a39390d8560d9c9
[INFO] [stdout]                                at /rustc/82e1608dfa6e0b5569232559e3d385fea5a93112/library/core/src/fmt/mod.rs:1120:17
[INFO] [stdout]    6:     0x555caf3a28ef - std::io::Write::write_fmt::h040b369f3a0f9cbc
[INFO] [stdout]                                at /rustc/82e1608dfa6e0b5569232559e3d385fea5a93112/library/std/src/io/mod.rs:1762:15
[INFO] [stdout]    7:     0x555caf3a4d24 - std::sys_common::backtrace::_print::h894006fb5c6f3d45
[INFO] [stdout]                                at /rustc/82e1608dfa6e0b5569232559e3d385fea5a93112/library/std/src/sys_common/backtrace.rs:47:5
[INFO] [stdout]    8:     0x555caf3a4d24 - std::sys_common::backtrace::print::h23a2d212c6fff936
[INFO] [stdout]                                at /rustc/82e1608dfa6e0b5569232559e3d385fea5a93112/library/std/src/sys_common/backtrace.rs:34:9
[INFO] [stdout]    9:     0x555caf3a69e7 - std::panicking::default_hook::{{closure}}::h8a1d2ee00185001a
[INFO] [stdout]   10:     0x555caf3a66d3 - std::panicking::default_hook::h6038f2eba384e475
[INFO] [stdout]                                at /rustc/82e1608dfa6e0b5569232559e3d385fea5a93112/library/std/src/panicking.rs:289:9
[INFO] [stdout]   11:     0x555caf0c6257 - <alloc::boxed::Box<F,A> as core::ops::function::Fn<Args>>::call::h0ad024c9bdc6d768
[INFO] [stdout]                                at /rustc/82e1608dfa6e0b5569232559e3d385fea5a93112/library/alloc/src/boxed.rs:2021:9
[INFO] [stdout]   12:     0x555caf0c6257 - test::test_main::{{closure}}::h7500b54257359db6
[INFO] [stdout]                                at /rustc/82e1608dfa6e0b5569232559e3d385fea5a93112/library/test/src/lib.rs:138:21
[INFO] [stdout]   13:     0x555caf3a6ff8 - <alloc::boxed::Box<F,A> as core::ops::function::Fn<Args>>::call::h1f8f335eaa9cfaee
[INFO] [stdout]                                at /rustc/82e1608dfa6e0b5569232559e3d385fea5a93112/library/alloc/src/boxed.rs:2021:9
[INFO] [stdout]   14:     0x555caf3a6ff8 - std::panicking::rust_panic_with_hook::h2b5517d590cab22e
[INFO] [stdout]                                at /rustc/82e1608dfa6e0b5569232559e3d385fea5a93112/library/std/src/panicking.rs:783:13
[INFO] [stdout]   15:     0x555caf3a6d4e - std::panicking::begin_panic_handler::{{closure}}::h233112c06e0ef43e
[INFO] [stdout]                                at /rustc/82e1608dfa6e0b5569232559e3d385fea5a93112/library/std/src/panicking.rs:657:13
[INFO] [stdout]   16:     0x555caf3a5406 - std::sys_common::backtrace::__rust_end_short_backtrace::h6e893f24d7ebbff8
[INFO] [stdout]                                at /rustc/82e1608dfa6e0b5569232559e3d385fea5a93112/library/std/src/sys_common/backtrace.rs:170:18
[INFO] [stdout]   17:     0x555caf3a6ab2 - rust_begin_unwind
[INFO] [stdout]                                at /rustc/82e1608dfa6e0b5569232559e3d385fea5a93112/library/std/src/panicking.rs:645:5
[INFO] [stdout]   18:     0x555caf0152a5 - core::panicking::panic_fmt::hbf0e066aabfa482c
[INFO] [stdout]                                at /rustc/82e1608dfa6e0b5569232559e3d385fea5a93112/library/core/src/panicking.rs:72:14
[INFO] [stdout]   19:     0x555caf0156fb - core::panicking::assert_failed_inner::h0bba8b7c26ee4492
[INFO] [stdout]   20:     0x555caf0449be - core::panicking::assert_failed::h59125ac8b0371010
[INFO] [stdout]                                at /rustc/82e1608dfa6e0b5569232559e3d385fea5a93112/library/core/src/panicking.rs:279:5
[INFO] [stdout]   21:     0x555caf027ca8 - geod::angle::dd::tests::summing_dms_accumulate_errors::h38c21025be0bc198
[INFO] [stdout]                                at /opt/rustwide/workdir/src/angle/dd.rs:871:9
[INFO] [stdout]   22:     0x555caf027b67 - geod::angle::dd::tests::summing_dms_accumulate_errors::{{closure}}::h3facd9d9cee16c32
[INFO] [stdout]                                at /opt/rustwide/workdir/src/angle/dd.rs:862:39
[INFO] [stdout]   23:     0x555caf0551d6 - core::ops::function::FnOnce::call_once::h7ae3cc3d5f98e90e
[INFO] [stdout]                                at /rustc/82e1608dfa6e0b5569232559e3d385fea5a93112/library/core/src/ops/function.rs:250:5
[INFO] [stdout]   24:     0x555caf0cb8af - core::ops::function::FnOnce::call_once::h2b5d431d5046312d
[INFO] [stdout]                                at /rustc/82e1608dfa6e0b5569232559e3d385fea5a93112/library/core/src/ops/function.rs:250:5
[INFO] [stdout]   25:     0x555caf0cb8af - test::__rust_begin_short_backtrace::h7714669af176e207
[INFO] [stdout]                                at /rustc/82e1608dfa6e0b5569232559e3d385fea5a93112/library/test/src/lib.rs:628:18
[INFO] [stdout]   26:     0x555caf0ca8c5 - test::run_test_in_process::{{closure}}::h85218797dcbcec12
[INFO] [stdout]                                at /rustc/82e1608dfa6e0b5569232559e3d385fea5a93112/library/test/src/lib.rs:651:60
[INFO] [stdout]   27:     0x555caf0ca8c5 - <core::panic::unwind_safe::AssertUnwindSafe<F> as core::ops::function::FnOnce<()>>::call_once::h76c106ea31c14d7b
[INFO] [stdout]                                at /rustc/82e1608dfa6e0b5569232559e3d385fea5a93112/library/core/src/panic/unwind_safe.rs:272:9
[INFO] [stdout]   28:     0x555caf0ca8c5 - std::panicking::try::do_call::h3bd5d0f6620ee946
[INFO] [stdout]                                at /rustc/82e1608dfa6e0b5569232559e3d385fea5a93112/library/std/src/panicking.rs:552:40
[INFO] [stdout]   29:     0x555caf0ca8c5 - std::panicking::try::h232e535e4744fe31
[INFO] [stdout]                                at /rustc/82e1608dfa6e0b5569232559e3d385fea5a93112/library/std/src/panicking.rs:516:19
[INFO] [stdout]   30:     0x555caf0ca8c5 - std::panic::catch_unwind::h3ce3bd6ca8dbac68
[INFO] [stdout]                                at /rustc/82e1608dfa6e0b5569232559e3d385fea5a93112/library/std/src/panic.rs:142:14
[INFO] [stdout]   31:     0x555caf0ca8c5 - test::run_test_in_process::hc97b257c9621286a
[INFO] [stdout]                                at /rustc/82e1608dfa6e0b5569232559e3d385fea5a93112/library/test/src/lib.rs:651:27
[INFO] [stdout]   32:     0x555caf0ca8c5 - test::run_test::{{closure}}::h2aa798823a438d38
[INFO] [stdout]                                at /rustc/82e1608dfa6e0b5569232559e3d385fea5a93112/library/test/src/lib.rs:574:43
[INFO] [stdout]   33:     0x555caf092b86 - test::run_test::{{closure}}::h87d231c78fb59832
[INFO] [stdout]                                at /rustc/82e1608dfa6e0b5569232559e3d385fea5a93112/library/test/src/lib.rs:602:41
[INFO] [stdout]   34:     0x555caf092b86 - std::sys_common::backtrace::__rust_begin_short_backtrace::he6df152596625789
[INFO] [stdout]                                at /rustc/82e1608dfa6e0b5569232559e3d385fea5a93112/library/std/src/sys_common/backtrace.rs:154:18
[INFO] [stdout]   35:     0x555caf097c37 - std::thread::Builder::spawn_unchecked_::{{closure}}::{{closure}}::ha94be15d1e0acf36
[INFO] [stdout]                                at /rustc/82e1608dfa6e0b5569232559e3d385fea5a93112/library/std/src/thread/mod.rs:529:17
[INFO] [stdout]   36:     0x555caf097c37 - <core::panic::unwind_safe::AssertUnwindSafe<F> as core::ops::function::FnOnce<()>>::call_once::h9dc6bd6372f16606
[INFO] [stdout]                                at /rustc/82e1608dfa6e0b5569232559e3d385fea5a93112/library/core/src/panic/unwind_safe.rs:272:9
[INFO] [stdout]   37:     0x555caf097c37 - std::panicking::try::do_call::h9057517f80303cd4
[INFO] [stdout]                                at /rustc/82e1608dfa6e0b5569232559e3d385fea5a93112/library/std/src/panicking.rs:552:40
[INFO] [stdout]   38:     0x555caf097c37 - std::panicking::try::he3a30b11ee45340c
[INFO] [stdout]                                at /rustc/82e1608dfa6e0b5569232559e3d385fea5a93112/library/std/src/panicking.rs:516:19
[INFO] [stdout]   39:     0x555caf097c37 - std::panic::catch_unwind::h410458cfd3528b8b
[INFO] [stdout]                                at /rustc/82e1608dfa6e0b5569232559e3d385fea5a93112/library/std/src/panic.rs:142:14
[INFO] [stdout]   40:     0x555caf097c37 - std::thread::Builder::spawn_unchecked_::{{closure}}::h72ac3bdb567b737b
[INFO] [stdout]                                at /rustc/82e1608dfa6e0b5569232559e3d385fea5a93112/library/std/src/thread/mod.rs:528:30
[INFO] [stdout]   41:     0x555caf097c37 - core::ops::function::FnOnce::call_once{{vtable.shim}}::h38f34da3654a8344
[INFO] [stdout]                                at /rustc/82e1608dfa6e0b5569232559e3d385fea5a93112/library/core/src/ops/function.rs:250:5
[INFO] [stdout]   42:     0x555caf3aba85 - <alloc::boxed::Box<F,A> as core::ops::function::FnOnce<Args>>::call_once::hc7eafaff61e32df9
[INFO] [stdout]                                at /rustc/82e1608dfa6e0b5569232559e3d385fea5a93112/library/alloc/src/boxed.rs:2007:9
[INFO] [stdout]   43:     0x555caf3aba85 - <alloc::boxed::Box<F,A> as core::ops::function::FnOnce<Args>>::call_once::h6ba4a5de48dd2304
[INFO] [stdout]                                at /rustc/82e1608dfa6e0b5569232559e3d385fea5a93112/library/alloc/src/boxed.rs:2007:9
[INFO] [stdout]   44:     0x555caf3aba85 - std::sys::unix::thread::Thread::new::thread_start::he469335aef763e45
[INFO] [stdout]                                at /rustc/82e1608dfa6e0b5569232559e3d385fea5a93112/library/std/src/sys/unix/thread.rs:108:17
[INFO] [stdout]   45:     0x7f4c6e6b7ac3 - <unknown>
[INFO] [stdout]   46:     0x7f4c6e748bf4 - __clone
[INFO] [stdout]   47:                0x0 - <unknown>
[INFO] [stdout] note: panic did not contain expected string
[INFO] [stdout]       panic message: `"assertion `left == right` failed\n  left: 11\n right: 10"`,
[INFO] [stdout]  expected substring: `"assertion failed"`
[INFO] [stdout] 
[INFO] [stdout] failures:
[INFO] [stdout]     angle::dd::tests::summing_dms_accumulate_errors
[INFO] [stdout] 
[INFO] [stdout] test result: FAILED. 435 passed; 1 failed; 4 ignored; 0 measured; 0 filtered out; finished in 0.09s
[INFO] [stdout] 
[INFO] [stderr] error: test failed, to rerun pass `--lib`
[INFO] running `Command { std: "docker" "inspect" "91ff964e52cc29f3e63397da98e66f519084a55bdc3c5a1fad822aa96ce933fc", kill_on_drop: false }`
[INFO] running `Command { std: "docker" "rm" "-f" "91ff964e52cc29f3e63397da98e66f519084a55bdc3c5a1fad822aa96ce933fc", kill_on_drop: false }`
[INFO] [stdout] 91ff964e52cc29f3e63397da98e66f519084a55bdc3c5a1fad822aa96ce933fc
