[INFO] fetching crate geo-uri 0.2.1...
[INFO] testing geo-uri-0.2.1 against 1.75.0 for beta-1.76-1
[INFO] extracting crate geo-uri 0.2.1 into /workspace/builds/worker-4-tc1/source
[INFO] validating manifest of crates.io crate geo-uri 0.2.1 on toolchain 1.75.0
[INFO] running `Command { std: CARGO_HOME="/workspace/cargo-home" RUSTUP_HOME="/workspace/rustup-home" "/workspace/cargo-home/bin/cargo" "+1.75.0" "metadata" "--manifest-path" "Cargo.toml" "--no-deps", kill_on_drop: false }`
[INFO] started tweaking crates.io crate geo-uri 0.2.1
[INFO] finished tweaking crates.io crate geo-uri 0.2.1
[INFO] tweaked toml for crates.io crate geo-uri 0.2.1 written to /workspace/builds/worker-4-tc1/source/Cargo.toml
[INFO] running `Command { std: CARGO_HOME="/workspace/cargo-home" RUSTUP_HOME="/workspace/rustup-home" "/workspace/cargo-home/bin/cargo" "+1.75.0" "generate-lockfile" "--manifest-path" "Cargo.toml", kill_on_drop: false }`
[INFO] [stderr]     Updating crates.io index
[INFO] running `Command { std: CARGO_HOME="/workspace/cargo-home" RUSTUP_HOME="/workspace/rustup-home" "/workspace/cargo-home/bin/cargo" "+1.75.0" "fetch" "--manifest-path" "Cargo.toml", kill_on_drop: false }`
[INFO] running `Command { std: "docker" "create" "-v" "/var/lib/crater-agent-workspace/builds/worker-4-tc1/target:/opt/rustwide/target:rw,Z" "-v" "/var/lib/crater-agent-workspace/builds/worker-4-tc1/source:/opt/rustwide/workdir:ro,Z" "-v" "/var/lib/crater-agent-workspace/cargo-home:/opt/rustwide/cargo-home:ro,Z" "-v" "/var/lib/crater-agent-workspace/rustup-home:/opt/rustwide/rustup-home:ro,Z" "-e" "SOURCE_DIR=/opt/rustwide/workdir" "-e" "CARGO_TARGET_DIR=/opt/rustwide/target" "-e" "CARGO_HOME=/opt/rustwide/cargo-home" "-e" "RUSTUP_HOME=/opt/rustwide/rustup-home" "-w" "/opt/rustwide/workdir" "-m" "1610612736" "--user" "0:0" "--network" "none" "ghcr.io/rust-lang/crates-build-env/linux@sha256:2788e3201cd34a07e3172128adcd8b3090168a8e3bcc40d7c032b9dda1df7d1c" "/opt/rustwide/cargo-home/bin/cargo" "+1.75.0" "metadata" "--no-deps" "--format-version=1", kill_on_drop: false }`
[INFO] [stdout] ced3968aa8c1febdee61537e6844a0d761aff1550ff1f338da036980e27e1ba7
[INFO] running `Command { std: "docker" "start" "-a" "ced3968aa8c1febdee61537e6844a0d761aff1550ff1f338da036980e27e1ba7", kill_on_drop: false }`
[INFO] running `Command { std: "docker" "inspect" "ced3968aa8c1febdee61537e6844a0d761aff1550ff1f338da036980e27e1ba7", kill_on_drop: false }`
[INFO] running `Command { std: "docker" "rm" "-f" "ced3968aa8c1febdee61537e6844a0d761aff1550ff1f338da036980e27e1ba7", kill_on_drop: false }`
[INFO] [stdout] ced3968aa8c1febdee61537e6844a0d761aff1550ff1f338da036980e27e1ba7
[INFO] running `Command { std: "docker" "create" "-v" "/var/lib/crater-agent-workspace/builds/worker-4-tc1/target:/opt/rustwide/target:rw,Z" "-v" "/var/lib/crater-agent-workspace/builds/worker-4-tc1/source:/opt/rustwide/workdir:ro,Z" "-v" "/var/lib/crater-agent-workspace/cargo-home:/opt/rustwide/cargo-home:ro,Z" "-v" "/var/lib/crater-agent-workspace/rustup-home:/opt/rustwide/rustup-home:ro,Z" "-e" "SOURCE_DIR=/opt/rustwide/workdir" "-e" "CARGO_TARGET_DIR=/opt/rustwide/target" "-e" "CARGO_INCREMENTAL=0" "-e" "RUST_BACKTRACE=full" "-e" "RUSTFLAGS=--cap-lints=warn" "-e" "RUSTDOCFLAGS=--cap-lints=warn" "-e" "CARGO_HOME=/opt/rustwide/cargo-home" "-e" "RUSTUP_HOME=/opt/rustwide/rustup-home" "-w" "/opt/rustwide/workdir" "-m" "1610612736" "--user" "0:0" "--network" "none" "ghcr.io/rust-lang/crates-build-env/linux@sha256:2788e3201cd34a07e3172128adcd8b3090168a8e3bcc40d7c032b9dda1df7d1c" "/opt/rustwide/cargo-home/bin/cargo" "+1.75.0" "build" "--frozen" "--message-format=json", kill_on_drop: false }`
[INFO] [stdout] dbc5156a857be74fd86c3c115d1586569f69360caefdbecf7b3cafada5e10e3e
[INFO] running `Command { std: "docker" "start" "-a" "dbc5156a857be74fd86c3c115d1586569f69360caefdbecf7b3cafada5e10e3e", kill_on_drop: false }`
[INFO] [stderr]    Compiling syn v1.0.109
[INFO] [stderr]    Compiling ident_case v1.0.1
[INFO] [stderr]    Compiling strsim v0.10.0
[INFO] [stderr]    Compiling fnv v1.0.7
[INFO] [stderr]    Compiling thiserror v1.0.56
[INFO] [stderr]    Compiling syn v2.0.48
[INFO] [stderr]    Compiling thiserror-impl v1.0.56
[INFO] [stderr]    Compiling darling_core v0.14.4
[INFO] [stderr]    Compiling darling_macro v0.14.4
[INFO] [stderr]    Compiling darling v0.14.4
[INFO] [stderr]    Compiling derive_builder_core v0.12.0
[INFO] [stderr]    Compiling derive_builder_macro v0.12.0
[INFO] [stderr]    Compiling derive_builder v0.12.0
[INFO] [stderr]    Compiling geo-uri v0.2.1 (/opt/rustwide/workdir)
[INFO] [stderr]     Finished dev [unoptimized + debuginfo] target(s) in 14.59s
[INFO] running `Command { std: "docker" "inspect" "dbc5156a857be74fd86c3c115d1586569f69360caefdbecf7b3cafada5e10e3e", kill_on_drop: false }`
[INFO] running `Command { std: "docker" "rm" "-f" "dbc5156a857be74fd86c3c115d1586569f69360caefdbecf7b3cafada5e10e3e", kill_on_drop: false }`
[INFO] [stdout] dbc5156a857be74fd86c3c115d1586569f69360caefdbecf7b3cafada5e10e3e
[INFO] running `Command { std: "docker" "create" "-v" "/var/lib/crater-agent-workspace/builds/worker-4-tc1/target:/opt/rustwide/target:rw,Z" "-v" "/var/lib/crater-agent-workspace/builds/worker-4-tc1/source:/opt/rustwide/workdir:ro,Z" "-v" "/var/lib/crater-agent-workspace/cargo-home:/opt/rustwide/cargo-home:ro,Z" "-v" "/var/lib/crater-agent-workspace/rustup-home:/opt/rustwide/rustup-home:ro,Z" "-e" "SOURCE_DIR=/opt/rustwide/workdir" "-e" "CARGO_TARGET_DIR=/opt/rustwide/target" "-e" "CARGO_INCREMENTAL=0" "-e" "RUST_BACKTRACE=full" "-e" "RUSTFLAGS=--cap-lints=warn" "-e" "RUSTDOCFLAGS=--cap-lints=warn" "-e" "CARGO_HOME=/opt/rustwide/cargo-home" "-e" "RUSTUP_HOME=/opt/rustwide/rustup-home" "-w" "/opt/rustwide/workdir" "-m" "1610612736" "--user" "0:0" "--network" "none" "ghcr.io/rust-lang/crates-build-env/linux@sha256:2788e3201cd34a07e3172128adcd8b3090168a8e3bcc40d7c032b9dda1df7d1c" "/opt/rustwide/cargo-home/bin/cargo" "+1.75.0" "test" "--frozen" "--no-run" "--message-format=json", kill_on_drop: false }`
[INFO] [stdout] f93d8e708540c3634d1674eb07fd3092cb88e2a17ecd2af4150a8ccd4844f60c
[INFO] running `Command { std: "docker" "start" "-a" "f93d8e708540c3634d1674eb07fd3092cb88e2a17ecd2af4150a8ccd4844f60c", kill_on_drop: false }`
[INFO] [stderr]    Compiling serde v1.0.194
[INFO] [stderr]    Compiling serde_test v1.0.176
[INFO] [stderr]    Compiling geo-uri v0.2.1 (/opt/rustwide/workdir)
[INFO] [stderr]     Finished test [unoptimized + debuginfo] target(s) in 5.08s
[INFO] running `Command { std: "docker" "inspect" "f93d8e708540c3634d1674eb07fd3092cb88e2a17ecd2af4150a8ccd4844f60c", kill_on_drop: false }`
[INFO] running `Command { std: "docker" "rm" "-f" "f93d8e708540c3634d1674eb07fd3092cb88e2a17ecd2af4150a8ccd4844f60c", kill_on_drop: false }`
[INFO] [stdout] f93d8e708540c3634d1674eb07fd3092cb88e2a17ecd2af4150a8ccd4844f60c
[INFO] running `Command { std: "docker" "create" "-v" "/var/lib/crater-agent-workspace/builds/worker-4-tc1/target:/opt/rustwide/target:rw,Z" "-v" "/var/lib/crater-agent-workspace/builds/worker-4-tc1/source:/opt/rustwide/workdir:ro,Z" "-v" "/var/lib/crater-agent-workspace/cargo-home:/opt/rustwide/cargo-home:ro,Z" "-v" "/var/lib/crater-agent-workspace/rustup-home:/opt/rustwide/rustup-home:ro,Z" "-e" "SOURCE_DIR=/opt/rustwide/workdir" "-e" "CARGO_TARGET_DIR=/opt/rustwide/target" "-e" "CARGO_INCREMENTAL=0" "-e" "RUST_BACKTRACE=full" "-e" "RUSTFLAGS=--cap-lints=warn" "-e" "RUSTDOCFLAGS=--cap-lints=warn" "-e" "CARGO_HOME=/opt/rustwide/cargo-home" "-e" "RUSTUP_HOME=/opt/rustwide/rustup-home" "-w" "/opt/rustwide/workdir" "-m" "1610612736" "--user" "0:0" "--network" "none" "ghcr.io/rust-lang/crates-build-env/linux@sha256:2788e3201cd34a07e3172128adcd8b3090168a8e3bcc40d7c032b9dda1df7d1c" "/opt/rustwide/cargo-home/bin/cargo" "+1.75.0" "test" "--frozen", kill_on_drop: false }`
[INFO] [stdout] ee833b4f8aadfbc4c60da045fedbbb9bacb3fd13aefce7f536272cbd65cd5d13
[INFO] running `Command { std: "docker" "start" "-a" "ee833b4f8aadfbc4c60da045fedbbb9bacb3fd13aefce7f536272cbd65cd5d13", kill_on_drop: false }`
[INFO] [stderr]     Finished test [unoptimized + debuginfo] target(s) in 0.04s
[INFO] [stderr]      Running unittests src/lib.rs (/opt/rustwide/target/debug/deps/geo_uri-200d3ea600e0a37f)
[INFO] [stdout] 
[INFO] [stdout] running 10 tests
[INFO] [stdout] test tests::coord_ref_system_default ... ok
[INFO] [stdout] test tests::geo_uri_builder ... ok
[INFO] [stdout] test tests::geo_uri_display ... ok
[INFO] [stdout] test tests::geo_uri_get_set ... ok
[INFO] [stdout] test tests::coord_ref_system_validate ... ok
[INFO] [stdout] test tests::geo_uri_parse ... ok
[INFO] [stdout] test tests::geo_uri_validate ... ok
[INFO] [stdout] test tests::geo_uri_partial_eq ... ok
[INFO] [stdout] test tests::geo_uri_from_str ... ok
[INFO] [stderr]    Doc-tests geo-uri
[INFO] [stdout] test tests::geo_uri_try_from ... ok
[INFO] [stdout] 
[INFO] [stdout] test result: ok. 10 passed; 0 failed; 0 ignored; 0 measured; 0 filtered out; finished in 0.01s
[INFO] [stdout] 
[INFO] [stdout] 
[INFO] [stdout] running 11 tests
[INFO] [stdout] test src/lib.rs - (line 108) ... FAILED
[INFO] [stdout] test src/lib.rs - GeoUri (line 167) ... ok
[INFO] [stdout] test src/lib.rs - CoordRefSystem::validate (line 105) ... ok
[INFO] [stdout] test src/lib.rs - GeoUri (line 152) ... ok
[INFO] [stdout] test src/lib.rs - (line 64) ... ok
[INFO] [stdout] test src/lib.rs - (line 30) ... ok
[INFO] [stdout] test src/lib.rs - GeoUri (line 183) ... ok
[INFO] [stdout] test src/lib.rs - (line 48) ... ok
[INFO] [stdout] test src/lib.rs - (line 87) ... ok
[INFO] [stdout] test src/lib.rs - GeoUri (line 201) ... ok
[INFO] [stderr] error: doctest failed, to rerun pass `--doc`
[INFO] [stdout] test src/lib.rs - GeoUri (line 226) ... ok
[INFO] [stdout] 
[INFO] [stdout] failures:
[INFO] [stdout] 
[INFO] [stdout] ---- src/lib.rs - (line 108) stdout ----
[INFO] [stdout] error[E0432]: unresolved import `url`
[INFO] [stdout]  --> src/lib.rs:111:5
[INFO] [stdout]   |
[INFO] [stdout] 6 | use url::Url;
[INFO] [stdout]   |     ^^^ use of undeclared crate or module `url`
[INFO] [stdout] 
[INFO] [stdout] error: aborting due to previous error
[INFO] [stdout] 
[INFO] [stdout] For more information about this error, try `rustc --explain E0432`.
[INFO] [stdout] Couldn't compile the test.
[INFO] [stdout] 
[INFO] [stdout] failures:
[INFO] [stdout]     src/lib.rs - (line 108)
[INFO] [stdout] 
[INFO] [stdout] test result: FAILED. 10 passed; 1 failed; 0 ignored; 0 measured; 0 filtered out; finished in 1.70s
[INFO] [stdout] 
[INFO] running `Command { std: "docker" "inspect" "ee833b4f8aadfbc4c60da045fedbbb9bacb3fd13aefce7f536272cbd65cd5d13", kill_on_drop: false }`
[INFO] running `Command { std: "docker" "rm" "-f" "ee833b4f8aadfbc4c60da045fedbbb9bacb3fd13aefce7f536272cbd65cd5d13", kill_on_drop: false }`
[INFO] [stdout] ee833b4f8aadfbc4c60da045fedbbb9bacb3fd13aefce7f536272cbd65cd5d13
