[INFO] fetching crate geo-normalized 0.1.1...
[INFO] testing geo-normalized-0.1.1 against 1.75.0 for beta-1.76-1
[INFO] extracting crate geo-normalized 0.1.1 into /workspace/builds/worker-6-tc1/source
[INFO] validating manifest of crates.io crate geo-normalized 0.1.1 on toolchain 1.75.0
[INFO] running `Command { std: CARGO_HOME="/workspace/cargo-home" RUSTUP_HOME="/workspace/rustup-home" "/workspace/cargo-home/bin/cargo" "+1.75.0" "metadata" "--manifest-path" "Cargo.toml" "--no-deps", kill_on_drop: false }`
[INFO] started tweaking crates.io crate geo-normalized 0.1.1
[INFO] finished tweaking crates.io crate geo-normalized 0.1.1
[INFO] tweaked toml for crates.io crate geo-normalized 0.1.1 written to /workspace/builds/worker-6-tc1/source/Cargo.toml
[INFO] running `Command { std: CARGO_HOME="/workspace/cargo-home" RUSTUP_HOME="/workspace/rustup-home" "/workspace/cargo-home/bin/cargo" "+1.75.0" "generate-lockfile" "--manifest-path" "Cargo.toml", kill_on_drop: false }`
[INFO] [stderr]     Blocking waiting for file lock on package cache
[INFO] [stderr]     Updating crates.io index
[INFO] running `Command { std: CARGO_HOME="/workspace/cargo-home" RUSTUP_HOME="/workspace/rustup-home" "/workspace/cargo-home/bin/cargo" "+1.75.0" "fetch" "--manifest-path" "Cargo.toml", kill_on_drop: false }`
[INFO] [stderr]     Blocking waiting for file lock on package cache
[INFO] [stderr]  Downloading crates ...
[INFO] [stderr]   Downloaded pdqselect v0.1.1
[INFO] [stderr]   Downloaded rstar v0.2.0
[INFO] [stderr]   Downloaded geo v0.12.2
[INFO] running `Command { std: "docker" "create" "-v" "/var/lib/crater-agent-workspace/builds/worker-6-tc1/target:/opt/rustwide/target:rw,Z" "-v" "/var/lib/crater-agent-workspace/builds/worker-6-tc1/source:/opt/rustwide/workdir:ro,Z" "-v" "/var/lib/crater-agent-workspace/cargo-home:/opt/rustwide/cargo-home:ro,Z" "-v" "/var/lib/crater-agent-workspace/rustup-home:/opt/rustwide/rustup-home:ro,Z" "-e" "SOURCE_DIR=/opt/rustwide/workdir" "-e" "CARGO_TARGET_DIR=/opt/rustwide/target" "-e" "CARGO_HOME=/opt/rustwide/cargo-home" "-e" "RUSTUP_HOME=/opt/rustwide/rustup-home" "-w" "/opt/rustwide/workdir" "-m" "1610612736" "--user" "0:0" "--network" "none" "ghcr.io/rust-lang/crates-build-env/linux@sha256:2788e3201cd34a07e3172128adcd8b3090168a8e3bcc40d7c032b9dda1df7d1c" "/opt/rustwide/cargo-home/bin/cargo" "+1.75.0" "metadata" "--no-deps" "--format-version=1", kill_on_drop: false }`
[INFO] [stdout] 23b7cca68e9f5c60115b14251cac188bb7789b4e10ddfda4fe60a27b10ecd010
[INFO] running `Command { std: "docker" "start" "-a" "23b7cca68e9f5c60115b14251cac188bb7789b4e10ddfda4fe60a27b10ecd010", kill_on_drop: false }`
[INFO] running `Command { std: "docker" "inspect" "23b7cca68e9f5c60115b14251cac188bb7789b4e10ddfda4fe60a27b10ecd010", kill_on_drop: false }`
[INFO] running `Command { std: "docker" "rm" "-f" "23b7cca68e9f5c60115b14251cac188bb7789b4e10ddfda4fe60a27b10ecd010", kill_on_drop: false }`
[INFO] [stdout] 23b7cca68e9f5c60115b14251cac188bb7789b4e10ddfda4fe60a27b10ecd010
[INFO] running `Command { std: "docker" "create" "-v" "/var/lib/crater-agent-workspace/builds/worker-6-tc1/target:/opt/rustwide/target:rw,Z" "-v" "/var/lib/crater-agent-workspace/builds/worker-6-tc1/source:/opt/rustwide/workdir:ro,Z" "-v" "/var/lib/crater-agent-workspace/cargo-home:/opt/rustwide/cargo-home:ro,Z" "-v" "/var/lib/crater-agent-workspace/rustup-home:/opt/rustwide/rustup-home:ro,Z" "-e" "SOURCE_DIR=/opt/rustwide/workdir" "-e" "CARGO_TARGET_DIR=/opt/rustwide/target" "-e" "CARGO_INCREMENTAL=0" "-e" "RUST_BACKTRACE=full" "-e" "RUSTFLAGS=--cap-lints=warn" "-e" "RUSTDOCFLAGS=--cap-lints=warn" "-e" "CARGO_HOME=/opt/rustwide/cargo-home" "-e" "RUSTUP_HOME=/opt/rustwide/rustup-home" "-w" "/opt/rustwide/workdir" "-m" "1610612736" "--user" "0:0" "--network" "none" "ghcr.io/rust-lang/crates-build-env/linux@sha256:2788e3201cd34a07e3172128adcd8b3090168a8e3bcc40d7c032b9dda1df7d1c" "/opt/rustwide/cargo-home/bin/cargo" "+1.75.0" "build" "--frozen" "--message-format=json", kill_on_drop: false }`
[INFO] [stdout] dbceaaec0a7afaf3e39cd970d8a99a71c9b1044375929c756c74b714eab7e03f
[INFO] running `Command { std: "docker" "start" "-a" "dbceaaec0a7afaf3e39cd970d8a99a71c9b1044375929c756c74b714eab7e03f", kill_on_drop: false }`
[INFO] [stderr]    Compiling libc v0.2.151
[INFO] [stderr]    Compiling proc-macro2 v1.0.75
[INFO] [stderr]    Compiling unicode-ident v1.0.12
[INFO] [stderr]    Compiling syn v1.0.109
[INFO] [stderr]    Compiling autocfg v1.1.0
[INFO] [stderr]    Compiling failure_derive v0.1.8
[INFO] [stderr]    Compiling unicode-xid v0.2.4
[INFO] [stderr]    Compiling gimli v0.28.1
[INFO] [stderr]    Compiling memchr v2.7.1
[INFO] [stderr]    Compiling adler v1.0.2
[INFO] [stderr]    Compiling pdqselect v0.1.1
[INFO] [stderr]    Compiling cfg-if v1.0.0
[INFO] [stderr]    Compiling rustc-demangle v0.1.23
[INFO] [stderr]    Compiling miniz_oxide v0.7.1
[INFO] [stderr]    Compiling num-traits v0.2.17
[INFO] [stderr]    Compiling object v0.32.2
[INFO] [stderr]    Compiling quote v1.0.35
[INFO] [stderr]    Compiling cc v1.0.83
[INFO] [stderr]    Compiling num_cpus v1.16.0
[INFO] [stderr]    Compiling threadpool v1.8.1
[INFO] [stderr]    Compiling rstar v0.2.0
[INFO] [stderr]    Compiling geo-types v0.4.3
[INFO] [stderr]    Compiling backtrace v0.3.69
[INFO] [stderr]    Compiling addr2line v0.21.0
[INFO] [stderr]    Compiling synstructure v0.12.6
[INFO] [stderr]    Compiling failure v0.1.8
[INFO] [stderr]    Compiling geo v0.12.2
[INFO] [stderr]    Compiling geo-normalized v0.1.1 (/opt/rustwide/workdir)
[INFO] [stderr]     Finished dev [unoptimized + debuginfo] target(s) in 4.52s
[INFO] running `Command { std: "docker" "inspect" "dbceaaec0a7afaf3e39cd970d8a99a71c9b1044375929c756c74b714eab7e03f", kill_on_drop: false }`
[INFO] running `Command { std: "docker" "rm" "-f" "dbceaaec0a7afaf3e39cd970d8a99a71c9b1044375929c756c74b714eab7e03f", kill_on_drop: false }`
[INFO] [stdout] dbceaaec0a7afaf3e39cd970d8a99a71c9b1044375929c756c74b714eab7e03f
[INFO] running `Command { std: "docker" "create" "-v" "/var/lib/crater-agent-workspace/builds/worker-6-tc1/target:/opt/rustwide/target:rw,Z" "-v" "/var/lib/crater-agent-workspace/builds/worker-6-tc1/source:/opt/rustwide/workdir:ro,Z" "-v" "/var/lib/crater-agent-workspace/cargo-home:/opt/rustwide/cargo-home:ro,Z" "-v" "/var/lib/crater-agent-workspace/rustup-home:/opt/rustwide/rustup-home:ro,Z" "-e" "SOURCE_DIR=/opt/rustwide/workdir" "-e" "CARGO_TARGET_DIR=/opt/rustwide/target" "-e" "CARGO_INCREMENTAL=0" "-e" "RUST_BACKTRACE=full" "-e" "RUSTFLAGS=--cap-lints=warn" "-e" "RUSTDOCFLAGS=--cap-lints=warn" "-e" "CARGO_HOME=/opt/rustwide/cargo-home" "-e" "RUSTUP_HOME=/opt/rustwide/rustup-home" "-w" "/opt/rustwide/workdir" "-m" "1610612736" "--user" "0:0" "--network" "none" "ghcr.io/rust-lang/crates-build-env/linux@sha256:2788e3201cd34a07e3172128adcd8b3090168a8e3bcc40d7c032b9dda1df7d1c" "/opt/rustwide/cargo-home/bin/cargo" "+1.75.0" "test" "--frozen" "--no-run" "--message-format=json", kill_on_drop: false }`
[INFO] [stdout] 21580f9f58bb21a95ac12cf6db3742180185406abab6dfabc13d59de7078b144
[INFO] running `Command { std: "docker" "start" "-a" "21580f9f58bb21a95ac12cf6db3742180185406abab6dfabc13d59de7078b144", kill_on_drop: false }`
[INFO] [stderr]    Compiling geo-normalized v0.1.1 (/opt/rustwide/workdir)
[INFO] [stdout] warning: unused imports: `line_string`, `point`
[INFO] [stdout]    --> src/lib.rs:112:15
[INFO] [stdout]     |
[INFO] [stdout] 112 |     use geo::{line_string, point, polygon};
[INFO] [stdout]     |               ^^^^^^^^^^^  ^^^^^
[INFO] [stdout]     |
[INFO] [stdout]     = note: `#[warn(unused_imports)]` on by default
[INFO] [stdout] 
[INFO] [stdout] 
[INFO] [stdout] warning: 1 warning emitted
[INFO] [stdout] 
[INFO] [stdout] 
[INFO] [stderr]     Finished test [unoptimized + debuginfo] target(s) in 0.47s
[INFO] running `Command { std: "docker" "inspect" "21580f9f58bb21a95ac12cf6db3742180185406abab6dfabc13d59de7078b144", kill_on_drop: false }`
[INFO] running `Command { std: "docker" "rm" "-f" "21580f9f58bb21a95ac12cf6db3742180185406abab6dfabc13d59de7078b144", kill_on_drop: false }`
[INFO] [stdout] 21580f9f58bb21a95ac12cf6db3742180185406abab6dfabc13d59de7078b144
[INFO] running `Command { std: "docker" "create" "-v" "/var/lib/crater-agent-workspace/builds/worker-6-tc1/target:/opt/rustwide/target:rw,Z" "-v" "/var/lib/crater-agent-workspace/builds/worker-6-tc1/source:/opt/rustwide/workdir:ro,Z" "-v" "/var/lib/crater-agent-workspace/cargo-home:/opt/rustwide/cargo-home:ro,Z" "-v" "/var/lib/crater-agent-workspace/rustup-home:/opt/rustwide/rustup-home:ro,Z" "-e" "SOURCE_DIR=/opt/rustwide/workdir" "-e" "CARGO_TARGET_DIR=/opt/rustwide/target" "-e" "CARGO_INCREMENTAL=0" "-e" "RUST_BACKTRACE=full" "-e" "RUSTFLAGS=--cap-lints=warn" "-e" "RUSTDOCFLAGS=--cap-lints=warn" "-e" "CARGO_HOME=/opt/rustwide/cargo-home" "-e" "RUSTUP_HOME=/opt/rustwide/rustup-home" "-w" "/opt/rustwide/workdir" "-m" "1610612736" "--user" "0:0" "--network" "none" "ghcr.io/rust-lang/crates-build-env/linux@sha256:2788e3201cd34a07e3172128adcd8b3090168a8e3bcc40d7c032b9dda1df7d1c" "/opt/rustwide/cargo-home/bin/cargo" "+1.75.0" "test" "--frozen", kill_on_drop: false }`
[INFO] [stdout] 2222ecd84ec0eac2c382f9b9c19dc6241ddd79201b519b307674e60cb99ce7ce
[INFO] running `Command { std: "docker" "start" "-a" "2222ecd84ec0eac2c382f9b9c19dc6241ddd79201b519b307674e60cb99ce7ce", kill_on_drop: false }`
[INFO] [stderr] warning: unused imports: `line_string`, `point`
[INFO] [stderr]    --> src/lib.rs:112:15
[INFO] [stderr]     |
[INFO] [stderr] 112 |     use geo::{line_string, point, polygon};
[INFO] [stderr]     |               ^^^^^^^^^^^  ^^^^^
[INFO] [stderr]     |
[INFO] [stderr]     = note: `#[warn(unused_imports)]` on by default
[INFO] [stderr] 
[INFO] [stderr] warning: `geo-normalized` (lib test) generated 1 warning (run `cargo fix --lib -p geo-normalized --tests` to apply 1 suggestion)
[INFO] [stderr]     Finished test [unoptimized + debuginfo] target(s) in 0.02s
[INFO] [stderr]      Running unittests src/lib.rs (/opt/rustwide/target/debug/deps/geo_normalized-c0f3eb767fc7417c)
[INFO] [stdout] 
[INFO] [stdout] running 6 tests
[INFO] [stdout] test tests::can_normalize_bad_outer_good_inner_polygon ... ok
[INFO] [stdout] test tests::can_normalize_bad_outer_bad_inner_polygon ... ok
[INFO] [stdout] test tests::can_normalize_bad_outer_polygon ... ok
[INFO] [stdout] test tests::can_normalize_good_outer_bad_inner_polygon ... ok
[INFO] [stdout] test tests::can_process_multi_polygon ... ok
[INFO] [stdout] test tests::does_not_change_good_polygon ... ok
[INFO] [stdout] 
[INFO] [stdout] test result: ok. 6 passed; 0 failed; 0 ignored; 0 measured; 0 filtered out; finished in 0.00s
[INFO] [stdout] 
[INFO] [stderr]    Doc-tests geo-normalized
[INFO] [stdout] 
[INFO] [stdout] running 1 test
[INFO] [stdout] test src/lib.rs - Normalized::normalized (line 15) ... FAILED
[INFO] [stdout] 
[INFO] [stdout] failures:
[INFO] [stdout] 
[INFO] [stdout] ---- src/lib.rs - Normalized::normalized (line 15) stdout ----
[INFO] [stdout] error: cannot find macro `polygon` in this scope
[INFO] [stdout]   --> src/lib.rs:26:12
[INFO] [stdout]    |
[INFO] [stdout] 13 | let good = polygon![
[INFO] [stdout]    |            ^^^^^^^
[INFO] [stdout]    |
[INFO] [stdout] help: consider importing this macro
[INFO] [stdout]    |
[INFO] [stdout] 3  + use geo::polygon;
[INFO] [stdout]    |
[INFO] [stdout] 
[INFO] [stdout] error: cannot find macro `polygon` in this scope
[INFO] [stdout]  --> src/lib.rs:17:11
[INFO] [stdout]   |
[INFO] [stdout] 4 | let bad = polygon![
[INFO] [stdout]   |           ^^^^^^^
[INFO] [stdout]   |
[INFO] [stdout] help: consider importing this macro
[INFO] [stdout]   |
[INFO] [stdout] 3 + use geo::polygon;
[INFO] [stdout]   |
[INFO] [stdout] 
[INFO] [stdout] error: aborting due to 2 previous errors
[INFO] [stdout] 
[INFO] [stdout] Couldn't compile the test.
[INFO] [stdout] 
[INFO] [stdout] failures:
[INFO] [stdout]     src/lib.rs - Normalized::normalized (line 15)
[INFO] [stdout] 
[INFO] [stdout] test result: FAILED. 0 passed; 1 failed; 0 ignored; 0 measured; 0 filtered out; finished in 0.06s
[INFO] [stdout] 
[INFO] [stderr] error: doctest failed, to rerun pass `--doc`
[INFO] running `Command { std: "docker" "inspect" "2222ecd84ec0eac2c382f9b9c19dc6241ddd79201b519b307674e60cb99ce7ce", kill_on_drop: false }`
[INFO] running `Command { std: "docker" "rm" "-f" "2222ecd84ec0eac2c382f9b9c19dc6241ddd79201b519b307674e60cb99ce7ce", kill_on_drop: false }`
[INFO] [stdout] 2222ecd84ec0eac2c382f9b9c19dc6241ddd79201b519b307674e60cb99ce7ce
[INFO] testing geo-normalized-0.1.1 against beta-2023-12-22 for beta-1.76-1
[INFO] extracting crate geo-normalized 0.1.1 into /workspace/builds/worker-6-tc2/source
[INFO] validating manifest of crates.io crate geo-normalized 0.1.1 on toolchain beta-2023-12-22
[INFO] running `Command { std: CARGO_HOME="/workspace/cargo-home" RUSTUP_HOME="/workspace/rustup-home" "/workspace/cargo-home/bin/cargo" "+beta-2023-12-22" "metadata" "--manifest-path" "Cargo.toml" "--no-deps", kill_on_drop: false }`
[INFO] started tweaking crates.io crate geo-normalized 0.1.1
[INFO] finished tweaking crates.io crate geo-normalized 0.1.1
[INFO] tweaked toml for crates.io crate geo-normalized 0.1.1 written to /workspace/builds/worker-6-tc2/source/Cargo.toml
[INFO] running `Command { std: CARGO_HOME="/workspace/cargo-home" RUSTUP_HOME="/workspace/rustup-home" "/workspace/cargo-home/bin/cargo" "+beta-2023-12-22" "generate-lockfile" "--manifest-path" "Cargo.toml", kill_on_drop: false }`
[INFO] [stderr]     Updating crates.io index
[INFO] running `Command { std: CARGO_HOME="/workspace/cargo-home" RUSTUP_HOME="/workspace/rustup-home" "/workspace/cargo-home/bin/cargo" "+beta-2023-12-22" "fetch" "--manifest-path" "Cargo.toml", kill_on_drop: false }`
[INFO] running `Command { std: "docker" "create" "-v" "/var/lib/crater-agent-workspace/builds/worker-6-tc2/target:/opt/rustwide/target:rw,Z" "-v" "/var/lib/crater-agent-workspace/builds/worker-6-tc2/source:/opt/rustwide/workdir:ro,Z" "-v" "/var/lib/crater-agent-workspace/cargo-home:/opt/rustwide/cargo-home:ro,Z" "-v" "/var/lib/crater-agent-workspace/rustup-home:/opt/rustwide/rustup-home:ro,Z" "-e" "SOURCE_DIR=/opt/rustwide/workdir" "-e" "CARGO_TARGET_DIR=/opt/rustwide/target" "-e" "CARGO_HOME=/opt/rustwide/cargo-home" "-e" "RUSTUP_HOME=/opt/rustwide/rustup-home" "-w" "/opt/rustwide/workdir" "-m" "1610612736" "--user" "0:0" "--network" "none" "ghcr.io/rust-lang/crates-build-env/linux@sha256:2788e3201cd34a07e3172128adcd8b3090168a8e3bcc40d7c032b9dda1df7d1c" "/opt/rustwide/cargo-home/bin/cargo" "+beta-2023-12-22" "metadata" "--no-deps" "--format-version=1", kill_on_drop: false }`
[INFO] [stdout] 070c2f882c7c9561c822069a17353e3fba4ed80391ea7d1917eca7623c90a1a4
[INFO] running `Command { std: "docker" "start" "-a" "070c2f882c7c9561c822069a17353e3fba4ed80391ea7d1917eca7623c90a1a4", kill_on_drop: false }`
[INFO] running `Command { std: "docker" "inspect" "070c2f882c7c9561c822069a17353e3fba4ed80391ea7d1917eca7623c90a1a4", kill_on_drop: false }`
[INFO] running `Command { std: "docker" "rm" "-f" "070c2f882c7c9561c822069a17353e3fba4ed80391ea7d1917eca7623c90a1a4", kill_on_drop: false }`
[INFO] [stdout] 070c2f882c7c9561c822069a17353e3fba4ed80391ea7d1917eca7623c90a1a4
[INFO] running `Command { std: "docker" "create" "-v" "/var/lib/crater-agent-workspace/builds/worker-6-tc2/target:/opt/rustwide/target:rw,Z" "-v" "/var/lib/crater-agent-workspace/builds/worker-6-tc2/source:/opt/rustwide/workdir:ro,Z" "-v" "/var/lib/crater-agent-workspace/cargo-home:/opt/rustwide/cargo-home:ro,Z" "-v" "/var/lib/crater-agent-workspace/rustup-home:/opt/rustwide/rustup-home:ro,Z" "-e" "SOURCE_DIR=/opt/rustwide/workdir" "-e" "CARGO_TARGET_DIR=/opt/rustwide/target" "-e" "CARGO_INCREMENTAL=0" "-e" "RUST_BACKTRACE=full" "-e" "RUSTFLAGS=--cap-lints=warn" "-e" "RUSTDOCFLAGS=--cap-lints=warn" "-e" "CARGO_HOME=/opt/rustwide/cargo-home" "-e" "RUSTUP_HOME=/opt/rustwide/rustup-home" "-w" "/opt/rustwide/workdir" "-m" "1610612736" "--user" "0:0" "--network" "none" "ghcr.io/rust-lang/crates-build-env/linux@sha256:2788e3201cd34a07e3172128adcd8b3090168a8e3bcc40d7c032b9dda1df7d1c" "/opt/rustwide/cargo-home/bin/cargo" "+beta-2023-12-22" "build" "--frozen" "--message-format=json", kill_on_drop: false }`
[INFO] [stdout] 41e1f21f23b787dd6f2ea68fd5387ba16c14b56389bc8f3a034cdf830ad9ba75
[INFO] running `Command { std: "docker" "start" "-a" "41e1f21f23b787dd6f2ea68fd5387ba16c14b56389bc8f3a034cdf830ad9ba75", kill_on_drop: false }`
[INFO] [stderr]    Compiling libc v0.2.151
[INFO] [stderr]    Compiling proc-macro2 v1.0.75
[INFO] [stderr]    Compiling unicode-ident v1.0.12
[INFO] [stderr]    Compiling syn v1.0.109
[INFO] [stderr]    Compiling autocfg v1.1.0
[INFO] [stderr]    Compiling gimli v0.28.1
[INFO] [stderr]    Compiling failure_derive v0.1.8
[INFO] [stderr]    Compiling memchr v2.7.1
[INFO] [stderr]    Compiling unicode-xid v0.2.4
[INFO] [stderr]    Compiling adler v1.0.2
[INFO] [stderr]    Compiling cfg-if v1.0.0
[INFO] [stderr]    Compiling rustc-demangle v0.1.23
[INFO] [stderr]    Compiling pdqselect v0.1.1
[INFO] [stderr]    Compiling miniz_oxide v0.7.1
[INFO] [stderr]    Compiling num-traits v0.2.17
[INFO] [stderr]    Compiling object v0.32.2
[INFO] [stderr]    Compiling quote v1.0.35
[INFO] [stderr]    Compiling cc v1.0.83
[INFO] [stderr]    Compiling num_cpus v1.16.0
[INFO] [stderr]    Compiling threadpool v1.8.1
[INFO] [stderr]    Compiling backtrace v0.3.69
[INFO] [stderr]    Compiling rstar v0.2.0
[INFO] [stderr]    Compiling geo-types v0.4.3
[INFO] [stderr]    Compiling addr2line v0.21.0
[INFO] [stderr]    Compiling synstructure v0.12.6
[INFO] [stderr]    Compiling failure v0.1.8
[INFO] [stderr]    Compiling geo v0.12.2
[INFO] [stderr]    Compiling geo-normalized v0.1.1 (/opt/rustwide/workdir)
[INFO] [stderr]     Finished dev [unoptimized + debuginfo] target(s) in 4.11s
[INFO] running `Command { std: "docker" "inspect" "41e1f21f23b787dd6f2ea68fd5387ba16c14b56389bc8f3a034cdf830ad9ba75", kill_on_drop: false }`
[INFO] running `Command { std: "docker" "rm" "-f" "41e1f21f23b787dd6f2ea68fd5387ba16c14b56389bc8f3a034cdf830ad9ba75", kill_on_drop: false }`
[INFO] [stdout] 41e1f21f23b787dd6f2ea68fd5387ba16c14b56389bc8f3a034cdf830ad9ba75
[INFO] running `Command { std: "docker" "create" "-v" "/var/lib/crater-agent-workspace/builds/worker-6-tc2/target:/opt/rustwide/target:rw,Z" "-v" "/var/lib/crater-agent-workspace/builds/worker-6-tc2/source:/opt/rustwide/workdir:ro,Z" "-v" "/var/lib/crater-agent-workspace/cargo-home:/opt/rustwide/cargo-home:ro,Z" "-v" "/var/lib/crater-agent-workspace/rustup-home:/opt/rustwide/rustup-home:ro,Z" "-e" "SOURCE_DIR=/opt/rustwide/workdir" "-e" "CARGO_TARGET_DIR=/opt/rustwide/target" "-e" "CARGO_INCREMENTAL=0" "-e" "RUST_BACKTRACE=full" "-e" "RUSTFLAGS=--cap-lints=warn" "-e" "RUSTDOCFLAGS=--cap-lints=warn" "-e" "CARGO_HOME=/opt/rustwide/cargo-home" "-e" "RUSTUP_HOME=/opt/rustwide/rustup-home" "-w" "/opt/rustwide/workdir" "-m" "1610612736" "--user" "0:0" "--network" "none" "ghcr.io/rust-lang/crates-build-env/linux@sha256:2788e3201cd34a07e3172128adcd8b3090168a8e3bcc40d7c032b9dda1df7d1c" "/opt/rustwide/cargo-home/bin/cargo" "+beta-2023-12-22" "test" "--frozen" "--no-run" "--message-format=json", kill_on_drop: false }`
[INFO] [stdout] ab5217b643735e360846cb22256acba7e8cfdf2a77e8609b683b7fb464a94449
[INFO] running `Command { std: "docker" "start" "-a" "ab5217b643735e360846cb22256acba7e8cfdf2a77e8609b683b7fb464a94449", kill_on_drop: false }`
[INFO] [stderr]    Compiling geo-normalized v0.1.1 (/opt/rustwide/workdir)
[INFO] [stdout] warning: unused imports: `line_string`, `point`
[INFO] [stdout]    --> src/lib.rs:112:15
[INFO] [stdout]     |
[INFO] [stdout] 112 |     use geo::{line_string, point, polygon};
[INFO] [stdout]     |               ^^^^^^^^^^^  ^^^^^
[INFO] [stdout]     |
[INFO] [stdout]     = note: `#[warn(unused_imports)]` on by default
[INFO] [stdout] 
[INFO] [stdout] 
[INFO] [stdout] warning: 1 warning emitted
[INFO] [stdout] 
[INFO] [stdout] 
[INFO] [stderr]     Finished test [unoptimized + debuginfo] target(s) in 0.49s
[INFO] running `Command { std: "docker" "inspect" "ab5217b643735e360846cb22256acba7e8cfdf2a77e8609b683b7fb464a94449", kill_on_drop: false }`
[INFO] running `Command { std: "docker" "rm" "-f" "ab5217b643735e360846cb22256acba7e8cfdf2a77e8609b683b7fb464a94449", kill_on_drop: false }`
[INFO] [stdout] ab5217b643735e360846cb22256acba7e8cfdf2a77e8609b683b7fb464a94449
[INFO] running `Command { std: "docker" "create" "-v" "/var/lib/crater-agent-workspace/builds/worker-6-tc2/target:/opt/rustwide/target:rw,Z" "-v" "/var/lib/crater-agent-workspace/builds/worker-6-tc2/source:/opt/rustwide/workdir:ro,Z" "-v" "/var/lib/crater-agent-workspace/cargo-home:/opt/rustwide/cargo-home:ro,Z" "-v" "/var/lib/crater-agent-workspace/rustup-home:/opt/rustwide/rustup-home:ro,Z" "-e" "SOURCE_DIR=/opt/rustwide/workdir" "-e" "CARGO_TARGET_DIR=/opt/rustwide/target" "-e" "CARGO_INCREMENTAL=0" "-e" "RUST_BACKTRACE=full" "-e" "RUSTFLAGS=--cap-lints=warn" "-e" "RUSTDOCFLAGS=--cap-lints=warn" "-e" "CARGO_HOME=/opt/rustwide/cargo-home" "-e" "RUSTUP_HOME=/opt/rustwide/rustup-home" "-w" "/opt/rustwide/workdir" "-m" "1610612736" "--user" "0:0" "--network" "none" "ghcr.io/rust-lang/crates-build-env/linux@sha256:2788e3201cd34a07e3172128adcd8b3090168a8e3bcc40d7c032b9dda1df7d1c" "/opt/rustwide/cargo-home/bin/cargo" "+beta-2023-12-22" "test" "--frozen", kill_on_drop: false }`
[INFO] [stdout] e8eceb677f87b7a143cba9dd6ca7875d72a6d10c6aa3fa665ca22d72d8a3a01f
[INFO] running `Command { std: "docker" "start" "-a" "e8eceb677f87b7a143cba9dd6ca7875d72a6d10c6aa3fa665ca22d72d8a3a01f", kill_on_drop: false }`
[INFO] [stderr] warning: unused imports: `line_string`, `point`
[INFO] [stderr]    --> src/lib.rs:112:15
[INFO] [stderr]     |
[INFO] [stderr] 112 |     use geo::{line_string, point, polygon};
[INFO] [stderr]     |               ^^^^^^^^^^^  ^^^^^
[INFO] [stderr]     |
[INFO] [stderr]     = note: `#[warn(unused_imports)]` on by default
[INFO] [stderr] 
[INFO] [stderr] warning: `geo-normalized` (lib test) generated 1 warning (run `cargo fix --lib -p geo-normalized --tests` to apply 1 suggestion)
[INFO] [stderr]     Finished test [unoptimized + debuginfo] target(s) in 0.02s
[INFO] [stderr]      Running unittests src/lib.rs (/opt/rustwide/target/debug/deps/geo_normalized-be3fd7f7bb128b8a)
[INFO] [stdout] 
[INFO] [stdout] running 6 tests
[INFO] [stdout] test tests::can_normalize_bad_outer_bad_inner_polygon ... ok
[INFO] [stdout] test tests::can_normalize_bad_outer_polygon ... ok
[INFO] [stdout] test tests::can_normalize_good_outer_bad_inner_polygon ... ok
[INFO] [stdout] test tests::can_process_multi_polygon ... ok
[INFO] [stdout] test tests::can_normalize_bad_outer_good_inner_polygon ... ok
[INFO] [stdout] test tests::does_not_change_good_polygon ... ok
[INFO] [stdout] 
[INFO] [stdout] test result: ok. 6 passed; 0 failed; 0 ignored; 0 measured; 0 filtered out; finished in 0.00s
[INFO] [stdout] 
[INFO] [stderr]    Doc-tests geo-normalized
[INFO] [stdout] 
[INFO] [stdout] running 1 test
[INFO] [stdout] test src/lib.rs - Normalized::normalized (line 15) ... FAILED
[INFO] [stdout] 
[INFO] [stdout] failures:
[INFO] [stdout] 
[INFO] [stdout] ---- src/lib.rs - Normalized::normalized (line 15) stdout ----
[INFO] [stdout] error: cannot find macro `polygon` in this scope
[INFO] [stdout]   --> src/lib.rs:26:12
[INFO] [stdout]    |
[INFO] [stdout] 13 | let good = polygon![
[INFO] [stdout]    |            ^^^^^^^
[INFO] [stdout]    |
[INFO] [stdout] help: consider importing this macro
[INFO] [stdout]    |
[INFO] [stdout] 3  + use geo::polygon;
[INFO] [stdout]    |
[INFO] [stdout] 
[INFO] [stdout] error: cannot find macro `polygon` in this scope
[INFO] [stdout]  --> src/lib.rs:17:11
[INFO] [stdout]   |
[INFO] [stdout] 4 | let bad = polygon![
[INFO] [stdout]   |           ^^^^^^^
[INFO] [stdout]   |
[INFO] [stdout] help: consider importing this macro
[INFO] [stdout]   |
[INFO] [stdout] 3 + use geo::polygon;
[INFO] [stdout]   |
[INFO] [stdout] 
[INFO] [stdout] error: aborting due to 2 previous errors
[INFO] [stdout] 
[INFO] [stdout] Couldn't compile the test.
[INFO] [stdout] 
[INFO] [stdout] failures:
[INFO] [stdout]     src/lib.rs - Normalized::normalized (line 15)
[INFO] [stdout] 
[INFO] [stdout] test result: FAILED. 0 passed; 1 failed; 0 ignored; 0 measured; 0 filtered out; finished in 0.05s
[INFO] [stdout] 
[INFO] [stderr] error: doctest failed, to rerun pass `--doc`
[INFO] running `Command { std: "docker" "inspect" "e8eceb677f87b7a143cba9dd6ca7875d72a6d10c6aa3fa665ca22d72d8a3a01f", kill_on_drop: false }`
[INFO] running `Command { std: "docker" "rm" "-f" "e8eceb677f87b7a143cba9dd6ca7875d72a6d10c6aa3fa665ca22d72d8a3a01f", kill_on_drop: false }`
[INFO] [stdout] e8eceb677f87b7a143cba9dd6ca7875d72a6d10c6aa3fa665ca22d72d8a3a01f
