[INFO] fetching crate geo-ip 0.1.0...
[INFO] testing geo-ip-0.1.0 against 1.75.0 for beta-1.76-1
[INFO] extracting crate geo-ip 0.1.0 into /workspace/builds/worker-7-tc1/source
[INFO] validating manifest of crates.io crate geo-ip 0.1.0 on toolchain 1.75.0
[INFO] running `Command { std: CARGO_HOME="/workspace/cargo-home" RUSTUP_HOME="/workspace/rustup-home" "/workspace/cargo-home/bin/cargo" "+1.75.0" "metadata" "--manifest-path" "Cargo.toml" "--no-deps", kill_on_drop: false }`
[INFO] started tweaking crates.io crate geo-ip 0.1.0
[INFO] finished tweaking crates.io crate geo-ip 0.1.0
[INFO] tweaked toml for crates.io crate geo-ip 0.1.0 written to /workspace/builds/worker-7-tc1/source/Cargo.toml
[INFO] crate crates.io crate geo-ip 0.1.0 already has a lockfile, it will not be regenerated
[INFO] running `Command { std: CARGO_HOME="/workspace/cargo-home" RUSTUP_HOME="/workspace/rustup-home" "/workspace/cargo-home/bin/cargo" "+1.75.0" "fetch" "--manifest-path" "Cargo.toml", kill_on_drop: false }`
[INFO] [stderr]  Downloading crates ...
[INFO] [stderr]   Downloaded serde v1.0.186
[INFO] [stderr]   Downloaded object v0.32.0
[INFO] [stderr]   Downloaded serde_derive v1.0.186
[INFO] running `Command { std: "docker" "create" "-v" "/var/lib/crater-agent-workspace/builds/worker-7-tc1/target:/opt/rustwide/target:rw,Z" "-v" "/var/lib/crater-agent-workspace/builds/worker-7-tc1/source:/opt/rustwide/workdir:ro,Z" "-v" "/var/lib/crater-agent-workspace/cargo-home:/opt/rustwide/cargo-home:ro,Z" "-v" "/var/lib/crater-agent-workspace/rustup-home:/opt/rustwide/rustup-home:ro,Z" "-e" "SOURCE_DIR=/opt/rustwide/workdir" "-e" "CARGO_TARGET_DIR=/opt/rustwide/target" "-e" "CARGO_HOME=/opt/rustwide/cargo-home" "-e" "RUSTUP_HOME=/opt/rustwide/rustup-home" "-w" "/opt/rustwide/workdir" "-m" "1610612736" "--user" "0:0" "--network" "none" "ghcr.io/rust-lang/crates-build-env/linux@sha256:2788e3201cd34a07e3172128adcd8b3090168a8e3bcc40d7c032b9dda1df7d1c" "/opt/rustwide/cargo-home/bin/cargo" "+1.75.0" "metadata" "--no-deps" "--format-version=1", kill_on_drop: false }`
[INFO] [stdout] 880eba2dd4759253f9cc845a4c46730e5823e7428ef4fbaf86d4d66776baae25
[INFO] running `Command { std: "docker" "start" "-a" "880eba2dd4759253f9cc845a4c46730e5823e7428ef4fbaf86d4d66776baae25", kill_on_drop: false }`
[INFO] running `Command { std: "docker" "inspect" "880eba2dd4759253f9cc845a4c46730e5823e7428ef4fbaf86d4d66776baae25", kill_on_drop: false }`
[INFO] running `Command { std: "docker" "rm" "-f" "880eba2dd4759253f9cc845a4c46730e5823e7428ef4fbaf86d4d66776baae25", kill_on_drop: false }`
[INFO] [stdout] 880eba2dd4759253f9cc845a4c46730e5823e7428ef4fbaf86d4d66776baae25
[INFO] running `Command { std: "docker" "create" "-v" "/var/lib/crater-agent-workspace/builds/worker-7-tc1/target:/opt/rustwide/target:rw,Z" "-v" "/var/lib/crater-agent-workspace/builds/worker-7-tc1/source:/opt/rustwide/workdir:ro,Z" "-v" "/var/lib/crater-agent-workspace/cargo-home:/opt/rustwide/cargo-home:ro,Z" "-v" "/var/lib/crater-agent-workspace/rustup-home:/opt/rustwide/rustup-home:ro,Z" "-e" "SOURCE_DIR=/opt/rustwide/workdir" "-e" "CARGO_TARGET_DIR=/opt/rustwide/target" "-e" "CARGO_INCREMENTAL=0" "-e" "RUST_BACKTRACE=full" "-e" "RUSTFLAGS=--cap-lints=warn" "-e" "RUSTDOCFLAGS=--cap-lints=warn" "-e" "CARGO_HOME=/opt/rustwide/cargo-home" "-e" "RUSTUP_HOME=/opt/rustwide/rustup-home" "-w" "/opt/rustwide/workdir" "-m" "1610612736" "--user" "0:0" "--network" "none" "ghcr.io/rust-lang/crates-build-env/linux@sha256:2788e3201cd34a07e3172128adcd8b3090168a8e3bcc40d7c032b9dda1df7d1c" "/opt/rustwide/cargo-home/bin/cargo" "+1.75.0" "build" "--frozen" "--message-format=json", kill_on_drop: false }`
[INFO] [stdout] 1655a6f6cd1104c709be00fcb1a6a8f1071953a0c2f70e6b598ad96d9b2a43ca
[INFO] running `Command { std: "docker" "start" "-a" "1655a6f6cd1104c709be00fcb1a6a8f1071953a0c2f70e6b598ad96d9b2a43ca", kill_on_drop: false }`
[INFO] [stderr]    Compiling proc-macro2 v1.0.66
[INFO] [stderr]    Compiling unicode-ident v1.0.11
[INFO] [stderr]    Compiling libc v0.2.147
[INFO] [stderr]    Compiling autocfg v1.1.0
[INFO] [stderr]    Compiling pkg-config v0.3.27
[INFO] [stderr]    Compiling cfg-if v1.0.0
[INFO] [stderr]    Compiling once_cell v1.18.0
[INFO] [stderr]    Compiling vcpkg v0.2.15
[INFO] [stderr]    Compiling pin-project-lite v0.2.12
[INFO] [stderr]    Compiling futures-core v0.3.28
[INFO] [stderr]    Compiling bytes v1.4.0
[INFO] [stderr]    Compiling itoa v1.0.9
[INFO] [stderr]    Compiling futures-task v0.3.28
[INFO] [stderr]    Compiling slab v0.4.9
[INFO] [stderr]    Compiling indexmap v1.9.3
[INFO] [stderr]    Compiling quote v1.0.33
[INFO] [stderr]    Compiling cc v1.0.83
[INFO] [stderr]    Compiling tracing-core v0.1.31
[INFO] [stderr]    Compiling openssl v0.10.56
[INFO] [stderr]    Compiling fnv v1.0.7
[INFO] [stderr]    Compiling foreign-types-shared v0.1.1
[INFO] [stderr]    Compiling syn v2.0.29
[INFO] [stderr]    Compiling futures-util v0.3.28
[INFO] [stderr]    Compiling foreign-types v0.3.2
[INFO] [stderr]    Compiling num_cpus v1.16.0
[INFO] [stderr]    Compiling socket2 v0.5.3
[INFO] [stderr]    Compiling mio v0.8.8
[INFO] [stderr]    Compiling tracing v0.1.37
[INFO] [stderr]    Compiling http v0.2.9
[INFO] [stderr]    Compiling serde v1.0.186
[INFO] [stderr]    Compiling pin-utils v0.1.0
[INFO] [stderr]    Compiling tinyvec_macros v0.1.1
[INFO] [stderr]    Compiling hashbrown v0.12.3
[INFO] [stderr]    Compiling futures-channel v0.3.28
[INFO] [stderr]    Compiling native-tls v0.2.11
[INFO] [stderr]    Compiling futures-sink v0.3.28
[INFO] [stderr]    Compiling bitflags v1.3.2
[INFO] [stderr]    Compiling httparse v1.8.0
[INFO] [stderr]    Compiling tinyvec v1.6.0
[INFO] [stderr]    Compiling openssl-probe v0.1.5
[INFO] [stderr]    Compiling try-lock v0.2.4
[INFO] [stderr]    Compiling log v0.4.20
[INFO] [stderr]    Compiling openssl-sys v0.9.91
[INFO] [stderr]    Compiling percent-encoding v2.3.0
[INFO] [stderr]    Compiling form_urlencoded v1.2.0
[INFO] [stderr]    Compiling want v0.3.1
[INFO] [stderr]    Compiling http-body v0.4.5
[INFO] [stderr]    Compiling socket2 v0.4.9
[INFO] [stderr]    Compiling httpdate v1.0.3
[INFO] [stderr]    Compiling ryu v1.0.15
[INFO] [stderr]    Compiling unicode-bidi v0.3.13
[INFO] [stderr]    Compiling unicode-normalization v0.1.22
[INFO] [stderr]    Compiling serde_json v1.0.105
[INFO] [stderr]    Compiling tower-service v0.3.2
[INFO] [stderr]    Compiling anyhow v1.0.75
[INFO] [stderr]    Compiling encoding_rs v0.8.33
[INFO] [stderr]    Compiling mime v0.3.17
[INFO] [stderr]    Compiling base64 v0.21.2
[INFO] [stderr]    Compiling ipnet v2.8.0
[INFO] [stderr]    Compiling idna v0.4.0
[INFO] [stderr]    Compiling url v2.4.0
[INFO] [stderr]    Compiling tokio-macros v2.1.0
[INFO] [stderr]    Compiling openssl-macros v0.1.1
[INFO] [stderr]    Compiling serde_derive v1.0.186
[INFO] [stderr]    Compiling tokio v1.32.0
[INFO] [stderr]    Compiling tokio-util v0.7.8
[INFO] [stderr]    Compiling tokio-native-tls v0.3.1
[INFO] [stderr]    Compiling h2 v0.3.21
[INFO] [stderr]    Compiling serde_urlencoded v0.7.1
[INFO] [stderr]    Compiling hyper v0.14.27
[INFO] [stderr]    Compiling hyper-tls v0.5.0
[INFO] [stderr]    Compiling reqwest v0.11.20
[INFO] [stderr]    Compiling geo-ip v0.1.0 (/opt/rustwide/workdir)
[INFO] [stderr]     Finished dev [unoptimized + debuginfo] target(s) in 37.16s
[INFO] running `Command { std: "docker" "inspect" "1655a6f6cd1104c709be00fcb1a6a8f1071953a0c2f70e6b598ad96d9b2a43ca", kill_on_drop: false }`
[INFO] running `Command { std: "docker" "rm" "-f" "1655a6f6cd1104c709be00fcb1a6a8f1071953a0c2f70e6b598ad96d9b2a43ca", kill_on_drop: false }`
[INFO] [stdout] 1655a6f6cd1104c709be00fcb1a6a8f1071953a0c2f70e6b598ad96d9b2a43ca
[INFO] running `Command { std: "docker" "create" "-v" "/var/lib/crater-agent-workspace/builds/worker-7-tc1/target:/opt/rustwide/target:rw,Z" "-v" "/var/lib/crater-agent-workspace/builds/worker-7-tc1/source:/opt/rustwide/workdir:ro,Z" "-v" "/var/lib/crater-agent-workspace/cargo-home:/opt/rustwide/cargo-home:ro,Z" "-v" "/var/lib/crater-agent-workspace/rustup-home:/opt/rustwide/rustup-home:ro,Z" "-e" "SOURCE_DIR=/opt/rustwide/workdir" "-e" "CARGO_TARGET_DIR=/opt/rustwide/target" "-e" "CARGO_INCREMENTAL=0" "-e" "RUST_BACKTRACE=full" "-e" "RUSTFLAGS=--cap-lints=warn" "-e" "RUSTDOCFLAGS=--cap-lints=warn" "-e" "CARGO_HOME=/opt/rustwide/cargo-home" "-e" "RUSTUP_HOME=/opt/rustwide/rustup-home" "-w" "/opt/rustwide/workdir" "-m" "1610612736" "--user" "0:0" "--network" "none" "ghcr.io/rust-lang/crates-build-env/linux@sha256:2788e3201cd34a07e3172128adcd8b3090168a8e3bcc40d7c032b9dda1df7d1c" "/opt/rustwide/cargo-home/bin/cargo" "+1.75.0" "test" "--frozen" "--no-run" "--message-format=json", kill_on_drop: false }`
[INFO] [stdout] 9bb8d9fc993d01a7ba3209eb397275a2fda902e401b888dbe5642ec1542f5c5e
[INFO] running `Command { std: "docker" "start" "-a" "9bb8d9fc993d01a7ba3209eb397275a2fda902e401b888dbe5642ec1542f5c5e", kill_on_drop: false }`
[INFO] [stderr]    Compiling geo-ip v0.1.0 (/opt/rustwide/workdir)
[INFO] [stdout] warning: multiple fields are never read
[INFO] [stdout]   --> examples/mybin.rs:7:5
[INFO] [stdout]    |
[INFO] [stdout] 6  | struct Info {
[INFO] [stdout]    |        ---- fields in this struct
[INFO] [stdout] 7  |     accuracy: String,
[INFO] [stdout]    |     ^^^^^^^^
[INFO] [stdout] 8  |     adcode: String,
[INFO] [stdout]    |     ^^^^^^
[INFO] [stdout] 9  |     areacode: String,
[INFO] [stdout]    |     ^^^^^^^^
[INFO] [stdout] 10 |     asnumber: String,
[INFO] [stdout]    |     ^^^^^^^^
[INFO] [stdout] 11 |     city: String,
[INFO] [stdout]    |     ^^^^
[INFO] [stdout] 12 |     continent: String,
[INFO] [stdout]    |     ^^^^^^^^^
[INFO] [stdout] 13 |     country: String,
[INFO] [stdout]    |     ^^^^^^^
[INFO] [stdout] 14 |     district: String,
[INFO] [stdout]    |     ^^^^^^^^
[INFO] [stdout] 15 |     isp: String,
[INFO] [stdout]    |     ^^^
[INFO] [stdout] 16 |     lat: String,
[INFO] [stdout]    |     ^^^
[INFO] [stdout] 17 |     lng: String,
[INFO] [stdout]    |     ^^^
[INFO] [stdout] 18 |     owner: String,
[INFO] [stdout]    |     ^^^^^
[INFO] [stdout] 19 |     prov: String,
[INFO] [stdout]    |     ^^^^
[INFO] [stdout] 20 |     radius: String,
[INFO] [stdout]    |     ^^^^^^
[INFO] [stdout] 21 |     source: String,
[INFO] [stdout]    |     ^^^^^^
[INFO] [stdout] 22 |     timezone: String,
[INFO] [stdout]    |     ^^^^^^^^
[INFO] [stdout] 23 |     zipcode: String,
[INFO] [stdout]    |     ^^^^^^^
[INFO] [stdout]    |
[INFO] [stdout]    = note: `Info` has a derived impl for the trait `Debug`, but this is intentionally ignored during dead code analysis
[INFO] [stdout]    = note: `#[warn(dead_code)]` on by default
[INFO] [stdout] 
[INFO] [stdout] 
[INFO] [stdout] warning: fields `charge`, `code`, `coordsys`, `data`, `ip`, and `msg` are never read
[INFO] [stdout]   --> examples/mybin.rs:27:5
[INFO] [stdout]    |
[INFO] [stdout] 26 | struct Data {
[INFO] [stdout]    |        ---- fields in this struct
[INFO] [stdout] 27 |     charge: bool,
[INFO] [stdout]    |     ^^^^^^
[INFO] [stdout] 28 |     code: String,
[INFO] [stdout]    |     ^^^^
[INFO] [stdout] 29 |     coordsys: String,
[INFO] [stdout]    |     ^^^^^^^^
[INFO] [stdout] 30 |     data: Info,
[INFO] [stdout]    |     ^^^^
[INFO] [stdout] 31 |     ip: String,
[INFO] [stdout]    |     ^^
[INFO] [stdout] 32 |     msg: String,
[INFO] [stdout]    |     ^^^
[INFO] [stdout]    |
[INFO] [stdout]    = note: `Data` has a derived impl for the trait `Debug`, but this is intentionally ignored during dead code analysis
[INFO] [stdout] 
[INFO] [stdout] 
[INFO] [stdout] warning: 2 warnings emitted
[INFO] [stdout] 
[INFO] [stdout] 
[INFO] [stderr]     Finished test [unoptimized + debuginfo] target(s) in 3.23s
[INFO] running `Command { std: "docker" "inspect" "9bb8d9fc993d01a7ba3209eb397275a2fda902e401b888dbe5642ec1542f5c5e", kill_on_drop: false }`
[INFO] running `Command { std: "docker" "rm" "-f" "9bb8d9fc993d01a7ba3209eb397275a2fda902e401b888dbe5642ec1542f5c5e", kill_on_drop: false }`
[INFO] [stdout] 9bb8d9fc993d01a7ba3209eb397275a2fda902e401b888dbe5642ec1542f5c5e
[INFO] running `Command { std: "docker" "create" "-v" "/var/lib/crater-agent-workspace/builds/worker-7-tc1/target:/opt/rustwide/target:rw,Z" "-v" "/var/lib/crater-agent-workspace/builds/worker-7-tc1/source:/opt/rustwide/workdir:ro,Z" "-v" "/var/lib/crater-agent-workspace/cargo-home:/opt/rustwide/cargo-home:ro,Z" "-v" "/var/lib/crater-agent-workspace/rustup-home:/opt/rustwide/rustup-home:ro,Z" "-e" "SOURCE_DIR=/opt/rustwide/workdir" "-e" "CARGO_TARGET_DIR=/opt/rustwide/target" "-e" "CARGO_INCREMENTAL=0" "-e" "RUST_BACKTRACE=full" "-e" "RUSTFLAGS=--cap-lints=warn" "-e" "RUSTDOCFLAGS=--cap-lints=warn" "-e" "CARGO_HOME=/opt/rustwide/cargo-home" "-e" "RUSTUP_HOME=/opt/rustwide/rustup-home" "-w" "/opt/rustwide/workdir" "-m" "1610612736" "--user" "0:0" "--network" "none" "ghcr.io/rust-lang/crates-build-env/linux@sha256:2788e3201cd34a07e3172128adcd8b3090168a8e3bcc40d7c032b9dda1df7d1c" "/opt/rustwide/cargo-home/bin/cargo" "+1.75.0" "test" "--frozen", kill_on_drop: false }`
[INFO] [stdout] f6e1f849150f9d01ad5f175f8fcaa0d5d34a6060a094e96021338acab19f0a56
[INFO] running `Command { std: "docker" "start" "-a" "f6e1f849150f9d01ad5f175f8fcaa0d5d34a6060a094e96021338acab19f0a56", kill_on_drop: false }`
[INFO] [stderr] warning: multiple fields are never read
[INFO] [stderr]   --> examples/mybin.rs:7:5
[INFO] [stderr]    |
[INFO] [stderr] 6  | struct Info {
[INFO] [stderr]    |        ---- fields in this struct
[INFO] [stderr] 7  |     accuracy: String,
[INFO] [stderr]    |     ^^^^^^^^
[INFO] [stderr] 8  |     adcode: String,
[INFO] [stderr]    |     ^^^^^^
[INFO] [stderr] 9  |     areacode: String,
[INFO] [stderr]    |     ^^^^^^^^
[INFO] [stderr] 10 |     asnumber: String,
[INFO] [stderr]    |     ^^^^^^^^
[INFO] [stderr] 11 |     city: String,
[INFO] [stderr]    |     ^^^^
[INFO] [stderr] 12 |     continent: String,
[INFO] [stderr]    |     ^^^^^^^^^
[INFO] [stderr] 13 |     country: String,
[INFO] [stderr]    |     ^^^^^^^
[INFO] [stderr] 14 |     district: String,
[INFO] [stderr]    |     ^^^^^^^^
[INFO] [stderr] 15 |     isp: String,
[INFO] [stderr]    |     ^^^
[INFO] [stderr] 16 |     lat: String,
[INFO] [stderr]    |     ^^^
[INFO] [stderr] 17 |     lng: String,
[INFO] [stderr]    |     ^^^
[INFO] [stderr] 18 |     owner: String,
[INFO] [stderr]    |     ^^^^^
[INFO] [stderr] 19 |     prov: String,
[INFO] [stderr]    |     ^^^^
[INFO] [stderr] 20 |     radius: String,
[INFO] [stderr]    |     ^^^^^^
[INFO] [stderr] 21 |     source: String,
[INFO] [stderr]    |     ^^^^^^
[INFO] [stderr] 22 |     timezone: String,
[INFO] [stderr]    |     ^^^^^^^^
[INFO] [stderr] 23 |     zipcode: String,
[INFO] [stderr]    |     ^^^^^^^
[INFO] [stderr]    |
[INFO] [stderr]    = note: `Info` has a derived impl for the trait `Debug`, but this is intentionally ignored during dead code analysis
[INFO] [stderr]    = note: `#[warn(dead_code)]` on by default
[INFO] [stderr] 
[INFO] [stderr] warning: fields `charge`, `code`, `coordsys`, `data`, `ip`, and `msg` are never read
[INFO] [stderr]   --> examples/mybin.rs:27:5
[INFO] [stderr]    |
[INFO] [stderr] 26 | struct Data {
[INFO] [stderr]    |        ---- fields in this struct
[INFO] [stderr] 27 |     charge: bool,
[INFO] [stderr]    |     ^^^^^^
[INFO] [stderr] 28 |     code: String,
[INFO] [stderr]    |     ^^^^
[INFO] [stderr] 29 |     coordsys: String,
[INFO] [stderr]    |     ^^^^^^^^
[INFO] [stderr] 30 |     data: Info,
[INFO] [stderr]    |     ^^^^
[INFO] [stderr] 31 |     ip: String,
[INFO] [stderr]    |     ^^
[INFO] [stderr] 32 |     msg: String,
[INFO] [stderr]    |     ^^^
[INFO] [stderr]    |
[INFO] [stderr]    = note: `Data` has a derived impl for the trait `Debug`, but this is intentionally ignored during dead code analysis
[INFO] [stderr] 
[INFO] [stderr] warning: `geo-ip` (example "mybin") generated 2 warnings
[INFO] [stderr]     Finished test [unoptimized + debuginfo] target(s) in 0.11s
[INFO] [stderr]      Running unittests src/lib.rs (/opt/rustwide/target/debug/deps/geo_ip-7c7ff3d37adaff51)
[INFO] [stdout] 
[INFO] [stdout] running 0 tests
[INFO] [stdout] 
[INFO] [stdout] test result: ok. 0 passed; 0 failed; 0 ignored; 0 measured; 0 filtered out; finished in 0.00s
[INFO] [stdout] 
[INFO] [stderr]    Doc-tests geo-ip
[INFO] [stdout] 
[INFO] [stdout] running 1 test
[INFO] [stdout] test src/lib.rs - geo_ip (line 11) ... FAILED
[INFO] [stderr] error: doctest failed, to rerun pass `--doc`
[INFO] [stdout] 
[INFO] [stdout] failures:
[INFO] [stdout] 
[INFO] [stdout] ---- src/lib.rs - geo_ip (line 11) stdout ----
[INFO] [stdout] Test executable failed (exit status: 1).
[INFO] [stdout] 
[INFO] [stdout] stderr:
[INFO] [stdout] Error: error sending request for url (https://qifu-api.baidubce.com/ip/local/geo/v1/district): error trying to connect: dns error: failed to lookup address information: Temporary failure in name resolution
[INFO] [stdout] 
[INFO] [stdout] Caused by:
[INFO] [stdout]     0: error trying to connect: dns error: failed to lookup address information: Temporary failure in name resolution
[INFO] [stdout]     1: dns error: failed to lookup address information: Temporary failure in name resolution
[INFO] [stdout]     2: failed to lookup address information: Temporary failure in name resolution
[INFO] [stdout] 
[INFO] [stdout] 
[INFO] [stdout] 
[INFO] [stdout] failures:
[INFO] [stdout]     src/lib.rs - geo_ip (line 11)
[INFO] [stdout] 
[INFO] [stdout] test result: FAILED. 0 passed; 1 failed; 0 ignored; 0 measured; 0 filtered out; finished in 3.07s
[INFO] [stdout] 
[INFO] running `Command { std: "docker" "inspect" "f6e1f849150f9d01ad5f175f8fcaa0d5d34a6060a094e96021338acab19f0a56", kill_on_drop: false }`
[INFO] running `Command { std: "docker" "rm" "-f" "f6e1f849150f9d01ad5f175f8fcaa0d5d34a6060a094e96021338acab19f0a56", kill_on_drop: false }`
[INFO] [stdout] f6e1f849150f9d01ad5f175f8fcaa0d5d34a6060a094e96021338acab19f0a56
