[INFO] fetching crate gengo 0.8.2...
[INFO] testing gengo-0.8.2 against 1.75.0 for beta-1.76-1
[INFO] extracting crate gengo 0.8.2 into /workspace/builds/worker-1-tc1/source
[INFO] validating manifest of crates.io crate gengo 0.8.2 on toolchain 1.75.0
[INFO] running `Command { std: CARGO_HOME="/workspace/cargo-home" RUSTUP_HOME="/workspace/rustup-home" "/workspace/cargo-home/bin/cargo" "+1.75.0" "metadata" "--manifest-path" "Cargo.toml" "--no-deps", kill_on_drop: false }`
[INFO] started tweaking crates.io crate gengo 0.8.2
[INFO] finished tweaking crates.io crate gengo 0.8.2
[INFO] tweaked toml for crates.io crate gengo 0.8.2 written to /workspace/builds/worker-1-tc1/source/Cargo.toml
[INFO] running `Command { std: CARGO_HOME="/workspace/cargo-home" RUSTUP_HOME="/workspace/rustup-home" "/workspace/cargo-home/bin/cargo" "+1.75.0" "generate-lockfile" "--manifest-path" "Cargo.toml", kill_on_drop: false }`
[INFO] [stderr]     Updating crates.io index
[INFO] running `Command { std: CARGO_HOME="/workspace/cargo-home" RUSTUP_HOME="/workspace/rustup-home" "/workspace/cargo-home/bin/cargo" "+1.75.0" "fetch" "--manifest-path" "Cargo.toml", kill_on_drop: false }`
[INFO] [stderr]  Downloading crates ...
[INFO] [stderr]   Downloaded gix-hash v0.13.3
[INFO] [stderr]   Downloaded sha1-asm v0.5.2
[INFO] [stderr]   Downloaded ignore v0.4.21
[INFO] [stderr]   Downloaded gix-revision v0.23.0
[INFO] [stderr]   Downloaded gix-date v0.8.3
[INFO] [stderr]   Downloaded memmap2 v0.9.3
[INFO] [stderr]   Downloaded gix-hashtable v0.4.1
[INFO] [stderr]   Downloaded gix-utils v0.1.8
[INFO] [stderr]   Downloaded gix-macros v0.1.3
[INFO] [stderr]   Downloaded gix-bitmap v0.2.10
[INFO] [stderr]   Downloaded gix-trace v0.1.6
[INFO] [stderr]   Downloaded gix-validate v0.8.3
[INFO] [stderr]   Downloaded gix-path v0.10.3
[INFO] [stderr]   Downloaded gix-features v0.36.1
[INFO] [stderr]   Downloaded gix-object v0.38.0
[INFO] [stderr]   Downloaded gix-pack v0.44.0
[INFO] [stderr]   Downloaded gix-config v0.31.0
[INFO] [stderr]   Downloaded libz-ng-sys v1.1.12
[INFO] [stderr]   Downloaded prodash v26.2.2
[INFO] [stderr]   Downloaded gix-ref v0.38.0
[INFO] [stderr]   Downloaded gix v0.55.2
[INFO] [stderr]   Downloaded gix-diff v0.37.0
[INFO] [stderr]   Downloaded gix-discover v0.26.0
[INFO] [stderr]   Downloaded gix-quote v0.4.10
[INFO] [stderr]   Downloaded gix-sec v0.10.3
[INFO] [stderr]   Downloaded gix-worktree v0.27.0
[INFO] [stderr]   Downloaded gix-filter v0.6.0
[INFO] [stderr]   Downloaded gix-submodule v0.5.0
[INFO] [stderr]   Downloaded uluru v3.0.0
[INFO] [stderr]   Downloaded gix-url v0.25.2
[INFO] [stderr]   Downloaded gix-attributes v0.20.1
[INFO] [stderr]   Downloaded faster-hex v0.9.0
[INFO] [stderr]   Downloaded unicode-bom v2.0.3
[INFO] [stderr]   Downloaded gix-fs v0.8.1
[INFO] [stderr]   Downloaded faster-hex v0.8.1
[INFO] [stderr]   Downloaded gix-commitgraph v0.22.1
[INFO] [stderr]   Downloaded gix-command v0.2.10
[INFO] [stderr]   Downloaded gix-revwalk v0.9.0
[INFO] [stderr]   Downloaded gix-refspec v0.19.0
[INFO] [stderr]   Downloaded gix-traverse v0.34.0
[INFO] [stderr]   Downloaded gix-index v0.26.0
[INFO] [stderr]   Downloaded gix-lock v11.0.1
[INFO] [stderr]   Downloaded gix-ignore v0.9.1
[INFO] [stderr]   Downloaded gix-glob v0.14.1
[INFO] [stderr]   Downloaded gix-pathspec v0.4.1
[INFO] [stderr]   Downloaded gix-actor v0.28.1
[INFO] [stderr]   Downloaded clru v0.6.1
[INFO] [stderr]   Downloaded gix-packetline-blocking v0.16.6
[INFO] [stderr]   Downloaded gix-tempfile v11.0.1
[INFO] [stderr]   Downloaded gix-chunk v0.4.7
[INFO] [stderr]   Downloaded gix-config-value v0.14.3
[INFO] [stderr]   Downloaded gix-odb v0.54.0
[INFO] running `Command { std: "docker" "create" "-v" "/var/lib/crater-agent-workspace/builds/worker-1-tc1/target:/opt/rustwide/target:rw,Z" "-v" "/var/lib/crater-agent-workspace/builds/worker-1-tc1/source:/opt/rustwide/workdir:ro,Z" "-v" "/var/lib/crater-agent-workspace/cargo-home:/opt/rustwide/cargo-home:ro,Z" "-v" "/var/lib/crater-agent-workspace/rustup-home:/opt/rustwide/rustup-home:ro,Z" "-e" "SOURCE_DIR=/opt/rustwide/workdir" "-e" "CARGO_TARGET_DIR=/opt/rustwide/target" "-e" "CARGO_HOME=/opt/rustwide/cargo-home" "-e" "RUSTUP_HOME=/opt/rustwide/rustup-home" "-w" "/opt/rustwide/workdir" "-m" "1610612736" "--user" "0:0" "--network" "none" "ghcr.io/rust-lang/crates-build-env/linux@sha256:2788e3201cd34a07e3172128adcd8b3090168a8e3bcc40d7c032b9dda1df7d1c" "/opt/rustwide/cargo-home/bin/cargo" "+1.75.0" "metadata" "--no-deps" "--format-version=1", kill_on_drop: false }`
[INFO] [stdout] 2bbab252f86f29091a095b3cfedf9faa9a10b6c1e7ca9766ca334e681c194ac3
[INFO] running `Command { std: "docker" "start" "-a" "2bbab252f86f29091a095b3cfedf9faa9a10b6c1e7ca9766ca334e681c194ac3", kill_on_drop: false }`
[INFO] running `Command { std: "docker" "inspect" "2bbab252f86f29091a095b3cfedf9faa9a10b6c1e7ca9766ca334e681c194ac3", kill_on_drop: false }`
[INFO] running `Command { std: "docker" "rm" "-f" "2bbab252f86f29091a095b3cfedf9faa9a10b6c1e7ca9766ca334e681c194ac3", kill_on_drop: false }`
[INFO] [stdout] 2bbab252f86f29091a095b3cfedf9faa9a10b6c1e7ca9766ca334e681c194ac3
[INFO] running `Command { std: "docker" "create" "-v" "/var/lib/crater-agent-workspace/builds/worker-1-tc1/target:/opt/rustwide/target:rw,Z" "-v" "/var/lib/crater-agent-workspace/builds/worker-1-tc1/source:/opt/rustwide/workdir:ro,Z" "-v" "/var/lib/crater-agent-workspace/cargo-home:/opt/rustwide/cargo-home:ro,Z" "-v" "/var/lib/crater-agent-workspace/rustup-home:/opt/rustwide/rustup-home:ro,Z" "-e" "SOURCE_DIR=/opt/rustwide/workdir" "-e" "CARGO_TARGET_DIR=/opt/rustwide/target" "-e" "CARGO_INCREMENTAL=0" "-e" "RUST_BACKTRACE=full" "-e" "RUSTFLAGS=--cap-lints=warn" "-e" "RUSTDOCFLAGS=--cap-lints=warn" "-e" "CARGO_HOME=/opt/rustwide/cargo-home" "-e" "RUSTUP_HOME=/opt/rustwide/rustup-home" "-w" "/opt/rustwide/workdir" "-m" "1610612736" "--user" "0:0" "--network" "none" "ghcr.io/rust-lang/crates-build-env/linux@sha256:2788e3201cd34a07e3172128adcd8b3090168a8e3bcc40d7c032b9dda1df7d1c" "/opt/rustwide/cargo-home/bin/cargo" "+1.75.0" "build" "--frozen" "--message-format=json", kill_on_drop: false }`
[INFO] [stdout] 6e9a83c74fab88e5bddd482bbe567baaba00a9bac6c4d4221f975b1166f08d37
[INFO] running `Command { std: "docker" "start" "-a" "6e9a83c74fab88e5bddd482bbe567baaba00a9bac6c4d4221f975b1166f08d37", kill_on_drop: false }`
[INFO] [stderr]    Compiling crossbeam-utils v0.8.18
[INFO] [stderr]    Compiling regex-syntax v0.8.2
[INFO] [stderr]    Compiling lock_api v0.4.11
[INFO] [stderr]    Compiling parking_lot_core v0.9.9
[INFO] [stderr]    Compiling rayon-core v1.12.0
[INFO] [stderr]    Compiling syn v2.0.48
[INFO] [stderr]    Compiling crc32fast v1.3.2
[INFO] [stderr]    Compiling scopeguard v1.2.0
[INFO] [stderr]    Compiling smallvec v1.11.2
[INFO] [stderr]    Compiling same-file v1.0.6
[INFO] [stderr]    Compiling once_cell v1.19.0
[INFO] [stderr]    Compiling adler v1.0.2
[INFO] [stderr]    Compiling gix-trace v0.1.6
[INFO] [stderr]    Compiling either v1.9.0
[INFO] [stderr]    Compiling miniz_oxide v0.7.1
[INFO] [stderr]    Compiling parking_lot v0.12.1
[INFO] [stderr]    Compiling walkdir v2.4.0
[INFO] [stderr]    Compiling prodash v26.2.2
[INFO] [stderr]    Compiling sha1_smol v1.0.0
[INFO] [stderr]    Compiling crossbeam-epoch v0.9.17
[INFO] [stderr]    Compiling crossbeam-queue v0.3.10
[INFO] [stderr]    Compiling crossbeam-deque v0.8.4
[INFO] [stderr]    Compiling crossbeam-channel v0.5.10
[INFO] [stderr]    Compiling flate2 v1.0.28
[INFO] [stderr]    Compiling num-traits v0.2.17
[INFO] [stderr]    Compiling powerfmt v0.2.0
[INFO] [stderr]    Compiling time-core v0.1.2
[INFO] [stderr]    Compiling bitflags v2.4.1
[INFO] [stderr]    Compiling time-macros v0.2.16
[INFO] [stderr]    Compiling crossbeam v0.8.3
[INFO] [stderr]    Compiling deranged v0.3.11
[INFO] [stderr]    Compiling num_threads v0.1.6
[INFO] [stderr]    Compiling rayon v1.8.0
[INFO] [stderr]    Compiling winnow v0.5.32
[INFO] [stderr]    Compiling regex-automata v0.4.3
[INFO] [stderr]    Compiling home v0.5.9
[INFO] [stderr]    Compiling btoi v0.4.3
[INFO] [stderr]    Compiling rustix v0.38.28
[INFO] [stderr]    Compiling hashbrown v0.14.3
[INFO] [stderr]    Compiling fastrand v2.0.1
[INFO] [stderr]    Compiling linux-raw-sys v0.4.12
[INFO] [stderr]    Compiling time v0.3.31
[INFO] [stderr]    Compiling memmap2 v0.7.1
[INFO] [stderr]    Compiling memmap2 v0.9.3
[INFO] [stderr]    Compiling jwalk v0.8.1
[INFO] [stderr]    Compiling gix-utils v0.1.8
[INFO] [stderr]    Compiling unicode-bom v2.0.3
[INFO] [stderr]    Compiling tinyvec_macros v0.1.1
[INFO] [stderr]    Compiling kstring v2.0.0
[INFO] [stderr]    Compiling tinyvec v1.6.0
[INFO] [stderr]    Compiling equivalent v1.0.1
[INFO] [stderr]    Compiling unicode-bidi v0.3.14
[INFO] [stderr]    Compiling percent-encoding v2.3.1
[INFO] [stderr]    Compiling gix-sec v0.10.3
[INFO] [stderr]    Compiling form_urlencoded v1.2.1
[INFO] [stderr]    Compiling unsafe-libyaml v0.2.10
[INFO] [stderr]    Compiling bstr v1.9.0
[INFO] [stderr]    Compiling unicode-normalization v0.1.22
[INFO] [stderr]    Compiling thiserror-impl v1.0.56
[INFO] [stderr]    Compiling serde_derive v1.0.194
[INFO] [stderr]    Compiling tempfile v3.9.0
[INFO] [stderr]    Compiling idna v0.5.0
[INFO] [stderr]    Compiling uluru v3.0.0
[INFO] [stderr]    Compiling indexmap v2.1.0
[INFO] [stderr]    Compiling filetime v0.2.23
[INFO] [stderr]    Compiling clru v0.6.1
[INFO] [stderr]    Compiling url v2.5.0
[INFO] [stderr]    Compiling gix-command v0.2.10
[INFO] [stderr]    Compiling serde_json v1.0.111
[INFO] [stderr]    Compiling encoding_rs v0.8.33
[INFO] [stderr]    Compiling serde_yaml v0.9.30
[INFO] [stderr]    Compiling log v0.4.20
[INFO] [stderr]    Compiling thiserror v1.0.56
[INFO] [stderr]    Compiling gix-date v0.8.3
[INFO] [stderr]    Compiling gix-validate v0.8.3
[INFO] [stderr]    Compiling gix-path v0.10.3
[INFO] [stderr]    Compiling gix-actor v0.28.1
[INFO] [stderr]    Compiling gix-chunk v0.4.7
[INFO] [stderr]    Compiling gix-quote v0.4.10
[INFO] [stderr]    Compiling gix-config-value v0.14.3
[INFO] [stderr]    Compiling gix-bitmap v0.2.10
[INFO] [stderr]    Compiling arc-swap v1.6.0
[INFO] [stderr]    Compiling globset v0.4.14
[INFO] [stderr]    Compiling gix-macros v0.1.3
[INFO] [stderr]    Compiling ignore v0.4.21
[INFO] [stderr]    Compiling regex v1.10.2
[INFO] [stderr]    Compiling glob v0.3.1
[INFO] [stderr]    Compiling gengo v0.8.2 (/opt/rustwide/workdir)
[INFO] [stderr]    Compiling serde v1.0.194
[INFO] [stderr]    Compiling faster-hex v0.9.0
[INFO] [stderr]    Compiling faster-hex v0.8.1
[INFO] [stderr]    Compiling gix-packetline-blocking v0.16.6
[INFO] [stderr]    Compiling gix-hash v0.13.3
[INFO] [stderr]    Compiling gix-features v0.36.1
[INFO] [stderr]    Compiling gix-hashtable v0.4.1
[INFO] [stderr]    Compiling gix-object v0.38.0
[INFO] [stderr]    Compiling gix-fs v0.8.1
[INFO] [stderr]    Compiling gix-glob v0.14.1
[INFO] [stderr]    Compiling gix-commitgraph v0.22.1
[INFO] [stderr]    Compiling gix-url v0.25.2
[INFO] [stderr]    Compiling gix-tempfile v11.0.1
[INFO] [stderr]    Compiling gix-attributes v0.20.1
[INFO] [stderr]    Compiling gix-lock v11.0.1
[INFO] [stderr]    Compiling gix-ignore v0.9.1
[INFO] [stderr]    Compiling gix-pathspec v0.4.1
[INFO] [stderr]    Compiling gix-revwalk v0.9.0
[INFO] [stderr]    Compiling gix-ref v0.38.0
[INFO] [stderr]    Compiling gix-pack v0.44.0
[INFO] [stderr]    Compiling gix-traverse v0.34.0
[INFO] [stderr]    Compiling gix-revision v0.23.0
[INFO] [stderr]    Compiling gix-index v0.26.0
[INFO] [stderr]    Compiling gix-filter v0.6.0
[INFO] [stderr]    Compiling gix-diff v0.37.0
[INFO] [stderr]    Compiling gix-refspec v0.19.0
[INFO] [stderr]    Compiling gix-config v0.31.0
[INFO] [stderr]    Compiling gix-worktree v0.27.0
[INFO] [stderr]    Compiling gix-discover v0.26.0
[INFO] [stderr]    Compiling gix-odb v0.54.0
[INFO] [stderr]    Compiling gix-submodule v0.5.0
[INFO] [stderr]    Compiling gix v0.55.2
[INFO] [stderr]     Finished dev [unoptimized + debuginfo] target(s) in 17.61s
[INFO] running `Command { std: "docker" "inspect" "6e9a83c74fab88e5bddd482bbe567baaba00a9bac6c4d4221f975b1166f08d37", kill_on_drop: false }`
[INFO] running `Command { std: "docker" "rm" "-f" "6e9a83c74fab88e5bddd482bbe567baaba00a9bac6c4d4221f975b1166f08d37", kill_on_drop: false }`
[INFO] [stdout] 6e9a83c74fab88e5bddd482bbe567baaba00a9bac6c4d4221f975b1166f08d37
[INFO] running `Command { std: "docker" "create" "-v" "/var/lib/crater-agent-workspace/builds/worker-1-tc1/target:/opt/rustwide/target:rw,Z" "-v" "/var/lib/crater-agent-workspace/builds/worker-1-tc1/source:/opt/rustwide/workdir:ro,Z" "-v" "/var/lib/crater-agent-workspace/cargo-home:/opt/rustwide/cargo-home:ro,Z" "-v" "/var/lib/crater-agent-workspace/rustup-home:/opt/rustwide/rustup-home:ro,Z" "-e" "SOURCE_DIR=/opt/rustwide/workdir" "-e" "CARGO_TARGET_DIR=/opt/rustwide/target" "-e" "CARGO_INCREMENTAL=0" "-e" "RUST_BACKTRACE=full" "-e" "RUSTFLAGS=--cap-lints=warn" "-e" "RUSTDOCFLAGS=--cap-lints=warn" "-e" "CARGO_HOME=/opt/rustwide/cargo-home" "-e" "RUSTUP_HOME=/opt/rustwide/rustup-home" "-w" "/opt/rustwide/workdir" "-m" "1610612736" "--user" "0:0" "--network" "none" "ghcr.io/rust-lang/crates-build-env/linux@sha256:2788e3201cd34a07e3172128adcd8b3090168a8e3bcc40d7c032b9dda1df7d1c" "/opt/rustwide/cargo-home/bin/cargo" "+1.75.0" "test" "--frozen" "--no-run" "--message-format=json", kill_on_drop: false }`
[INFO] [stdout] 4eb734323e70dec537501b1c64151ef449d4578dbc41283a8d64454f49f729f0
[INFO] running `Command { std: "docker" "start" "-a" "4eb734323e70dec537501b1c64151ef449d4578dbc41283a8d64454f49f729f0", kill_on_drop: false }`
[INFO] [stderr]    Compiling serde v1.0.194
[INFO] [stderr]    Compiling syn v2.0.48
[INFO] [stderr]    Compiling rayon v1.8.0
[INFO] [stderr]    Compiling btoi v0.4.3
[INFO] [stderr]    Compiling rustix v0.38.28
[INFO] [stderr]    Compiling slab v0.4.9
[INFO] [stderr]    Compiling futures-core v0.3.30
[INFO] [stderr]    Compiling futures-sink v0.3.30
[INFO] [stderr]    Compiling futures-io v0.3.30
[INFO] [stderr]    Compiling pin-project-lite v0.2.13
[INFO] [stderr]    Compiling futures-channel v0.3.30
[INFO] [stderr]    Compiling pin-utils v0.1.0
[INFO] [stderr]    Compiling futures-task v0.3.30
[INFO] [stderr]    Compiling rstest_macros v0.18.2
[INFO] [stderr]    Compiling regex-automata v0.4.3
[INFO] [stderr]    Compiling ciborium-io v0.2.1
[INFO] [stderr]    Compiling clap_lex v0.6.0
[INFO] [stderr]    Compiling anstyle v1.0.4
[INFO] [stderr]    Compiling half v1.8.2
[INFO] [stderr]    Compiling plotters-backend v0.3.5
[INFO] [stderr]    Compiling clap_builder v4.4.12
[INFO] [stderr]    Compiling relative-path v1.9.2
[INFO] [stderr]    Compiling plotters-svg v0.3.5
[INFO] [stderr]    Compiling ciborium-ll v0.2.1
[INFO] [stderr]    Compiling cast v0.3.0
[INFO] [stderr]    Compiling linked-hash-map v0.5.6
[INFO] [stderr]    Compiling console v0.15.7
[INFO] [stderr]    Compiling criterion-plot v0.5.0
[INFO] [stderr]    Compiling yaml-rust v0.4.5
[INFO] [stderr]    Compiling plotters v0.3.5
[INFO] [stderr]    Compiling oorandom v11.1.3
[INFO] [stderr]    Compiling similar v2.4.0
[INFO] [stderr]    Compiling jwalk v0.8.1
[INFO] [stderr]    Compiling tempfile v3.9.0
[INFO] [stderr]    Compiling regex v1.10.2
[INFO] [stderr]    Compiling is-terminal v0.4.10
[INFO] [stderr]    Compiling clap v4.4.13
[INFO] [stderr]    Compiling anes v0.1.6
[INFO] [stderr]    Compiling futures-timer v3.0.2
[INFO] [stderr]    Compiling insta v1.34.0
[INFO] [stderr]    Compiling thiserror-impl v1.0.56
[INFO] [stderr]    Compiling serde_derive v1.0.194
[INFO] [stderr]    Compiling futures-macro v0.3.30
[INFO] [stderr]    Compiling gix-macros v0.1.3
[INFO] [stderr]    Compiling futures-util v0.3.30
[INFO] [stderr]    Compiling thiserror v1.0.56
[INFO] [stderr]    Compiling gix-date v0.8.3
[INFO] [stderr]    Compiling gix-validate v0.8.3
[INFO] [stderr]    Compiling gix-actor v0.28.1
[INFO] [stderr]    Compiling gix-path v0.10.3
[INFO] [stderr]    Compiling gix-chunk v0.4.7
[INFO] [stderr]    Compiling gix-quote v0.4.10
[INFO] [stderr]    Compiling gix-config-value v0.14.3
[INFO] [stderr]    Compiling gix-bitmap v0.2.10
[INFO] [stderr]    Compiling futures-executor v0.3.30
[INFO] [stderr]    Compiling futures v0.3.30
[INFO] [stderr]    Compiling rstest v0.18.2
[INFO] [stderr]    Compiling faster-hex v0.9.0
[INFO] [stderr]    Compiling faster-hex v0.8.1
[INFO] [stderr]    Compiling serde_json v1.0.111
[INFO] [stderr]    Compiling indexmap v2.1.0
[INFO] [stderr]    Compiling ciborium v0.2.1
[INFO] [stderr]    Compiling gix-hash v0.13.3
[INFO] [stderr]    Compiling gix-packetline-blocking v0.16.6
[INFO] [stderr]    Compiling gix-features v0.36.1
[INFO] [stderr]    Compiling gix-hashtable v0.4.1
[INFO] [stderr]    Compiling gix-object v0.38.0
[INFO] [stderr]    Compiling gix-fs v0.8.1
[INFO] [stderr]    Compiling gix-glob v0.14.1
[INFO] [stderr]    Compiling gix-commitgraph v0.22.1
[INFO] [stderr]    Compiling gix-url v0.25.2
[INFO] [stderr]    Compiling serde_yaml v0.9.30
[INFO] [stderr]    Compiling gix-tempfile v11.0.1
[INFO] [stderr]    Compiling gix-lock v11.0.1
[INFO] [stderr]    Compiling gix-attributes v0.20.1
[INFO] [stderr]    Compiling gix-ignore v0.9.1
[INFO] [stderr]    Compiling tinytemplate v1.2.1
[INFO] [stderr]    Compiling criterion v0.5.1
[INFO] [stderr]    Compiling gix-revwalk v0.9.0
[INFO] [stderr]    Compiling gix-ref v0.38.0
[INFO] [stderr]    Compiling gix-pathspec v0.4.1
[INFO] [stderr]    Compiling gix-pack v0.44.0
[INFO] [stderr]    Compiling gix-traverse v0.34.0
[INFO] [stderr]    Compiling gix-revision v0.23.0
[INFO] [stderr]    Compiling gix-index v0.26.0
[INFO] [stderr]    Compiling gix-refspec v0.19.0
[INFO] [stderr]    Compiling gix-config v0.31.0
[INFO] [stderr]    Compiling gix-odb v0.54.0
[INFO] [stderr]    Compiling gix-worktree v0.27.0
[INFO] [stderr]    Compiling gix-discover v0.26.0
[INFO] [stderr]    Compiling gix-filter v0.6.0
[INFO] [stderr]    Compiling gix-diff v0.37.0
[INFO] [stderr]    Compiling gix-submodule v0.5.0
[INFO] [stderr]    Compiling gix v0.55.2
[INFO] [stderr]    Compiling gengo v0.8.2 (/opt/rustwide/workdir)
[INFO] [stderr]     Finished test [unoptimized + debuginfo] target(s) in 21.09s
[INFO] running `Command { std: "docker" "inspect" "4eb734323e70dec537501b1c64151ef449d4578dbc41283a8d64454f49f729f0", kill_on_drop: false }`
[INFO] running `Command { std: "docker" "rm" "-f" "4eb734323e70dec537501b1c64151ef449d4578dbc41283a8d64454f49f729f0", kill_on_drop: false }`
[INFO] [stdout] 4eb734323e70dec537501b1c64151ef449d4578dbc41283a8d64454f49f729f0
[INFO] running `Command { std: "docker" "create" "-v" "/var/lib/crater-agent-workspace/builds/worker-1-tc1/target:/opt/rustwide/target:rw,Z" "-v" "/var/lib/crater-agent-workspace/builds/worker-1-tc1/source:/opt/rustwide/workdir:ro,Z" "-v" "/var/lib/crater-agent-workspace/cargo-home:/opt/rustwide/cargo-home:ro,Z" "-v" "/var/lib/crater-agent-workspace/rustup-home:/opt/rustwide/rustup-home:ro,Z" "-e" "SOURCE_DIR=/opt/rustwide/workdir" "-e" "CARGO_TARGET_DIR=/opt/rustwide/target" "-e" "CARGO_INCREMENTAL=0" "-e" "RUST_BACKTRACE=full" "-e" "RUSTFLAGS=--cap-lints=warn" "-e" "RUSTDOCFLAGS=--cap-lints=warn" "-e" "CARGO_HOME=/opt/rustwide/cargo-home" "-e" "RUSTUP_HOME=/opt/rustwide/rustup-home" "-w" "/opt/rustwide/workdir" "-m" "1610612736" "--user" "0:0" "--network" "none" "ghcr.io/rust-lang/crates-build-env/linux@sha256:2788e3201cd34a07e3172128adcd8b3090168a8e3bcc40d7c032b9dda1df7d1c" "/opt/rustwide/cargo-home/bin/cargo" "+1.75.0" "test" "--frozen", kill_on_drop: false }`
[INFO] [stdout] 5ecaf5e842162cf9fa9b95d06a5130efbf828aef88c4fd0a52caa06758f63e11
[INFO] running `Command { std: "docker" "start" "-a" "5ecaf5e842162cf9fa9b95d06a5130efbf828aef88c4fd0a52caa06758f63e11", kill_on_drop: false }`
[INFO] [stderr]     Finished test [unoptimized + debuginfo] target(s) in 0.16s
[INFO] [stderr]      Running unittests src/lib.rs (/opt/rustwide/target/debug/deps/gengo-81a742333cb0e8ad)
[INFO] [stdout] 
[INFO] [stdout] running 38 tests
[INFO] [stdout] test documentation::tests::test_is_documentation_no_read::case_07 ... ok
[INFO] [stdout] test documentation::tests::test_is_documentation_no_read::case_08 ... ok
[INFO] [stdout] test documentation::tests::test_is_documentation_no_read::case_03 ... ok
[INFO] [stdout] test documentation::tests::test_is_documentation_no_read::case_06 ... ok
[INFO] [stdout] test documentation::tests::test_is_documentation_no_read::case_01 ... ok
[INFO] [stdout] test documentation::tests::test_is_documentation_no_read::case_05 ... ok
[INFO] [stdout] test documentation::tests::test_is_documentation_no_read::case_04 ... ok
[INFO] [stdout] test documentation::tests::test_is_documentation_no_read::case_02 ... ok
[INFO] [stdout] test documentation::tests::test_is_documentation_no_read::case_09 ... ok
[INFO] [stdout] test documentation::tests::test_is_documentation_no_read::case_10 ... ok
[INFO] [stdout] test documentation::tests::test_is_documentation_no_read::case_11 ... ok
[INFO] [stdout] test documentation::tests::test_is_documentation_no_read::case_13 ... ok
[INFO] [stdout] test documentation::tests::test_is_documentation_no_read::case_14 ... ok
[INFO] [stdout] test generated::tests::test_is_generated_no_read::case_01 ... ok
[INFO] [stdout] test documentation::tests::test_is_documentation_no_read::case_12 ... ok
[INFO] [stdout] test generated::tests::test_is_generated_no_read::case_04 ... ok
[INFO] [stdout] test generated::tests::test_is_generated_no_read::case_07 ... ok
[INFO] [stdout] test generated::tests::test_is_generated_no_read::case_02 ... ok
[INFO] [stdout] test generated::tests::test_is_generated_no_read::case_03 ... ok
[INFO] [stdout] test generated::tests::test_is_generated_no_read::case_06 ... ok
[INFO] [stdout] test generated::tests::test_is_generated_no_read::case_05 ... ok
[INFO] [stdout] test generated::tests::test_is_generated_no_read::case_08 ... ok
[INFO] [stdout] test generated::tests::test_is_generated_no_read::case_10 ... ok
[INFO] [stdout] test languages::matcher::tests::test_rejects_pattern::case_1 ... ok
[INFO] [stdout] test languages::matcher::tests::test_matches_pattern::case_1 ... ok
[INFO] [stdout] test generated::tests::test_is_generated_no_read::case_09 ... ok
[INFO] [stdout] test languages::matcher::tests::test_matches_pattern::case_2 ... ok
[INFO] [stdout] test vendored::tests::test_is_vendored_no_read::case_1 ... ok
[INFO] [stdout] test vendored::tests::test_is_vendored_no_read::case_2 ... ok
[INFO] [stdout] test languages::matcher::tests::test_matches_extension ... ok
[INFO] [stdout] test languages::matcher::tests::test_matches_filename ... ok
[INFO] [stdout] test vendored::tests::test_is_vendored_no_read::case_4 ... ok
[INFO] [stdout] test vendored::tests::test_is_vendored_no_read::case_5 ... ok
[INFO] [stdout] test vendored::tests::test_is_vendored_no_read::case_3 ... ok
[INFO] [stdout] test vendored::tests::test_is_vendored_no_read::case_6 ... ok
[INFO] [stdout] test vendored::tests::test_is_vendored_no_read::case_7 ... ok
[INFO] [stdout] test generated::tests::test_likely_minified ... ok
[INFO] [stdout] test languages::matcher::tests::test_matches_shebang ... ok
[INFO] [stdout] 
[INFO] [stdout] test result: ok. 38 passed; 0 failed; 0 ignored; 0 measured; 0 filtered out; finished in 0.01s
[INFO] [stdout] 
[INFO] [stderr]      Running tests/analyzers_tests.rs (/opt/rustwide/target/debug/deps/analyzers_tests-8164d81aa4d6487a)
[INFO] [stdout] 
[INFO] [stdout] running 10 tests
[INFO] [stdout] test test_pick_find_none ... ok
[INFO] [stdout] test test_pick_filepath_pattern ... ok
[INFO] [stdout] test test_pick_filename ... ok
[INFO] [stdout] test test_no_heuristic_match_returns_original_set ... ok
[INFO] [stdout] test test_pick_find_multiple ... ok
[INFO] [stdout] test test_pick_find_one ... ok
[INFO] [stdout] test test_by_filepath_json_with_comments ... ok
[INFO] [stdout] test test_by_shebang_shell ... ok
[INFO] [stdout] test test_with_heuristics ... ok
[INFO] [stdout] test test_simple ... ok
[INFO] [stdout] 
[INFO] [stdout] test result: ok. 10 passed; 0 failed; 0 ignored; 0 measured; 0 filtered out; finished in 0.03s
[INFO] [stdout] 
[INFO] [stderr]      Running tests/gengo_test.rs (/opt/rustwide/target/debug/deps/gengo_test-b079e92d0c5c202d)
[INFO] [stdout] 
[INFO] [stdout] running 2 tests
[INFO] [stdout] test test_directory_fixtures ... ok
[INFO] [stdout] test test_git_javascript ... FAILED
[INFO] [stdout] 
[INFO] [stdout] failures:
[INFO] [stdout] 
[INFO] [stdout] ---- test_git_javascript stdout ----
[INFO] [stdout] thread 'test_git_javascript' panicked at tests/gengo_test.rs:13:49:
[INFO] [stdout] called `Result::unwrap()` on an `Err` value: Error { kind: NoRepository, source: Some(NoGitRepositoryWithinFs { path: "/opt/rustwide/workdir", limit: "/opt/rustwide" }) }
[INFO] [stdout] stack backtrace:
[INFO] [stdout]    0:     0x55ee04b7ab8c - std::backtrace_rs::backtrace::libunwind::trace::ha637c64ce894333a
[INFO] [stdout]                                at /rustc/82e1608dfa6e0b5569232559e3d385fea5a93112/library/std/src/../../backtrace/src/backtrace/libunwind.rs:104:5
[INFO] [stdout]    1:     0x55ee04b7ab8c - std::backtrace_rs::backtrace::trace_unsynchronized::h47f62dea28e0c88d
[INFO] [stdout]                                at /rustc/82e1608dfa6e0b5569232559e3d385fea5a93112/library/std/src/../../backtrace/src/backtrace/mod.rs:66:5
[INFO] [stdout]    2:     0x55ee04b7ab8c - std::sys_common::backtrace::_print_fmt::h9eef0abe20ede486
[INFO] [stdout]                                at /rustc/82e1608dfa6e0b5569232559e3d385fea5a93112/library/std/src/sys_common/backtrace.rs:67:5
[INFO] [stdout]    3:     0x55ee04b7ab8c - <std::sys_common::backtrace::_print::DisplayBacktrace as core::fmt::Display>::fmt::hed7f999df88cc644
[INFO] [stdout]                                at /rustc/82e1608dfa6e0b5569232559e3d385fea5a93112/library/std/src/sys_common/backtrace.rs:44:22
[INFO] [stdout]    4:     0x55ee04ba84c0 - core::fmt::rt::Argument::fmt::h1539a9308b8d058d
[INFO] [stdout]                                at /rustc/82e1608dfa6e0b5569232559e3d385fea5a93112/library/core/src/fmt/rt.rs:142:9
[INFO] [stdout]    5:     0x55ee04ba84c0 - core::fmt::write::h3a39390d8560d9c9
[INFO] [stdout]                                at /rustc/82e1608dfa6e0b5569232559e3d385fea5a93112/library/core/src/fmt/mod.rs:1120:17
[INFO] [stdout]    6:     0x55ee04b7727f - std::io::Write::write_fmt::h040b369f3a0f9cbc
[INFO] [stdout]                                at /rustc/82e1608dfa6e0b5569232559e3d385fea5a93112/library/std/src/io/mod.rs:1762:15
[INFO] [stdout]    7:     0x55ee04b7a974 - std::sys_common::backtrace::_print::h894006fb5c6f3d45
[INFO] [stdout]                                at /rustc/82e1608dfa6e0b5569232559e3d385fea5a93112/library/std/src/sys_common/backtrace.rs:47:5
[INFO] [stdout]    8:     0x55ee04b7a974 - std::sys_common::backtrace::print::h23a2d212c6fff936
[INFO] [stdout]                                at /rustc/82e1608dfa6e0b5569232559e3d385fea5a93112/library/std/src/sys_common/backtrace.rs:34:9
[INFO] [stdout]    9:     0x55ee04b7c637 - std::panicking::default_hook::{{closure}}::h8a1d2ee00185001a
[INFO] [stdout]   10:     0x55ee04b7c323 - std::panicking::default_hook::h6038f2eba384e475
[INFO] [stdout]                                at /rustc/82e1608dfa6e0b5569232559e3d385fea5a93112/library/std/src/panicking.rs:289:9
[INFO] [stdout]   11:     0x55ee04216f77 - <alloc::boxed::Box<F,A> as core::ops::function::Fn<Args>>::call::h0ad024c9bdc6d768
[INFO] [stdout]                                at /rustc/82e1608dfa6e0b5569232559e3d385fea5a93112/library/alloc/src/boxed.rs:2021:9
[INFO] [stdout]   12:     0x55ee04216f77 - test::test_main::{{closure}}::h7500b54257359db6
[INFO] [stdout]                                at /rustc/82e1608dfa6e0b5569232559e3d385fea5a93112/library/test/src/lib.rs:138:21
[INFO] [stdout]   13:     0x55ee04b7cc48 - <alloc::boxed::Box<F,A> as core::ops::function::Fn<Args>>::call::h1f8f335eaa9cfaee
[INFO] [stdout]                                at /rustc/82e1608dfa6e0b5569232559e3d385fea5a93112/library/alloc/src/boxed.rs:2021:9
[INFO] [stdout]   14:     0x55ee04b7cc48 - std::panicking::rust_panic_with_hook::h2b5517d590cab22e
[INFO] [stdout]                                at /rustc/82e1608dfa6e0b5569232559e3d385fea5a93112/library/std/src/panicking.rs:783:13
[INFO] [stdout]   15:     0x55ee04b7c99e - std::panicking::begin_panic_handler::{{closure}}::h233112c06e0ef43e
[INFO] [stdout]                                at /rustc/82e1608dfa6e0b5569232559e3d385fea5a93112/library/std/src/panicking.rs:657:13
[INFO] [stdout]   16:     0x55ee04b7b056 - std::sys_common::backtrace::__rust_end_short_backtrace::h6e893f24d7ebbff8
[INFO] [stdout]                                at /rustc/82e1608dfa6e0b5569232559e3d385fea5a93112/library/std/src/sys_common/backtrace.rs:170:18
[INFO] [stdout]   17:     0x55ee04b7c702 - rust_begin_unwind
[INFO] [stdout]                                at /rustc/82e1608dfa6e0b5569232559e3d385fea5a93112/library/std/src/panicking.rs:645:5
[INFO] [stdout]   18:     0x55ee040566a5 - core::panicking::panic_fmt::hbf0e066aabfa482c
[INFO] [stdout]                                at /rustc/82e1608dfa6e0b5569232559e3d385fea5a93112/library/core/src/panicking.rs:72:14
[INFO] [stdout]   19:     0x55ee04056cd3 - core::result::unwrap_failed::hddb4fea594200c52
[INFO] [stdout]                                at /rustc/82e1608dfa6e0b5569232559e3d385fea5a93112/library/core/src/result.rs:1653:5
[INFO] [stdout]   20:     0x55ee04095bd8 - core::result::Result<T,E>::unwrap::h6a21fa97bb48c6b7
[INFO] [stdout]                                at /rustc/82e1608dfa6e0b5569232559e3d385fea5a93112/library/core/src/result.rs:1077:23
[INFO] [stdout]   21:     0x55ee0407e6b1 - gengo_test::test_git_javascript::h059e91e6943417f0
[INFO] [stdout]                                at /opt/rustwide/workdir/tests/gengo_test.rs:13:15
[INFO] [stdout]   22:     0x55ee0407e577 - gengo_test::test_git_javascript::{{closure}}::h3920de48102f79a8
[INFO] [stdout]                                at /opt/rustwide/workdir/tests/gengo_test.rs:8:25
[INFO] [stdout]   23:     0x55ee04077c86 - core::ops::function::FnOnce::call_once::h5b4a1242f52b3050
[INFO] [stdout]                                at /rustc/82e1608dfa6e0b5569232559e3d385fea5a93112/library/core/src/ops/function.rs:250:5
[INFO] [stdout]   24:     0x55ee0421c5cf - core::ops::function::FnOnce::call_once::h2b5d431d5046312d
[INFO] [stdout]                                at /rustc/82e1608dfa6e0b5569232559e3d385fea5a93112/library/core/src/ops/function.rs:250:5
[INFO] [stdout]   25:     0x55ee0421c5cf - test::__rust_begin_short_backtrace::h7714669af176e207
[INFO] [stdout]                                at /rustc/82e1608dfa6e0b5569232559e3d385fea5a93112/library/test/src/lib.rs:628:18
[INFO] [stdout]   26:     0x55ee0421b5e5 - test::run_test_in_process::{{closure}}::h85218797dcbcec12
[INFO] [stdout]                                at /rustc/82e1608dfa6e0b5569232559e3d385fea5a93112/library/test/src/lib.rs:651:60
[INFO] [stdout]   27:     0x55ee0421b5e5 - <core::panic::unwind_safe::AssertUnwindSafe<F> as core::ops::function::FnOnce<()>>::call_once::h76c106ea31c14d7b
[INFO] [stdout]                                at /rustc/82e1608dfa6e0b5569232559e3d385fea5a93112/library/core/src/panic/unwind_safe.rs:272:9
[INFO] [stdout]   28:     0x55ee0421b5e5 - std::panicking::try::do_call::h3bd5d0f6620ee946
[INFO] [stdout]                                at /rustc/82e1608dfa6e0b5569232559e3d385fea5a93112/library/std/src/panicking.rs:552:40
[INFO] [stdout]   29:     0x55ee0421b5e5 - std::panicking::try::h232e535e4744fe31
[INFO] [stdout]                                at /rustc/82e1608dfa6e0b5569232559e3d385fea5a93112/library/std/src/panicking.rs:516:19
[INFO] [stdout]   30:     0x55ee0421b5e5 - std::panic::catch_unwind::h3ce3bd6ca8dbac68
[INFO] [stdout]                                at /rustc/82e1608dfa6e0b5569232559e3d385fea5a93112/library/std/src/panic.rs:142:14
[INFO] [stdout]   31:     0x55ee0421b5e5 - test::run_test_in_process::hc97b257c9621286a
[INFO] [stdout]                                at /rustc/82e1608dfa6e0b5569232559e3d385fea5a93112/library/test/src/lib.rs:651:27
[INFO] [stdout]   32:     0x55ee0421b5e5 - test::run_test::{{closure}}::h2aa798823a438d38
[INFO] [stdout]                                at /rustc/82e1608dfa6e0b5569232559e3d385fea5a93112/library/test/src/lib.rs:574:43
[INFO] [stdout]   33:     0x55ee041e38a6 - test::run_test::{{closure}}::h87d231c78fb59832
[INFO] [stdout]                                at /rustc/82e1608dfa6e0b5569232559e3d385fea5a93112/library/test/src/lib.rs:602:41
[INFO] [stdout]   34:     0x55ee041e38a6 - std::sys_common::backtrace::__rust_begin_short_backtrace::he6df152596625789
[INFO] [stdout]                                at /rustc/82e1608dfa6e0b5569232559e3d385fea5a93112/library/std/src/sys_common/backtrace.rs:154:18
[INFO] [stdout]   35:     0x55ee041e8957 - std::thread::Builder::spawn_unchecked_::{{closure}}::{{closure}}::ha94be15d1e0acf36
[INFO] [stdout]                                at /rustc/82e1608dfa6e0b5569232559e3d385fea5a93112/library/std/src/thread/mod.rs:529:17
[INFO] [stdout]   36:     0x55ee041e8957 - <core::panic::unwind_safe::AssertUnwindSafe<F> as core::ops::function::FnOnce<()>>::call_once::h9dc6bd6372f16606
[INFO] [stdout]                                at /rustc/82e1608dfa6e0b5569232559e3d385fea5a93112/library/core/src/panic/unwind_safe.rs:272:9
[INFO] [stdout]   37:     0x55ee041e8957 - std::panicking::try::do_call::h9057517f80303cd4
[INFO] [stdout]                                at /rustc/82e1608dfa6e0b5569232559e3d385fea5a93112/library/std/src/panicking.rs:552:40
[INFO] [stdout]   38:     0x55ee041e8957 - std::panicking::try::he3a30b11ee45340c
[INFO] [stdout]                                at /rustc/82e1608dfa6e0b5569232559e3d385fea5a93112/library/std/src/panicking.rs:516:19
[INFO] [stdout]   39:     0x55ee041e8957 - std::panic::catch_unwind::h410458cfd3528b8b
[INFO] [stdout]                                at /rustc/82e1608dfa6e0b5569232559e3d385fea5a93112/library/std/src/panic.rs:142:14
[INFO] [stdout]   40:     0x55ee041e8957 - std::thread::Builder::spawn_unchecked_::{{closure}}::h72ac3bdb567b737b
[INFO] [stdout]                                at /rustc/82e1608dfa6e0b5569232559e3d385fea5a93112/library/std/src/thread/mod.rs:528:30
[INFO] [stdout]   41:     0x55ee041e8957 - core::ops::function::FnOnce::call_once{{vtable.shim}}::h38f34da3654a8344
[INFO] [stdout]                                at /rustc/82e1608dfa6e0b5569232559e3d385fea5a93112/library/core/src/ops/function.rs:250:5
[INFO] [stdout]   42:     0x55ee04b821f5 - <alloc::boxed::Box<F,A> as core::ops::function::FnOnce<Args>>::call_once::hc7eafaff61e32df9
[INFO] [stdout]                                at /rustc/82e1608dfa6e0b5569232559e3d385fea5a93112/library/alloc/src/boxed.rs:2007:9
[INFO] [stdout]   43:     0x55ee04b821f5 - <alloc::boxed::Box<F,A> as core::ops::function::FnOnce<Args>>::call_once::h6ba4a5de48dd2304
[INFO] [stdout]                                at /rustc/82e1608dfa6e0b5569232559e3d385fea5a93112/library/alloc/src/boxed.rs:2007:9
[INFO] [stdout]   44:     0x55ee04b821f5 - std::sys::unix::thread::Thread::new::thread_start::he469335aef763e45
[INFO] [stdout]                                at /rustc/82e1608dfa6e0b5569232559e3d385fea5a93112/library/std/src/sys/unix/thread.rs:108:17
[INFO] [stdout]   45:     0x7f19e6670ac3 - <unknown>
[INFO] [stdout]   46:     0x7f19e6701bf4 - __clone
[INFO] [stdout]   47:                0x0 - <unknown>
[INFO] [stdout] 
[INFO] [stdout] 
[INFO] [stdout] failures:
[INFO] [stdout]     test_git_javascript
[INFO] [stdout] 
[INFO] [stdout] test result: FAILED. 1 passed; 1 failed; 0 ignored; 0 measured; 0 filtered out; finished in 0.04s
[INFO] [stdout] 
[INFO] [stderr] error: test failed, to rerun pass `--test gengo_test`
[INFO] running `Command { std: "docker" "inspect" "5ecaf5e842162cf9fa9b95d06a5130efbf828aef88c4fd0a52caa06758f63e11", kill_on_drop: false }`
[INFO] running `Command { std: "docker" "rm" "-f" "5ecaf5e842162cf9fa9b95d06a5130efbf828aef88c4fd0a52caa06758f63e11", kill_on_drop: false }`
[INFO] [stdout] 5ecaf5e842162cf9fa9b95d06a5130efbf828aef88c4fd0a52caa06758f63e11
[INFO] testing gengo-0.8.2 against beta-2023-12-22 for beta-1.76-1
[INFO] extracting crate gengo 0.8.2 into /workspace/builds/worker-1-tc2/source
[INFO] validating manifest of crates.io crate gengo 0.8.2 on toolchain beta-2023-12-22
[INFO] running `Command { std: CARGO_HOME="/workspace/cargo-home" RUSTUP_HOME="/workspace/rustup-home" "/workspace/cargo-home/bin/cargo" "+beta-2023-12-22" "metadata" "--manifest-path" "Cargo.toml" "--no-deps", kill_on_drop: false }`
[INFO] started tweaking crates.io crate gengo 0.8.2
[INFO] finished tweaking crates.io crate gengo 0.8.2
[INFO] tweaked toml for crates.io crate gengo 0.8.2 written to /workspace/builds/worker-1-tc2/source/Cargo.toml
[INFO] running `Command { std: CARGO_HOME="/workspace/cargo-home" RUSTUP_HOME="/workspace/rustup-home" "/workspace/cargo-home/bin/cargo" "+beta-2023-12-22" "generate-lockfile" "--manifest-path" "Cargo.toml", kill_on_drop: false }`
[INFO] [stderr]     Updating crates.io index
[INFO] running `Command { std: CARGO_HOME="/workspace/cargo-home" RUSTUP_HOME="/workspace/rustup-home" "/workspace/cargo-home/bin/cargo" "+beta-2023-12-22" "fetch" "--manifest-path" "Cargo.toml", kill_on_drop: false }`
[INFO] running `Command { std: "docker" "create" "-v" "/var/lib/crater-agent-workspace/builds/worker-1-tc2/target:/opt/rustwide/target:rw,Z" "-v" "/var/lib/crater-agent-workspace/builds/worker-1-tc2/source:/opt/rustwide/workdir:ro,Z" "-v" "/var/lib/crater-agent-workspace/cargo-home:/opt/rustwide/cargo-home:ro,Z" "-v" "/var/lib/crater-agent-workspace/rustup-home:/opt/rustwide/rustup-home:ro,Z" "-e" "SOURCE_DIR=/opt/rustwide/workdir" "-e" "CARGO_TARGET_DIR=/opt/rustwide/target" "-e" "CARGO_HOME=/opt/rustwide/cargo-home" "-e" "RUSTUP_HOME=/opt/rustwide/rustup-home" "-w" "/opt/rustwide/workdir" "-m" "1610612736" "--user" "0:0" "--network" "none" "ghcr.io/rust-lang/crates-build-env/linux@sha256:2788e3201cd34a07e3172128adcd8b3090168a8e3bcc40d7c032b9dda1df7d1c" "/opt/rustwide/cargo-home/bin/cargo" "+beta-2023-12-22" "metadata" "--no-deps" "--format-version=1", kill_on_drop: false }`
[INFO] [stdout] a7c06a4ec9399b7beb16d601332faed0d9754a68a816411f2c8e9638d079ae3d
[INFO] running `Command { std: "docker" "start" "-a" "a7c06a4ec9399b7beb16d601332faed0d9754a68a816411f2c8e9638d079ae3d", kill_on_drop: false }`
[INFO] running `Command { std: "docker" "inspect" "a7c06a4ec9399b7beb16d601332faed0d9754a68a816411f2c8e9638d079ae3d", kill_on_drop: false }`
[INFO] running `Command { std: "docker" "rm" "-f" "a7c06a4ec9399b7beb16d601332faed0d9754a68a816411f2c8e9638d079ae3d", kill_on_drop: false }`
[INFO] [stdout] a7c06a4ec9399b7beb16d601332faed0d9754a68a816411f2c8e9638d079ae3d
[INFO] running `Command { std: "docker" "create" "-v" "/var/lib/crater-agent-workspace/builds/worker-1-tc2/target:/opt/rustwide/target:rw,Z" "-v" "/var/lib/crater-agent-workspace/builds/worker-1-tc2/source:/opt/rustwide/workdir:ro,Z" "-v" "/var/lib/crater-agent-workspace/cargo-home:/opt/rustwide/cargo-home:ro,Z" "-v" "/var/lib/crater-agent-workspace/rustup-home:/opt/rustwide/rustup-home:ro,Z" "-e" "SOURCE_DIR=/opt/rustwide/workdir" "-e" "CARGO_TARGET_DIR=/opt/rustwide/target" "-e" "CARGO_INCREMENTAL=0" "-e" "RUST_BACKTRACE=full" "-e" "RUSTFLAGS=--cap-lints=warn" "-e" "RUSTDOCFLAGS=--cap-lints=warn" "-e" "CARGO_HOME=/opt/rustwide/cargo-home" "-e" "RUSTUP_HOME=/opt/rustwide/rustup-home" "-w" "/opt/rustwide/workdir" "-m" "1610612736" "--user" "0:0" "--network" "none" "ghcr.io/rust-lang/crates-build-env/linux@sha256:2788e3201cd34a07e3172128adcd8b3090168a8e3bcc40d7c032b9dda1df7d1c" "/opt/rustwide/cargo-home/bin/cargo" "+beta-2023-12-22" "build" "--frozen" "--message-format=json", kill_on_drop: false }`
[INFO] [stdout] 43bce7a319ea61c0720315b6a8a1af0ed178b5fbcf11351594ee99045a040412
[INFO] running `Command { std: "docker" "start" "-a" "43bce7a319ea61c0720315b6a8a1af0ed178b5fbcf11351594ee99045a040412", kill_on_drop: false }`
[INFO] [stderr]    Compiling crossbeam-utils v0.8.18
[INFO] [stderr]    Compiling regex-syntax v0.8.2
[INFO] [stderr]    Compiling lock_api v0.4.11
[INFO] [stderr]    Compiling parking_lot_core v0.9.9
[INFO] [stderr]    Compiling rayon-core v1.12.0
[INFO] [stderr]    Compiling syn v2.0.48
[INFO] [stderr]    Compiling scopeguard v1.2.0
[INFO] [stderr]    Compiling smallvec v1.11.2
[INFO] [stderr]    Compiling crc32fast v1.3.2
[INFO] [stderr]    Compiling gix-trace v0.1.6
[INFO] [stderr]    Compiling adler v1.0.2
[INFO] [stderr]    Compiling same-file v1.0.6
[INFO] [stderr]    Compiling either v1.9.0
[INFO] [stderr]    Compiling once_cell v1.19.0
[INFO] [stderr]    Compiling walkdir v2.4.0
[INFO] [stderr]    Compiling parking_lot v0.12.1
[INFO] [stderr]    Compiling miniz_oxide v0.7.1
[INFO] [stderr]    Compiling sha1_smol v1.0.0
[INFO] [stderr]    Compiling prodash v26.2.2
[INFO] [stderr]    Compiling crossbeam-epoch v0.9.17
[INFO] [stderr]    Compiling crossbeam-queue v0.3.10
[INFO] [stderr]    Compiling crossbeam-channel v0.5.10
[INFO] [stderr]    Compiling flate2 v1.0.28
[INFO] [stderr]    Compiling num-traits v0.2.17
[INFO] [stderr]    Compiling crossbeam-deque v0.8.4
[INFO] [stderr]    Compiling powerfmt v0.2.0
[INFO] [stderr]    Compiling crossbeam v0.8.3
[INFO] [stderr]    Compiling bitflags v2.4.1
[INFO] [stderr]    Compiling time-core v0.1.2
[INFO] [stderr]    Compiling deranged v0.3.11
[INFO] [stderr]    Compiling time-macros v0.2.16
[INFO] [stderr]    Compiling num_threads v0.1.6
[INFO] [stderr]    Compiling winnow v0.5.32
[INFO] [stderr]    Compiling home v0.5.9
[INFO] [stderr]    Compiling regex-automata v0.4.3
[INFO] [stderr]    Compiling rayon v1.8.0
[INFO] [stderr]    Compiling rustix v0.38.28
[INFO] [stderr]    Compiling linux-raw-sys v0.4.12
[INFO] [stderr]    Compiling btoi v0.4.3
[INFO] [stderr]    Compiling hashbrown v0.14.3
[INFO] [stderr]    Compiling fastrand v2.0.1
[INFO] [stderr]    Compiling time v0.3.31
[INFO] [stderr]    Compiling memmap2 v0.7.1
[INFO] [stderr]    Compiling jwalk v0.8.1
[INFO] [stderr]    Compiling memmap2 v0.9.3
[INFO] [stderr]    Compiling gix-utils v0.1.8
[INFO] [stderr]    Compiling unicode-bom v2.0.3
[INFO] [stderr]    Compiling tinyvec_macros v0.1.1
[INFO] [stderr]    Compiling kstring v2.0.0
[INFO] [stderr]    Compiling tinyvec v1.6.0
[INFO] [stderr]    Compiling equivalent v1.0.1
[INFO] [stderr]    Compiling percent-encoding v2.3.1
[INFO] [stderr]    Compiling unicode-bidi v0.3.14
[INFO] [stderr]    Compiling bstr v1.9.0
[INFO] [stderr]    Compiling form_urlencoded v1.2.1
[INFO] [stderr]    Compiling gix-sec v0.10.3
[INFO] [stderr]    Compiling unsafe-libyaml v0.2.10
[INFO] [stderr]    Compiling thiserror-impl v1.0.56
[INFO] [stderr]    Compiling serde_derive v1.0.194
[INFO] [stderr]    Compiling tempfile v3.9.0
[INFO] [stderr]    Compiling unicode-normalization v0.1.22
[INFO] [stderr]    Compiling idna v0.5.0
[INFO] [stderr]    Compiling uluru v3.0.0
[INFO] [stderr]    Compiling filetime v0.2.23
[INFO] [stderr]    Compiling clru v0.6.1
[INFO] [stderr]    Compiling gix-command v0.2.10
[INFO] [stderr]    Compiling serde_json v1.0.111
[INFO] [stderr]    Compiling url v2.5.0
[INFO] [stderr]    Compiling indexmap v2.1.0
[INFO] [stderr]    Compiling encoding_rs v0.8.33
[INFO] [stderr]    Compiling thiserror v1.0.56
[INFO] [stderr]    Compiling gix-date v0.8.3
[INFO] [stderr]    Compiling gix-validate v0.8.3
[INFO] [stderr]    Compiling gix-actor v0.28.1
[INFO] [stderr]    Compiling gix-path v0.10.3
[INFO] [stderr]    Compiling gix-chunk v0.4.7
[INFO] [stderr]    Compiling gix-quote v0.4.10
[INFO] [stderr]    Compiling gix-config-value v0.14.3
[INFO] [stderr]    Compiling gix-bitmap v0.2.10
[INFO] [stderr]    Compiling serde_yaml v0.9.30
[INFO] [stderr]    Compiling log v0.4.20
[INFO] [stderr]    Compiling arc-swap v1.6.0
[INFO] [stderr]    Compiling globset v0.4.14
[INFO] [stderr]    Compiling gix-macros v0.1.3
[INFO] [stderr]    Compiling regex v1.10.2
[INFO] [stderr]    Compiling glob v0.3.1
[INFO] [stderr]    Compiling ignore v0.4.21
[INFO] [stderr]    Compiling serde v1.0.194
[INFO] [stderr]    Compiling gengo v0.8.2 (/opt/rustwide/workdir)
[INFO] [stderr]    Compiling faster-hex v0.9.0
[INFO] [stderr]    Compiling faster-hex v0.8.1
[INFO] [stderr]    Compiling gix-packetline-blocking v0.16.6
[INFO] [stderr]    Compiling gix-hash v0.13.3
[INFO] [stderr]    Compiling gix-features v0.36.1
[INFO] [stderr]    Compiling gix-hashtable v0.4.1
[INFO] [stderr]    Compiling gix-object v0.38.0
[INFO] [stderr]    Compiling gix-fs v0.8.1
[INFO] [stderr]    Compiling gix-commitgraph v0.22.1
[INFO] [stderr]    Compiling gix-glob v0.14.1
[INFO] [stderr]    Compiling gix-url v0.25.2
[INFO] [stderr]    Compiling gix-tempfile v11.0.1
[INFO] [stderr]    Compiling gix-attributes v0.20.1
[INFO] [stderr]    Compiling gix-lock v11.0.1
[INFO] [stderr]    Compiling gix-ignore v0.9.1
[INFO] [stderr]    Compiling gix-pathspec v0.4.1
[INFO] [stderr]    Compiling gix-revwalk v0.9.0
[INFO] [stderr]    Compiling gix-ref v0.38.0
[INFO] [stderr]    Compiling gix-pack v0.44.0
[INFO] [stderr]    Compiling gix-traverse v0.34.0
[INFO] [stderr]    Compiling gix-revision v0.23.0
[INFO] [stderr]    Compiling gix-index v0.26.0
[INFO] [stderr]    Compiling gix-filter v0.6.0
[INFO] [stderr]    Compiling gix-diff v0.37.0
[INFO] [stderr]    Compiling gix-refspec v0.19.0
[INFO] [stderr]    Compiling gix-config v0.31.0
[INFO] [stderr]    Compiling gix-odb v0.54.0
[INFO] [stderr]    Compiling gix-worktree v0.27.0
[INFO] [stderr]    Compiling gix-discover v0.26.0
[INFO] [stderr]    Compiling gix-submodule v0.5.0
[INFO] [stderr]    Compiling gix v0.55.2
[INFO] [stderr]     Finished dev [unoptimized + debuginfo] target(s) in 28.30s
[INFO] running `Command { std: "docker" "inspect" "43bce7a319ea61c0720315b6a8a1af0ed178b5fbcf11351594ee99045a040412", kill_on_drop: false }`
[INFO] running `Command { std: "docker" "rm" "-f" "43bce7a319ea61c0720315b6a8a1af0ed178b5fbcf11351594ee99045a040412", kill_on_drop: false }`
[INFO] [stdout] 43bce7a319ea61c0720315b6a8a1af0ed178b5fbcf11351594ee99045a040412
[INFO] running `Command { std: "docker" "create" "-v" "/var/lib/crater-agent-workspace/builds/worker-1-tc2/target:/opt/rustwide/target:rw,Z" "-v" "/var/lib/crater-agent-workspace/builds/worker-1-tc2/source:/opt/rustwide/workdir:ro,Z" "-v" "/var/lib/crater-agent-workspace/cargo-home:/opt/rustwide/cargo-home:ro,Z" "-v" "/var/lib/crater-agent-workspace/rustup-home:/opt/rustwide/rustup-home:ro,Z" "-e" "SOURCE_DIR=/opt/rustwide/workdir" "-e" "CARGO_TARGET_DIR=/opt/rustwide/target" "-e" "CARGO_INCREMENTAL=0" "-e" "RUST_BACKTRACE=full" "-e" "RUSTFLAGS=--cap-lints=warn" "-e" "RUSTDOCFLAGS=--cap-lints=warn" "-e" "CARGO_HOME=/opt/rustwide/cargo-home" "-e" "RUSTUP_HOME=/opt/rustwide/rustup-home" "-w" "/opt/rustwide/workdir" "-m" "1610612736" "--user" "0:0" "--network" "none" "ghcr.io/rust-lang/crates-build-env/linux@sha256:2788e3201cd34a07e3172128adcd8b3090168a8e3bcc40d7c032b9dda1df7d1c" "/opt/rustwide/cargo-home/bin/cargo" "+beta-2023-12-22" "test" "--frozen" "--no-run" "--message-format=json", kill_on_drop: false }`
[INFO] [stdout] 8ae7df12f901b83a04c7394d045f0085d80c6db8a9c9f8ac7a97430521c758a6
[INFO] running `Command { std: "docker" "start" "-a" "8ae7df12f901b83a04c7394d045f0085d80c6db8a9c9f8ac7a97430521c758a6", kill_on_drop: false }`
[INFO] [stderr]    Compiling serde v1.0.194
[INFO] [stderr]    Compiling syn v2.0.48
[INFO] [stderr]    Compiling rayon v1.8.0
[INFO] [stderr]    Compiling rustix v0.38.28
[INFO] [stderr]    Compiling btoi v0.4.3
[INFO] [stderr]    Compiling slab v0.4.9
[INFO] [stderr]    Compiling futures-sink v0.3.30
[INFO] [stderr]    Compiling futures-core v0.3.30
[INFO] [stderr]    Compiling pin-utils v0.1.0
[INFO] [stderr]    Compiling futures-task v0.3.30
[INFO] [stderr]    Compiling futures-channel v0.3.30
[INFO] [stderr]    Compiling pin-project-lite v0.2.13
[INFO] [stderr]    Compiling futures-io v0.3.30
[INFO] [stderr]    Compiling rstest_macros v0.18.2
[INFO] [stderr]    Compiling regex-automata v0.4.3
[INFO] [stderr]    Compiling anstyle v1.0.4
[INFO] [stderr]    Compiling clap_lex v0.6.0
[INFO] [stderr]    Compiling plotters-backend v0.3.5
[INFO] [stderr]    Compiling half v1.8.2
[INFO] [stderr]    Compiling ciborium-io v0.2.1
[INFO] [stderr]    Compiling clap_builder v4.4.12
[INFO] [stderr]    Compiling cast v0.3.0
[INFO] [stderr]    Compiling plotters-svg v0.3.5
[INFO] [stderr]    Compiling ciborium-ll v0.2.1
[INFO] [stderr]    Compiling relative-path v1.9.2
[INFO] [stderr]    Compiling linked-hash-map v0.5.6
[INFO] [stderr]    Compiling console v0.15.7
[INFO] [stderr]    Compiling yaml-rust v0.4.5
[INFO] [stderr]    Compiling plotters v0.3.5
[INFO] [stderr]    Compiling jwalk v0.8.1
[INFO] [stderr]    Compiling regex v1.10.2
[INFO] [stderr]    Compiling clap v4.4.13
[INFO] [stderr]    Compiling criterion-plot v0.5.0
[INFO] [stderr]    Compiling tempfile v3.9.0
[INFO] [stderr]    Compiling is-terminal v0.4.10
[INFO] [stderr]    Compiling futures-timer v3.0.2
[INFO] [stderr]    Compiling similar v2.4.0
[INFO] [stderr]    Compiling anes v0.1.6
[INFO] [stderr]    Compiling oorandom v11.1.3
[INFO] [stderr]    Compiling insta v1.34.0
[INFO] [stderr]    Compiling serde_derive v1.0.194
[INFO] [stderr]    Compiling thiserror-impl v1.0.56
[INFO] [stderr]    Compiling futures-macro v0.3.30
[INFO] [stderr]    Compiling gix-macros v0.1.3
[INFO] [stderr]    Compiling futures-util v0.3.30
[INFO] [stderr]    Compiling thiserror v1.0.56
[INFO] [stderr]    Compiling gix-date v0.8.3
[INFO] [stderr]    Compiling gix-validate v0.8.3
[INFO] [stderr]    Compiling gix-path v0.10.3
[INFO] [stderr]    Compiling gix-chunk v0.4.7
[INFO] [stderr]    Compiling gix-actor v0.28.1
[INFO] [stderr]    Compiling gix-quote v0.4.10
[INFO] [stderr]    Compiling gix-config-value v0.14.3
[INFO] [stderr]    Compiling gix-bitmap v0.2.10
[INFO] [stderr]    Compiling futures-executor v0.3.30
[INFO] [stderr]    Compiling futures v0.3.30
[INFO] [stderr]    Compiling rstest v0.18.2
[INFO] [stderr]    Compiling faster-hex v0.9.0
[INFO] [stderr]    Compiling faster-hex v0.8.1
[INFO] [stderr]    Compiling serde_json v1.0.111
[INFO] [stderr]    Compiling indexmap v2.1.0
[INFO] [stderr]    Compiling ciborium v0.2.1
[INFO] [stderr]    Compiling gix-hash v0.13.3
[INFO] [stderr]    Compiling gix-packetline-blocking v0.16.6
[INFO] [stderr]    Compiling gix-features v0.36.1
[INFO] [stderr]    Compiling gix-hashtable v0.4.1
[INFO] [stderr]    Compiling gix-object v0.38.0
[INFO] [stderr]    Compiling gix-fs v0.8.1
[INFO] [stderr]    Compiling gix-commitgraph v0.22.1
[INFO] [stderr]    Compiling gix-glob v0.14.1
[INFO] [stderr]    Compiling gix-url v0.25.2
[INFO] [stderr]    Compiling gix-tempfile v11.0.1
[INFO] [stderr]    Compiling gix-lock v11.0.1
[INFO] [stderr]    Compiling gix-attributes v0.20.1
[INFO] [stderr]    Compiling gix-ignore v0.9.1
[INFO] [stderr]    Compiling tinytemplate v1.2.1
[INFO] [stderr]    Compiling serde_yaml v0.9.30
[INFO] [stderr]    Compiling gix-revwalk v0.9.0
[INFO] [stderr]    Compiling gix-ref v0.38.0
[INFO] [stderr]    Compiling gix-pack v0.44.0
[INFO] [stderr]    Compiling gix-revision v0.23.0
[INFO] [stderr]    Compiling gix-traverse v0.34.0
[INFO] [stderr]    Compiling gix-pathspec v0.4.1
[INFO] [stderr]    Compiling gix-index v0.26.0
[INFO] [stderr]    Compiling gix-refspec v0.19.0
[INFO] [stderr]    Compiling gix-config v0.31.0
[INFO] [stderr]    Compiling gix-discover v0.26.0
[INFO] [stderr]    Compiling gix-odb v0.54.0
[INFO] [stderr]    Compiling gix-worktree v0.27.0
[INFO] [stderr]    Compiling gix-filter v0.6.0
[INFO] [stderr]    Compiling gix-submodule v0.5.0
[INFO] [stderr]    Compiling gix-diff v0.37.0
[INFO] [stderr]    Compiling gix v0.55.2
[INFO] [stderr]    Compiling criterion v0.5.1
[INFO] [stderr]    Compiling gengo v0.8.2 (/opt/rustwide/workdir)
[INFO] [stderr]     Finished test [unoptimized + debuginfo] target(s) in 25.50s
[INFO] running `Command { std: "docker" "inspect" "8ae7df12f901b83a04c7394d045f0085d80c6db8a9c9f8ac7a97430521c758a6", kill_on_drop: false }`
[INFO] running `Command { std: "docker" "rm" "-f" "8ae7df12f901b83a04c7394d045f0085d80c6db8a9c9f8ac7a97430521c758a6", kill_on_drop: false }`
[INFO] [stdout] 8ae7df12f901b83a04c7394d045f0085d80c6db8a9c9f8ac7a97430521c758a6
[INFO] running `Command { std: "docker" "create" "-v" "/var/lib/crater-agent-workspace/builds/worker-1-tc2/target:/opt/rustwide/target:rw,Z" "-v" "/var/lib/crater-agent-workspace/builds/worker-1-tc2/source:/opt/rustwide/workdir:ro,Z" "-v" "/var/lib/crater-agent-workspace/cargo-home:/opt/rustwide/cargo-home:ro,Z" "-v" "/var/lib/crater-agent-workspace/rustup-home:/opt/rustwide/rustup-home:ro,Z" "-e" "SOURCE_DIR=/opt/rustwide/workdir" "-e" "CARGO_TARGET_DIR=/opt/rustwide/target" "-e" "CARGO_INCREMENTAL=0" "-e" "RUST_BACKTRACE=full" "-e" "RUSTFLAGS=--cap-lints=warn" "-e" "RUSTDOCFLAGS=--cap-lints=warn" "-e" "CARGO_HOME=/opt/rustwide/cargo-home" "-e" "RUSTUP_HOME=/opt/rustwide/rustup-home" "-w" "/opt/rustwide/workdir" "-m" "1610612736" "--user" "0:0" "--network" "none" "ghcr.io/rust-lang/crates-build-env/linux@sha256:2788e3201cd34a07e3172128adcd8b3090168a8e3bcc40d7c032b9dda1df7d1c" "/opt/rustwide/cargo-home/bin/cargo" "+beta-2023-12-22" "test" "--frozen", kill_on_drop: false }`
[INFO] [stdout] 55c1c7de2019f9f833b706f847401e802c0b2fca50fb04c3516c45230162e90f
[INFO] running `Command { std: "docker" "start" "-a" "55c1c7de2019f9f833b706f847401e802c0b2fca50fb04c3516c45230162e90f", kill_on_drop: false }`
[INFO] [stderr]     Finished test [unoptimized + debuginfo] target(s) in 0.16s
[INFO] [stderr]      Running unittests src/lib.rs (/opt/rustwide/target/debug/deps/gengo-f8545f467c1bef51)
[INFO] [stdout] 
[INFO] [stdout] running 38 tests
[INFO] [stdout] test documentation::tests::test_is_documentation_no_read::case_08 ... ok
[INFO] [stdout] test documentation::tests::test_is_documentation_no_read::case_05 ... ok
[INFO] [stdout] test documentation::tests::test_is_documentation_no_read::case_04 ... ok
[INFO] [stdout] test documentation::tests::test_is_documentation_no_read::case_07 ... ok
[INFO] [stdout] test documentation::tests::test_is_documentation_no_read::case_03 ... ok
[INFO] [stdout] test documentation::tests::test_is_documentation_no_read::case_06 ... ok
[INFO] [stdout] test documentation::tests::test_is_documentation_no_read::case_01 ... ok
[INFO] [stdout] test documentation::tests::test_is_documentation_no_read::case_02 ... ok
[INFO] [stdout] test documentation::tests::test_is_documentation_no_read::case_10 ... ok
[INFO] [stdout] test documentation::tests::test_is_documentation_no_read::case_11 ... ok
[INFO] [stdout] test documentation::tests::test_is_documentation_no_read::case_09 ... ok
[INFO] [stdout] test documentation::tests::test_is_documentation_no_read::case_12 ... ok
[INFO] [stdout] test documentation::tests::test_is_documentation_no_read::case_14 ... ok
[INFO] [stdout] test documentation::tests::test_is_documentation_no_read::case_13 ... ok
[INFO] [stdout] test generated::tests::test_is_generated_no_read::case_02 ... ok
[INFO] [stdout] test generated::tests::test_is_generated_no_read::case_01 ... ok
[INFO] [stdout] test generated::tests::test_is_generated_no_read::case_03 ... ok
[INFO] [stdout] test generated::tests::test_is_generated_no_read::case_04 ... ok
[INFO] [stdout] test generated::tests::test_is_generated_no_read::case_05 ... ok
[INFO] [stdout] test generated::tests::test_is_generated_no_read::case_06 ... ok
[INFO] [stdout] test generated::tests::test_is_generated_no_read::case_08 ... ok
[INFO] [stdout] test generated::tests::test_is_generated_no_read::case_07 ... ok
[INFO] [stdout] test generated::tests::test_is_generated_no_read::case_09 ... ok
[INFO] [stdout] test generated::tests::test_is_generated_no_read::case_10 ... ok
[INFO] [stdout] test vendored::tests::test_is_vendored_no_read::case_1 ... ok
[INFO] [stdout] test vendored::tests::test_is_vendored_no_read::case_2 ... ok
[INFO] [stdout] test languages::matcher::tests::test_matches_pattern::case_2 ... ok
[INFO] [stdout] test languages::matcher::tests::test_matches_pattern::case_1 ... ok
[INFO] [stdout] test languages::matcher::tests::test_rejects_pattern::case_1 ... ok
[INFO] [stdout] test vendored::tests::test_is_vendored_no_read::case_4 ... ok
[INFO] [stdout] test vendored::tests::test_is_vendored_no_read::case_5 ... ok
[INFO] [stdout] test vendored::tests::test_is_vendored_no_read::case_6 ... ok
[INFO] [stdout] test vendored::tests::test_is_vendored_no_read::case_7 ... ok
[INFO] [stdout] test vendored::tests::test_is_vendored_no_read::case_3 ... ok
[INFO] [stdout] test generated::tests::test_likely_minified ... ok
[INFO] [stdout] test languages::matcher::tests::test_matches_filename ... ok
[INFO] [stdout] test languages::matcher::tests::test_matches_extension ... ok
[INFO] [stdout] test languages::matcher::tests::test_matches_shebang ... ok
[INFO] [stdout] 
[INFO] [stdout] test result: ok. 38 passed; 0 failed; 0 ignored; 0 measured; 0 filtered out; finished in 0.01s
[INFO] [stdout] 
[INFO] [stderr]      Running tests/analyzers_tests.rs (/opt/rustwide/target/debug/deps/analyzers_tests-7cf839b570d32c84)
[INFO] [stdout] 
[INFO] [stdout] running 10 tests
[INFO] [stdout] test test_pick_find_none ... ok
[INFO] [stdout] test test_pick_filepath_pattern ... ok
[INFO] [stdout] test test_pick_filename ... ok
[INFO] [stdout] test test_no_heuristic_match_returns_original_set ... ok
[INFO] [stdout] test test_pick_find_multiple ... ok
[INFO] [stdout] test test_pick_find_one ... ok
[INFO] [stdout] test test_by_shebang_shell ... ok
[INFO] [stdout] test test_by_filepath_json_with_comments ... ok
[INFO] [stdout] test test_simple ... ok
[INFO] [stdout] test test_with_heuristics ... ok
[INFO] [stdout] 
[INFO] [stdout] test result: ok. 10 passed; 0 failed; 0 ignored; 0 measured; 0 filtered out; finished in 0.02s
[INFO] [stdout] 
[INFO] [stderr]      Running tests/gengo_test.rs (/opt/rustwide/target/debug/deps/gengo_test-9a957223188c962e)
[INFO] [stdout] 
[INFO] [stdout] running 2 tests
[INFO] [stdout] test test_directory_fixtures ... ok
[INFO] [stdout] test test_git_javascript ... FAILED
[INFO] [stdout] 
[INFO] [stdout] failures:
[INFO] [stdout] 
[INFO] [stdout] ---- test_git_javascript stdout ----
[INFO] [stdout] thread 'test_git_javascript' panicked at tests/gengo_test.rs:13:49:
[INFO] [stdout] called `Result::unwrap()` on an `Err` value: Error { kind: NoRepository, source: Some(NoGitRepositoryWithinFs { path: "/opt/rustwide/workdir", limit: "/opt/rustwide" }) }
[INFO] [stdout] stack backtrace:
[INFO] [stdout]    0:     0x55cd953bb7b6 - std::backtrace_rs::backtrace::libunwind::trace::h261606ad26a499c1
[INFO] [stdout]                                at /rustc/0e09125c6c3c2fd70d7de961bcf0e51575235fad/library/std/src/../../backtrace/src/backtrace/libunwind.rs:104:5
[INFO] [stdout]    1:     0x55cd953bb7b6 - std::backtrace_rs::backtrace::trace_unsynchronized::hd183f0625477fb28
[INFO] [stdout]                                at /rustc/0e09125c6c3c2fd70d7de961bcf0e51575235fad/library/std/src/../../backtrace/src/backtrace/mod.rs:66:5
[INFO] [stdout]    2:     0x55cd953bb7b6 - std::sys_common::backtrace::_print_fmt::hd7f8fef21b4eda67
[INFO] [stdout]                                at /rustc/0e09125c6c3c2fd70d7de961bcf0e51575235fad/library/std/src/sys_common/backtrace.rs:68:5
[INFO] [stdout]    3:     0x55cd953bb7b6 - <std::sys_common::backtrace::_print::DisplayBacktrace as core::fmt::Display>::fmt::h623d9b51f2f453f1
[INFO] [stdout]                                at /rustc/0e09125c6c3c2fd70d7de961bcf0e51575235fad/library/std/src/sys_common/backtrace.rs:44:22
[INFO] [stdout]    4:     0x55cd953e83d0 - core::fmt::rt::Argument::fmt::h9f417ac76a86f368
[INFO] [stdout]                                at /rustc/0e09125c6c3c2fd70d7de961bcf0e51575235fad/library/core/src/fmt/rt.rs:142:9
[INFO] [stdout]    5:     0x55cd953e83d0 - core::fmt::write::hc9b6faf4ac2aeff7
[INFO] [stdout]                                at /rustc/0e09125c6c3c2fd70d7de961bcf0e51575235fad/library/core/src/fmt/mod.rs:1120:17
[INFO] [stdout]    6:     0x55cd953b805f - std::io::Write::write_fmt::he04625a3a989fec3
[INFO] [stdout]                                at /rustc/0e09125c6c3c2fd70d7de961bcf0e51575235fad/library/std/src/io/mod.rs:1810:15
[INFO] [stdout]    7:     0x55cd953bb594 - std::sys_common::backtrace::_print::hd5d66399c7df88a2
[INFO] [stdout]                                at /rustc/0e09125c6c3c2fd70d7de961bcf0e51575235fad/library/std/src/sys_common/backtrace.rs:47:5
[INFO] [stdout]    8:     0x55cd953bb594 - std::sys_common::backtrace::print::he81ed2da642d37e5
[INFO] [stdout]                                at /rustc/0e09125c6c3c2fd70d7de961bcf0e51575235fad/library/std/src/sys_common/backtrace.rs:34:9
[INFO] [stdout]    9:     0x55cd953bd307 - std::panicking::default_hook::{{closure}}::h85773f4fa117163d
[INFO] [stdout]   10:     0x55cd953bcfed - std::panicking::default_hook::h6a1694a91d09b278
[INFO] [stdout]                                at /rustc/0e09125c6c3c2fd70d7de961bcf0e51575235fad/library/std/src/panicking.rs:289:9
[INFO] [stdout]   11:     0x55cd94a5c217 - <alloc::boxed::Box<F,A> as core::ops::function::Fn<Args>>::call::h616ac37fa3cd6c8f
[INFO] [stdout]                                at /rustc/0e09125c6c3c2fd70d7de961bcf0e51575235fad/library/alloc/src/boxed.rs:2029:9
[INFO] [stdout]   12:     0x55cd94a5c217 - test::test_main::{{closure}}::h00d84697cefdcbb6
[INFO] [stdout]                                at /rustc/0e09125c6c3c2fd70d7de961bcf0e51575235fad/library/test/src/lib.rs:138:21
[INFO] [stdout]   13:     0x55cd953bd926 - <alloc::boxed::Box<F,A> as core::ops::function::Fn<Args>>::call::hcb3fe3b9bb537ba8
[INFO] [stdout]                                at /rustc/0e09125c6c3c2fd70d7de961bcf0e51575235fad/library/alloc/src/boxed.rs:2029:9
[INFO] [stdout]   14:     0x55cd953bd926 - std::panicking::rust_panic_with_hook::h0a7ad96e90f7145b
[INFO] [stdout]                                at /rustc/0e09125c6c3c2fd70d7de961bcf0e51575235fad/library/std/src/panicking.rs:783:13
[INFO] [stdout]   15:     0x55cd953bd672 - std::panicking::begin_panic_handler::{{closure}}::h7919090525c6485e
[INFO] [stdout]                                at /rustc/0e09125c6c3c2fd70d7de961bcf0e51575235fad/library/std/src/panicking.rs:657:13
[INFO] [stdout]   16:     0x55cd953bbcb6 - std::sys_common::backtrace::__rust_end_short_backtrace::hf3289479464f7dfe
[INFO] [stdout]                                at /rustc/0e09125c6c3c2fd70d7de961bcf0e51575235fad/library/std/src/sys_common/backtrace.rs:171:18
[INFO] [stdout]   17:     0x55cd953bd3d0 - rust_begin_unwind
[INFO] [stdout]                                at /rustc/0e09125c6c3c2fd70d7de961bcf0e51575235fad/library/std/src/panicking.rs:645:5
[INFO] [stdout]   18:     0x55cd948996a5 - core::panicking::panic_fmt::hcc9f77c5c132af55
[INFO] [stdout]                                at /rustc/0e09125c6c3c2fd70d7de961bcf0e51575235fad/library/core/src/panicking.rs:72:14
[INFO] [stdout]   19:     0x55cd94899ce3 - core::result::unwrap_failed::hbe14f498be1452f9
[INFO] [stdout]                                at /rustc/0e09125c6c3c2fd70d7de961bcf0e51575235fad/library/core/src/result.rs:1649:5
[INFO] [stdout]   20:     0x55cd948b82c8 - core::result::Result<T,E>::unwrap::hd4dbc77ce73d3b95
[INFO] [stdout]                                at /rustc/0e09125c6c3c2fd70d7de961bcf0e51575235fad/library/core/src/result.rs:1073:23
[INFO] [stdout]   21:     0x55cd948c8601 - gengo_test::test_git_javascript::hb5bae4b71da0fd45
[INFO] [stdout]                                at /opt/rustwide/workdir/tests/gengo_test.rs:13:15
[INFO] [stdout]   22:     0x55cd948c84c7 - gengo_test::test_git_javascript::{{closure}}::h68a6ff9e27412c95
[INFO] [stdout]                                at /opt/rustwide/workdir/tests/gengo_test.rs:8:25
[INFO] [stdout]   23:     0x55cd948c3b46 - core::ops::function::FnOnce::call_once::h72f90510bf7c4abd
[INFO] [stdout]                                at /rustc/0e09125c6c3c2fd70d7de961bcf0e51575235fad/library/core/src/ops/function.rs:250:5
[INFO] [stdout]   24:     0x55cd94a61aef - core::ops::function::FnOnce::call_once::hd64d26f405258157
[INFO] [stdout]                                at /rustc/0e09125c6c3c2fd70d7de961bcf0e51575235fad/library/core/src/ops/function.rs:250:5
[INFO] [stdout]   25:     0x55cd94a61aef - test::__rust_begin_short_backtrace::he21b0b7a6d731bf9
[INFO] [stdout]                                at /rustc/0e09125c6c3c2fd70d7de961bcf0e51575235fad/library/test/src/lib.rs:627:18
[INFO] [stdout]   26:     0x55cd94a60871 - test::run_test_in_process::{{closure}}::hf5c73986d7bdfde2
[INFO] [stdout]                                at /rustc/0e09125c6c3c2fd70d7de961bcf0e51575235fad/library/test/src/lib.rs:650:60
[INFO] [stdout]   27:     0x55cd94a60871 - <core::panic::unwind_safe::AssertUnwindSafe<F> as core::ops::function::FnOnce<()>>::call_once::h330011ad032aadc0
[INFO] [stdout]                                at /rustc/0e09125c6c3c2fd70d7de961bcf0e51575235fad/library/core/src/panic/unwind_safe.rs:272:9
[INFO] [stdout]   28:     0x55cd94a60871 - std::panicking::try::do_call::he61b0a958b795a41
[INFO] [stdout]                                at /rustc/0e09125c6c3c2fd70d7de961bcf0e51575235fad/library/std/src/panicking.rs:552:40
[INFO] [stdout]   29:     0x55cd94a60871 - std::panicking::try::h7309da130f906eb7
[INFO] [stdout]                                at /rustc/0e09125c6c3c2fd70d7de961bcf0e51575235fad/library/std/src/panicking.rs:516:19
[INFO] [stdout]   30:     0x55cd94a60871 - std::panic::catch_unwind::hc5c3a06fdaf0a92a
[INFO] [stdout]                                at /rustc/0e09125c6c3c2fd70d7de961bcf0e51575235fad/library/std/src/panic.rs:142:14
[INFO] [stdout]   31:     0x55cd94a60871 - test::run_test_in_process::h7e7b7c71c3324e0f
[INFO] [stdout]                                at /rustc/0e09125c6c3c2fd70d7de961bcf0e51575235fad/library/test/src/lib.rs:650:27
[INFO] [stdout]   32:     0x55cd94a60871 - test::run_test::{{closure}}::h1f509f28f5cf20b1
[INFO] [stdout]                                at /rustc/0e09125c6c3c2fd70d7de961bcf0e51575235fad/library/test/src/lib.rs:573:43
[INFO] [stdout]   33:     0x55cd94a27ba6 - test::run_test::{{closure}}::h1754218abf443f6d
[INFO] [stdout]                                at /rustc/0e09125c6c3c2fd70d7de961bcf0e51575235fad/library/test/src/lib.rs:601:41
[INFO] [stdout]   34:     0x55cd94a27ba6 - std::sys_common::backtrace::__rust_begin_short_backtrace::h2ee174b9d5954948
[INFO] [stdout]                                at /rustc/0e09125c6c3c2fd70d7de961bcf0e51575235fad/library/std/src/sys_common/backtrace.rs:155:18
[INFO] [stdout]   35:     0x55cd94a2cc07 - std::thread::Builder::spawn_unchecked_::{{closure}}::{{closure}}::hf60bee9c1a17ef09
[INFO] [stdout]                                at /rustc/0e09125c6c3c2fd70d7de961bcf0e51575235fad/library/std/src/thread/mod.rs:529:17
[INFO] [stdout]   36:     0x55cd94a2cc07 - <core::panic::unwind_safe::AssertUnwindSafe<F> as core::ops::function::FnOnce<()>>::call_once::h33d0dddec5216160
[INFO] [stdout]                                at /rustc/0e09125c6c3c2fd70d7de961bcf0e51575235fad/library/core/src/panic/unwind_safe.rs:272:9
[INFO] [stdout]   37:     0x55cd94a2cc07 - std::panicking::try::do_call::h144b3048b546f835
[INFO] [stdout]                                at /rustc/0e09125c6c3c2fd70d7de961bcf0e51575235fad/library/std/src/panicking.rs:552:40
[INFO] [stdout]   38:     0x55cd94a2cc07 - std::panicking::try::h978244d04646189f
[INFO] [stdout]                                at /rustc/0e09125c6c3c2fd70d7de961bcf0e51575235fad/library/std/src/panicking.rs:516:19
[INFO] [stdout]   39:     0x55cd94a2cc07 - std::panic::catch_unwind::hdf436369d188fe86
[INFO] [stdout]                                at /rustc/0e09125c6c3c2fd70d7de961bcf0e51575235fad/library/std/src/panic.rs:142:14
[INFO] [stdout]   40:     0x55cd94a2cc07 - std::thread::Builder::spawn_unchecked_::{{closure}}::h87329cbdd33c79ec
[INFO] [stdout]                                at /rustc/0e09125c6c3c2fd70d7de961bcf0e51575235fad/library/std/src/thread/mod.rs:528:30
[INFO] [stdout]   41:     0x55cd94a2cc07 - core::ops::function::FnOnce::call_once{{vtable.shim}}::h401abbe67897d450
[INFO] [stdout]                                at /rustc/0e09125c6c3c2fd70d7de961bcf0e51575235fad/library/core/src/ops/function.rs:250:5
[INFO] [stdout]   42:     0x55cd953c2ef5 - <alloc::boxed::Box<F,A> as core::ops::function::FnOnce<Args>>::call_once::h5d7c8f150ab9c84c
[INFO] [stdout]                                at /rustc/0e09125c6c3c2fd70d7de961bcf0e51575235fad/library/alloc/src/boxed.rs:2015:9
[INFO] [stdout]   43:     0x55cd953c2ef5 - <alloc::boxed::Box<F,A> as core::ops::function::FnOnce<Args>>::call_once::h570d5b005c242c15
[INFO] [stdout]                                at /rustc/0e09125c6c3c2fd70d7de961bcf0e51575235fad/library/alloc/src/boxed.rs:2015:9
[INFO] [stdout]   44:     0x55cd953c2ef5 - std::sys::unix::thread::Thread::new::thread_start::h36b0a20c0b2361ad
[INFO] [stdout]                                at /rustc/0e09125c6c3c2fd70d7de961bcf0e51575235fad/library/std/src/sys/unix/thread.rs:108:17
[INFO] [stdout]   45:     0x7faaa6e09ac3 - <unknown>
[INFO] [stdout]   46:     0x7faaa6e9abf4 - __clone
[INFO] [stdout]   47:                0x0 - <unknown>
[INFO] [stdout] 
[INFO] [stdout] 
[INFO] [stdout] failures:
[INFO] [stdout]     test_git_javascript
[INFO] [stdout] 
[INFO] [stdout] test result: FAILED. 1 passed; 1 failed; 0 ignored; 0 measured; 0 filtered out; finished in 0.04s
[INFO] [stdout] 
[INFO] [stderr] error: test failed, to rerun pass `--test gengo_test`
[INFO] running `Command { std: "docker" "inspect" "55c1c7de2019f9f833b706f847401e802c0b2fca50fb04c3516c45230162e90f", kill_on_drop: false }`
[INFO] running `Command { std: "docker" "rm" "-f" "55c1c7de2019f9f833b706f847401e802c0b2fca50fb04c3516c45230162e90f", kill_on_drop: false }`
[INFO] [stdout] 55c1c7de2019f9f833b706f847401e802c0b2fca50fb04c3516c45230162e90f
