[INFO] fetching crate genetic_optimization 0.5.1...
[INFO] testing genetic_optimization-0.5.1 against 1.75.0 for beta-1.76-1
[INFO] extracting crate genetic_optimization 0.5.1 into /workspace/builds/worker-6-tc1/source
[INFO] validating manifest of crates.io crate genetic_optimization 0.5.1 on toolchain 1.75.0
[INFO] running `Command { std: CARGO_HOME="/workspace/cargo-home" RUSTUP_HOME="/workspace/rustup-home" "/workspace/cargo-home/bin/cargo" "+1.75.0" "metadata" "--manifest-path" "Cargo.toml" "--no-deps", kill_on_drop: false }`
[INFO] started tweaking crates.io crate genetic_optimization 0.5.1
[INFO] finished tweaking crates.io crate genetic_optimization 0.5.1
[INFO] tweaked toml for crates.io crate genetic_optimization 0.5.1 written to /workspace/builds/worker-6-tc1/source/Cargo.toml
[INFO] running `Command { std: CARGO_HOME="/workspace/cargo-home" RUSTUP_HOME="/workspace/rustup-home" "/workspace/cargo-home/bin/cargo" "+1.75.0" "generate-lockfile" "--manifest-path" "Cargo.toml", kill_on_drop: false }`
[INFO] [stderr]     Updating crates.io index
[INFO] running `Command { std: CARGO_HOME="/workspace/cargo-home" RUSTUP_HOME="/workspace/rustup-home" "/workspace/cargo-home/bin/cargo" "+1.75.0" "fetch" "--manifest-path" "Cargo.toml", kill_on_drop: false }`
[INFO] running `Command { std: "docker" "create" "-v" "/var/lib/crater-agent-workspace/builds/worker-6-tc1/target:/opt/rustwide/target:rw,Z" "-v" "/var/lib/crater-agent-workspace/builds/worker-6-tc1/source:/opt/rustwide/workdir:ro,Z" "-v" "/var/lib/crater-agent-workspace/cargo-home:/opt/rustwide/cargo-home:ro,Z" "-v" "/var/lib/crater-agent-workspace/rustup-home:/opt/rustwide/rustup-home:ro,Z" "-e" "SOURCE_DIR=/opt/rustwide/workdir" "-e" "CARGO_TARGET_DIR=/opt/rustwide/target" "-e" "CARGO_HOME=/opt/rustwide/cargo-home" "-e" "RUSTUP_HOME=/opt/rustwide/rustup-home" "-w" "/opt/rustwide/workdir" "-m" "1610612736" "--user" "0:0" "--network" "none" "ghcr.io/rust-lang/crates-build-env/linux@sha256:2788e3201cd34a07e3172128adcd8b3090168a8e3bcc40d7c032b9dda1df7d1c" "/opt/rustwide/cargo-home/bin/cargo" "+1.75.0" "metadata" "--no-deps" "--format-version=1", kill_on_drop: false }`
[INFO] [stdout] 80af6d67d3c8801d24b93a92a2dd9e597cde895836d22b3db58e66da1127a3a1
[INFO] running `Command { std: "docker" "start" "-a" "80af6d67d3c8801d24b93a92a2dd9e597cde895836d22b3db58e66da1127a3a1", kill_on_drop: false }`
[INFO] running `Command { std: "docker" "inspect" "80af6d67d3c8801d24b93a92a2dd9e597cde895836d22b3db58e66da1127a3a1", kill_on_drop: false }`
[INFO] running `Command { std: "docker" "rm" "-f" "80af6d67d3c8801d24b93a92a2dd9e597cde895836d22b3db58e66da1127a3a1", kill_on_drop: false }`
[INFO] [stdout] 80af6d67d3c8801d24b93a92a2dd9e597cde895836d22b3db58e66da1127a3a1
[INFO] running `Command { std: "docker" "create" "-v" "/var/lib/crater-agent-workspace/builds/worker-6-tc1/target:/opt/rustwide/target:rw,Z" "-v" "/var/lib/crater-agent-workspace/builds/worker-6-tc1/source:/opt/rustwide/workdir:ro,Z" "-v" "/var/lib/crater-agent-workspace/cargo-home:/opt/rustwide/cargo-home:ro,Z" "-v" "/var/lib/crater-agent-workspace/rustup-home:/opt/rustwide/rustup-home:ro,Z" "-e" "SOURCE_DIR=/opt/rustwide/workdir" "-e" "CARGO_TARGET_DIR=/opt/rustwide/target" "-e" "CARGO_INCREMENTAL=0" "-e" "RUST_BACKTRACE=full" "-e" "RUSTFLAGS=--cap-lints=warn" "-e" "RUSTDOCFLAGS=--cap-lints=warn" "-e" "CARGO_HOME=/opt/rustwide/cargo-home" "-e" "RUSTUP_HOME=/opt/rustwide/rustup-home" "-w" "/opt/rustwide/workdir" "-m" "1610612736" "--user" "0:0" "--network" "none" "ghcr.io/rust-lang/crates-build-env/linux@sha256:2788e3201cd34a07e3172128adcd8b3090168a8e3bcc40d7c032b9dda1df7d1c" "/opt/rustwide/cargo-home/bin/cargo" "+1.75.0" "build" "--frozen" "--message-format=json", kill_on_drop: false }`
[INFO] [stdout] 32e945a2ad4bf4a7fa5c83eb2d08ddb110d9ce930b005e505d7770ce621a62b0
[INFO] running `Command { std: "docker" "start" "-a" "32e945a2ad4bf4a7fa5c83eb2d08ddb110d9ce930b005e505d7770ce621a62b0", kill_on_drop: false }`
[INFO] [stderr]    Compiling proc-macro2 v1.0.75
[INFO] [stderr]    Compiling unicode-ident v1.0.12
[INFO] [stderr]    Compiling serde v1.0.194
[INFO] [stderr]    Compiling libc v0.2.151
[INFO] [stderr]    Compiling cfg-if v1.0.0
[INFO] [stderr]    Compiling hashbrown v0.14.3
[INFO] [stderr]    Compiling equivalent v1.0.1
[INFO] [stderr]    Compiling winnow v0.5.32
[INFO] [stderr]    Compiling ppv-lite86 v0.2.17
[INFO] [stderr]    Compiling indexmap v2.1.0
[INFO] [stderr]    Compiling quote v1.0.35
[INFO] [stderr]    Compiling syn v2.0.48
[INFO] [stderr]    Compiling getrandom v0.2.11
[INFO] [stderr]    Compiling rand_core v0.6.4
[INFO] [stderr]    Compiling rand_chacha v0.3.1
[INFO] [stderr]    Compiling rand v0.8.5
[INFO] [stderr]    Compiling serde_derive v1.0.194
[INFO] [stderr]    Compiling serde_spanned v0.6.5
[INFO] [stderr]    Compiling toml_datetime v0.6.5
[INFO] [stderr]    Compiling toml_edit v0.19.15
[INFO] [stderr]    Compiling toml v0.7.8
[INFO] [stderr]    Compiling genetic_optimization v0.5.1 (/opt/rustwide/workdir)
[INFO] [stderr]     Finished dev [unoptimized + debuginfo] target(s) in 8.76s
[INFO] running `Command { std: "docker" "inspect" "32e945a2ad4bf4a7fa5c83eb2d08ddb110d9ce930b005e505d7770ce621a62b0", kill_on_drop: false }`
[INFO] running `Command { std: "docker" "rm" "-f" "32e945a2ad4bf4a7fa5c83eb2d08ddb110d9ce930b005e505d7770ce621a62b0", kill_on_drop: false }`
[INFO] [stdout] 32e945a2ad4bf4a7fa5c83eb2d08ddb110d9ce930b005e505d7770ce621a62b0
[INFO] running `Command { std: "docker" "create" "-v" "/var/lib/crater-agent-workspace/builds/worker-6-tc1/target:/opt/rustwide/target:rw,Z" "-v" "/var/lib/crater-agent-workspace/builds/worker-6-tc1/source:/opt/rustwide/workdir:ro,Z" "-v" "/var/lib/crater-agent-workspace/cargo-home:/opt/rustwide/cargo-home:ro,Z" "-v" "/var/lib/crater-agent-workspace/rustup-home:/opt/rustwide/rustup-home:ro,Z" "-e" "SOURCE_DIR=/opt/rustwide/workdir" "-e" "CARGO_TARGET_DIR=/opt/rustwide/target" "-e" "CARGO_INCREMENTAL=0" "-e" "RUST_BACKTRACE=full" "-e" "RUSTFLAGS=--cap-lints=warn" "-e" "RUSTDOCFLAGS=--cap-lints=warn" "-e" "CARGO_HOME=/opt/rustwide/cargo-home" "-e" "RUSTUP_HOME=/opt/rustwide/rustup-home" "-w" "/opt/rustwide/workdir" "-m" "1610612736" "--user" "0:0" "--network" "none" "ghcr.io/rust-lang/crates-build-env/linux@sha256:2788e3201cd34a07e3172128adcd8b3090168a8e3bcc40d7c032b9dda1df7d1c" "/opt/rustwide/cargo-home/bin/cargo" "+1.75.0" "test" "--frozen" "--no-run" "--message-format=json", kill_on_drop: false }`
[INFO] [stdout] 7768d224778c1f8cd535b5babe3ea33dbd4099f8aa964c8f84f82d80b8835996
[INFO] running `Command { std: "docker" "start" "-a" "7768d224778c1f8cd535b5babe3ea33dbd4099f8aa964c8f84f82d80b8835996", kill_on_drop: false }`
[INFO] [stderr]    Compiling genetic_optimization v0.5.1 (/opt/rustwide/workdir)
[INFO] [stderr]     Finished test [unoptimized + debuginfo] target(s) in 0.32s
[INFO] running `Command { std: "docker" "inspect" "7768d224778c1f8cd535b5babe3ea33dbd4099f8aa964c8f84f82d80b8835996", kill_on_drop: false }`
[INFO] running `Command { std: "docker" "rm" "-f" "7768d224778c1f8cd535b5babe3ea33dbd4099f8aa964c8f84f82d80b8835996", kill_on_drop: false }`
[INFO] [stdout] 7768d224778c1f8cd535b5babe3ea33dbd4099f8aa964c8f84f82d80b8835996
[INFO] running `Command { std: "docker" "create" "-v" "/var/lib/crater-agent-workspace/builds/worker-6-tc1/target:/opt/rustwide/target:rw,Z" "-v" "/var/lib/crater-agent-workspace/builds/worker-6-tc1/source:/opt/rustwide/workdir:ro,Z" "-v" "/var/lib/crater-agent-workspace/cargo-home:/opt/rustwide/cargo-home:ro,Z" "-v" "/var/lib/crater-agent-workspace/rustup-home:/opt/rustwide/rustup-home:ro,Z" "-e" "SOURCE_DIR=/opt/rustwide/workdir" "-e" "CARGO_TARGET_DIR=/opt/rustwide/target" "-e" "CARGO_INCREMENTAL=0" "-e" "RUST_BACKTRACE=full" "-e" "RUSTFLAGS=--cap-lints=warn" "-e" "RUSTDOCFLAGS=--cap-lints=warn" "-e" "CARGO_HOME=/opt/rustwide/cargo-home" "-e" "RUSTUP_HOME=/opt/rustwide/rustup-home" "-w" "/opt/rustwide/workdir" "-m" "1610612736" "--user" "0:0" "--network" "none" "ghcr.io/rust-lang/crates-build-env/linux@sha256:2788e3201cd34a07e3172128adcd8b3090168a8e3bcc40d7c032b9dda1df7d1c" "/opt/rustwide/cargo-home/bin/cargo" "+1.75.0" "test" "--frozen", kill_on_drop: false }`
[INFO] [stdout] ed4e3506cb48da7a7e13a3c6065494556095292b27f5a6971e09a1b186c10422
[INFO] running `Command { std: "docker" "start" "-a" "ed4e3506cb48da7a7e13a3c6065494556095292b27f5a6971e09a1b186c10422", kill_on_drop: false }`
[INFO] [stderr]     Finished test [unoptimized + debuginfo] target(s) in 0.02s
[INFO] [stderr]      Running unittests src/lib.rs (/opt/rustwide/target/debug/deps/genetic_optimization-ee7d611be8494734)
[INFO] [stdout] 
[INFO] [stdout] running 0 tests
[INFO] [stdout] 
[INFO] [stdout] test result: ok. 0 passed; 0 failed; 0 ignored; 0 measured; 0 filtered out; finished in 0.00s
[INFO] [stdout] 
[INFO] [stderr]    Doc-tests genetic_optimization
[INFO] [stdout] 
[INFO] [stdout] running 6 tests
[INFO] [stdout] test src/sim.rs - sim::Simulation::run (line 89) ... FAILED
[INFO] [stdout] test src/sim.rs - sim::SimulationWithUtil<U,F>::run (line 227) ... FAILED
[INFO] [stdout] test src/genome.rs - genome::Genome (line 10) ... FAILED
[INFO] [stdout] test src/genome.rs - genome::Genome::new (line 36) ... ok
[INFO] [stdout] test src/sim.rs - sim::Simulation::run (line 95) ... ok
[INFO] [stdout] test src/sim.rs - sim::SimulationWithUtil<U,F>::run (line 233) ... ok
[INFO] [stdout] 
[INFO] [stdout] failures:
[INFO] [stdout] 
[INFO] [stdout] ---- src/sim.rs - sim::Simulation::run (line 89) stdout ----
[INFO] [stdout] error: expected one of `!`, `.`, `::`, `;`, `?`, `{`, `}`, or an operator, found `function`
[INFO] [stdout]  --> src/sim.rs:90:6
[INFO] [stdout]   |
[INFO] [stdout] 3 | This function will panic if no genome or evaluation function is given.
[INFO] [stdout]   |      ^^^^^^^^ expected one of 8 possible tokens
[INFO] [stdout] 
[INFO] [stdout] error: aborting due to previous error
[INFO] [stdout] 
[INFO] [stdout] Couldn't compile the test.
[INFO] [stdout] ---- src/sim.rs - sim::SimulationWithUtil<U,F>::run (line 227) stdout ----
[INFO] [stdout] error: expected one of `!`, `.`, `::`, `;`, `?`, `{`, `}`, or an operator, found `function`
[INFO] [stdout]  --> src/sim.rs:228:6
[INFO] [stdout]   |
[INFO] [stdout] 3 | This function will panic if no genome or evaluation function is given.
[INFO] [stdout]   |      ^^^^^^^^ expected one of 8 possible tokens
[INFO] [stdout] 
[INFO] [stdout] error: aborting due to previous error
[INFO] [stdout] 
[INFO] [stdout] Couldn't compile the test.
[INFO] [stdout] ---- src/genome.rs - genome::Genome (line 10) stdout ----
[INFO] [stdout] error[E0425]: cannot find value `survivability` in this scope
[INFO] [stdout]   --> src/genome.rs:25:11
[INFO] [stdout]    |
[INFO] [stdout] 18 |     .eval(survivability)
[INFO] [stdout]    |           ^^^^^^^^^^^^^ not found in this scope
[INFO] [stdout] 
[INFO] [stdout] error: aborting due to previous error
[INFO] [stdout] 
[INFO] [stdout] For more information about this error, try `rustc --explain E0425`.
[INFO] [stdout] Couldn't compile the test.
[INFO] [stdout] 
[INFO] [stdout] failures:
[INFO] [stdout]     src/genome.rs - genome::Genome (line 10)
[INFO] [stdout]     src/sim.rs - sim::Simulation::run (line 89)
[INFO] [stdout]     src/sim.rs - sim::SimulationWithUtil<U,F>::run (line 227)
[INFO] [stdout] 
[INFO] [stdout] test result: FAILED. 3 passed; 3 failed; 0 ignored; 0 measured; 0 filtered out; finished in 1.19s
[INFO] [stdout] 
[INFO] [stderr] error: doctest failed, to rerun pass `--doc`
[INFO] running `Command { std: "docker" "inspect" "ed4e3506cb48da7a7e13a3c6065494556095292b27f5a6971e09a1b186c10422", kill_on_drop: false }`
[INFO] running `Command { std: "docker" "rm" "-f" "ed4e3506cb48da7a7e13a3c6065494556095292b27f5a6971e09a1b186c10422", kill_on_drop: false }`
[INFO] [stdout] ed4e3506cb48da7a7e13a3c6065494556095292b27f5a6971e09a1b186c10422
