[INFO] fetching crate generic-new 0.2.0...
[INFO] testing generic-new-0.2.0 against 1.75.0 for beta-1.76-1
[INFO] extracting crate generic-new 0.2.0 into /workspace/builds/worker-6-tc1/source
[INFO] validating manifest of crates.io crate generic-new 0.2.0 on toolchain 1.75.0
[INFO] running `Command { std: CARGO_HOME="/workspace/cargo-home" RUSTUP_HOME="/workspace/rustup-home" "/workspace/cargo-home/bin/cargo" "+1.75.0" "metadata" "--manifest-path" "Cargo.toml" "--no-deps", kill_on_drop: false }`
[INFO] started tweaking crates.io crate generic-new 0.2.0
[INFO] finished tweaking crates.io crate generic-new 0.2.0
[INFO] tweaked toml for crates.io crate generic-new 0.2.0 written to /workspace/builds/worker-6-tc1/source/Cargo.toml
[INFO] running `Command { std: CARGO_HOME="/workspace/cargo-home" RUSTUP_HOME="/workspace/rustup-home" "/workspace/cargo-home/bin/cargo" "+1.75.0" "generate-lockfile" "--manifest-path" "Cargo.toml", kill_on_drop: false }`
[INFO] [stderr]     Updating crates.io index
[INFO] running `Command { std: CARGO_HOME="/workspace/cargo-home" RUSTUP_HOME="/workspace/rustup-home" "/workspace/cargo-home/bin/cargo" "+1.75.0" "fetch" "--manifest-path" "Cargo.toml", kill_on_drop: false }`
[INFO] [stderr]  Downloading crates ...
[INFO] [stderr]   Downloaded trybuild v1.0.87
[INFO] [stderr]   Downloaded single v1.0.1
[INFO] [stderr]   Downloaded basic-toml v0.1.8
[INFO] running `Command { std: "docker" "create" "-v" "/var/lib/crater-agent-workspace/builds/worker-6-tc1/target:/opt/rustwide/target:rw,Z" "-v" "/var/lib/crater-agent-workspace/builds/worker-6-tc1/source:/opt/rustwide/workdir:ro,Z" "-v" "/var/lib/crater-agent-workspace/cargo-home:/opt/rustwide/cargo-home:ro,Z" "-v" "/var/lib/crater-agent-workspace/rustup-home:/opt/rustwide/rustup-home:ro,Z" "-e" "SOURCE_DIR=/opt/rustwide/workdir" "-e" "CARGO_TARGET_DIR=/opt/rustwide/target" "-e" "CARGO_HOME=/opt/rustwide/cargo-home" "-e" "RUSTUP_HOME=/opt/rustwide/rustup-home" "-w" "/opt/rustwide/workdir" "-m" "1610612736" "--user" "0:0" "--network" "none" "ghcr.io/rust-lang/crates-build-env/linux@sha256:2788e3201cd34a07e3172128adcd8b3090168a8e3bcc40d7c032b9dda1df7d1c" "/opt/rustwide/cargo-home/bin/cargo" "+1.75.0" "metadata" "--no-deps" "--format-version=1", kill_on_drop: false }`
[INFO] [stdout] 7b84006d0125de8aa6dc4ba0ffeed2aa1dd9a1fefced9fbd77b41a5274b2b61e
[INFO] running `Command { std: "docker" "start" "-a" "7b84006d0125de8aa6dc4ba0ffeed2aa1dd9a1fefced9fbd77b41a5274b2b61e", kill_on_drop: false }`
[INFO] running `Command { std: "docker" "inspect" "7b84006d0125de8aa6dc4ba0ffeed2aa1dd9a1fefced9fbd77b41a5274b2b61e", kill_on_drop: false }`
[INFO] running `Command { std: "docker" "rm" "-f" "7b84006d0125de8aa6dc4ba0ffeed2aa1dd9a1fefced9fbd77b41a5274b2b61e", kill_on_drop: false }`
[INFO] [stdout] 7b84006d0125de8aa6dc4ba0ffeed2aa1dd9a1fefced9fbd77b41a5274b2b61e
[INFO] running `Command { std: "docker" "create" "-v" "/var/lib/crater-agent-workspace/builds/worker-6-tc1/target:/opt/rustwide/target:rw,Z" "-v" "/var/lib/crater-agent-workspace/builds/worker-6-tc1/source:/opt/rustwide/workdir:ro,Z" "-v" "/var/lib/crater-agent-workspace/cargo-home:/opt/rustwide/cargo-home:ro,Z" "-v" "/var/lib/crater-agent-workspace/rustup-home:/opt/rustwide/rustup-home:ro,Z" "-e" "SOURCE_DIR=/opt/rustwide/workdir" "-e" "CARGO_TARGET_DIR=/opt/rustwide/target" "-e" "CARGO_INCREMENTAL=0" "-e" "RUST_BACKTRACE=full" "-e" "RUSTFLAGS=--cap-lints=warn" "-e" "RUSTDOCFLAGS=--cap-lints=warn" "-e" "CARGO_HOME=/opt/rustwide/cargo-home" "-e" "RUSTUP_HOME=/opt/rustwide/rustup-home" "-w" "/opt/rustwide/workdir" "-m" "1610612736" "--user" "0:0" "--network" "none" "ghcr.io/rust-lang/crates-build-env/linux@sha256:2788e3201cd34a07e3172128adcd8b3090168a8e3bcc40d7c032b9dda1df7d1c" "/opt/rustwide/cargo-home/bin/cargo" "+1.75.0" "build" "--frozen" "--message-format=json", kill_on_drop: false }`
[INFO] [stdout] 9079e63a8883e3ca15d09a74b625f9b207f3cbde4f144a92d51b2600ea9cf06a
[INFO] running `Command { std: "docker" "start" "-a" "9079e63a8883e3ca15d09a74b625f9b207f3cbde4f144a92d51b2600ea9cf06a", kill_on_drop: false }`
[INFO] [stderr]    Compiling proc-macro2 v1.0.75
[INFO] [stderr]    Compiling libc v0.2.151
[INFO] [stderr]    Compiling unicode-ident v1.0.12
[INFO] [stderr]    Compiling memchr v2.7.1
[INFO] [stderr]    Compiling syn v1.0.109
[INFO] [stderr]    Compiling version_check v0.9.4
[INFO] [stderr]    Compiling gimli v0.28.1
[INFO] [stderr]    Compiling unicode-xid v0.2.4
[INFO] [stderr]    Compiling failure_derive v0.1.8
[INFO] [stderr]    Compiling adler v1.0.2
[INFO] [stderr]    Compiling regex-syntax v0.8.2
[INFO] [stderr]    Compiling proc-macro-error-attr v1.0.4
[INFO] [stderr]    Compiling miniz_oxide v0.7.1
[INFO] [stderr]    Compiling cfg-if v1.0.0
[INFO] [stderr]    Compiling rustc-demangle v0.1.23
[INFO] [stderr]    Compiling aho-corasick v1.1.2
[INFO] [stderr]    Compiling object v0.32.2
[INFO] [stderr]    Compiling quick-error v1.2.3
[INFO] [stderr]    Compiling quote v1.0.35
[INFO] [stderr]    Compiling humantime v1.3.0
[INFO] [stderr]    Compiling proc-macro-error v1.0.4
[INFO] [stderr]    Compiling log v0.4.20
[INFO] [stderr]    Compiling cc v1.0.83
[INFO] [stderr]    Compiling atty v0.2.14
[INFO] [stderr]    Compiling termcolor v1.4.0
[INFO] [stderr]    Compiling regex-automata v0.4.3
[INFO] [stderr]    Compiling backtrace v0.3.69
[INFO] [stderr]    Compiling addr2line v0.21.0
[INFO] [stderr]    Compiling regex v1.10.2
[INFO] [stderr]    Compiling env_logger v0.7.1
[INFO] [stderr]    Compiling synstructure v0.12.6
[INFO] [stderr]    Compiling pretty_env_logger v0.4.0
[INFO] [stderr]    Compiling derive-syn-parse v0.1.5
[INFO] [stderr]    Compiling failure v0.1.8
[INFO] [stderr]    Compiling single v1.0.1
[INFO] [stderr]    Compiling generic-new v0.2.0 (/opt/rustwide/workdir)
[INFO] [stdout] warning: use of deprecated trait `single::Single`: use [`Itertools::at_most_one`](https://docs.rs/itertools/latest/itertools/trait.Itertools.html#method.at_most_one) instead
[INFO] [stdout]  --> src/field.rs:6:13
[INFO] [stdout]   |
[INFO] [stdout] 6 | use single::Single;
[INFO] [stdout]   |             ^^^^^^
[INFO] [stdout]   |
[INFO] [stdout]   = note: `#[warn(deprecated)]` on by default
[INFO] [stdout] 
[INFO] [stdout] 
[INFO] [stdout] warning: use of deprecated unit variant `single::Error::NoElements`: use [`Itertools::at_most_one`](https://docs.rs/itertools/latest/itertools/trait.Itertools.html#method.at_most_one) instead
[INFO] [stdout]    --> src/field.rs:201:36
[INFO] [stdout]     |
[INFO] [stdout] 201 |                     single::Error::NoElements => None,
[INFO] [stdout]     |                                    ^^^^^^^^^^
[INFO] [stdout] 
[INFO] [stdout] 
[INFO] [stdout] warning: use of deprecated unit variant `single::Error::MultipleElements`: use [`Itertools::at_most_one`](https://docs.rs/itertools/latest/itertools/trait.Itertools.html#method.at_most_one) instead
[INFO] [stdout]    --> src/field.rs:202:36
[INFO] [stdout]     |
[INFO] [stdout] 202 |                     single::Error::MultipleElements => {
[INFO] [stdout]     |                                    ^^^^^^^^^^^^^^^^
[INFO] [stdout] 
[INFO] [stdout] 
[INFO] [stdout] warning: use of deprecated method `single::Single::single`: use [`Itertools::at_most_one`](https://docs.rs/itertools/latest/itertools/trait.Itertools.html#method.at_most_one) instead
[INFO] [stdout]    --> src/field.rs:197:18
[INFO] [stdout]     |
[INFO] [stdout] 197 |                 .single()
[INFO] [stdout]     |                  ^^^^^^
[INFO] [stdout] 
[INFO] [stdout] 
[INFO] [stdout] warning: 4 warnings emitted
[INFO] [stdout] 
[INFO] [stdout] 
[INFO] [stderr]     Finished dev [unoptimized + debuginfo] target(s) in 25.41s
[INFO] running `Command { std: "docker" "inspect" "9079e63a8883e3ca15d09a74b625f9b207f3cbde4f144a92d51b2600ea9cf06a", kill_on_drop: false }`
[INFO] running `Command { std: "docker" "rm" "-f" "9079e63a8883e3ca15d09a74b625f9b207f3cbde4f144a92d51b2600ea9cf06a", kill_on_drop: false }`
[INFO] [stdout] 9079e63a8883e3ca15d09a74b625f9b207f3cbde4f144a92d51b2600ea9cf06a
[INFO] running `Command { std: "docker" "create" "-v" "/var/lib/crater-agent-workspace/builds/worker-6-tc1/target:/opt/rustwide/target:rw,Z" "-v" "/var/lib/crater-agent-workspace/builds/worker-6-tc1/source:/opt/rustwide/workdir:ro,Z" "-v" "/var/lib/crater-agent-workspace/cargo-home:/opt/rustwide/cargo-home:ro,Z" "-v" "/var/lib/crater-agent-workspace/rustup-home:/opt/rustwide/rustup-home:ro,Z" "-e" "SOURCE_DIR=/opt/rustwide/workdir" "-e" "CARGO_TARGET_DIR=/opt/rustwide/target" "-e" "CARGO_INCREMENTAL=0" "-e" "RUST_BACKTRACE=full" "-e" "RUSTFLAGS=--cap-lints=warn" "-e" "RUSTDOCFLAGS=--cap-lints=warn" "-e" "CARGO_HOME=/opt/rustwide/cargo-home" "-e" "RUSTUP_HOME=/opt/rustwide/rustup-home" "-w" "/opt/rustwide/workdir" "-m" "1610612736" "--user" "0:0" "--network" "none" "ghcr.io/rust-lang/crates-build-env/linux@sha256:2788e3201cd34a07e3172128adcd8b3090168a8e3bcc40d7c032b9dda1df7d1c" "/opt/rustwide/cargo-home/bin/cargo" "+1.75.0" "test" "--frozen" "--no-run" "--message-format=json", kill_on_drop: false }`
[INFO] [stdout] d0acac4c6b038e09a7d72f9f14879d9c1df8aa6ef47c60c3e4490a0b235c7ebb
[INFO] running `Command { std: "docker" "start" "-a" "d0acac4c6b038e09a7d72f9f14879d9c1df8aa6ef47c60c3e4490a0b235c7ebb", kill_on_drop: false }`
[INFO] [stderr]    Compiling serde v1.0.194
[INFO] [stderr]    Compiling serde_json v1.0.111
[INFO] [stderr]    Compiling syn v2.0.48
[INFO] [stderr]    Compiling anyhow v1.0.79
[INFO] [stderr]    Compiling trybuild v1.0.87
[INFO] [stderr]    Compiling ryu v1.0.16
[INFO] [stderr]    Compiling itoa v1.0.10
[INFO] [stderr]    Compiling once_cell v1.19.0
[INFO] [stderr]    Compiling glob v0.3.1
[INFO] [stderr]    Compiling convert_case v0.4.0
[INFO] [stderr]    Compiling generic-new v0.2.0 (/opt/rustwide/workdir)
[INFO] [stdout] warning: use of deprecated trait `single::Single`: use [`Itertools::at_most_one`](https://docs.rs/itertools/latest/itertools/trait.Itertools.html#method.at_most_one) instead
[INFO] [stdout]  --> src/field.rs:6:13
[INFO] [stdout]   |
[INFO] [stdout] 6 | use single::Single;
[INFO] [stdout]   |             ^^^^^^
[INFO] [stdout]   |
[INFO] [stdout]   = note: `#[warn(deprecated)]` on by default
[INFO] [stdout] 
[INFO] [stdout] 
[INFO] [stdout] warning: use of deprecated unit variant `single::Error::NoElements`: use [`Itertools::at_most_one`](https://docs.rs/itertools/latest/itertools/trait.Itertools.html#method.at_most_one) instead
[INFO] [stdout]    --> src/field.rs:201:36
[INFO] [stdout]     |
[INFO] [stdout] 201 |                     single::Error::NoElements => None,
[INFO] [stdout]     |                                    ^^^^^^^^^^
[INFO] [stdout] 
[INFO] [stdout] 
[INFO] [stdout] warning: use of deprecated unit variant `single::Error::MultipleElements`: use [`Itertools::at_most_one`](https://docs.rs/itertools/latest/itertools/trait.Itertools.html#method.at_most_one) instead
[INFO] [stdout]    --> src/field.rs:202:36
[INFO] [stdout]     |
[INFO] [stdout] 202 |                     single::Error::MultipleElements => {
[INFO] [stdout]     |                                    ^^^^^^^^^^^^^^^^
[INFO] [stdout] 
[INFO] [stdout] 
[INFO] [stdout] warning: use of deprecated method `single::Single::single`: use [`Itertools::at_most_one`](https://docs.rs/itertools/latest/itertools/trait.Itertools.html#method.at_most_one) instead
[INFO] [stdout]    --> src/field.rs:197:18
[INFO] [stdout]     |
[INFO] [stdout] 197 |                 .single()
[INFO] [stdout]     |                  ^^^^^^
[INFO] [stdout] 
[INFO] [stdout] 
[INFO] [stderr]    Compiling derive_more v0.99.17
[INFO] [stdout] warning: 4 warnings emitted
[INFO] [stdout] 
[INFO] [stdout] 
[INFO] [stderr]    Compiling serde_derive v1.0.194
[INFO] [stderr]    Compiling basic-toml v0.1.8
[INFO] [stdout] warning: use of deprecated trait `single::Single`: use [`Itertools::at_most_one`](https://docs.rs/itertools/latest/itertools/trait.Itertools.html#method.at_most_one) instead
[INFO] [stdout]  --> src/field.rs:6:13
[INFO] [stdout]   |
[INFO] [stdout] 6 | use single::Single;
[INFO] [stdout]   |             ^^^^^^
[INFO] [stdout]   |
[INFO] [stdout]   = note: `#[warn(deprecated)]` on by default
[INFO] [stdout] 
[INFO] [stdout] 
[INFO] [stdout] warning: use of deprecated unit variant `single::Error::NoElements`: use [`Itertools::at_most_one`](https://docs.rs/itertools/latest/itertools/trait.Itertools.html#method.at_most_one) instead
[INFO] [stdout]    --> src/field.rs:201:36
[INFO] [stdout]     |
[INFO] [stdout] 201 |                     single::Error::NoElements => None,
[INFO] [stdout]     |                                    ^^^^^^^^^^
[INFO] [stdout] 
[INFO] [stdout] 
[INFO] [stdout] warning: use of deprecated unit variant `single::Error::MultipleElements`: use [`Itertools::at_most_one`](https://docs.rs/itertools/latest/itertools/trait.Itertools.html#method.at_most_one) instead
[INFO] [stdout]    --> src/field.rs:202:36
[INFO] [stdout]     |
[INFO] [stdout] 202 |                     single::Error::MultipleElements => {
[INFO] [stdout]     |                                    ^^^^^^^^^^^^^^^^
[INFO] [stdout] 
[INFO] [stdout] 
[INFO] [stdout] warning: use of deprecated method `single::Single::single`: use [`Itertools::at_most_one`](https://docs.rs/itertools/latest/itertools/trait.Itertools.html#method.at_most_one) instead
[INFO] [stdout]    --> src/field.rs:197:18
[INFO] [stdout]     |
[INFO] [stdout] 197 |                 .single()
[INFO] [stdout]     |                  ^^^^^^
[INFO] [stdout] 
[INFO] [stdout] 
[INFO] [stdout] warning: 4 warnings emitted
[INFO] [stdout] 
[INFO] [stdout] 
[INFO] [stderr]     Finished test [unoptimized + debuginfo] target(s) in 14.23s
[INFO] running `Command { std: "docker" "inspect" "d0acac4c6b038e09a7d72f9f14879d9c1df8aa6ef47c60c3e4490a0b235c7ebb", kill_on_drop: false }`
[INFO] running `Command { std: "docker" "rm" "-f" "d0acac4c6b038e09a7d72f9f14879d9c1df8aa6ef47c60c3e4490a0b235c7ebb", kill_on_drop: false }`
[INFO] [stdout] d0acac4c6b038e09a7d72f9f14879d9c1df8aa6ef47c60c3e4490a0b235c7ebb
[INFO] running `Command { std: "docker" "create" "-v" "/var/lib/crater-agent-workspace/builds/worker-6-tc1/target:/opt/rustwide/target:rw,Z" "-v" "/var/lib/crater-agent-workspace/builds/worker-6-tc1/source:/opt/rustwide/workdir:ro,Z" "-v" "/var/lib/crater-agent-workspace/cargo-home:/opt/rustwide/cargo-home:ro,Z" "-v" "/var/lib/crater-agent-workspace/rustup-home:/opt/rustwide/rustup-home:ro,Z" "-e" "SOURCE_DIR=/opt/rustwide/workdir" "-e" "CARGO_TARGET_DIR=/opt/rustwide/target" "-e" "CARGO_INCREMENTAL=0" "-e" "RUST_BACKTRACE=full" "-e" "RUSTFLAGS=--cap-lints=warn" "-e" "RUSTDOCFLAGS=--cap-lints=warn" "-e" "CARGO_HOME=/opt/rustwide/cargo-home" "-e" "RUSTUP_HOME=/opt/rustwide/rustup-home" "-w" "/opt/rustwide/workdir" "-m" "1610612736" "--user" "0:0" "--network" "none" "ghcr.io/rust-lang/crates-build-env/linux@sha256:2788e3201cd34a07e3172128adcd8b3090168a8e3bcc40d7c032b9dda1df7d1c" "/opt/rustwide/cargo-home/bin/cargo" "+1.75.0" "test" "--frozen", kill_on_drop: false }`
[INFO] [stdout] 409801f35dec78d3c36ad7de4a3cce77a3d2a4518905edbafeefff67f2ff3f3e
[INFO] running `Command { std: "docker" "start" "-a" "409801f35dec78d3c36ad7de4a3cce77a3d2a4518905edbafeefff67f2ff3f3e", kill_on_drop: false }`
[INFO] [stderr] warning: use of deprecated trait `single::Single`: use [`Itertools::at_most_one`](https://docs.rs/itertools/latest/itertools/trait.Itertools.html#method.at_most_one) instead
[INFO] [stderr]  --> src/field.rs:6:13
[INFO] [stderr]   |
[INFO] [stderr] 6 | use single::Single;
[INFO] [stderr]   |             ^^^^^^
[INFO] [stderr]   |
[INFO] [stderr]   = note: `#[warn(deprecated)]` on by default
[INFO] [stderr] 
[INFO] [stderr] warning: use of deprecated unit variant `single::Error::NoElements`: use [`Itertools::at_most_one`](https://docs.rs/itertools/latest/itertools/trait.Itertools.html#method.at_most_one) instead
[INFO] [stderr]    --> src/field.rs:201:36
[INFO] [stderr]     |
[INFO] [stderr] 201 |                     single::Error::NoElements => None,
[INFO] [stderr]     |                                    ^^^^^^^^^^
[INFO] [stderr] 
[INFO] [stderr] warning: use of deprecated unit variant `single::Error::MultipleElements`: use [`Itertools::at_most_one`](https://docs.rs/itertools/latest/itertools/trait.Itertools.html#method.at_most_one) instead
[INFO] [stderr]    --> src/field.rs:202:36
[INFO] [stderr]     |
[INFO] [stderr] 202 |                     single::Error::MultipleElements => {
[INFO] [stderr]     |                                    ^^^^^^^^^^^^^^^^
[INFO] [stderr] 
[INFO] [stderr] warning: use of deprecated method `single::Single::single`: use [`Itertools::at_most_one`](https://docs.rs/itertools/latest/itertools/trait.Itertools.html#method.at_most_one) instead
[INFO] [stderr]    --> src/field.rs:197:18
[INFO] [stderr]     |
[INFO] [stderr] 197 |                 .single()
[INFO] [stderr]     |                  ^^^^^^
[INFO] [stderr] 
[INFO] [stderr] warning: `generic-new` (lib) generated 4 warnings
[INFO] [stderr] warning: `generic-new` (lib test) generated 4 warnings (4 duplicates)
[INFO] [stderr]     Finished test [unoptimized + debuginfo] target(s) in 0.08s
[INFO] [stderr]      Running unittests src/lib.rs (/opt/rustwide/target/debug/deps/generic_new-9a99572d322fc513)
[INFO] [stdout] 
[INFO] [stdout] running 9 tests
[INFO] [stdout] test attributes::tests::parse_ignore ... ok
[INFO] [stdout] test attributes::tests::parse_converter ... ok
[INFO] [stdout] test attributes::tests::parse_input_type ... ok
[INFO] [stdout] test config::tests::parse_custom ... ok
[INFO] [stdout] test attributes::tests::dont_parse_unknown ... ok
[INFO] [stdout] test config::tests::parse_ignore ... ok
[INFO] [stdout] test config::tests::parse_nothing - should panic ... ok
[INFO] [stdout] test config::tests::parse_incomplete - should panic ... ok
[INFO] [stderr]    Compiling libc v0.2.151
[INFO] [stderr]    Compiling proc-macro2 v1.0.75
[INFO] [stderr]    Compiling unicode-ident v1.0.12
[INFO] [stderr]    Compiling syn v1.0.109
[INFO] [stderr]    Compiling memchr v2.7.1
[INFO] [stderr]    Compiling version_check v0.9.4
[INFO] [stderr]    Compiling failure_derive v0.1.8
[INFO] [stderr]    Compiling unicode-xid v0.2.4
[INFO] [stderr]    Compiling regex-syntax v0.8.2
[INFO] [stderr]    Compiling adler v1.0.2
[INFO] [stderr]    Compiling gimli v0.28.1
[INFO] [stderr]    Compiling miniz_oxide v0.7.1
[INFO] [stderr]    Compiling proc-macro-error-attr v1.0.4
[INFO] [stderr]    Compiling quote v1.0.35
[INFO] [stderr]    Compiling proc-macro-error v1.0.4
[INFO] [stderr]    Compiling aho-corasick v1.1.2
[INFO] [stderr]    Compiling cc v1.0.83
[INFO] [stderr]    Compiling object v0.32.2
[INFO] [stderr]    Compiling cfg-if v1.0.0
[INFO] [stderr]    Compiling rustc-demangle v0.1.23
[INFO] [stderr]    Compiling backtrace v0.3.69
[INFO] [stderr]    Compiling addr2line v0.21.0
[INFO] [stderr]    Compiling regex-automata v0.4.3
[INFO] [stderr]    Compiling quick-error v1.2.3
[INFO] [stderr]    Compiling humantime v1.3.0
[INFO] [stderr]    Compiling synstructure v0.12.6
[INFO] [stderr]    Compiling atty v0.2.14
[INFO] [stderr]    Compiling regex v1.10.2
[INFO] [stderr]    Compiling log v0.4.20
[INFO] [stderr]    Compiling termcolor v1.4.0
[INFO] [stderr]    Compiling env_logger v0.7.1
[INFO] [stderr]    Compiling anyhow v1.0.79
[INFO] [stderr]    Compiling pretty_env_logger v0.4.0
[INFO] [stderr]    Compiling convert_case v0.4.0
[INFO] [stderr]    Compiling derive-syn-parse v0.1.5
[INFO] [stderr]    Compiling derive_more v0.99.17
[INFO] [stderr]    Compiling failure v0.1.8
[INFO] [stderr]    Compiling single v1.0.1
[INFO] [stderr]    Compiling generic-new v0.2.0 (/opt/rustwide/workdir)
[INFO] [stderr] warning: use of deprecated trait `single::Single`: use [`Itertools::at_most_one`](https://docs.rs/itertools/latest/itertools/trait.Itertools.html#method.at_most_one) instead
[INFO] [stderr]  --> /opt/rustwide/workdir/src/field.rs:6:13
[INFO] [stderr]   |
[INFO] [stderr] 6 | use single::Single;
[INFO] [stderr]   |             ^^^^^^
[INFO] [stderr]   |
[INFO] [stderr]   = note: `#[warn(deprecated)]` on by default
[INFO] [stderr] 
[INFO] [stderr] warning: use of deprecated unit variant `single::Error::NoElements`: use [`Itertools::at_most_one`](https://docs.rs/itertools/latest/itertools/trait.Itertools.html#method.at_most_one) instead
[INFO] [stderr]    --> /opt/rustwide/workdir/src/field.rs:201:36
[INFO] [stderr]     |
[INFO] [stderr] 201 |                     single::Error::NoElements => None,
[INFO] [stderr]     |                                    ^^^^^^^^^^
[INFO] [stderr] 
[INFO] [stderr] warning: use of deprecated unit variant `single::Error::MultipleElements`: use [`Itertools::at_most_one`](https://docs.rs/itertools/latest/itertools/trait.Itertools.html#method.at_most_one) instead
[INFO] [stderr]    --> /opt/rustwide/workdir/src/field.rs:202:36
[INFO] [stderr]     |
[INFO] [stderr] 202 |                     single::Error::MultipleElements => {
[INFO] [stderr]     |                                    ^^^^^^^^^^^^^^^^
[INFO] [stderr] 
[INFO] [stderr] warning: use of deprecated method `single::Single::single`: use [`Itertools::at_most_one`](https://docs.rs/itertools/latest/itertools/trait.Itertools.html#method.at_most_one) instead
[INFO] [stderr]    --> /opt/rustwide/workdir/src/field.rs:197:18
[INFO] [stderr]     |
[INFO] [stderr] 197 |                 .single()
[INFO] [stderr]     |                  ^^^^^^
[INFO] [stderr] 
[INFO] [stderr] warning: `generic-new` (lib) generated 4 warnings
[INFO] [stderr]    Compiling generic-new-tests v0.0.0 (/opt/rustwide/target/tests/trybuild/generic-new)
[INFO] [stderr]     Finished dev [unoptimized + debuginfo] target(s) in 59.15s
[INFO] [stderr] 
[INFO] [stderr] 
[INFO] [stderr] test trybuild/pass/custom_field.rs [should pass] ... ok
[INFO] [stderr] 
[INFO] [stderr] STDERR:
[INFO] [stderr] ┈┈┈┈┈┈┈┈┈┈┈┈┈┈┈┈┈┈┈┈┈┈┈┈┈┈┈┈┈┈┈┈┈┈┈┈┈┈┈┈┈┈┈┈┈┈┈┈┈┈┈┈┈┈┈┈┈┈┈┈
[INFO] [stderr] warning: use of deprecated trait `single::Single`: use [`Itertools::at_most_one`](https://docs.rs/itertools/latest/itertools/trait.Itertools.html#method.at_most_one) instead
[INFO] [stderr]  --> /opt/rustwide/workdir/src/field.rs:6:13
[INFO] [stderr]   |
[INFO] [stderr] 6 | use single::Single;
[INFO] [stderr]   |             ^^^^^^
[INFO] [stderr]   |
[INFO] [stderr]   = note: `#[warn(deprecated)]` on by default
[INFO] [stderr] 
[INFO] [stderr] warning: use of deprecated unit variant `single::Error::NoElements`: use [`Itertools::at_most_one`](https://docs.rs/itertools/latest/itertools/trait.Itertools.html#method.at_most_one) instead
[INFO] [stderr]    --> /opt/rustwide/workdir/src/field.rs:201:36
[INFO] [stderr]     |
[INFO] [stderr] 201 |                     single::Error::NoElements => None,
[INFO] [stderr]     |                                    ^^^^^^^^^^
[INFO] [stderr] 
[INFO] [stderr] warning: use of deprecated unit variant `single::Error::MultipleElements`: use [`Itertools::at_most_one`](https://docs.rs/itertools/latest/itertools/trait.Itertools.html#method.at_most_one) instead
[INFO] [stderr]    --> /opt/rustwide/workdir/src/field.rs:202:36
[INFO] [stderr]     |
[INFO] [stderr] 202 |                     single::Error::MultipleElements => {
[INFO] [stderr]     |                                    ^^^^^^^^^^^^^^^^
[INFO] [stderr] 
[INFO] [stderr] warning: use of deprecated method `single::Single::single`: use [`Itertools::at_most_one`](https://docs.rs/itertools/latest/itertools/trait.Itertools.html#method.at_most_one) instead
[INFO] [stderr]    --> /opt/rustwide/workdir/src/field.rs:197:18
[INFO] [stderr]     |
[INFO] [stderr] 197 |                 .single()
[INFO] [stderr]     |                  ^^^^^^
[INFO] [stderr] ┈┈┈┈┈┈┈┈┈┈┈┈┈┈┈┈┈┈┈┈┈┈┈┈┈┈┈┈┈┈┈┈┈┈┈┈┈┈┈┈┈┈┈┈┈┈┈┈┈┈┈┈┈┈┈┈┈┈┈┈
[INFO] [stderr] 
[INFO] [stdout] test tests::ui has been running for over 60 seconds
[INFO] [stderr] test trybuild/pass/pathbuf_field.rs [should pass] ... ok
[INFO] [stderr] 
[INFO] [stderr] STDERR:
[INFO] [stderr] ┈┈┈┈┈┈┈┈┈┈┈┈┈┈┈┈┈┈┈┈┈┈┈┈┈┈┈┈┈┈┈┈┈┈┈┈┈┈┈┈┈┈┈┈┈┈┈┈┈┈┈┈┈┈┈┈┈┈┈┈
[INFO] [stderr] warning: use of deprecated trait `single::Single`: use [`Itertools::at_most_one`](https://docs.rs/itertools/latest/itertools/trait.Itertools.html#method.at_most_one) instead
[INFO] [stderr]  --> /opt/rustwide/workdir/src/field.rs:6:13
[INFO] [stderr]   |
[INFO] [stderr] 6 | use single::Single;
[INFO] [stderr]   |             ^^^^^^
[INFO] [stderr]   |
[INFO] [stderr]   = note: `#[warn(deprecated)]` on by default
[INFO] [stderr] 
[INFO] [stderr] warning: use of deprecated unit variant `single::Error::NoElements`: use [`Itertools::at_most_one`](https://docs.rs/itertools/latest/itertools/trait.Itertools.html#method.at_most_one) instead
[INFO] [stderr]    --> /opt/rustwide/workdir/src/field.rs:201:36
[INFO] [stderr]     |
[INFO] [stderr] 201 |                     single::Error::NoElements => None,
[INFO] [stderr]     |                                    ^^^^^^^^^^
[INFO] [stderr] 
[INFO] [stderr] warning: use of deprecated unit variant `single::Error::MultipleElements`: use [`Itertools::at_most_one`](https://docs.rs/itertools/latest/itertools/trait.Itertools.html#method.at_most_one) instead
[INFO] [stderr]    --> /opt/rustwide/workdir/src/field.rs:202:36
[INFO] [stderr]     |
[INFO] [stderr] 202 |                     single::Error::MultipleElements => {
[INFO] [stderr]     |                                    ^^^^^^^^^^^^^^^^
[INFO] [stderr] 
[INFO] [stderr] warning: use of deprecated method `single::Single::single`: use [`Itertools::at_most_one`](https://docs.rs/itertools/latest/itertools/trait.Itertools.html#method.at_most_one) instead
[INFO] [stderr]    --> /opt/rustwide/workdir/src/field.rs:197:18
[INFO] [stderr]     |
[INFO] [stderr] 197 |                 .single()
[INFO] [stderr]     |                  ^^^^^^
[INFO] [stderr] ┈┈┈┈┈┈┈┈┈┈┈┈┈┈┈┈┈┈┈┈┈┈┈┈┈┈┈┈┈┈┈┈┈┈┈┈┈┈┈┈┈┈┈┈┈┈┈┈┈┈┈┈┈┈┈┈┈┈┈┈
[INFO] [stderr] 
[INFO] [stderr] test trybuild/pass/string_field.rs [should pass] ... ok
[INFO] [stderr] 
[INFO] [stderr] STDERR:
[INFO] [stderr] ┈┈┈┈┈┈┈┈┈┈┈┈┈┈┈┈┈┈┈┈┈┈┈┈┈┈┈┈┈┈┈┈┈┈┈┈┈┈┈┈┈┈┈┈┈┈┈┈┈┈┈┈┈┈┈┈┈┈┈┈
[INFO] [stderr] warning: use of deprecated trait `single::Single`: use [`Itertools::at_most_one`](https://docs.rs/itertools/latest/itertools/trait.Itertools.html#method.at_most_one) instead
[INFO] [stderr]  --> /opt/rustwide/workdir/src/field.rs:6:13
[INFO] [stderr]   |
[INFO] [stderr] 6 | use single::Single;
[INFO] [stderr]   |             ^^^^^^
[INFO] [stderr]   |
[INFO] [stderr]   = note: `#[warn(deprecated)]` on by default
[INFO] [stderr] 
[INFO] [stderr] warning: use of deprecated unit variant `single::Error::NoElements`: use [`Itertools::at_most_one`](https://docs.rs/itertools/latest/itertools/trait.Itertools.html#method.at_most_one) instead
[INFO] [stderr]    --> /opt/rustwide/workdir/src/field.rs:201:36
[INFO] [stderr]     |
[INFO] [stderr] 201 |                     single::Error::NoElements => None,
[INFO] [stderr]     |                                    ^^^^^^^^^^
[INFO] [stderr] 
[INFO] [stderr] warning: use of deprecated unit variant `single::Error::MultipleElements`: use [`Itertools::at_most_one`](https://docs.rs/itertools/latest/itertools/trait.Itertools.html#method.at_most_one) instead
[INFO] [stderr]    --> /opt/rustwide/workdir/src/field.rs:202:36
[INFO] [stderr]     |
[INFO] [stderr] 202 |                     single::Error::MultipleElements => {
[INFO] [stderr]     |                                    ^^^^^^^^^^^^^^^^
[INFO] [stderr] 
[INFO] [stderr] warning: use of deprecated method `single::Single::single`: use [`Itertools::at_most_one`](https://docs.rs/itertools/latest/itertools/trait.Itertools.html#method.at_most_one) instead
[INFO] [stderr]    --> /opt/rustwide/workdir/src/field.rs:197:18
[INFO] [stderr]     |
[INFO] [stderr] 197 |                 .single()
[INFO] [stderr]     |                  ^^^^^^
[INFO] [stderr] ┈┈┈┈┈┈┈┈┈┈┈┈┈┈┈┈┈┈┈┈┈┈┈┈┈┈┈┈┈┈┈┈┈┈┈┈┈┈┈┈┈┈┈┈┈┈┈┈┈┈┈┈┈┈┈┈┈┈┈┈
[INFO] [stderr] 
[INFO] [stderr] test trybuild/pass/usize_field.rs [should pass] ... ok
[INFO] [stderr] 
[INFO] [stderr] STDERR:
[INFO] [stderr] ┈┈┈┈┈┈┈┈┈┈┈┈┈┈┈┈┈┈┈┈┈┈┈┈┈┈┈┈┈┈┈┈┈┈┈┈┈┈┈┈┈┈┈┈┈┈┈┈┈┈┈┈┈┈┈┈┈┈┈┈
[INFO] [stderr] warning: use of deprecated trait `single::Single`: use [`Itertools::at_most_one`](https://docs.rs/itertools/latest/itertools/trait.Itertools.html#method.at_most_one) instead
[INFO] [stderr]  --> /opt/rustwide/workdir/src/field.rs:6:13
[INFO] [stderr]   |
[INFO] [stderr] 6 | use single::Single;
[INFO] [stderr]   |             ^^^^^^
[INFO] [stderr]   |
[INFO] [stderr]   = note: `#[warn(deprecated)]` on by default
[INFO] [stderr] 
[INFO] [stderr] warning: use of deprecated unit variant `single::Error::NoElements`: use [`Itertools::at_most_one`](https://docs.rs/itertools/latest/itertools/trait.Itertools.html#method.at_most_one) instead
[INFO] [stderr]    --> /opt/rustwide/workdir/src/field.rs:201:36
[INFO] [stderr]     |
[INFO] [stderr] 201 |                     single::Error::NoElements => None,
[INFO] [stderr]     |                                    ^^^^^^^^^^
[INFO] [stderr] 
[INFO] [stderr] warning: use of deprecated unit variant `single::Error::MultipleElements`: use [`Itertools::at_most_one`](https://docs.rs/itertools/latest/itertools/trait.Itertools.html#method.at_most_one) instead
[INFO] [stderr]    --> /opt/rustwide/workdir/src/field.rs:202:36
[INFO] [stderr]     |
[INFO] [stderr] 202 |                     single::Error::MultipleElements => {
[INFO] [stderr]     |                                    ^^^^^^^^^^^^^^^^
[INFO] [stderr] 
[INFO] [stderr] warning: use of deprecated method `single::Single::single`: use [`Itertools::at_most_one`](https://docs.rs/itertools/latest/itertools/trait.Itertools.html#method.at_most_one) instead
[INFO] [stderr]    --> /opt/rustwide/workdir/src/field.rs:197:18
[INFO] [stderr]     |
[INFO] [stderr] 197 |                 .single()
[INFO] [stderr]     |                  ^^^^^^
[INFO] [stderr] ┈┈┈┈┈┈┈┈┈┈┈┈┈┈┈┈┈┈┈┈┈┈┈┈┈┈┈┈┈┈┈┈┈┈┈┈┈┈┈┈┈┈┈┈┈┈┈┈┈┈┈┈┈┈┈┈┈┈┈┈
[INFO] [stderr] 
[INFO] [stderr] test trybuild/pass/vec_field.rs [should pass] ... ok
[INFO] [stderr] 
[INFO] [stderr] STDERR:
[INFO] [stderr] ┈┈┈┈┈┈┈┈┈┈┈┈┈┈┈┈┈┈┈┈┈┈┈┈┈┈┈┈┈┈┈┈┈┈┈┈┈┈┈┈┈┈┈┈┈┈┈┈┈┈┈┈┈┈┈┈┈┈┈┈
[INFO] [stderr] warning: use of deprecated trait `single::Single`: use [`Itertools::at_most_one`](https://docs.rs/itertools/latest/itertools/trait.Itertools.html#method.at_most_one) instead
[INFO] [stderr]  --> /opt/rustwide/workdir/src/field.rs:6:13
[INFO] [stderr]   |
[INFO] [stderr] 6 | use single::Single;
[INFO] [stderr]   |             ^^^^^^
[INFO] [stderr]   |
[INFO] [stderr]   = note: `#[warn(deprecated)]` on by default
[INFO] [stderr] 
[INFO] [stderr] warning: use of deprecated unit variant `single::Error::NoElements`: use [`Itertools::at_most_one`](https://docs.rs/itertools/latest/itertools/trait.Itertools.html#method.at_most_one) instead
[INFO] [stderr]    --> /opt/rustwide/workdir/src/field.rs:201:36
[INFO] [stderr]     |
[INFO] [stderr] 201 |                     single::Error::NoElements => None,
[INFO] [stderr]     |                                    ^^^^^^^^^^
[INFO] [stderr] 
[INFO] [stderr] warning: use of deprecated unit variant `single::Error::MultipleElements`: use [`Itertools::at_most_one`](https://docs.rs/itertools/latest/itertools/trait.Itertools.html#method.at_most_one) instead
[INFO] [stderr]    --> /opt/rustwide/workdir/src/field.rs:202:36
[INFO] [stderr]     |
[INFO] [stderr] 202 |                     single::Error::MultipleElements => {
[INFO] [stderr]     |                                    ^^^^^^^^^^^^^^^^
[INFO] [stderr] 
[INFO] [stderr] warning: use of deprecated method `single::Single::single`: use [`Itertools::at_most_one`](https://docs.rs/itertools/latest/itertools/trait.Itertools.html#method.at_most_one) instead
[INFO] [stderr]    --> /opt/rustwide/workdir/src/field.rs:197:18
[INFO] [stderr]     |
[INFO] [stderr] 197 |                 .single()
[INFO] [stderr]     |                  ^^^^^^
[INFO] [stderr] ┈┈┈┈┈┈┈┈┈┈┈┈┈┈┈┈┈┈┈┈┈┈┈┈┈┈┈┈┈┈┈┈┈┈┈┈┈┈┈┈┈┈┈┈┈┈┈┈┈┈┈┈┈┈┈┈┈┈┈┈
[INFO] [stderr] 
[INFO] [stderr] test trybuild/pass/vec_pathbuf_field.rs [should pass] ... ok
[INFO] [stderr] 
[INFO] [stderr] STDERR:
[INFO] [stderr] ┈┈┈┈┈┈┈┈┈┈┈┈┈┈┈┈┈┈┈┈┈┈┈┈┈┈┈┈┈┈┈┈┈┈┈┈┈┈┈┈┈┈┈┈┈┈┈┈┈┈┈┈┈┈┈┈┈┈┈┈
[INFO] [stderr] warning: use of deprecated trait `single::Single`: use [`Itertools::at_most_one`](https://docs.rs/itertools/latest/itertools/trait.Itertools.html#method.at_most_one) instead
[INFO] [stderr]  --> /opt/rustwide/workdir/src/field.rs:6:13
[INFO] [stderr]   |
[INFO] [stderr] 6 | use single::Single;
[INFO] [stderr]   |             ^^^^^^
[INFO] [stderr]   |
[INFO] [stderr]   = note: `#[warn(deprecated)]` on by default
[INFO] [stderr] 
[INFO] [stderr] warning: use of deprecated unit variant `single::Error::NoElements`: use [`Itertools::at_most_one`](https://docs.rs/itertools/latest/itertools/trait.Itertools.html#method.at_most_one) instead
[INFO] [stderr]    --> /opt/rustwide/workdir/src/field.rs:201:36
[INFO] [stderr]     |
[INFO] [stderr] 201 |                     single::Error::NoElements => None,
[INFO] [stderr]     |                                    ^^^^^^^^^^
[INFO] [stderr] 
[INFO] [stderr] warning: use of deprecated unit variant `single::Error::MultipleElements`: use [`Itertools::at_most_one`](https://docs.rs/itertools/latest/itertools/trait.Itertools.html#method.at_most_one) instead
[INFO] [stderr]    --> /opt/rustwide/workdir/src/field.rs:202:36
[INFO] [stderr]     |
[INFO] [stderr] 202 |                     single::Error::MultipleElements => {
[INFO] [stderr]     |                                    ^^^^^^^^^^^^^^^^
[INFO] [stderr] 
[INFO] [stderr] warning: use of deprecated method `single::Single::single`: use [`Itertools::at_most_one`](https://docs.rs/itertools/latest/itertools/trait.Itertools.html#method.at_most_one) instead
[INFO] [stderr]    --> /opt/rustwide/workdir/src/field.rs:197:18
[INFO] [stderr]     |
[INFO] [stderr] 197 |                 .single()
[INFO] [stderr]     |                  ^^^^^^
[INFO] [stderr] ┈┈┈┈┈┈┈┈┈┈┈┈┈┈┈┈┈┈┈┈┈┈┈┈┈┈┈┈┈┈┈┈┈┈┈┈┈┈┈┈┈┈┈┈┈┈┈┈┈┈┈┈┈┈┈┈┈┈┈┈
[INFO] [stderr] 
[INFO] [stderr] test trybuild/pass/vec_string_field.rs [should pass] ... ok
[INFO] [stderr] 
[INFO] [stderr] STDERR:
[INFO] [stderr] ┈┈┈┈┈┈┈┈┈┈┈┈┈┈┈┈┈┈┈┈┈┈┈┈┈┈┈┈┈┈┈┈┈┈┈┈┈┈┈┈┈┈┈┈┈┈┈┈┈┈┈┈┈┈┈┈┈┈┈┈
[INFO] [stderr] warning: use of deprecated trait `single::Single`: use [`Itertools::at_most_one`](https://docs.rs/itertools/latest/itertools/trait.Itertools.html#method.at_most_one) instead
[INFO] [stderr]  --> /opt/rustwide/workdir/src/field.rs:6:13
[INFO] [stderr]   |
[INFO] [stderr] 6 | use single::Single;
[INFO] [stderr]   |             ^^^^^^
[INFO] [stderr]   |
[INFO] [stderr]   = note: `#[warn(deprecated)]` on by default
[INFO] [stderr] 
[INFO] [stderr] warning: use of deprecated unit variant `single::Error::NoElements`: use [`Itertools::at_most_one`](https://docs.rs/itertools/latest/itertools/trait.Itertools.html#method.at_most_one) instead
[INFO] [stderr]    --> /opt/rustwide/workdir/src/field.rs:201:36
[INFO] [stderr]     |
[INFO] [stderr] 201 |                     single::Error::NoElements => None,
[INFO] [stderr]     |                                    ^^^^^^^^^^
[INFO] [stderr] 
[INFO] [stderr] warning: use of deprecated unit variant `single::Error::MultipleElements`: use [`Itertools::at_most_one`](https://docs.rs/itertools/latest/itertools/trait.Itertools.html#method.at_most_one) instead
[INFO] [stderr]    --> /opt/rustwide/workdir/src/field.rs:202:36
[INFO] [stderr]     |
[INFO] [stderr] 202 |                     single::Error::MultipleElements => {
[INFO] [stderr]     |                                    ^^^^^^^^^^^^^^^^
[INFO] [stderr] 
[INFO] [stderr] warning: use of deprecated method `single::Single::single`: use [`Itertools::at_most_one`](https://docs.rs/itertools/latest/itertools/trait.Itertools.html#method.at_most_one) instead
[INFO] [stderr]    --> /opt/rustwide/workdir/src/field.rs:197:18
[INFO] [stderr]     |
[INFO] [stderr] 197 |                 .single()
[INFO] [stderr]     |                  ^^^^^^
[INFO] [stderr] ┈┈┈┈┈┈┈┈┈┈┈┈┈┈┈┈┈┈┈┈┈┈┈┈┈┈┈┈┈┈┈┈┈┈┈┈┈┈┈┈┈┈┈┈┈┈┈┈┈┈┈┈┈┈┈┈┈┈┈┈
[INFO] [stderr] 
[INFO] [stderr] test trybuild/fail/double_ignore.rs [should fail to compile] ... mismatch
[INFO] [stderr] 
[INFO] [stderr] EXPECTED:
[INFO] [stderr] ┈┈┈┈┈┈┈┈┈┈┈┈┈┈┈┈┈┈┈┈┈┈┈┈┈┈┈┈┈┈┈┈┈┈┈┈┈┈┈┈┈┈┈┈┈┈┈┈┈┈┈┈┈┈┈┈┈┈┈┈
[INFO] [stderr] error: Cannot specify `ignore` more than once
[INFO] [stderr]  --> trybuild/fail/double_ignore.rs:6:33
[INFO] [stderr]   |
[INFO] [stderr] 6 |     #[generic_new(ignore, ignore)]
[INFO] [stderr]   |                                 ^
[INFO] [stderr] 
[INFO] [stderr] error[E0599]: no function or associated item named `new` found for struct `Foo` in the current scope
[INFO] [stderr]   --> trybuild/fail/double_ignore.rs:14:10
[INFO] [stderr]    |
[INFO] [stderr] 5  | struct Foo {
[INFO] [stderr]    | ---------- function or associated item `new` not found for this
[INFO] [stderr] ...
[INFO] [stderr] 14 |     Foo::new(1usize);
[INFO] [stderr]    |          ^^^ function or associated item not found in `Foo`
[INFO] [stderr] ┈┈┈┈┈┈┈┈┈┈┈┈┈┈┈┈┈┈┈┈┈┈┈┈┈┈┈┈┈┈┈┈┈┈┈┈┈┈┈┈┈┈┈┈┈┈┈┈┈┈┈┈┈┈┈┈┈┈┈┈
[INFO] [stderr] 
[INFO] [stderr] ACTUAL OUTPUT:
[INFO] [stderr] ┈┈┈┈┈┈┈┈┈┈┈┈┈┈┈┈┈┈┈┈┈┈┈┈┈┈┈┈┈┈┈┈┈┈┈┈┈┈┈┈┈┈┈┈┈┈┈┈┈┈┈┈┈┈┈┈┈┈┈┈
[INFO] [stderr] error: Cannot specify `ignore` more than once
[INFO] [stderr]  --> trybuild/fail/double_ignore.rs:6:33
[INFO] [stderr]   |
[INFO] [stderr] 6 |     #[generic_new(ignore, ignore)]
[INFO] [stderr]   |                                 ^
[INFO] [stderr] 
[INFO] [stderr] error[E0599]: no function or associated item named `new` found for struct `Foo` in the current scope
[INFO] [stderr]   --> trybuild/fail/double_ignore.rs:14:10
[INFO] [stderr]    |
[INFO] [stderr] 5  | struct Foo {
[INFO] [stderr]    | ---------- function or associated item `new` not found for this struct
[INFO] [stderr] ...
[INFO] [stderr] 14 |     Foo::new(1usize);
[INFO] [stderr]    |          ^^^ function or associated item not found in `Foo`
[INFO] [stderr] ┈┈┈┈┈┈┈┈┈┈┈┈┈┈┈┈┈┈┈┈┈┈┈┈┈┈┈┈┈┈┈┈┈┈┈┈┈┈┈┈┈┈┈┈┈┈┈┈┈┈┈┈┈┈┈┈┈┈┈┈
[INFO] [stderr] note: If the actual output is the correct output you can bless it by rerunning
[INFO] [stderr]       your test with the environment variable TRYBUILD=overwrite
[INFO] [stderr] 
[INFO] [stderr] test trybuild/fail/double_ty.rs [should fail to compile] ... mismatch
[INFO] [stderr] 
[INFO] [stderr] EXPECTED:
[INFO] [stderr] ┈┈┈┈┈┈┈┈┈┈┈┈┈┈┈┈┈┈┈┈┈┈┈┈┈┈┈┈┈┈┈┈┈┈┈┈┈┈┈┈┈┈┈┈┈┈┈┈┈┈┈┈┈┈┈┈┈┈┈┈
[INFO] [stderr] error: Can't specify `input_type` more than once
[INFO] [stderr]  --> trybuild/fail/double_ty.rs:6:41
[INFO] [stderr]   |
[INFO] [stderr] 6 |     #[generic_new(ty = usize, ty = usize)]
[INFO] [stderr]   |                                         ^
[INFO] [stderr] 
[INFO] [stderr] error[E0599]: no function or associated item named `new` found for struct `Foo` in the current scope
[INFO] [stderr]   --> trybuild/fail/double_ty.rs:14:10
[INFO] [stderr]    |
[INFO] [stderr] 5  | struct Foo {
[INFO] [stderr]    | ---------- function or associated item `new` not found for this
[INFO] [stderr] ...
[INFO] [stderr] 14 |     Foo::new(1usize);
[INFO] [stderr]    |          ^^^ function or associated item not found in `Foo`
[INFO] [stderr] ┈┈┈┈┈┈┈┈┈┈┈┈┈┈┈┈┈┈┈┈┈┈┈┈┈┈┈┈┈┈┈┈┈┈┈┈┈┈┈┈┈┈┈┈┈┈┈┈┈┈┈┈┈┈┈┈┈┈┈┈
[INFO] [stderr] 
[INFO] [stderr] ACTUAL OUTPUT:
[INFO] [stderr] ┈┈┈┈┈┈┈┈┈┈┈┈┈┈┈┈┈┈┈┈┈┈┈┈┈┈┈┈┈┈┈┈┈┈┈┈┈┈┈┈┈┈┈┈┈┈┈┈┈┈┈┈┈┈┈┈┈┈┈┈
[INFO] [stderr] error: Can't specify `input_type` more than once
[INFO] [stderr]  --> trybuild/fail/double_ty.rs:6:41
[INFO] [stderr]   |
[INFO] [stderr] 6 |     #[generic_new(ty = usize, ty = usize)]
[INFO] [stderr]   |                                         ^
[INFO] [stderr] 
[INFO] [stderr] error[E0599]: no function or associated item named `new` found for struct `Foo` in the current scope
[INFO] [stderr]   --> trybuild/fail/double_ty.rs:14:10
[INFO] [stderr]    |
[INFO] [stderr] 5  | struct Foo {
[INFO] [stderr]    | ---------- function or associated item `new` not found for this struct
[INFO] [stderr] ...
[INFO] [stderr] 14 |     Foo::new(1usize);
[INFO] [stderr]    |          ^^^ function or associated item not found in `Foo`
[INFO] [stderr] ┈┈┈┈┈┈┈┈┈┈┈┈┈┈┈┈┈┈┈┈┈┈┈┈┈┈┈┈┈┈┈┈┈┈┈┈┈┈┈┈┈┈┈┈┈┈┈┈┈┈┈┈┈┈┈┈┈┈┈┈
[INFO] [stderr] note: If the actual output is the correct output you can bless it by rerunning
[INFO] [stderr]       your test with the environment variable TRYBUILD=overwrite
[INFO] [stderr] 
[INFO] [stderr] test trybuild/fail/empty_attr.rs [should fail to compile] ... mismatch
[INFO] [stderr] 
[INFO] [stderr] EXPECTED:
[INFO] [stderr] ┈┈┈┈┈┈┈┈┈┈┈┈┈┈┈┈┈┈┈┈┈┈┈┈┈┈┈┈┈┈┈┈┈┈┈┈┈┈┈┈┈┈┈┈┈┈┈┈┈┈┈┈┈┈┈┈┈┈┈┈
[INFO] [stderr] error: Couldn't parse attributes: expected attribute arguments in parentheses: #[generic_new(...)]
[INFO] [stderr]  --> trybuild/fail/empty_attr.rs:6:5
[INFO] [stderr]   |
[INFO] [stderr] 6 |     #[generic_new]
[INFO] [stderr]   |     ^^^^^^^^^^^^^^
[INFO] [stderr] 
[INFO] [stderr] error[E0599]: no function or associated item named `new` found for struct `Foo` in the current scope
[INFO] [stderr]   --> trybuild/fail/empty_attr.rs:14:10
[INFO] [stderr]    |
[INFO] [stderr] 5  | struct Foo {
[INFO] [stderr]    | ---------- function or associated item `new` not found for this
[INFO] [stderr] ...
[INFO] [stderr] 14 |     Foo::new(1usize);
[INFO] [stderr]    |          ^^^ function or associated item not found in `Foo`
[INFO] [stderr] ┈┈┈┈┈┈┈┈┈┈┈┈┈┈┈┈┈┈┈┈┈┈┈┈┈┈┈┈┈┈┈┈┈┈┈┈┈┈┈┈┈┈┈┈┈┈┈┈┈┈┈┈┈┈┈┈┈┈┈┈
[INFO] [stderr] 
[INFO] [stderr] ACTUAL OUTPUT:
[INFO] [stderr] ┈┈┈┈┈┈┈┈┈┈┈┈┈┈┈┈┈┈┈┈┈┈┈┈┈┈┈┈┈┈┈┈┈┈┈┈┈┈┈┈┈┈┈┈┈┈┈┈┈┈┈┈┈┈┈┈┈┈┈┈
[INFO] [stderr] error: Couldn't parse attributes: expected attribute arguments in parentheses: #[generic_new(...)]
[INFO] [stderr]  --> trybuild/fail/empty_attr.rs:6:5
[INFO] [stderr]   |
[INFO] [stderr] 6 |     #[generic_new]
[INFO] [stderr]   |     ^^^^^^^^^^^^^^
[INFO] [stderr] 
[INFO] [stderr] error[E0599]: no function or associated item named `new` found for struct `Foo` in the current scope
[INFO] [stderr]   --> trybuild/fail/empty_attr.rs:14:10
[INFO] [stderr]    |
[INFO] [stderr] 5  | struct Foo {
[INFO] [stderr]    | ---------- function or associated item `new` not found for this struct
[INFO] [stderr] ...
[INFO] [stderr] 14 |     Foo::new(1usize);
[INFO] [stderr]    |          ^^^ function or associated item not found in `Foo`
[INFO] [stderr] ┈┈┈┈┈┈┈┈┈┈┈┈┈┈┈┈┈┈┈┈┈┈┈┈┈┈┈┈┈┈┈┈┈┈┈┈┈┈┈┈┈┈┈┈┈┈┈┈┈┈┈┈┈┈┈┈┈┈┈┈
[INFO] [stderr] note: If the actual output is the correct output you can bless it by rerunning
[INFO] [stderr]       your test with the environment variable TRYBUILD=overwrite
[INFO] [stderr] 
[INFO] [stderr] test trybuild/fail/ignore_and_convert.rs [should fail to compile] ... mismatch
[INFO] [stderr] 
[INFO] [stderr] EXPECTED:
[INFO] [stderr] ┈┈┈┈┈┈┈┈┈┈┈┈┈┈┈┈┈┈┈┈┈┈┈┈┈┈┈┈┈┈┈┈┈┈┈┈┈┈┈┈┈┈┈┈┈┈┈┈┈┈┈┈┈┈┈┈┈┈┈┈
[INFO] [stderr] error: `ignore` is mutually exclusive with other options
[INFO] [stderr]  --> trybuild/fail/ignore_and_convert.rs:6:78
[INFO] [stderr]   |
[INFO] [stderr] 6 |     #[generic_new(ignore, ty = impl Into<usize>, converter = |u|Into::into(u))]
[INFO] [stderr]   |                                                                              ^
[INFO] [stderr] 
[INFO] [stderr] error[E0599]: no function or associated item named `new` found for struct `Foo` in the current scope
[INFO] [stderr]   --> trybuild/fail/ignore_and_convert.rs:14:10
[INFO] [stderr]    |
[INFO] [stderr] 5  | struct Foo {
[INFO] [stderr]    | ---------- function or associated item `new` not found for this
[INFO] [stderr] ...
[INFO] [stderr] 14 |     Foo::new(1usize);
[INFO] [stderr]    |          ^^^ function or associated item not found in `Foo`
[INFO] [stderr] ┈┈┈┈┈┈┈┈┈┈┈┈┈┈┈┈┈┈┈┈┈┈┈┈┈┈┈┈┈┈┈┈┈┈┈┈┈┈┈┈┈┈┈┈┈┈┈┈┈┈┈┈┈┈┈┈┈┈┈┈
[INFO] [stderr] 
[INFO] [stderr] ACTUAL OUTPUT:
[INFO] [stderr] ┈┈┈┈┈┈┈┈┈┈┈┈┈┈┈┈┈┈┈┈┈┈┈┈┈┈┈┈┈┈┈┈┈┈┈┈┈┈┈┈┈┈┈┈┈┈┈┈┈┈┈┈┈┈┈┈┈┈┈┈
[INFO] [stderr] error: `ignore` is mutually exclusive with other options
[INFO] [stderr]  --> trybuild/fail/ignore_and_convert.rs:6:78
[INFO] [stderr]   |
[INFO] [stderr] 6 |     #[generic_new(ignore, ty = impl Into<usize>, converter = |u|Into::into(u))]
[INFO] [stderr]   |                                                                              ^
[INFO] [stderr] 
[INFO] [stderr] error[E0599]: no function or associated item named `new` found for struct `Foo` in the current scope
[INFO] [stderr]   --> trybuild/fail/ignore_and_convert.rs:14:10
[INFO] [stderr]    |
[INFO] [stderr] 5  | struct Foo {
[INFO] [stderr]    | ---------- function or associated item `new` not found for this struct
[INFO] [stderr] ...
[INFO] [stderr] 14 |     Foo::new(1usize);
[INFO] [stderr]    |          ^^^ function or associated item not found in `Foo`
[INFO] [stderr] ┈┈┈┈┈┈┈┈┈┈┈┈┈┈┈┈┈┈┈┈┈┈┈┈┈┈┈┈┈┈┈┈┈┈┈┈┈┈┈┈┈┈┈┈┈┈┈┈┈┈┈┈┈┈┈┈┈┈┈┈
[INFO] [stderr] note: If the actual output is the correct output you can bless it by rerunning
[INFO] [stderr]       your test with the environment variable TRYBUILD=overwrite
[INFO] [stderr] 
[INFO] [stderr] 
[INFO] [stderr] 
[INFO] [stdout] test tests::ui ... FAILED
[INFO] [stdout] 
[INFO] [stdout] failures:
[INFO] [stdout] 
[INFO] [stdout] ---- tests::ui stdout ----
[INFO] [stdout] thread 'tests::ui' panicked at /opt/rustwide/cargo-home/registry/src/index.crates.io-6f17d22bba15001f/trybuild-1.0.87/src/run.rs:101:13:
[INFO] [stdout] 4 of 11 tests failed
[INFO] [stdout] stack backtrace:
[INFO] [stdout]    0:     0x7f0a7999662c - std::backtrace_rs::backtrace::libunwind::trace::ha637c64ce894333a
[INFO] [stdout]                                at /rustc/82e1608dfa6e0b5569232559e3d385fea5a93112/library/std/src/../../backtrace/src/backtrace/libunwind.rs:104:5
[INFO] [stdout]    1:     0x7f0a7999662c - std::backtrace_rs::backtrace::trace_unsynchronized::h47f62dea28e0c88d
[INFO] [stdout]                                at /rustc/82e1608dfa6e0b5569232559e3d385fea5a93112/library/std/src/../../backtrace/src/backtrace/mod.rs:66:5
[INFO] [stdout]    2:     0x7f0a7999662c - std::sys_common::backtrace::_print_fmt::h9eef0abe20ede486
[INFO] [stdout]                                at /rustc/82e1608dfa6e0b5569232559e3d385fea5a93112/library/std/src/sys_common/backtrace.rs:67:5
[INFO] [stdout]    3:     0x7f0a7999662c - <std::sys_common::backtrace::_print::DisplayBacktrace as core::fmt::Display>::fmt::hed7f999df88cc644
[INFO] [stdout]                                at /rustc/82e1608dfa6e0b5569232559e3d385fea5a93112/library/std/src/sys_common/backtrace.rs:44:22
[INFO] [stdout]    4:     0x7f0a799e9630 - core::fmt::rt::Argument::fmt::h1539a9308b8d058d
[INFO] [stdout]                                at /rustc/82e1608dfa6e0b5569232559e3d385fea5a93112/library/core/src/fmt/rt.rs:142:9
[INFO] [stdout]    5:     0x7f0a799e9630 - core::fmt::write::h3a39390d8560d9c9
[INFO] [stdout]                                at /rustc/82e1608dfa6e0b5569232559e3d385fea5a93112/library/core/src/fmt/mod.rs:1120:17
[INFO] [stdout]    6:     0x7f0a7998a4bf - std::io::Write::write_fmt::h040b369f3a0f9cbc
[INFO] [stdout]                                at /rustc/82e1608dfa6e0b5569232559e3d385fea5a93112/library/std/src/io/mod.rs:1762:15
[INFO] [stdout]    7:     0x7f0a79996414 - std::sys_common::backtrace::_print::h894006fb5c6f3d45
[INFO] [stdout]                                at /rustc/82e1608dfa6e0b5569232559e3d385fea5a93112/library/std/src/sys_common/backtrace.rs:47:5
[INFO] [stdout]    8:     0x7f0a79996414 - std::sys_common::backtrace::print::h23a2d212c6fff936
[INFO] [stdout]                                at /rustc/82e1608dfa6e0b5569232559e3d385fea5a93112/library/std/src/sys_common/backtrace.rs:34:9
[INFO] [stdout]    9:     0x7f0a799990a7 - std::panicking::default_hook::{{closure}}::h8a1d2ee00185001a
[INFO] [stdout]   10:     0x7f0a79998d93 - std::panicking::default_hook::h6038f2eba384e475
[INFO] [stdout]                                at /rustc/82e1608dfa6e0b5569232559e3d385fea5a93112/library/std/src/panicking.rs:289:9
[INFO] [stdout]   11:     0x7f0a79a64d07 - <alloc::boxed::Box<F,A> as core::ops::function::Fn<Args>>::call::h0ad024c9bdc6d768
[INFO] [stdout]                                at /rustc/82e1608dfa6e0b5569232559e3d385fea5a93112/library/alloc/src/boxed.rs:2021:9
[INFO] [stdout]   12:     0x7f0a79a64d07 - test::test_main::{{closure}}::h7500b54257359db6
[INFO] [stdout]                                at /rustc/82e1608dfa6e0b5569232559e3d385fea5a93112/library/test/src/lib.rs:138:21
[INFO] [stdout]   13:     0x7f0a799997e8 - <alloc::boxed::Box<F,A> as core::ops::function::Fn<Args>>::call::h1f8f335eaa9cfaee
[INFO] [stdout]                                at /rustc/82e1608dfa6e0b5569232559e3d385fea5a93112/library/alloc/src/boxed.rs:2021:9
[INFO] [stdout]   14:     0x7f0a799997e8 - std::panicking::rust_panic_with_hook::h2b5517d590cab22e
[INFO] [stdout]                                at /rustc/82e1608dfa6e0b5569232559e3d385fea5a93112/library/std/src/panicking.rs:783:13
[INFO] [stdout]   15:     0x7f0a7999953e - std::panicking::begin_panic_handler::{{closure}}::h233112c06e0ef43e
[INFO] [stdout]                                at /rustc/82e1608dfa6e0b5569232559e3d385fea5a93112/library/std/src/panicking.rs:657:13
[INFO] [stdout]   16:     0x7f0a79996af6 - std::sys_common::backtrace::__rust_end_short_backtrace::h6e893f24d7ebbff8
[INFO] [stdout]                                at /rustc/82e1608dfa6e0b5569232559e3d385fea5a93112/library/std/src/sys_common/backtrace.rs:170:18
[INFO] [stdout]   17:     0x7f0a799992a2 - rust_begin_unwind
[INFO] [stdout]                                at /rustc/82e1608dfa6e0b5569232559e3d385fea5a93112/library/std/src/panicking.rs:645:5
[INFO] [stdout]   18:     0x7f0a799e5d15 - core::panicking::panic_fmt::hbf0e066aabfa482c
[INFO] [stdout]                                at /rustc/82e1608dfa6e0b5569232559e3d385fea5a93112/library/core/src/panicking.rs:72:14
[INFO] [stdout]   19:     0x56115a324657 - trybuild::run::<impl trybuild::Runner>::run::heb69d9d6a66dcaec
[INFO] [stdout]   20:     0x56115a329b55 - <trybuild::TestCases as core::ops::drop::Drop>::drop::h62bd0e125ad2737f
[INFO] [stdout]   21:     0x56115a317357 - core::ptr::drop_in_place<trybuild::TestCases>::h1546b1205217339e
[INFO] [stdout]                                at /rustc/82e1608dfa6e0b5569232559e3d385fea5a93112/library/core/src/ptr/mod.rs:498:1
[INFO] [stdout]   22:     0x56115a31656b - generic_new::tests::ui::hb2f329fefc4a9825
[INFO] [stdout]                                at /opt/rustwide/workdir/src/lib.rs:92:5
[INFO] [stdout]   23:     0x56115a3164e7 - generic_new::tests::ui::{{closure}}::h2234750fd4583104
[INFO] [stdout]                                at /opt/rustwide/workdir/src/lib.rs:88:12
[INFO] [stdout]   24:     0x56115a316e06 - core::ops::function::FnOnce::call_once::h2a3975e819c6d1e5
[INFO] [stdout]                                at /rustc/82e1608dfa6e0b5569232559e3d385fea5a93112/library/core/src/ops/function.rs:250:5
[INFO] [stdout]   25:     0x7f0a79a6ac9f - core::ops::function::FnOnce::call_once::h2b5d431d5046312d
[INFO] [stdout]                                at /rustc/82e1608dfa6e0b5569232559e3d385fea5a93112/library/core/src/ops/function.rs:250:5
[INFO] [stdout]   26:     0x7f0a79a6ac9f - test::__rust_begin_short_backtrace::h7714669af176e207
[INFO] [stdout]                                at /rustc/82e1608dfa6e0b5569232559e3d385fea5a93112/library/test/src/lib.rs:628:18
[INFO] [stdout]   27:     0x7f0a79a69cb5 - test::run_test_in_process::{{closure}}::h85218797dcbcec12
[INFO] [stdout]                                at /rustc/82e1608dfa6e0b5569232559e3d385fea5a93112/library/test/src/lib.rs:651:60
[INFO] [stdout]   28:     0x7f0a79a69cb5 - <core::panic::unwind_safe::AssertUnwindSafe<F> as core::ops::function::FnOnce<()>>::call_once::h76c106ea31c14d7b
[INFO] [stdout]                                at /rustc/82e1608dfa6e0b5569232559e3d385fea5a93112/library/core/src/panic/unwind_safe.rs:272:9
[INFO] [stdout]   29:     0x7f0a79a69cb5 - std::panicking::try::do_call::h3bd5d0f6620ee946
[INFO] [stdout]                                at /rustc/82e1608dfa6e0b5569232559e3d385fea5a93112/library/std/src/panicking.rs:552:40
[INFO] [stdout]   30:     0x7f0a79a69cb5 - std::panicking::try::h232e535e4744fe31
[INFO] [stdout]                                at /rustc/82e1608dfa6e0b5569232559e3d385fea5a93112/library/std/src/panicking.rs:516:19
[INFO] [stdout]   31:     0x7f0a79a69cb5 - std::panic::catch_unwind::h3ce3bd6ca8dbac68
[INFO] [stdout]                                at /rustc/82e1608dfa6e0b5569232559e3d385fea5a93112/library/std/src/panic.rs:142:14
[INFO] [stdout]   32:     0x7f0a79a69cb5 - test::run_test_in_process::hc97b257c9621286a
[INFO] [stdout]                                at /rustc/82e1608dfa6e0b5569232559e3d385fea5a93112/library/test/src/lib.rs:651:27
[INFO] [stdout]   33:     0x7f0a79a69cb5 - test::run_test::{{closure}}::h2aa798823a438d38
[INFO] [stdout]                                at /rustc/82e1608dfa6e0b5569232559e3d385fea5a93112/library/test/src/lib.rs:574:43
[INFO] [stdout]   34:     0x7f0a79a2da26 - test::run_test::{{closure}}::h87d231c78fb59832
[INFO] [stdout]                                at /rustc/82e1608dfa6e0b5569232559e3d385fea5a93112/library/test/src/lib.rs:602:41
[INFO] [stdout]   35:     0x7f0a79a2da26 - std::sys_common::backtrace::__rust_begin_short_backtrace::he6df152596625789
[INFO] [stdout]                                at /rustc/82e1608dfa6e0b5569232559e3d385fea5a93112/library/std/src/sys_common/backtrace.rs:154:18
[INFO] [stdout]   36:     0x7f0a79a32ad7 - std::thread::Builder::spawn_unchecked_::{{closure}}::{{closure}}::ha94be15d1e0acf36
[INFO] [stdout]                                at /rustc/82e1608dfa6e0b5569232559e3d385fea5a93112/library/std/src/thread/mod.rs:529:17
[INFO] [stdout]   37:     0x7f0a79a32ad7 - <core::panic::unwind_safe::AssertUnwindSafe<F> as core::ops::function::FnOnce<()>>::call_once::h9dc6bd6372f16606
[INFO] [stdout]                                at /rustc/82e1608dfa6e0b5569232559e3d385fea5a93112/library/core/src/panic/unwind_safe.rs:272:9
[INFO] [stdout]   38:     0x7f0a79a32ad7 - std::panicking::try::do_call::h9057517f80303cd4
[INFO] [stdout]                                at /rustc/82e1608dfa6e0b5569232559e3d385fea5a93112/library/std/src/panicking.rs:552:40
[INFO] [stdout]   39:     0x7f0a79a32ad7 - std::panicking::try::he3a30b11ee45340c
[INFO] [stdout]                                at /rustc/82e1608dfa6e0b5569232559e3d385fea5a93112/library/std/src/panicking.rs:516:19
[INFO] [stdout]   40:     0x7f0a79a32ad7 - std::panic::catch_unwind::h410458cfd3528b8b
[INFO] [stdout]                                at /rustc/82e1608dfa6e0b5569232559e3d385fea5a93112/library/std/src/panic.rs:142:14
[INFO] [stdout]   41:     0x7f0a79a32ad7 - std::thread::Builder::spawn_unchecked_::{{closure}}::h72ac3bdb567b737b
[INFO] [stdout]                                at /rustc/82e1608dfa6e0b5569232559e3d385fea5a93112/library/std/src/thread/mod.rs:528:30
[INFO] [stdout]   42:     0x7f0a79a32ad7 - core::ops::function::FnOnce::call_once{{vtable.shim}}::h38f34da3654a8344
[INFO] [stdout]                                at /rustc/82e1608dfa6e0b5569232559e3d385fea5a93112/library/core/src/ops/function.rs:250:5
[INFO] [stdout]   43:     0x7f0a799a36a5 - <alloc::boxed::Box<F,A> as core::ops::function::FnOnce<Args>>::call_once::hc7eafaff61e32df9
[INFO] [stdout]                                at /rustc/82e1608dfa6e0b5569232559e3d385fea5a93112/library/alloc/src/boxed.rs:2007:9
[INFO] [stdout]   44:     0x7f0a799a36a5 - <alloc::boxed::Box<F,A> as core::ops::function::FnOnce<Args>>::call_once::h6ba4a5de48dd2304
[INFO] [stdout]                                at /rustc/82e1608dfa6e0b5569232559e3d385fea5a93112/library/alloc/src/boxed.rs:2007:9
[INFO] [stdout]   45:     0x7f0a799a36a5 - std::sys::unix::thread::Thread::new::thread_start::he469335aef763e45
[INFO] [stdout]                                at /rustc/82e1608dfa6e0b5569232559e3d385fea5a93112/library/std/src/sys/unix/thread.rs:108:17
[INFO] [stdout]   46:     0x7f0a79734ac3 - <unknown>
[INFO] [stdout]   47:     0x7f0a797c5bf4 - __clone
[INFO] [stdout]   48:                0x0 - <unknown>
[INFO] [stdout] 
[INFO] [stdout] 
[INFO] [stdout] failures:
[INFO] [stdout]     tests::ui
[INFO] [stdout] 
[INFO] [stdout] test result: FAILED. 8 passed; 1 failed; 0 ignored; 0 measured; 0 filtered out; finished in 64.77s
[INFO] [stdout] 
[INFO] [stderr] error: test failed, to rerun pass `--lib`
[INFO] running `Command { std: "docker" "inspect" "409801f35dec78d3c36ad7de4a3cce77a3d2a4518905edbafeefff67f2ff3f3e", kill_on_drop: false }`
[INFO] running `Command { std: "docker" "rm" "-f" "409801f35dec78d3c36ad7de4a3cce77a3d2a4518905edbafeefff67f2ff3f3e", kill_on_drop: false }`
[INFO] [stdout] 409801f35dec78d3c36ad7de4a3cce77a3d2a4518905edbafeefff67f2ff3f3e
[INFO] testing generic-new-0.2.0 against beta-2023-12-22 for beta-1.76-1
[INFO] extracting crate generic-new 0.2.0 into /workspace/builds/worker-6-tc2/source
[INFO] validating manifest of crates.io crate generic-new 0.2.0 on toolchain beta-2023-12-22
[INFO] running `Command { std: CARGO_HOME="/workspace/cargo-home" RUSTUP_HOME="/workspace/rustup-home" "/workspace/cargo-home/bin/cargo" "+beta-2023-12-22" "metadata" "--manifest-path" "Cargo.toml" "--no-deps", kill_on_drop: false }`
[INFO] started tweaking crates.io crate generic-new 0.2.0
[INFO] finished tweaking crates.io crate generic-new 0.2.0
[INFO] tweaked toml for crates.io crate generic-new 0.2.0 written to /workspace/builds/worker-6-tc2/source/Cargo.toml
[INFO] running `Command { std: CARGO_HOME="/workspace/cargo-home" RUSTUP_HOME="/workspace/rustup-home" "/workspace/cargo-home/bin/cargo" "+beta-2023-12-22" "generate-lockfile" "--manifest-path" "Cargo.toml", kill_on_drop: false }`
[INFO] [stderr]     Updating crates.io index
[INFO] running `Command { std: CARGO_HOME="/workspace/cargo-home" RUSTUP_HOME="/workspace/rustup-home" "/workspace/cargo-home/bin/cargo" "+beta-2023-12-22" "fetch" "--manifest-path" "Cargo.toml", kill_on_drop: false }`
[INFO] running `Command { std: "docker" "create" "-v" "/var/lib/crater-agent-workspace/builds/worker-6-tc2/target:/opt/rustwide/target:rw,Z" "-v" "/var/lib/crater-agent-workspace/builds/worker-6-tc2/source:/opt/rustwide/workdir:ro,Z" "-v" "/var/lib/crater-agent-workspace/cargo-home:/opt/rustwide/cargo-home:ro,Z" "-v" "/var/lib/crater-agent-workspace/rustup-home:/opt/rustwide/rustup-home:ro,Z" "-e" "SOURCE_DIR=/opt/rustwide/workdir" "-e" "CARGO_TARGET_DIR=/opt/rustwide/target" "-e" "CARGO_HOME=/opt/rustwide/cargo-home" "-e" "RUSTUP_HOME=/opt/rustwide/rustup-home" "-w" "/opt/rustwide/workdir" "-m" "1610612736" "--user" "0:0" "--network" "none" "ghcr.io/rust-lang/crates-build-env/linux@sha256:2788e3201cd34a07e3172128adcd8b3090168a8e3bcc40d7c032b9dda1df7d1c" "/opt/rustwide/cargo-home/bin/cargo" "+beta-2023-12-22" "metadata" "--no-deps" "--format-version=1", kill_on_drop: false }`
[INFO] [stdout] 649633b4b193647df57a97e98f2e4eed6eb25bc1f76981a27797c69b80b9bc46
[INFO] running `Command { std: "docker" "start" "-a" "649633b4b193647df57a97e98f2e4eed6eb25bc1f76981a27797c69b80b9bc46", kill_on_drop: false }`
[INFO] running `Command { std: "docker" "inspect" "649633b4b193647df57a97e98f2e4eed6eb25bc1f76981a27797c69b80b9bc46", kill_on_drop: false }`
[INFO] running `Command { std: "docker" "rm" "-f" "649633b4b193647df57a97e98f2e4eed6eb25bc1f76981a27797c69b80b9bc46", kill_on_drop: false }`
[INFO] [stdout] 649633b4b193647df57a97e98f2e4eed6eb25bc1f76981a27797c69b80b9bc46
[INFO] running `Command { std: "docker" "create" "-v" "/var/lib/crater-agent-workspace/builds/worker-6-tc2/target:/opt/rustwide/target:rw,Z" "-v" "/var/lib/crater-agent-workspace/builds/worker-6-tc2/source:/opt/rustwide/workdir:ro,Z" "-v" "/var/lib/crater-agent-workspace/cargo-home:/opt/rustwide/cargo-home:ro,Z" "-v" "/var/lib/crater-agent-workspace/rustup-home:/opt/rustwide/rustup-home:ro,Z" "-e" "SOURCE_DIR=/opt/rustwide/workdir" "-e" "CARGO_TARGET_DIR=/opt/rustwide/target" "-e" "CARGO_INCREMENTAL=0" "-e" "RUST_BACKTRACE=full" "-e" "RUSTFLAGS=--cap-lints=warn" "-e" "RUSTDOCFLAGS=--cap-lints=warn" "-e" "CARGO_HOME=/opt/rustwide/cargo-home" "-e" "RUSTUP_HOME=/opt/rustwide/rustup-home" "-w" "/opt/rustwide/workdir" "-m" "1610612736" "--user" "0:0" "--network" "none" "ghcr.io/rust-lang/crates-build-env/linux@sha256:2788e3201cd34a07e3172128adcd8b3090168a8e3bcc40d7c032b9dda1df7d1c" "/opt/rustwide/cargo-home/bin/cargo" "+beta-2023-12-22" "build" "--frozen" "--message-format=json", kill_on_drop: false }`
[INFO] [stdout] 593636df678b226db5782de1d1e2d75c0c65e822faed425759369e2fc8ecaa59
[INFO] running `Command { std: "docker" "start" "-a" "593636df678b226db5782de1d1e2d75c0c65e822faed425759369e2fc8ecaa59", kill_on_drop: false }`
[INFO] [stderr]    Compiling libc v0.2.151
[INFO] [stderr]    Compiling proc-macro2 v1.0.75
[INFO] [stderr]    Compiling unicode-ident v1.0.12
[INFO] [stderr]    Compiling memchr v2.7.1
[INFO] [stderr]    Compiling syn v1.0.109
[INFO] [stderr]    Compiling version_check v0.9.4
[INFO] [stderr]    Compiling regex-syntax v0.8.2
[INFO] [stderr]    Compiling failure_derive v0.1.8
[INFO] [stderr]    Compiling gimli v0.28.1
[INFO] [stderr]    Compiling adler v1.0.2
[INFO] [stderr]    Compiling unicode-xid v0.2.4
[INFO] [stderr]    Compiling miniz_oxide v0.7.1
[INFO] [stderr]    Compiling proc-macro-error-attr v1.0.4
[INFO] [stderr]    Compiling rustc-demangle v0.1.23
[INFO] [stderr]    Compiling cfg-if v1.0.0
[INFO] [stderr]    Compiling aho-corasick v1.1.2
[INFO] [stderr]    Compiling object v0.32.2
[INFO] [stderr]    Compiling quote v1.0.35
[INFO] [stderr]    Compiling quick-error v1.2.3
[INFO] [stderr]    Compiling humantime v1.3.0
[INFO] [stderr]    Compiling cc v1.0.83
[INFO] [stderr]    Compiling atty v0.2.14
[INFO] [stderr]    Compiling proc-macro-error v1.0.4
[INFO] [stderr]    Compiling termcolor v1.4.0
[INFO] [stderr]    Compiling log v0.4.20
[INFO] [stderr]    Compiling regex-automata v0.4.3
[INFO] [stderr]    Compiling backtrace v0.3.69
[INFO] [stderr]    Compiling addr2line v0.21.0
[INFO] [stderr]    Compiling synstructure v0.12.6
[INFO] [stderr]    Compiling regex v1.10.2
[INFO] [stderr]    Compiling env_logger v0.7.1
[INFO] [stderr]    Compiling pretty_env_logger v0.4.0
[INFO] [stderr]    Compiling derive-syn-parse v0.1.5
[INFO] [stderr]    Compiling failure v0.1.8
[INFO] [stderr]    Compiling single v1.0.1
[INFO] [stderr]    Compiling generic-new v0.2.0 (/opt/rustwide/workdir)
[INFO] [stdout] warning: use of deprecated trait `single::Single`: use [`Itertools::at_most_one`](https://docs.rs/itertools/latest/itertools/trait.Itertools.html#method.at_most_one) instead
[INFO] [stdout]  --> src/field.rs:6:13
[INFO] [stdout]   |
[INFO] [stdout] 6 | use single::Single;
[INFO] [stdout]   |             ^^^^^^
[INFO] [stdout]   |
[INFO] [stdout]   = note: `#[warn(deprecated)]` on by default
[INFO] [stdout] 
[INFO] [stdout] 
[INFO] [stdout] warning: use of deprecated unit variant `single::Error::NoElements`: use [`Itertools::at_most_one`](https://docs.rs/itertools/latest/itertools/trait.Itertools.html#method.at_most_one) instead
[INFO] [stdout]    --> src/field.rs:201:36
[INFO] [stdout]     |
[INFO] [stdout] 201 |                     single::Error::NoElements => None,
[INFO] [stdout]     |                                    ^^^^^^^^^^
[INFO] [stdout] 
[INFO] [stdout] 
[INFO] [stdout] warning: use of deprecated unit variant `single::Error::MultipleElements`: use [`Itertools::at_most_one`](https://docs.rs/itertools/latest/itertools/trait.Itertools.html#method.at_most_one) instead
[INFO] [stdout]    --> src/field.rs:202:36
[INFO] [stdout]     |
[INFO] [stdout] 202 |                     single::Error::MultipleElements => {
[INFO] [stdout]     |                                    ^^^^^^^^^^^^^^^^
[INFO] [stdout] 
[INFO] [stdout] 
[INFO] [stdout] warning: use of deprecated method `single::Single::single`: use [`Itertools::at_most_one`](https://docs.rs/itertools/latest/itertools/trait.Itertools.html#method.at_most_one) instead
[INFO] [stdout]    --> src/field.rs:197:18
[INFO] [stdout]     |
[INFO] [stdout] 197 |                 .single()
[INFO] [stdout]     |                  ^^^^^^
[INFO] [stdout] 
[INFO] [stdout] 
[INFO] [stdout] warning: 4 warnings emitted
[INFO] [stdout] 
[INFO] [stdout] 
[INFO] [stderr]     Finished dev [unoptimized + debuginfo] target(s) in 24.51s
[INFO] running `Command { std: "docker" "inspect" "593636df678b226db5782de1d1e2d75c0c65e822faed425759369e2fc8ecaa59", kill_on_drop: false }`
[INFO] running `Command { std: "docker" "rm" "-f" "593636df678b226db5782de1d1e2d75c0c65e822faed425759369e2fc8ecaa59", kill_on_drop: false }`
[INFO] [stdout] 593636df678b226db5782de1d1e2d75c0c65e822faed425759369e2fc8ecaa59
[INFO] running `Command { std: "docker" "create" "-v" "/var/lib/crater-agent-workspace/builds/worker-6-tc2/target:/opt/rustwide/target:rw,Z" "-v" "/var/lib/crater-agent-workspace/builds/worker-6-tc2/source:/opt/rustwide/workdir:ro,Z" "-v" "/var/lib/crater-agent-workspace/cargo-home:/opt/rustwide/cargo-home:ro,Z" "-v" "/var/lib/crater-agent-workspace/rustup-home:/opt/rustwide/rustup-home:ro,Z" "-e" "SOURCE_DIR=/opt/rustwide/workdir" "-e" "CARGO_TARGET_DIR=/opt/rustwide/target" "-e" "CARGO_INCREMENTAL=0" "-e" "RUST_BACKTRACE=full" "-e" "RUSTFLAGS=--cap-lints=warn" "-e" "RUSTDOCFLAGS=--cap-lints=warn" "-e" "CARGO_HOME=/opt/rustwide/cargo-home" "-e" "RUSTUP_HOME=/opt/rustwide/rustup-home" "-w" "/opt/rustwide/workdir" "-m" "1610612736" "--user" "0:0" "--network" "none" "ghcr.io/rust-lang/crates-build-env/linux@sha256:2788e3201cd34a07e3172128adcd8b3090168a8e3bcc40d7c032b9dda1df7d1c" "/opt/rustwide/cargo-home/bin/cargo" "+beta-2023-12-22" "test" "--frozen" "--no-run" "--message-format=json", kill_on_drop: false }`
[INFO] [stdout] 6a6bca418bced97df6f05f5697af45d283ddca0594c0e7561fef7f389c74d690
[INFO] running `Command { std: "docker" "start" "-a" "6a6bca418bced97df6f05f5697af45d283ddca0594c0e7561fef7f389c74d690", kill_on_drop: false }`
[INFO] [stderr]    Compiling serde v1.0.194
[INFO] [stderr]    Compiling serde_json v1.0.111
[INFO] [stderr]    Compiling syn v2.0.48
[INFO] [stderr]    Compiling trybuild v1.0.87
[INFO] [stderr]    Compiling anyhow v1.0.79
[INFO] [stderr]    Compiling ryu v1.0.16
[INFO] [stderr]    Compiling itoa v1.0.10
[INFO] [stderr]    Compiling convert_case v0.4.0
[INFO] [stderr]    Compiling glob v0.3.1
[INFO] [stderr]    Compiling once_cell v1.19.0
[INFO] [stderr]    Compiling generic-new v0.2.0 (/opt/rustwide/workdir)
[INFO] [stdout] warning: use of deprecated trait `single::Single`: use [`Itertools::at_most_one`](https://docs.rs/itertools/latest/itertools/trait.Itertools.html#method.at_most_one) instead
[INFO] [stdout]  --> src/field.rs:6:13
[INFO] [stdout]   |
[INFO] [stdout] 6 | use single::Single;
[INFO] [stdout]   |             ^^^^^^
[INFO] [stdout]   |
[INFO] [stdout]   = note: `#[warn(deprecated)]` on by default
[INFO] [stdout] 
[INFO] [stdout] 
[INFO] [stdout] warning: use of deprecated unit variant `single::Error::NoElements`: use [`Itertools::at_most_one`](https://docs.rs/itertools/latest/itertools/trait.Itertools.html#method.at_most_one) instead
[INFO] [stdout]    --> src/field.rs:201:36
[INFO] [stdout]     |
[INFO] [stdout] 201 |                     single::Error::NoElements => None,
[INFO] [stdout]     |                                    ^^^^^^^^^^
[INFO] [stdout] 
[INFO] [stdout] 
[INFO] [stdout] warning: use of deprecated unit variant `single::Error::MultipleElements`: use [`Itertools::at_most_one`](https://docs.rs/itertools/latest/itertools/trait.Itertools.html#method.at_most_one) instead
[INFO] [stdout]    --> src/field.rs:202:36
[INFO] [stdout]     |
[INFO] [stdout] 202 |                     single::Error::MultipleElements => {
[INFO] [stdout]     |                                    ^^^^^^^^^^^^^^^^
[INFO] [stdout] 
[INFO] [stdout] 
[INFO] [stdout] warning: use of deprecated method `single::Single::single`: use [`Itertools::at_most_one`](https://docs.rs/itertools/latest/itertools/trait.Itertools.html#method.at_most_one) instead
[INFO] [stdout]    --> src/field.rs:197:18
[INFO] [stdout]     |
[INFO] [stdout] 197 |                 .single()
[INFO] [stdout]     |                  ^^^^^^
[INFO] [stdout] 
[INFO] [stdout] 
[INFO] [stderr]    Compiling derive_more v0.99.17
[INFO] [stdout] warning: 4 warnings emitted
[INFO] [stdout] 
[INFO] [stdout] 
[INFO] [stderr]    Compiling serde_derive v1.0.194
[INFO] [stderr]    Compiling basic-toml v0.1.8
[INFO] [stdout] warning: use of deprecated trait `single::Single`: use [`Itertools::at_most_one`](https://docs.rs/itertools/latest/itertools/trait.Itertools.html#method.at_most_one) instead
[INFO] [stdout]  --> src/field.rs:6:13
[INFO] [stdout]   |
[INFO] [stdout] 6 | use single::Single;
[INFO] [stdout]   |             ^^^^^^
[INFO] [stdout]   |
[INFO] [stdout]   = note: `#[warn(deprecated)]` on by default
[INFO] [stdout] 
[INFO] [stdout] 
[INFO] [stdout] warning: use of deprecated unit variant `single::Error::NoElements`: use [`Itertools::at_most_one`](https://docs.rs/itertools/latest/itertools/trait.Itertools.html#method.at_most_one) instead
[INFO] [stdout]    --> src/field.rs:201:36
[INFO] [stdout]     |
[INFO] [stdout] 201 |                     single::Error::NoElements => None,
[INFO] [stdout]     |                                    ^^^^^^^^^^
[INFO] [stdout] 
[INFO] [stdout] 
[INFO] [stdout] warning: use of deprecated unit variant `single::Error::MultipleElements`: use [`Itertools::at_most_one`](https://docs.rs/itertools/latest/itertools/trait.Itertools.html#method.at_most_one) instead
[INFO] [stdout]    --> src/field.rs:202:36
[INFO] [stdout]     |
[INFO] [stdout] 202 |                     single::Error::MultipleElements => {
[INFO] [stdout]     |                                    ^^^^^^^^^^^^^^^^
[INFO] [stdout] 
[INFO] [stdout] 
[INFO] [stdout] warning: use of deprecated method `single::Single::single`: use [`Itertools::at_most_one`](https://docs.rs/itertools/latest/itertools/trait.Itertools.html#method.at_most_one) instead
[INFO] [stdout]    --> src/field.rs:197:18
[INFO] [stdout]     |
[INFO] [stdout] 197 |                 .single()
[INFO] [stdout]     |                  ^^^^^^
[INFO] [stdout] 
[INFO] [stdout] 
[INFO] [stdout] warning: 4 warnings emitted
[INFO] [stdout] 
[INFO] [stdout] 
[INFO] [stderr]     Finished test [unoptimized + debuginfo] target(s) in 6.12s
[INFO] running `Command { std: "docker" "inspect" "6a6bca418bced97df6f05f5697af45d283ddca0594c0e7561fef7f389c74d690", kill_on_drop: false }`
[INFO] running `Command { std: "docker" "rm" "-f" "6a6bca418bced97df6f05f5697af45d283ddca0594c0e7561fef7f389c74d690", kill_on_drop: false }`
[INFO] [stdout] 6a6bca418bced97df6f05f5697af45d283ddca0594c0e7561fef7f389c74d690
[INFO] running `Command { std: "docker" "create" "-v" "/var/lib/crater-agent-workspace/builds/worker-6-tc2/target:/opt/rustwide/target:rw,Z" "-v" "/var/lib/crater-agent-workspace/builds/worker-6-tc2/source:/opt/rustwide/workdir:ro,Z" "-v" "/var/lib/crater-agent-workspace/cargo-home:/opt/rustwide/cargo-home:ro,Z" "-v" "/var/lib/crater-agent-workspace/rustup-home:/opt/rustwide/rustup-home:ro,Z" "-e" "SOURCE_DIR=/opt/rustwide/workdir" "-e" "CARGO_TARGET_DIR=/opt/rustwide/target" "-e" "CARGO_INCREMENTAL=0" "-e" "RUST_BACKTRACE=full" "-e" "RUSTFLAGS=--cap-lints=warn" "-e" "RUSTDOCFLAGS=--cap-lints=warn" "-e" "CARGO_HOME=/opt/rustwide/cargo-home" "-e" "RUSTUP_HOME=/opt/rustwide/rustup-home" "-w" "/opt/rustwide/workdir" "-m" "1610612736" "--user" "0:0" "--network" "none" "ghcr.io/rust-lang/crates-build-env/linux@sha256:2788e3201cd34a07e3172128adcd8b3090168a8e3bcc40d7c032b9dda1df7d1c" "/opt/rustwide/cargo-home/bin/cargo" "+beta-2023-12-22" "test" "--frozen", kill_on_drop: false }`
[INFO] [stdout] 21b7cce8dfdbd2c99df82d20c1610c0137ed1376e6de90dd704a1d86286c61c2
[INFO] running `Command { std: "docker" "start" "-a" "21b7cce8dfdbd2c99df82d20c1610c0137ed1376e6de90dd704a1d86286c61c2", kill_on_drop: false }`
[INFO] [stderr] warning: use of deprecated trait `single::Single`: use [`Itertools::at_most_one`](https://docs.rs/itertools/latest/itertools/trait.Itertools.html#method.at_most_one) instead
[INFO] [stderr]  --> src/field.rs:6:13
[INFO] [stderr]   |
[INFO] [stderr] 6 | use single::Single;
[INFO] [stderr]   |             ^^^^^^
[INFO] [stderr]   |
[INFO] [stderr]   = note: `#[warn(deprecated)]` on by default
[INFO] [stderr] 
[INFO] [stderr] warning: use of deprecated unit variant `single::Error::NoElements`: use [`Itertools::at_most_one`](https://docs.rs/itertools/latest/itertools/trait.Itertools.html#method.at_most_one) instead
[INFO] [stderr]    --> src/field.rs:201:36
[INFO] [stderr]     |
[INFO] [stderr] 201 |                     single::Error::NoElements => None,
[INFO] [stderr]     |                                    ^^^^^^^^^^
[INFO] [stderr] 
[INFO] [stderr] warning: use of deprecated unit variant `single::Error::MultipleElements`: use [`Itertools::at_most_one`](https://docs.rs/itertools/latest/itertools/trait.Itertools.html#method.at_most_one) instead
[INFO] [stderr]    --> src/field.rs:202:36
[INFO] [stderr]     |
[INFO] [stderr] 202 |                     single::Error::MultipleElements => {
[INFO] [stderr]     |                                    ^^^^^^^^^^^^^^^^
[INFO] [stderr] 
[INFO] [stderr] warning: use of deprecated method `single::Single::single`: use [`Itertools::at_most_one`](https://docs.rs/itertools/latest/itertools/trait.Itertools.html#method.at_most_one) instead
[INFO] [stderr]    --> src/field.rs:197:18
[INFO] [stderr]     |
[INFO] [stderr] 197 |                 .single()
[INFO] [stderr]     |                  ^^^^^^
[INFO] [stderr] 
[INFO] [stderr] warning: `generic-new` (lib) generated 4 warnings
[INFO] [stderr] warning: `generic-new` (lib test) generated 4 warnings (4 duplicates)
[INFO] [stderr]     Finished test [unoptimized + debuginfo] target(s) in 0.03s
[INFO] [stderr]      Running unittests src/lib.rs (/opt/rustwide/target/debug/deps/generic_new-18a91515df3ad232)
[INFO] [stdout] 
[INFO] [stdout] running 9 tests
[INFO] [stdout] test attributes::tests::parse_ignore ... ok
[INFO] [stdout] test attributes::tests::dont_parse_unknown ... ok
[INFO] [stdout] test attributes::tests::parse_converter ... ok
[INFO] [stdout] test config::tests::parse_ignore ... ok
[INFO] [stdout] test attributes::tests::parse_input_type ... ok
[INFO] [stdout] test config::tests::parse_custom ... ok
[INFO] [stdout] test config::tests::parse_incomplete - should panic ... ok
[INFO] [stdout] test config::tests::parse_nothing - should panic ... ok
[INFO] [stderr]    Compiling libc v0.2.151
[INFO] [stderr]    Compiling proc-macro2 v1.0.75
[INFO] [stderr]    Compiling unicode-ident v1.0.12
[INFO] [stderr]    Compiling syn v1.0.109
[INFO] [stderr]    Compiling memchr v2.7.1
[INFO] [stderr]    Compiling version_check v0.9.4
[INFO] [stderr]    Compiling unicode-xid v0.2.4
[INFO] [stderr]    Compiling failure_derive v0.1.8
[INFO] [stderr]    Compiling adler v1.0.2
[INFO] [stderr]    Compiling regex-syntax v0.8.2
[INFO] [stderr]    Compiling gimli v0.28.1
[INFO] [stderr]    Compiling aho-corasick v1.1.2
[INFO] [stderr]    Compiling quote v1.0.35
[INFO] [stderr]    Compiling proc-macro-error v1.0.4
[INFO] [stderr]    Compiling cc v1.0.83
[INFO] [stderr]    Compiling proc-macro-error-attr v1.0.4
[INFO] [stderr]    Compiling object v0.32.2
[INFO] [stderr]    Compiling miniz_oxide v0.7.1
[INFO] [stderr]    Compiling quick-error v1.2.3
[INFO] [stderr]    Compiling regex-automata v0.4.3
[INFO] [stderr]    Compiling backtrace v0.3.69
[INFO] [stderr]    Compiling addr2line v0.21.0
[INFO] [stderr]    Compiling rustc-demangle v0.1.23
[INFO] [stderr]    Compiling cfg-if v1.0.0
[INFO] [stderr]    Compiling synstructure v0.12.6
[INFO] [stderr]    Compiling regex v1.10.2
[INFO] [stderr]    Compiling humantime v1.3.0
[INFO] [stderr]    Compiling atty v0.2.14
[INFO] [stderr]    Compiling log v0.4.20
[INFO] [stderr]    Compiling termcolor v1.4.0
[INFO] [stderr]    Compiling env_logger v0.7.1
[INFO] [stderr]    Compiling anyhow v1.0.79
[INFO] [stderr]    Compiling pretty_env_logger v0.4.0
[INFO] [stderr]    Compiling convert_case v0.4.0
[INFO] [stderr]    Compiling derive-syn-parse v0.1.5
[INFO] [stderr]    Compiling derive_more v0.99.17
[INFO] [stderr]    Compiling failure v0.1.8
[INFO] [stderr]    Compiling single v1.0.1
[INFO] [stderr]    Compiling generic-new v0.2.0 (/opt/rustwide/workdir)
[INFO] [stderr] warning: use of deprecated trait `single::Single`: use [`Itertools::at_most_one`](https://docs.rs/itertools/latest/itertools/trait.Itertools.html#method.at_most_one) instead
[INFO] [stderr]  --> /opt/rustwide/workdir/src/field.rs:6:13
[INFO] [stderr]   |
[INFO] [stderr] 6 | use single::Single;
[INFO] [stderr]   |             ^^^^^^
[INFO] [stderr]   |
[INFO] [stderr]   = note: `#[warn(deprecated)]` on by default
[INFO] [stderr] 
[INFO] [stderr] warning: use of deprecated unit variant `single::Error::NoElements`: use [`Itertools::at_most_one`](https://docs.rs/itertools/latest/itertools/trait.Itertools.html#method.at_most_one) instead
[INFO] [stderr]    --> /opt/rustwide/workdir/src/field.rs:201:36
[INFO] [stderr]     |
[INFO] [stderr] 201 |                     single::Error::NoElements => None,
[INFO] [stderr]     |                                    ^^^^^^^^^^
[INFO] [stderr] 
[INFO] [stderr] warning: use of deprecated unit variant `single::Error::MultipleElements`: use [`Itertools::at_most_one`](https://docs.rs/itertools/latest/itertools/trait.Itertools.html#method.at_most_one) instead
[INFO] [stderr]    --> /opt/rustwide/workdir/src/field.rs:202:36
[INFO] [stderr]     |
[INFO] [stderr] 202 |                     single::Error::MultipleElements => {
[INFO] [stderr]     |                                    ^^^^^^^^^^^^^^^^
[INFO] [stderr] 
[INFO] [stderr] warning: use of deprecated method `single::Single::single`: use [`Itertools::at_most_one`](https://docs.rs/itertools/latest/itertools/trait.Itertools.html#method.at_most_one) instead
[INFO] [stderr]    --> /opt/rustwide/workdir/src/field.rs:197:18
[INFO] [stderr]     |
[INFO] [stderr] 197 |                 .single()
[INFO] [stderr]     |                  ^^^^^^
[INFO] [stderr] 
[INFO] [stderr] warning: `generic-new` (lib) generated 4 warnings
[INFO] [stderr]    Compiling generic-new-tests v0.0.0 (/opt/rustwide/target/tests/trybuild/generic-new)
[INFO] [stderr]     Finished dev [unoptimized + debuginfo] target(s) in 13.22s
[INFO] [stderr] 
[INFO] [stderr] 
[INFO] [stderr] test trybuild/pass/custom_field.rs [should pass] ... ok
[INFO] [stderr] 
[INFO] [stderr] STDERR:
[INFO] [stderr] ┈┈┈┈┈┈┈┈┈┈┈┈┈┈┈┈┈┈┈┈┈┈┈┈┈┈┈┈┈┈┈┈┈┈┈┈┈┈┈┈┈┈┈┈┈┈┈┈┈┈┈┈┈┈┈┈┈┈┈┈
[INFO] [stderr] warning: use of deprecated trait `single::Single`: use [`Itertools::at_most_one`](https://docs.rs/itertools/latest/itertools/trait.Itertools.html#method.at_most_one) instead
[INFO] [stderr]  --> /opt/rustwide/workdir/src/field.rs:6:13
[INFO] [stderr]   |
[INFO] [stderr] 6 | use single::Single;
[INFO] [stderr]   |             ^^^^^^
[INFO] [stderr]   |
[INFO] [stderr]   = note: `#[warn(deprecated)]` on by default
[INFO] [stderr] 
[INFO] [stderr] warning: use of deprecated unit variant `single::Error::NoElements`: use [`Itertools::at_most_one`](https://docs.rs/itertools/latest/itertools/trait.Itertools.html#method.at_most_one) instead
[INFO] [stderr]    --> /opt/rustwide/workdir/src/field.rs:201:36
[INFO] [stderr]     |
[INFO] [stderr] 201 |                     single::Error::NoElements => None,
[INFO] [stderr]     |                                    ^^^^^^^^^^
[INFO] [stderr] 
[INFO] [stderr] warning: use of deprecated unit variant `single::Error::MultipleElements`: use [`Itertools::at_most_one`](https://docs.rs/itertools/latest/itertools/trait.Itertools.html#method.at_most_one) instead
[INFO] [stderr]    --> /opt/rustwide/workdir/src/field.rs:202:36
[INFO] [stderr]     |
[INFO] [stderr] 202 |                     single::Error::MultipleElements => {
[INFO] [stderr]     |                                    ^^^^^^^^^^^^^^^^
[INFO] [stderr] 
[INFO] [stderr] warning: use of deprecated method `single::Single::single`: use [`Itertools::at_most_one`](https://docs.rs/itertools/latest/itertools/trait.Itertools.html#method.at_most_one) instead
[INFO] [stderr]    --> /opt/rustwide/workdir/src/field.rs:197:18
[INFO] [stderr]     |
[INFO] [stderr] 197 |                 .single()
[INFO] [stderr]     |                  ^^^^^^
[INFO] [stderr] ┈┈┈┈┈┈┈┈┈┈┈┈┈┈┈┈┈┈┈┈┈┈┈┈┈┈┈┈┈┈┈┈┈┈┈┈┈┈┈┈┈┈┈┈┈┈┈┈┈┈┈┈┈┈┈┈┈┈┈┈
[INFO] [stderr] 
[INFO] [stderr] test trybuild/pass/pathbuf_field.rs [should pass] ... ok
[INFO] [stderr] 
[INFO] [stderr] STDERR:
[INFO] [stderr] ┈┈┈┈┈┈┈┈┈┈┈┈┈┈┈┈┈┈┈┈┈┈┈┈┈┈┈┈┈┈┈┈┈┈┈┈┈┈┈┈┈┈┈┈┈┈┈┈┈┈┈┈┈┈┈┈┈┈┈┈
[INFO] [stderr] warning: use of deprecated trait `single::Single`: use [`Itertools::at_most_one`](https://docs.rs/itertools/latest/itertools/trait.Itertools.html#method.at_most_one) instead
[INFO] [stderr]  --> /opt/rustwide/workdir/src/field.rs:6:13
[INFO] [stderr]   |
[INFO] [stderr] 6 | use single::Single;
[INFO] [stderr]   |             ^^^^^^
[INFO] [stderr]   |
[INFO] [stderr]   = note: `#[warn(deprecated)]` on by default
[INFO] [stderr] 
[INFO] [stderr] warning: use of deprecated unit variant `single::Error::NoElements`: use [`Itertools::at_most_one`](https://docs.rs/itertools/latest/itertools/trait.Itertools.html#method.at_most_one) instead
[INFO] [stderr]    --> /opt/rustwide/workdir/src/field.rs:201:36
[INFO] [stderr]     |
[INFO] [stderr] 201 |                     single::Error::NoElements => None,
[INFO] [stderr]     |                                    ^^^^^^^^^^
[INFO] [stderr] 
[INFO] [stderr] warning: use of deprecated unit variant `single::Error::MultipleElements`: use [`Itertools::at_most_one`](https://docs.rs/itertools/latest/itertools/trait.Itertools.html#method.at_most_one) instead
[INFO] [stderr]    --> /opt/rustwide/workdir/src/field.rs:202:36
[INFO] [stderr]     |
[INFO] [stderr] 202 |                     single::Error::MultipleElements => {
[INFO] [stderr]     |                                    ^^^^^^^^^^^^^^^^
[INFO] [stderr] 
[INFO] [stderr] warning: use of deprecated method `single::Single::single`: use [`Itertools::at_most_one`](https://docs.rs/itertools/latest/itertools/trait.Itertools.html#method.at_most_one) instead
[INFO] [stderr]    --> /opt/rustwide/workdir/src/field.rs:197:18
[INFO] [stderr]     |
[INFO] [stderr] 197 |                 .single()
[INFO] [stderr]     |                  ^^^^^^
[INFO] [stderr] ┈┈┈┈┈┈┈┈┈┈┈┈┈┈┈┈┈┈┈┈┈┈┈┈┈┈┈┈┈┈┈┈┈┈┈┈┈┈┈┈┈┈┈┈┈┈┈┈┈┈┈┈┈┈┈┈┈┈┈┈
[INFO] [stderr] 
[INFO] [stderr] test trybuild/pass/string_field.rs [should pass] ... ok
[INFO] [stderr] 
[INFO] [stderr] STDERR:
[INFO] [stderr] ┈┈┈┈┈┈┈┈┈┈┈┈┈┈┈┈┈┈┈┈┈┈┈┈┈┈┈┈┈┈┈┈┈┈┈┈┈┈┈┈┈┈┈┈┈┈┈┈┈┈┈┈┈┈┈┈┈┈┈┈
[INFO] [stderr] warning: use of deprecated trait `single::Single`: use [`Itertools::at_most_one`](https://docs.rs/itertools/latest/itertools/trait.Itertools.html#method.at_most_one) instead
[INFO] [stderr]  --> /opt/rustwide/workdir/src/field.rs:6:13
[INFO] [stderr]   |
[INFO] [stderr] 6 | use single::Single;
[INFO] [stderr]   |             ^^^^^^
[INFO] [stderr]   |
[INFO] [stderr]   = note: `#[warn(deprecated)]` on by default
[INFO] [stderr] 
[INFO] [stderr] warning: use of deprecated unit variant `single::Error::NoElements`: use [`Itertools::at_most_one`](https://docs.rs/itertools/latest/itertools/trait.Itertools.html#method.at_most_one) instead
[INFO] [stderr]    --> /opt/rustwide/workdir/src/field.rs:201:36
[INFO] [stderr]     |
[INFO] [stderr] 201 |                     single::Error::NoElements => None,
[INFO] [stderr]     |                                    ^^^^^^^^^^
[INFO] [stderr] 
[INFO] [stderr] warning: use of deprecated unit variant `single::Error::MultipleElements`: use [`Itertools::at_most_one`](https://docs.rs/itertools/latest/itertools/trait.Itertools.html#method.at_most_one) instead
[INFO] [stderr]    --> /opt/rustwide/workdir/src/field.rs:202:36
[INFO] [stderr]     |
[INFO] [stderr] 202 |                     single::Error::MultipleElements => {
[INFO] [stderr]     |                                    ^^^^^^^^^^^^^^^^
[INFO] [stderr] 
[INFO] [stderr] warning: use of deprecated method `single::Single::single`: use [`Itertools::at_most_one`](https://docs.rs/itertools/latest/itertools/trait.Itertools.html#method.at_most_one) instead
[INFO] [stderr]    --> /opt/rustwide/workdir/src/field.rs:197:18
[INFO] [stderr]     |
[INFO] [stderr] 197 |                 .single()
[INFO] [stderr]     |                  ^^^^^^
[INFO] [stderr] ┈┈┈┈┈┈┈┈┈┈┈┈┈┈┈┈┈┈┈┈┈┈┈┈┈┈┈┈┈┈┈┈┈┈┈┈┈┈┈┈┈┈┈┈┈┈┈┈┈┈┈┈┈┈┈┈┈┈┈┈
[INFO] [stderr] 
[INFO] [stderr] test trybuild/pass/usize_field.rs [should pass] ... ok
[INFO] [stderr] 
[INFO] [stderr] STDERR:
[INFO] [stderr] ┈┈┈┈┈┈┈┈┈┈┈┈┈┈┈┈┈┈┈┈┈┈┈┈┈┈┈┈┈┈┈┈┈┈┈┈┈┈┈┈┈┈┈┈┈┈┈┈┈┈┈┈┈┈┈┈┈┈┈┈
[INFO] [stderr] warning: use of deprecated trait `single::Single`: use [`Itertools::at_most_one`](https://docs.rs/itertools/latest/itertools/trait.Itertools.html#method.at_most_one) instead
[INFO] [stderr]  --> /opt/rustwide/workdir/src/field.rs:6:13
[INFO] [stderr]   |
[INFO] [stderr] 6 | use single::Single;
[INFO] [stderr]   |             ^^^^^^
[INFO] [stderr]   |
[INFO] [stderr]   = note: `#[warn(deprecated)]` on by default
[INFO] [stderr] 
[INFO] [stderr] warning: use of deprecated unit variant `single::Error::NoElements`: use [`Itertools::at_most_one`](https://docs.rs/itertools/latest/itertools/trait.Itertools.html#method.at_most_one) instead
[INFO] [stderr]    --> /opt/rustwide/workdir/src/field.rs:201:36
[INFO] [stderr]     |
[INFO] [stderr] 201 |                     single::Error::NoElements => None,
[INFO] [stderr]     |                                    ^^^^^^^^^^
[INFO] [stderr] 
[INFO] [stderr] warning: use of deprecated unit variant `single::Error::MultipleElements`: use [`Itertools::at_most_one`](https://docs.rs/itertools/latest/itertools/trait.Itertools.html#method.at_most_one) instead
[INFO] [stderr]    --> /opt/rustwide/workdir/src/field.rs:202:36
[INFO] [stderr]     |
[INFO] [stderr] 202 |                     single::Error::MultipleElements => {
[INFO] [stderr]     |                                    ^^^^^^^^^^^^^^^^
[INFO] [stderr] 
[INFO] [stderr] warning: use of deprecated method `single::Single::single`: use [`Itertools::at_most_one`](https://docs.rs/itertools/latest/itertools/trait.Itertools.html#method.at_most_one) instead
[INFO] [stderr]    --> /opt/rustwide/workdir/src/field.rs:197:18
[INFO] [stderr]     |
[INFO] [stderr] 197 |                 .single()
[INFO] [stderr]     |                  ^^^^^^
[INFO] [stderr] ┈┈┈┈┈┈┈┈┈┈┈┈┈┈┈┈┈┈┈┈┈┈┈┈┈┈┈┈┈┈┈┈┈┈┈┈┈┈┈┈┈┈┈┈┈┈┈┈┈┈┈┈┈┈┈┈┈┈┈┈
[INFO] [stderr] 
[INFO] [stderr] test trybuild/pass/vec_field.rs [should pass] ... ok
[INFO] [stderr] 
[INFO] [stderr] STDERR:
[INFO] [stderr] ┈┈┈┈┈┈┈┈┈┈┈┈┈┈┈┈┈┈┈┈┈┈┈┈┈┈┈┈┈┈┈┈┈┈┈┈┈┈┈┈┈┈┈┈┈┈┈┈┈┈┈┈┈┈┈┈┈┈┈┈
[INFO] [stderr] warning: use of deprecated trait `single::Single`: use [`Itertools::at_most_one`](https://docs.rs/itertools/latest/itertools/trait.Itertools.html#method.at_most_one) instead
[INFO] [stderr]  --> /opt/rustwide/workdir/src/field.rs:6:13
[INFO] [stderr]   |
[INFO] [stderr] 6 | use single::Single;
[INFO] [stderr]   |             ^^^^^^
[INFO] [stderr]   |
[INFO] [stderr]   = note: `#[warn(deprecated)]` on by default
[INFO] [stderr] 
[INFO] [stderr] warning: use of deprecated unit variant `single::Error::NoElements`: use [`Itertools::at_most_one`](https://docs.rs/itertools/latest/itertools/trait.Itertools.html#method.at_most_one) instead
[INFO] [stderr]    --> /opt/rustwide/workdir/src/field.rs:201:36
[INFO] [stderr]     |
[INFO] [stderr] 201 |                     single::Error::NoElements => None,
[INFO] [stderr]     |                                    ^^^^^^^^^^
[INFO] [stderr] 
[INFO] [stderr] warning: use of deprecated unit variant `single::Error::MultipleElements`: use [`Itertools::at_most_one`](https://docs.rs/itertools/latest/itertools/trait.Itertools.html#method.at_most_one) instead
[INFO] [stderr]    --> /opt/rustwide/workdir/src/field.rs:202:36
[INFO] [stderr]     |
[INFO] [stderr] 202 |                     single::Error::MultipleElements => {
[INFO] [stderr]     |                                    ^^^^^^^^^^^^^^^^
[INFO] [stderr] 
[INFO] [stderr] warning: use of deprecated method `single::Single::single`: use [`Itertools::at_most_one`](https://docs.rs/itertools/latest/itertools/trait.Itertools.html#method.at_most_one) instead
[INFO] [stderr]    --> /opt/rustwide/workdir/src/field.rs:197:18
[INFO] [stderr]     |
[INFO] [stderr] 197 |                 .single()
[INFO] [stderr]     |                  ^^^^^^
[INFO] [stderr] ┈┈┈┈┈┈┈┈┈┈┈┈┈┈┈┈┈┈┈┈┈┈┈┈┈┈┈┈┈┈┈┈┈┈┈┈┈┈┈┈┈┈┈┈┈┈┈┈┈┈┈┈┈┈┈┈┈┈┈┈
[INFO] [stderr] 
[INFO] [stderr] test trybuild/pass/vec_pathbuf_field.rs [should pass] ... ok
[INFO] [stderr] 
[INFO] [stderr] STDERR:
[INFO] [stderr] ┈┈┈┈┈┈┈┈┈┈┈┈┈┈┈┈┈┈┈┈┈┈┈┈┈┈┈┈┈┈┈┈┈┈┈┈┈┈┈┈┈┈┈┈┈┈┈┈┈┈┈┈┈┈┈┈┈┈┈┈
[INFO] [stderr] warning: use of deprecated trait `single::Single`: use [`Itertools::at_most_one`](https://docs.rs/itertools/latest/itertools/trait.Itertools.html#method.at_most_one) instead
[INFO] [stderr]  --> /opt/rustwide/workdir/src/field.rs:6:13
[INFO] [stderr]   |
[INFO] [stderr] 6 | use single::Single;
[INFO] [stderr]   |             ^^^^^^
[INFO] [stderr]   |
[INFO] [stderr]   = note: `#[warn(deprecated)]` on by default
[INFO] [stderr] 
[INFO] [stderr] warning: use of deprecated unit variant `single::Error::NoElements`: use [`Itertools::at_most_one`](https://docs.rs/itertools/latest/itertools/trait.Itertools.html#method.at_most_one) instead
[INFO] [stderr]    --> /opt/rustwide/workdir/src/field.rs:201:36
[INFO] [stderr]     |
[INFO] [stderr] 201 |                     single::Error::NoElements => None,
[INFO] [stderr]     |                                    ^^^^^^^^^^
[INFO] [stderr] 
[INFO] [stderr] warning: use of deprecated unit variant `single::Error::MultipleElements`: use [`Itertools::at_most_one`](https://docs.rs/itertools/latest/itertools/trait.Itertools.html#method.at_most_one) instead
[INFO] [stderr]    --> /opt/rustwide/workdir/src/field.rs:202:36
[INFO] [stderr]     |
[INFO] [stderr] 202 |                     single::Error::MultipleElements => {
[INFO] [stderr]     |                                    ^^^^^^^^^^^^^^^^
[INFO] [stderr] 
[INFO] [stderr] warning: use of deprecated method `single::Single::single`: use [`Itertools::at_most_one`](https://docs.rs/itertools/latest/itertools/trait.Itertools.html#method.at_most_one) instead
[INFO] [stderr]    --> /opt/rustwide/workdir/src/field.rs:197:18
[INFO] [stderr]     |
[INFO] [stderr] 197 |                 .single()
[INFO] [stderr]     |                  ^^^^^^
[INFO] [stderr] ┈┈┈┈┈┈┈┈┈┈┈┈┈┈┈┈┈┈┈┈┈┈┈┈┈┈┈┈┈┈┈┈┈┈┈┈┈┈┈┈┈┈┈┈┈┈┈┈┈┈┈┈┈┈┈┈┈┈┈┈
[INFO] [stderr] 
[INFO] [stderr] test trybuild/pass/vec_string_field.rs [should pass] ... ok
[INFO] [stderr] 
[INFO] [stderr] STDERR:
[INFO] [stderr] ┈┈┈┈┈┈┈┈┈┈┈┈┈┈┈┈┈┈┈┈┈┈┈┈┈┈┈┈┈┈┈┈┈┈┈┈┈┈┈┈┈┈┈┈┈┈┈┈┈┈┈┈┈┈┈┈┈┈┈┈
[INFO] [stderr] warning: use of deprecated trait `single::Single`: use [`Itertools::at_most_one`](https://docs.rs/itertools/latest/itertools/trait.Itertools.html#method.at_most_one) instead
[INFO] [stderr]  --> /opt/rustwide/workdir/src/field.rs:6:13
[INFO] [stderr]   |
[INFO] [stderr] 6 | use single::Single;
[INFO] [stderr]   |             ^^^^^^
[INFO] [stderr]   |
[INFO] [stderr]   = note: `#[warn(deprecated)]` on by default
[INFO] [stderr] 
[INFO] [stderr] warning: use of deprecated unit variant `single::Error::NoElements`: use [`Itertools::at_most_one`](https://docs.rs/itertools/latest/itertools/trait.Itertools.html#method.at_most_one) instead
[INFO] [stderr]    --> /opt/rustwide/workdir/src/field.rs:201:36
[INFO] [stderr]     |
[INFO] [stderr] 201 |                     single::Error::NoElements => None,
[INFO] [stderr]     |                                    ^^^^^^^^^^
[INFO] [stderr] 
[INFO] [stderr] warning: use of deprecated unit variant `single::Error::MultipleElements`: use [`Itertools::at_most_one`](https://docs.rs/itertools/latest/itertools/trait.Itertools.html#method.at_most_one) instead
[INFO] [stderr]    --> /opt/rustwide/workdir/src/field.rs:202:36
[INFO] [stderr]     |
[INFO] [stderr] 202 |                     single::Error::MultipleElements => {
[INFO] [stderr]     |                                    ^^^^^^^^^^^^^^^^
[INFO] [stderr] 
[INFO] [stderr] warning: use of deprecated method `single::Single::single`: use [`Itertools::at_most_one`](https://docs.rs/itertools/latest/itertools/trait.Itertools.html#method.at_most_one) instead
[INFO] [stderr]    --> /opt/rustwide/workdir/src/field.rs:197:18
[INFO] [stderr]     |
[INFO] [stderr] 197 |                 .single()
[INFO] [stderr]     |                  ^^^^^^
[INFO] [stderr] ┈┈┈┈┈┈┈┈┈┈┈┈┈┈┈┈┈┈┈┈┈┈┈┈┈┈┈┈┈┈┈┈┈┈┈┈┈┈┈┈┈┈┈┈┈┈┈┈┈┈┈┈┈┈┈┈┈┈┈┈
[INFO] [stderr] 
[INFO] [stderr] test trybuild/fail/double_ignore.rs [should fail to compile] ... mismatch
[INFO] [stderr] 
[INFO] [stderr] EXPECTED:
[INFO] [stderr] ┈┈┈┈┈┈┈┈┈┈┈┈┈┈┈┈┈┈┈┈┈┈┈┈┈┈┈┈┈┈┈┈┈┈┈┈┈┈┈┈┈┈┈┈┈┈┈┈┈┈┈┈┈┈┈┈┈┈┈┈
[INFO] [stderr] error: Cannot specify `ignore` more than once
[INFO] [stderr]  --> trybuild/fail/double_ignore.rs:6:33
[INFO] [stderr]   |
[INFO] [stderr] 6 |     #[generic_new(ignore, ignore)]
[INFO] [stderr]   |                                 ^
[INFO] [stderr] 
[INFO] [stderr] error[E0599]: no function or associated item named `new` found for struct `Foo` in the current scope
[INFO] [stderr]   --> trybuild/fail/double_ignore.rs:14:10
[INFO] [stderr]    |
[INFO] [stderr] 5  | struct Foo {
[INFO] [stderr]    | ---------- function or associated item `new` not found for this
[INFO] [stderr] ...
[INFO] [stderr] 14 |     Foo::new(1usize);
[INFO] [stderr]    |          ^^^ function or associated item not found in `Foo`
[INFO] [stderr] ┈┈┈┈┈┈┈┈┈┈┈┈┈┈┈┈┈┈┈┈┈┈┈┈┈┈┈┈┈┈┈┈┈┈┈┈┈┈┈┈┈┈┈┈┈┈┈┈┈┈┈┈┈┈┈┈┈┈┈┈
[INFO] [stderr] 
[INFO] [stderr] ACTUAL OUTPUT:
[INFO] [stderr] ┈┈┈┈┈┈┈┈┈┈┈┈┈┈┈┈┈┈┈┈┈┈┈┈┈┈┈┈┈┈┈┈┈┈┈┈┈┈┈┈┈┈┈┈┈┈┈┈┈┈┈┈┈┈┈┈┈┈┈┈
[INFO] [stderr] error: Cannot specify `ignore` more than once
[INFO] [stderr]  --> trybuild/fail/double_ignore.rs:6:33
[INFO] [stderr]   |
[INFO] [stderr] 6 |     #[generic_new(ignore, ignore)]
[INFO] [stderr]   |                                 ^
[INFO] [stderr] 
[INFO] [stderr] error[E0599]: no function or associated item named `new` found for struct `Foo` in the current scope
[INFO] [stderr]   --> trybuild/fail/double_ignore.rs:14:10
[INFO] [stderr]    |
[INFO] [stderr] 5  | struct Foo {
[INFO] [stderr]    | ---------- function or associated item `new` not found for this struct
[INFO] [stderr] ...
[INFO] [stderr] 14 |     Foo::new(1usize);
[INFO] [stderr]    |          ^^^ function or associated item not found in `Foo`
[INFO] [stderr] ┈┈┈┈┈┈┈┈┈┈┈┈┈┈┈┈┈┈┈┈┈┈┈┈┈┈┈┈┈┈┈┈┈┈┈┈┈┈┈┈┈┈┈┈┈┈┈┈┈┈┈┈┈┈┈┈┈┈┈┈
[INFO] [stderr] note: If the actual output is the correct output you can bless it by rerunning
[INFO] [stderr]       your test with the environment variable TRYBUILD=overwrite
[INFO] [stderr] 
[INFO] [stderr] test trybuild/fail/double_ty.rs [should fail to compile] ... mismatch
[INFO] [stderr] 
[INFO] [stderr] EXPECTED:
[INFO] [stderr] ┈┈┈┈┈┈┈┈┈┈┈┈┈┈┈┈┈┈┈┈┈┈┈┈┈┈┈┈┈┈┈┈┈┈┈┈┈┈┈┈┈┈┈┈┈┈┈┈┈┈┈┈┈┈┈┈┈┈┈┈
[INFO] [stderr] error: Can't specify `input_type` more than once
[INFO] [stderr]  --> trybuild/fail/double_ty.rs:6:41
[INFO] [stderr]   |
[INFO] [stderr] 6 |     #[generic_new(ty = usize, ty = usize)]
[INFO] [stderr]   |                                         ^
[INFO] [stderr] 
[INFO] [stderr] error[E0599]: no function or associated item named `new` found for struct `Foo` in the current scope
[INFO] [stderr]   --> trybuild/fail/double_ty.rs:14:10
[INFO] [stderr]    |
[INFO] [stderr] 5  | struct Foo {
[INFO] [stderr]    | ---------- function or associated item `new` not found for this
[INFO] [stderr] ...
[INFO] [stderr] 14 |     Foo::new(1usize);
[INFO] [stderr]    |          ^^^ function or associated item not found in `Foo`
[INFO] [stderr] ┈┈┈┈┈┈┈┈┈┈┈┈┈┈┈┈┈┈┈┈┈┈┈┈┈┈┈┈┈┈┈┈┈┈┈┈┈┈┈┈┈┈┈┈┈┈┈┈┈┈┈┈┈┈┈┈┈┈┈┈
[INFO] [stderr] 
[INFO] [stderr] ACTUAL OUTPUT:
[INFO] [stderr] ┈┈┈┈┈┈┈┈┈┈┈┈┈┈┈┈┈┈┈┈┈┈┈┈┈┈┈┈┈┈┈┈┈┈┈┈┈┈┈┈┈┈┈┈┈┈┈┈┈┈┈┈┈┈┈┈┈┈┈┈
[INFO] [stderr] error: Can't specify `input_type` more than once
[INFO] [stderr]  --> trybuild/fail/double_ty.rs:6:41
[INFO] [stderr]   |
[INFO] [stderr] 6 |     #[generic_new(ty = usize, ty = usize)]
[INFO] [stderr]   |                                         ^
[INFO] [stderr] 
[INFO] [stderr] error[E0599]: no function or associated item named `new` found for struct `Foo` in the current scope
[INFO] [stderr]   --> trybuild/fail/double_ty.rs:14:10
[INFO] [stderr]    |
[INFO] [stderr] 5  | struct Foo {
[INFO] [stderr]    | ---------- function or associated item `new` not found for this struct
[INFO] [stderr] ...
[INFO] [stderr] 14 |     Foo::new(1usize);
[INFO] [stderr]    |          ^^^ function or associated item not found in `Foo`
[INFO] [stderr] ┈┈┈┈┈┈┈┈┈┈┈┈┈┈┈┈┈┈┈┈┈┈┈┈┈┈┈┈┈┈┈┈┈┈┈┈┈┈┈┈┈┈┈┈┈┈┈┈┈┈┈┈┈┈┈┈┈┈┈┈
[INFO] [stderr] note: If the actual output is the correct output you can bless it by rerunning
[INFO] [stderr]       your test with the environment variable TRYBUILD=overwrite
[INFO] [stderr] 
[INFO] [stderr] test trybuild/fail/empty_attr.rs [should fail to compile] ... mismatch
[INFO] [stderr] 
[INFO] [stderr] EXPECTED:
[INFO] [stderr] ┈┈┈┈┈┈┈┈┈┈┈┈┈┈┈┈┈┈┈┈┈┈┈┈┈┈┈┈┈┈┈┈┈┈┈┈┈┈┈┈┈┈┈┈┈┈┈┈┈┈┈┈┈┈┈┈┈┈┈┈
[INFO] [stderr] error: Couldn't parse attributes: expected attribute arguments in parentheses: #[generic_new(...)]
[INFO] [stderr]  --> trybuild/fail/empty_attr.rs:6:5
[INFO] [stderr]   |
[INFO] [stderr] 6 |     #[generic_new]
[INFO] [stderr]   |     ^^^^^^^^^^^^^^
[INFO] [stderr] 
[INFO] [stderr] error[E0599]: no function or associated item named `new` found for struct `Foo` in the current scope
[INFO] [stderr]   --> trybuild/fail/empty_attr.rs:14:10
[INFO] [stderr]    |
[INFO] [stderr] 5  | struct Foo {
[INFO] [stderr]    | ---------- function or associated item `new` not found for this
[INFO] [stderr] ...
[INFO] [stderr] 14 |     Foo::new(1usize);
[INFO] [stderr]    |          ^^^ function or associated item not found in `Foo`
[INFO] [stderr] ┈┈┈┈┈┈┈┈┈┈┈┈┈┈┈┈┈┈┈┈┈┈┈┈┈┈┈┈┈┈┈┈┈┈┈┈┈┈┈┈┈┈┈┈┈┈┈┈┈┈┈┈┈┈┈┈┈┈┈┈
[INFO] [stderr] 
[INFO] [stderr] ACTUAL OUTPUT:
[INFO] [stderr] ┈┈┈┈┈┈┈┈┈┈┈┈┈┈┈┈┈┈┈┈┈┈┈┈┈┈┈┈┈┈┈┈┈┈┈┈┈┈┈┈┈┈┈┈┈┈┈┈┈┈┈┈┈┈┈┈┈┈┈┈
[INFO] [stderr] error: Couldn't parse attributes: expected attribute arguments in parentheses: #[generic_new(...)]
[INFO] [stderr]  --> trybuild/fail/empty_attr.rs:6:5
[INFO] [stderr]   |
[INFO] [stderr] 6 |     #[generic_new]
[INFO] [stderr]   |     ^^^^^^^^^^^^^^
[INFO] [stderr] 
[INFO] [stderr] error[E0599]: no function or associated item named `new` found for struct `Foo` in the current scope
[INFO] [stderr]   --> trybuild/fail/empty_attr.rs:14:10
[INFO] [stderr]    |
[INFO] [stderr] 5  | struct Foo {
[INFO] [stderr]    | ---------- function or associated item `new` not found for this struct
[INFO] [stderr] ...
[INFO] [stderr] 14 |     Foo::new(1usize);
[INFO] [stderr]    |          ^^^ function or associated item not found in `Foo`
[INFO] [stderr] ┈┈┈┈┈┈┈┈┈┈┈┈┈┈┈┈┈┈┈┈┈┈┈┈┈┈┈┈┈┈┈┈┈┈┈┈┈┈┈┈┈┈┈┈┈┈┈┈┈┈┈┈┈┈┈┈┈┈┈┈
[INFO] [stderr] note: If the actual output is the correct output you can bless it by rerunning
[INFO] [stderr]       your test with the environment variable TRYBUILD=overwrite
[INFO] [stderr] 
[INFO] [stderr] test trybuild/fail/ignore_and_convert.rs [should fail to compile] ... mismatch
[INFO] [stderr] 
[INFO] [stderr] EXPECTED:
[INFO] [stderr] ┈┈┈┈┈┈┈┈┈┈┈┈┈┈┈┈┈┈┈┈┈┈┈┈┈┈┈┈┈┈┈┈┈┈┈┈┈┈┈┈┈┈┈┈┈┈┈┈┈┈┈┈┈┈┈┈┈┈┈┈
[INFO] [stderr] error: `ignore` is mutually exclusive with other options
[INFO] [stderr]  --> trybuild/fail/ignore_and_convert.rs:6:78
[INFO] [stderr]   |
[INFO] [stderr] 6 |     #[generic_new(ignore, ty = impl Into<usize>, converter = |u|Into::into(u))]
[INFO] [stderr]   |                                                                              ^
[INFO] [stderr] 
[INFO] [stderr] error[E0599]: no function or associated item named `new` found for struct `Foo` in the current scope
[INFO] [stderr]   --> trybuild/fail/ignore_and_convert.rs:14:10
[INFO] [stderr]    |
[INFO] [stderr] 5  | struct Foo {
[INFO] [stderr]    | ---------- function or associated item `new` not found for this
[INFO] [stderr] ...
[INFO] [stderr] 14 |     Foo::new(1usize);
[INFO] [stderr]    |          ^^^ function or associated item not found in `Foo`
[INFO] [stderr] ┈┈┈┈┈┈┈┈┈┈┈┈┈┈┈┈┈┈┈┈┈┈┈┈┈┈┈┈┈┈┈┈┈┈┈┈┈┈┈┈┈┈┈┈┈┈┈┈┈┈┈┈┈┈┈┈┈┈┈┈
[INFO] [stderr] 
[INFO] [stderr] ACTUAL OUTPUT:
[INFO] [stderr] ┈┈┈┈┈┈┈┈┈┈┈┈┈┈┈┈┈┈┈┈┈┈┈┈┈┈┈┈┈┈┈┈┈┈┈┈┈┈┈┈┈┈┈┈┈┈┈┈┈┈┈┈┈┈┈┈┈┈┈┈
[INFO] [stderr] error: `ignore` is mutually exclusive with other options
[INFO] [stderr]  --> trybuild/fail/ignore_and_convert.rs:6:78
[INFO] [stderr]   |
[INFO] [stderr] 6 |     #[generic_new(ignore, ty = impl Into<usize>, converter = |u|Into::into(u))]
[INFO] [stderr]   |                                                                              ^
[INFO] [stderr] 
[INFO] [stderr] error[E0599]: no function or associated item named `new` found for struct `Foo` in the current scope
[INFO] [stderr]   --> trybuild/fail/ignore_and_convert.rs:14:10
[INFO] [stderr]    |
[INFO] [stderr] 5  | struct Foo {
[INFO] [stderr]    | ---------- function or associated item `new` not found for this struct
[INFO] [stderr] ...
[INFO] [stderr] 14 |     Foo::new(1usize);
[INFO] [stderr]    |          ^^^ function or associated item not found in `Foo`
[INFO] [stderr] ┈┈┈┈┈┈┈┈┈┈┈┈┈┈┈┈┈┈┈┈┈┈┈┈┈┈┈┈┈┈┈┈┈┈┈┈┈┈┈┈┈┈┈┈┈┈┈┈┈┈┈┈┈┈┈┈┈┈┈┈
[INFO] [stderr] note: If the actual output is the correct output you can bless it by rerunning
[INFO] [stderr]       your test with the environment variable TRYBUILD=overwrite
[INFO] [stderr] 
[INFO] [stderr] 
[INFO] [stderr] 
[INFO] [stdout] test tests::ui ... FAILED
[INFO] [stdout] 
[INFO] [stdout] failures:
[INFO] [stdout] 
[INFO] [stdout] ---- tests::ui stdout ----
[INFO] [stdout] thread 'tests::ui' panicked at /opt/rustwide/cargo-home/registry/src/index.crates.io-6f17d22bba15001f/trybuild-1.0.87/src/run.rs:101:13:
[INFO] [stdout] 4 of 11 tests failed
[INFO] [stdout] stack backtrace:
[INFO] [stdout]    0:     0x7fb1ae44c6f6 - std::backtrace_rs::backtrace::libunwind::trace::h261606ad26a499c1
[INFO] [stdout]                                at /rustc/0e09125c6c3c2fd70d7de961bcf0e51575235fad/library/std/src/../../backtrace/src/backtrace/libunwind.rs:104:5
[INFO] [stdout]    1:     0x7fb1ae44c6f6 - std::backtrace_rs::backtrace::trace_unsynchronized::hd183f0625477fb28
[INFO] [stdout]                                at /rustc/0e09125c6c3c2fd70d7de961bcf0e51575235fad/library/std/src/../../backtrace/src/backtrace/mod.rs:66:5
[INFO] [stdout]    2:     0x7fb1ae44c6f6 - std::sys_common::backtrace::_print_fmt::hd7f8fef21b4eda67
[INFO] [stdout]                                at /rustc/0e09125c6c3c2fd70d7de961bcf0e51575235fad/library/std/src/sys_common/backtrace.rs:68:5
[INFO] [stdout]    3:     0x7fb1ae44c6f6 - <std::sys_common::backtrace::_print::DisplayBacktrace as core::fmt::Display>::fmt::h623d9b51f2f453f1
[INFO] [stdout]                                at /rustc/0e09125c6c3c2fd70d7de961bcf0e51575235fad/library/std/src/sys_common/backtrace.rs:44:22
[INFO] [stdout]    4:     0x7fb1ae49ef40 - core::fmt::rt::Argument::fmt::h9f417ac76a86f368
[INFO] [stdout]                                at /rustc/0e09125c6c3c2fd70d7de961bcf0e51575235fad/library/core/src/fmt/rt.rs:142:9
[INFO] [stdout]    5:     0x7fb1ae49ef40 - core::fmt::write::hc9b6faf4ac2aeff7
[INFO] [stdout]                                at /rustc/0e09125c6c3c2fd70d7de961bcf0e51575235fad/library/core/src/fmt/mod.rs:1120:17
[INFO] [stdout]    6:     0x7fb1ae4404af - std::io::Write::write_fmt::he04625a3a989fec3
[INFO] [stdout]                                at /rustc/0e09125c6c3c2fd70d7de961bcf0e51575235fad/library/std/src/io/mod.rs:1810:15
[INFO] [stdout]    7:     0x7fb1ae44c4d4 - std::sys_common::backtrace::_print::hd5d66399c7df88a2
[INFO] [stdout]                                at /rustc/0e09125c6c3c2fd70d7de961bcf0e51575235fad/library/std/src/sys_common/backtrace.rs:47:5
[INFO] [stdout]    8:     0x7fb1ae44c4d4 - std::sys_common::backtrace::print::he81ed2da642d37e5
[INFO] [stdout]                                at /rustc/0e09125c6c3c2fd70d7de961bcf0e51575235fad/library/std/src/sys_common/backtrace.rs:34:9
[INFO] [stdout]    9:     0x7fb1ae44f267 - std::panicking::default_hook::{{closure}}::h85773f4fa117163d
[INFO] [stdout]   10:     0x7fb1ae44ef4d - std::panicking::default_hook::h6a1694a91d09b278
[INFO] [stdout]                                at /rustc/0e09125c6c3c2fd70d7de961bcf0e51575235fad/library/std/src/panicking.rs:289:9
[INFO] [stdout]   11:     0x7fb1ae51bcc7 - <alloc::boxed::Box<F,A> as core::ops::function::Fn<Args>>::call::h616ac37fa3cd6c8f
[INFO] [stdout]                                at /rustc/0e09125c6c3c2fd70d7de961bcf0e51575235fad/library/alloc/src/boxed.rs:2029:9
[INFO] [stdout]   12:     0x7fb1ae51bcc7 - test::test_main::{{closure}}::h00d84697cefdcbb6
[INFO] [stdout]                                at /rustc/0e09125c6c3c2fd70d7de961bcf0e51575235fad/library/test/src/lib.rs:138:21
[INFO] [stdout]   13:     0x7fb1ae44f9b6 - <alloc::boxed::Box<F,A> as core::ops::function::Fn<Args>>::call::hcb3fe3b9bb537ba8
[INFO] [stdout]                                at /rustc/0e09125c6c3c2fd70d7de961bcf0e51575235fad/library/alloc/src/boxed.rs:2029:9
[INFO] [stdout]   14:     0x7fb1ae44f9b6 - std::panicking::rust_panic_with_hook::h0a7ad96e90f7145b
[INFO] [stdout]                                at /rustc/0e09125c6c3c2fd70d7de961bcf0e51575235fad/library/std/src/panicking.rs:783:13
[INFO] [stdout]   15:     0x7fb1ae44f702 - std::panicking::begin_panic_handler::{{closure}}::h7919090525c6485e
[INFO] [stdout]                                at /rustc/0e09125c6c3c2fd70d7de961bcf0e51575235fad/library/std/src/panicking.rs:657:13
[INFO] [stdout]   16:     0x7fb1ae44cbf6 - std::sys_common::backtrace::__rust_end_short_backtrace::hf3289479464f7dfe
[INFO] [stdout]                                at /rustc/0e09125c6c3c2fd70d7de961bcf0e51575235fad/library/std/src/sys_common/backtrace.rs:171:18
[INFO] [stdout]   17:     0x7fb1ae44f460 - rust_begin_unwind
[INFO] [stdout]                                at /rustc/0e09125c6c3c2fd70d7de961bcf0e51575235fad/library/std/src/panicking.rs:645:5
[INFO] [stdout]   18:     0x7fb1ae49b645 - core::panicking::panic_fmt::hcc9f77c5c132af55
[INFO] [stdout]                                at /rustc/0e09125c6c3c2fd70d7de961bcf0e51575235fad/library/core/src/panicking.rs:72:14
[INFO] [stdout]   19:     0x55bfe21c9a75 - trybuild::run::<impl trybuild::Runner>::run::h90a93f2fa4f1ae1c
[INFO] [stdout]   20:     0x55bfe21cef85 - <trybuild::TestCases as core::ops::drop::Drop>::drop::hb99d59f8111cef41
[INFO] [stdout]   21:     0x55bfe216f5b7 - core::ptr::drop_in_place<trybuild::TestCases>::h7b050abd11561bc1
[INFO] [stdout]                                at /rustc/0e09125c6c3c2fd70d7de961bcf0e51575235fad/library/core/src/ptr/mod.rs:507:1
[INFO] [stdout]   22:     0x55bfe216e76b - generic_new::tests::ui::hd8f1e56443f51aca
[INFO] [stdout]                                at /opt/rustwide/workdir/src/lib.rs:92:5
[INFO] [stdout]   23:     0x55bfe216e6e7 - generic_new::tests::ui::{{closure}}::hbaf6c40e063a1d91
[INFO] [stdout]                                at /opt/rustwide/workdir/src/lib.rs:88:12
[INFO] [stdout]   24:     0x55bfe216f1a6 - core::ops::function::FnOnce::call_once::h817fe58198d3329e
[INFO] [stdout]                                at /rustc/0e09125c6c3c2fd70d7de961bcf0e51575235fad/library/core/src/ops/function.rs:250:5
[INFO] [stdout]   25:     0x7fb1ae521eff - core::ops::function::FnOnce::call_once::hd64d26f405258157
[INFO] [stdout]                                at /rustc/0e09125c6c3c2fd70d7de961bcf0e51575235fad/library/core/src/ops/function.rs:250:5
[INFO] [stdout]   26:     0x7fb1ae521eff - test::__rust_begin_short_backtrace::he21b0b7a6d731bf9
[INFO] [stdout]                                at /rustc/0e09125c6c3c2fd70d7de961bcf0e51575235fad/library/test/src/lib.rs:627:18
[INFO] [stdout]   27:     0x7fb1ae520c81 - test::run_test_in_process::{{closure}}::hf5c73986d7bdfde2
[INFO] [stdout]                                at /rustc/0e09125c6c3c2fd70d7de961bcf0e51575235fad/library/test/src/lib.rs:650:60
[INFO] [stdout]   28:     0x7fb1ae520c81 - <core::panic::unwind_safe::AssertUnwindSafe<F> as core::ops::function::FnOnce<()>>::call_once::h330011ad032aadc0
[INFO] [stdout]                                at /rustc/0e09125c6c3c2fd70d7de961bcf0e51575235fad/library/core/src/panic/unwind_safe.rs:272:9
[INFO] [stdout]   29:     0x7fb1ae520c81 - std::panicking::try::do_call::he61b0a958b795a41
[INFO] [stdout]                                at /rustc/0e09125c6c3c2fd70d7de961bcf0e51575235fad/library/std/src/panicking.rs:552:40
[INFO] [stdout]   30:     0x7fb1ae520c81 - std::panicking::try::h7309da130f906eb7
[INFO] [stdout]                                at /rustc/0e09125c6c3c2fd70d7de961bcf0e51575235fad/library/std/src/panicking.rs:516:19
[INFO] [stdout]   31:     0x7fb1ae520c81 - std::panic::catch_unwind::hc5c3a06fdaf0a92a
[INFO] [stdout]                                at /rustc/0e09125c6c3c2fd70d7de961bcf0e51575235fad/library/std/src/panic.rs:142:14
[INFO] [stdout]   32:     0x7fb1ae520c81 - test::run_test_in_process::h7e7b7c71c3324e0f
[INFO] [stdout]                                at /rustc/0e09125c6c3c2fd70d7de961bcf0e51575235fad/library/test/src/lib.rs:650:27
[INFO] [stdout]   33:     0x7fb1ae520c81 - test::run_test::{{closure}}::h1f509f28f5cf20b1
[INFO] [stdout]                                at /rustc/0e09125c6c3c2fd70d7de961bcf0e51575235fad/library/test/src/lib.rs:573:43
[INFO] [stdout]   34:     0x7fb1ae4e3a66 - test::run_test::{{closure}}::h1754218abf443f6d
[INFO] [stdout]                                at /rustc/0e09125c6c3c2fd70d7de961bcf0e51575235fad/library/test/src/lib.rs:601:41
[INFO] [stdout]   35:     0x7fb1ae4e3a66 - std::sys_common::backtrace::__rust_begin_short_backtrace::h2ee174b9d5954948
[INFO] [stdout]                                at /rustc/0e09125c6c3c2fd70d7de961bcf0e51575235fad/library/std/src/sys_common/backtrace.rs:155:18
[INFO] [stdout]   36:     0x7fb1ae4e8ac7 - std::thread::Builder::spawn_unchecked_::{{closure}}::{{closure}}::hf60bee9c1a17ef09
[INFO] [stdout]                                at /rustc/0e09125c6c3c2fd70d7de961bcf0e51575235fad/library/std/src/thread/mod.rs:529:17
[INFO] [stdout]   37:     0x7fb1ae4e8ac7 - <core::panic::unwind_safe::AssertUnwindSafe<F> as core::ops::function::FnOnce<()>>::call_once::h33d0dddec5216160
[INFO] [stdout]                                at /rustc/0e09125c6c3c2fd70d7de961bcf0e51575235fad/library/core/src/panic/unwind_safe.rs:272:9
[INFO] [stdout]   38:     0x7fb1ae4e8ac7 - std::panicking::try::do_call::h144b3048b546f835
[INFO] [stdout]                                at /rustc/0e09125c6c3c2fd70d7de961bcf0e51575235fad/library/std/src/panicking.rs:552:40
[INFO] [stdout]   39:     0x7fb1ae4e8ac7 - std::panicking::try::h978244d04646189f
[INFO] [stdout]                                at /rustc/0e09125c6c3c2fd70d7de961bcf0e51575235fad/library/std/src/panicking.rs:516:19
[INFO] [stdout]   40:     0x7fb1ae4e8ac7 - std::panic::catch_unwind::hdf436369d188fe86
[INFO] [stdout]                                at /rustc/0e09125c6c3c2fd70d7de961bcf0e51575235fad/library/std/src/panic.rs:142:14
[INFO] [stdout]   41:     0x7fb1ae4e8ac7 - std::thread::Builder::spawn_unchecked_::{{closure}}::h87329cbdd33c79ec
[INFO] [stdout]                                at /rustc/0e09125c6c3c2fd70d7de961bcf0e51575235fad/library/std/src/thread/mod.rs:528:30
[INFO] [stdout]   42:     0x7fb1ae4e8ac7 - core::ops::function::FnOnce::call_once{{vtable.shim}}::h401abbe67897d450
[INFO] [stdout]                                at /rustc/0e09125c6c3c2fd70d7de961bcf0e51575235fad/library/core/src/ops/function.rs:250:5
[INFO] [stdout]   43:     0x7fb1ae4598e5 - <alloc::boxed::Box<F,A> as core::ops::function::FnOnce<Args>>::call_once::h5d7c8f150ab9c84c
[INFO] [stdout]                                at /rustc/0e09125c6c3c2fd70d7de961bcf0e51575235fad/library/alloc/src/boxed.rs:2015:9
[INFO] [stdout]   44:     0x7fb1ae4598e5 - <alloc::boxed::Box<F,A> as core::ops::function::FnOnce<Args>>::call_once::h570d5b005c242c15
[INFO] [stdout]                                at /rustc/0e09125c6c3c2fd70d7de961bcf0e51575235fad/library/alloc/src/boxed.rs:2015:9
[INFO] [stdout]   45:     0x7fb1ae4598e5 - std::sys::unix::thread::Thread::new::thread_start::h36b0a20c0b2361ad
[INFO] [stdout]                                at /rustc/0e09125c6c3c2fd70d7de961bcf0e51575235fad/library/std/src/sys/unix/thread.rs:108:17
[INFO] [stdout]   46:     0x7fb1ae1e5ac3 - <unknown>
[INFO] [stdout]   47:     0x7fb1ae276bf4 - __clone
[INFO] [stdout]   48:                0x0 - <unknown>
[INFO] [stdout] 
[INFO] [stdout] 
[INFO] [stdout] failures:
[INFO] [stdout]     tests::ui
[INFO] [stdout] 
[INFO] [stdout] test result: FAILED. 8 passed; 1 failed; 0 ignored; 0 measured; 0 filtered out; finished in 15.94s
[INFO] [stdout] 
[INFO] [stderr] error: test failed, to rerun pass `--lib`
[INFO] running `Command { std: "docker" "inspect" "21b7cce8dfdbd2c99df82d20c1610c0137ed1376e6de90dd704a1d86286c61c2", kill_on_drop: false }`
[INFO] running `Command { std: "docker" "rm" "-f" "21b7cce8dfdbd2c99df82d20c1610c0137ed1376e6de90dd704a1d86286c61c2", kill_on_drop: false }`
[INFO] [stdout] 21b7cce8dfdbd2c99df82d20c1610c0137ed1376e6de90dd704a1d86286c61c2
