[INFO] fetching crate generic-ec 0.1.0...
[INFO] testing generic-ec-0.1.0 against 1.75.0 for beta-1.76-1
[INFO] extracting crate generic-ec 0.1.0 into /workspace/builds/worker-0-tc1/source
[INFO] validating manifest of crates.io crate generic-ec 0.1.0 on toolchain 1.75.0
[INFO] running `Command { std: CARGO_HOME="/workspace/cargo-home" RUSTUP_HOME="/workspace/rustup-home" "/workspace/cargo-home/bin/cargo" "+1.75.0" "metadata" "--manifest-path" "Cargo.toml" "--no-deps", kill_on_drop: false }`
[INFO] started tweaking crates.io crate generic-ec 0.1.0
[INFO] finished tweaking crates.io crate generic-ec 0.1.0
[INFO] tweaked toml for crates.io crate generic-ec 0.1.0 written to /workspace/builds/worker-0-tc1/source/Cargo.toml
[INFO] running `Command { std: CARGO_HOME="/workspace/cargo-home" RUSTUP_HOME="/workspace/rustup-home" "/workspace/cargo-home/bin/cargo" "+1.75.0" "generate-lockfile" "--manifest-path" "Cargo.toml", kill_on_drop: false }`
[INFO] [stderr]     Updating crates.io index
[INFO] running `Command { std: CARGO_HOME="/workspace/cargo-home" RUSTUP_HOME="/workspace/rustup-home" "/workspace/cargo-home/bin/cargo" "+1.75.0" "fetch" "--manifest-path" "Cargo.toml", kill_on_drop: false }`
[INFO] [stderr]     Blocking waiting for file lock on package cache
[INFO] [stderr]     Blocking waiting for file lock on package cache
[INFO] [stderr]  Downloading crates ...
[INFO] [stderr]   Downloaded stark-curve v0.1.0
[INFO] [stderr]   Downloaded educe v0.4.23
[INFO] [stderr]   Downloaded phantom-type v0.4.2
[INFO] [stderr]   Downloaded generic-ec-core v0.1.2
[INFO] [stderr]   Downloaded addchain v0.2.0
[INFO] [stderr]   Downloaded enum-ordinalize v3.1.15
[INFO] [stderr]   Downloaded udigest-derive v0.1.0
[INFO] [stderr]   Downloaded ff_derive v0.13.0
[INFO] [stderr]   Downloaded udigest v0.1.0
[INFO] [stderr]   Downloaded generic-ec-curves v0.1.1
[INFO] running `Command { std: "docker" "create" "-v" "/var/lib/crater-agent-workspace/builds/worker-0-tc1/target:/opt/rustwide/target:rw,Z" "-v" "/var/lib/crater-agent-workspace/builds/worker-0-tc1/source:/opt/rustwide/workdir:ro,Z" "-v" "/var/lib/crater-agent-workspace/cargo-home:/opt/rustwide/cargo-home:ro,Z" "-v" "/var/lib/crater-agent-workspace/rustup-home:/opt/rustwide/rustup-home:ro,Z" "-e" "SOURCE_DIR=/opt/rustwide/workdir" "-e" "CARGO_TARGET_DIR=/opt/rustwide/target" "-e" "CARGO_HOME=/opt/rustwide/cargo-home" "-e" "RUSTUP_HOME=/opt/rustwide/rustup-home" "-w" "/opt/rustwide/workdir" "-m" "1610612736" "--user" "0:0" "--network" "none" "ghcr.io/rust-lang/crates-build-env/linux@sha256:2788e3201cd34a07e3172128adcd8b3090168a8e3bcc40d7c032b9dda1df7d1c" "/opt/rustwide/cargo-home/bin/cargo" "+1.75.0" "metadata" "--no-deps" "--format-version=1", kill_on_drop: false }`
[INFO] [stdout] 6631ff4856b18c4f6918a48f3f6a9d0951ea09a3559a8b81b65ee4c87760358b
[INFO] running `Command { std: "docker" "start" "-a" "6631ff4856b18c4f6918a48f3f6a9d0951ea09a3559a8b81b65ee4c87760358b", kill_on_drop: false }`
[INFO] running `Command { std: "docker" "inspect" "6631ff4856b18c4f6918a48f3f6a9d0951ea09a3559a8b81b65ee4c87760358b", kill_on_drop: false }`
[INFO] running `Command { std: "docker" "rm" "-f" "6631ff4856b18c4f6918a48f3f6a9d0951ea09a3559a8b81b65ee4c87760358b", kill_on_drop: false }`
[INFO] [stdout] 6631ff4856b18c4f6918a48f3f6a9d0951ea09a3559a8b81b65ee4c87760358b
[INFO] running `Command { std: "docker" "create" "-v" "/var/lib/crater-agent-workspace/builds/worker-0-tc1/target:/opt/rustwide/target:rw,Z" "-v" "/var/lib/crater-agent-workspace/builds/worker-0-tc1/source:/opt/rustwide/workdir:ro,Z" "-v" "/var/lib/crater-agent-workspace/cargo-home:/opt/rustwide/cargo-home:ro,Z" "-v" "/var/lib/crater-agent-workspace/rustup-home:/opt/rustwide/rustup-home:ro,Z" "-e" "SOURCE_DIR=/opt/rustwide/workdir" "-e" "CARGO_TARGET_DIR=/opt/rustwide/target" "-e" "CARGO_INCREMENTAL=0" "-e" "RUST_BACKTRACE=full" "-e" "RUSTFLAGS=--cap-lints=warn" "-e" "RUSTDOCFLAGS=--cap-lints=warn" "-e" "CARGO_HOME=/opt/rustwide/cargo-home" "-e" "RUSTUP_HOME=/opt/rustwide/rustup-home" "-w" "/opt/rustwide/workdir" "-m" "1610612736" "--user" "0:0" "--network" "none" "ghcr.io/rust-lang/crates-build-env/linux@sha256:2788e3201cd34a07e3172128adcd8b3090168a8e3bcc40d7c032b9dda1df7d1c" "/opt/rustwide/cargo-home/bin/cargo" "+1.75.0" "build" "--frozen" "--message-format=json", kill_on_drop: false }`
[INFO] [stdout] 1481d71255a695f10b138aa43c7991363f97e200577995cd6f3edd74951eb084
[INFO] running `Command { std: "docker" "start" "-a" "1481d71255a695f10b138aa43c7991363f97e200577995cd6f3edd74951eb084", kill_on_drop: false }`
[INFO] [stderr]    Compiling libc v0.2.151
[INFO] [stderr]    Compiling subtle v2.5.0
[INFO] [stderr]    Compiling hex v0.4.3
[INFO] [stderr]    Compiling num-integer v0.1.45
[INFO] [stderr]    Compiling generic-array v0.14.7
[INFO] [stderr]    Compiling num-traits v0.2.17
[INFO] [stderr]    Compiling num-bigint v0.4.4
[INFO] [stderr]    Compiling syn v2.0.48
[INFO] [stderr]    Compiling getrandom v0.2.11
[INFO] [stderr]    Compiling rand_core v0.6.4
[INFO] [stderr]    Compiling darling_core v0.20.3
[INFO] [stderr]    Compiling serde_derive v1.0.194
[INFO] [stderr]    Compiling enum-ordinalize v3.1.15
[INFO] [stderr]    Compiling zeroize_derive v1.4.2
[INFO] [stderr]    Compiling educe v0.4.23
[INFO] [stderr]    Compiling zeroize v1.7.0
[INFO] [stderr]    Compiling darling_macro v0.20.3
[INFO] [stderr]    Compiling darling v0.20.3
[INFO] [stderr]    Compiling serde_with_macros v2.3.3
[INFO] [stderr]    Compiling phantom-type v0.4.2
[INFO] [stderr]    Compiling serde v1.0.194
[INFO] [stderr]    Compiling generic-ec-core v0.1.2
[INFO] [stderr]    Compiling serde_with v2.3.3
[INFO] [stderr]    Compiling generic-ec v0.1.0 (/opt/rustwide/workdir)
[INFO] [stderr]     Finished dev [unoptimized + debuginfo] target(s) in 7.07s
[INFO] running `Command { std: "docker" "inspect" "1481d71255a695f10b138aa43c7991363f97e200577995cd6f3edd74951eb084", kill_on_drop: false }`
[INFO] running `Command { std: "docker" "rm" "-f" "1481d71255a695f10b138aa43c7991363f97e200577995cd6f3edd74951eb084", kill_on_drop: false }`
[INFO] [stdout] 1481d71255a695f10b138aa43c7991363f97e200577995cd6f3edd74951eb084
[INFO] running `Command { std: "docker" "create" "-v" "/var/lib/crater-agent-workspace/builds/worker-0-tc1/target:/opt/rustwide/target:rw,Z" "-v" "/var/lib/crater-agent-workspace/builds/worker-0-tc1/source:/opt/rustwide/workdir:ro,Z" "-v" "/var/lib/crater-agent-workspace/cargo-home:/opt/rustwide/cargo-home:ro,Z" "-v" "/var/lib/crater-agent-workspace/rustup-home:/opt/rustwide/rustup-home:ro,Z" "-e" "SOURCE_DIR=/opt/rustwide/workdir" "-e" "CARGO_TARGET_DIR=/opt/rustwide/target" "-e" "CARGO_INCREMENTAL=0" "-e" "RUST_BACKTRACE=full" "-e" "RUSTFLAGS=--cap-lints=warn" "-e" "RUSTDOCFLAGS=--cap-lints=warn" "-e" "CARGO_HOME=/opt/rustwide/cargo-home" "-e" "RUSTUP_HOME=/opt/rustwide/rustup-home" "-w" "/opt/rustwide/workdir" "-m" "1610612736" "--user" "0:0" "--network" "none" "ghcr.io/rust-lang/crates-build-env/linux@sha256:2788e3201cd34a07e3172128adcd8b3090168a8e3bcc40d7c032b9dda1df7d1c" "/opt/rustwide/cargo-home/bin/cargo" "+1.75.0" "test" "--frozen" "--no-run" "--message-format=json", kill_on_drop: false }`
[INFO] [stdout] c662c731db65638fb6b435aa3bb75238ff3c025e54195bccfb5e3817d806fccb
[INFO] running `Command { std: "docker" "start" "-a" "c662c731db65638fb6b435aa3bb75238ff3c025e54195bccfb5e3817d806fccb", kill_on_drop: false }`
[INFO] [stderr]    Compiling rand_chacha v0.3.1
[INFO] [stderr]    Compiling serde_test v1.0.176
[INFO] [stderr]    Compiling serde_json v1.0.111
[INFO] [stderr]    Compiling rand v0.8.5
[INFO] [stderr]    Compiling generic-ec v0.1.0 (/opt/rustwide/workdir)
[INFO] [stderr]     Finished test [unoptimized + debuginfo] target(s) in 1.24s
[INFO] running `Command { std: "docker" "inspect" "c662c731db65638fb6b435aa3bb75238ff3c025e54195bccfb5e3817d806fccb", kill_on_drop: false }`
[INFO] running `Command { std: "docker" "rm" "-f" "c662c731db65638fb6b435aa3bb75238ff3c025e54195bccfb5e3817d806fccb", kill_on_drop: false }`
[INFO] [stdout] c662c731db65638fb6b435aa3bb75238ff3c025e54195bccfb5e3817d806fccb
[INFO] running `Command { std: "docker" "create" "-v" "/var/lib/crater-agent-workspace/builds/worker-0-tc1/target:/opt/rustwide/target:rw,Z" "-v" "/var/lib/crater-agent-workspace/builds/worker-0-tc1/source:/opt/rustwide/workdir:ro,Z" "-v" "/var/lib/crater-agent-workspace/cargo-home:/opt/rustwide/cargo-home:ro,Z" "-v" "/var/lib/crater-agent-workspace/rustup-home:/opt/rustwide/rustup-home:ro,Z" "-e" "SOURCE_DIR=/opt/rustwide/workdir" "-e" "CARGO_TARGET_DIR=/opt/rustwide/target" "-e" "CARGO_INCREMENTAL=0" "-e" "RUST_BACKTRACE=full" "-e" "RUSTFLAGS=--cap-lints=warn" "-e" "RUSTDOCFLAGS=--cap-lints=warn" "-e" "CARGO_HOME=/opt/rustwide/cargo-home" "-e" "RUSTUP_HOME=/opt/rustwide/rustup-home" "-w" "/opt/rustwide/workdir" "-m" "1610612736" "--user" "0:0" "--network" "none" "ghcr.io/rust-lang/crates-build-env/linux@sha256:2788e3201cd34a07e3172128adcd8b3090168a8e3bcc40d7c032b9dda1df7d1c" "/opt/rustwide/cargo-home/bin/cargo" "+1.75.0" "test" "--frozen", kill_on_drop: false }`
[INFO] [stdout] 9eca3d69d789282a98e68dfca06b4fad290c484ab4b013303df11fa2e45561c2
[INFO] running `Command { std: "docker" "start" "-a" "9eca3d69d789282a98e68dfca06b4fad290c484ab4b013303df11fa2e45561c2", kill_on_drop: false }`
[INFO] [stderr]     Finished test [unoptimized + debuginfo] target(s) in 0.03s
[INFO] [stderr]      Running unittests src/lib.rs (/opt/rustwide/target/debug/deps/generic_ec-ebaab2f3daec8045)
[INFO] [stdout] 
[INFO] [stdout] running 0 tests
[INFO] [stdout] 
[INFO] [stdout] test result: ok. 0 passed; 0 failed; 0 ignored; 0 measured; 0 filtered out; finished in 0.00s
[INFO] [stdout] 
[INFO] [stderr]    Doc-tests generic-ec
[INFO] [stdout] 
[INFO] [stdout] running 17 tests
[INFO] [stdout] test src/lib.rs - (line 83) ... FAILED
[INFO] [stdout] test src/coords.rs - coords (line 14) ... FAILED
[INFO] [stdout] test src/point/mod.rs - point::Point<E>::is_zero (line 47) ... FAILED
[INFO] [stdout] test src/hash_to_curve.rs - hash_to_curve (line 7) ... FAILED
[INFO] [stdout] test src/scalar.rs - scalar::Scalar<E>::to_be_bytes (line 81) ... FAILED
[INFO] [stdout] test src/scalar.rs - scalar::Scalar<E>::one (line 39) ... FAILED
[INFO] [stdout] test src/scalar.rs - scalar::Scalar<E>::invert (line 55) ... FAILED
[INFO] [stdout] test src/lib.rs - (line 139) ... FAILED
[INFO] [stdout] test src/scalar.rs - scalar::Scalar<E>::zero (line 25) ... FAILED
[INFO] [stdout] test src/point/mod.rs - point::Point<E>::to_bytes (line 74) ... FAILED
[INFO] [stdout] test src/serde.rs - serde (line 9) ... FAILED
[INFO] [stdout] test src/scalar.rs - scalar::Scalar<E>::from_be_bytes (line 104) ... FAILED
[INFO] [stdout] test src/lib.rs - (line 108) ... FAILED
[INFO] [stdout] test src/serde.rs - serde (line 50) ... FAILED
[INFO] [stdout] test src/lib.rs - (line 120) ... FAILED
[INFO] [stdout] test src/serde.rs - serde::CurveName (line 214) ... FAILED
[INFO] [stdout] test src/coords.rs - coords (line 23) ... ok
[INFO] [stdout] 
[INFO] [stdout] failures:
[INFO] [stdout] 
[INFO] [stdout] ---- src/lib.rs - (line 83) stdout ----
[INFO] [stdout] error[E0432]: unresolved import `generic_ec::curves`
[INFO] [stdout]  --> src/lib.rs:85:33
[INFO] [stdout]   |
[INFO] [stdout] 5 | use generic_ec::{Point, Scalar, curves::Secp256k1};
[INFO] [stdout]   |                                 ^^^^^^ could not find `curves` in `generic_ec`
[INFO] [stdout] 
[INFO] [stdout] error: aborting due to previous error
[INFO] [stdout] 
[INFO] [stdout] For more information about this error, try `rustc --explain E0432`.
[INFO] [stdout] Couldn't compile the test.
[INFO] [stdout] ---- src/coords.rs - coords (line 14) stdout ----
[INFO] [stdout] error[E0432]: unresolved import `generic_ec::curves`
[INFO] [stdout]  --> src/coords.rs:16:45
[INFO] [stdout]   |
[INFO] [stdout] 5 | use generic_ec::{Point, coords::HasAffineX, curves::Secp256k1};
[INFO] [stdout]   |                                             ^^^^^^ could not find `curves` in `generic_ec`
[INFO] [stdout] 
[INFO] [stdout] error: aborting due to previous error
[INFO] [stdout] 
[INFO] [stdout] For more information about this error, try `rustc --explain E0432`.
[INFO] [stdout] Couldn't compile the test.
[INFO] [stdout] ---- src/point/mod.rs - point::Point<E>::is_zero (line 47) stdout ----
[INFO] [stdout] error[E0432]: unresolved import `generic_ec::curves`
[INFO] [stdout]  --> src/point/mod.rs:49:25
[INFO] [stdout]   |
[INFO] [stdout] 5 | use generic_ec::{Point, curves::Secp256k1};
[INFO] [stdout]   |                         ^^^^^^ could not find `curves` in `generic_ec`
[INFO] [stdout] 
[INFO] [stdout] error: aborting due to previous error
[INFO] [stdout] 
[INFO] [stdout] For more information about this error, try `rustc --explain E0432`.
[INFO] [stdout] Couldn't compile the test.
[INFO] [stdout] ---- src/hash_to_curve.rs - hash_to_curve (line 7) stdout ----
[INFO] [stdout] error[E0432]: unresolved import `generic_ec::curves`
[INFO] [stdout]  --> src/hash_to_curve.rs:9:33
[INFO] [stdout]   |
[INFO] [stdout] 5 | use generic_ec::{Point, Scalar, curves::Secp256k1};
[INFO] [stdout]   |                                 ^^^^^^ could not find `curves` in `generic_ec`
[INFO] [stdout] 
[INFO] [stdout] error: aborting due to previous error
[INFO] [stdout] 
[INFO] [stdout] For more information about this error, try `rustc --explain E0432`.
[INFO] [stdout] Couldn't compile the test.
[INFO] [stdout] ---- src/scalar.rs - scalar::Scalar<E>::to_be_bytes (line 81) stdout ----
[INFO] [stdout] error[E0432]: unresolved import `generic_ec::curves`
[INFO] [stdout]  --> src/scalar.rs:83:26
[INFO] [stdout]   |
[INFO] [stdout] 5 | use generic_ec::{Scalar, curves::Secp256k1};
[INFO] [stdout]   |                          ^^^^^^ could not find `curves` in `generic_ec`
[INFO] [stdout] 
[INFO] [stdout] error: aborting due to previous error
[INFO] [stdout] 
[INFO] [stdout] For more information about this error, try `rustc --explain E0432`.
[INFO] [stdout] Couldn't compile the test.
[INFO] [stdout] ---- src/scalar.rs - scalar::Scalar<E>::one (line 39) stdout ----
[INFO] [stdout] error[E0432]: unresolved import `generic_ec::curves`
[INFO] [stdout]  --> src/scalar.rs:41:26
[INFO] [stdout]   |
[INFO] [stdout] 5 | use generic_ec::{Scalar, curves::Secp256k1};
[INFO] [stdout]   |                          ^^^^^^ could not find `curves` in `generic_ec`
[INFO] [stdout] 
[INFO] [stdout] error: aborting due to previous error
[INFO] [stdout] 
[INFO] [stdout] For more information about this error, try `rustc --explain E0432`.
[INFO] [stdout] Couldn't compile the test.
[INFO] [stdout] ---- src/scalar.rs - scalar::Scalar<E>::invert (line 55) stdout ----
[INFO] [stdout] error[E0432]: unresolved import `generic_ec::curves`
[INFO] [stdout]  --> src/scalar.rs:58:26
[INFO] [stdout]   |
[INFO] [stdout] 6 | use generic_ec::{Scalar, curves::Secp256k1};
[INFO] [stdout]   |                          ^^^^^^ could not find `curves` in `generic_ec`
[INFO] [stdout] 
[INFO] [stdout] error: aborting due to previous error
[INFO] [stdout] 
[INFO] [stdout] For more information about this error, try `rustc --explain E0432`.
[INFO] [stdout] Couldn't compile the test.
[INFO] [stdout] ---- src/lib.rs - (line 139) stdout ----
[INFO] [stdout] error[E0432]: unresolved import `generic_ec::curves`
[INFO] [stdout]   --> src/lib.rs:152:17
[INFO] [stdout]    |
[INFO] [stdout] 16 | use generic_ec::curves::{Secp256k1, Secp256r1};
[INFO] [stdout]    |                 ^^^^^^ could not find `curves` in `generic_ec`
[INFO] [stdout] 
[INFO] [stdout] error: aborting due to previous error
[INFO] [stdout] 
[INFO] [stdout] For more information about this error, try `rustc --explain E0432`.
[INFO] [stdout] Couldn't compile the test.
[INFO] [stdout] ---- src/scalar.rs - scalar::Scalar<E>::zero (line 25) stdout ----
[INFO] [stdout] error[E0432]: unresolved import `generic_ec::curves`
[INFO] [stdout]  --> src/scalar.rs:27:26
[INFO] [stdout]   |
[INFO] [stdout] 5 | use generic_ec::{Scalar, curves::Secp256k1};
[INFO] [stdout]   |                          ^^^^^^ could not find `curves` in `generic_ec`
[INFO] [stdout] 
[INFO] [stdout] error: aborting due to previous error
[INFO] [stdout] 
[INFO] [stdout] For more information about this error, try `rustc --explain E0432`.
[INFO] [stdout] Couldn't compile the test.
[INFO] [stdout] ---- src/point/mod.rs - point::Point<E>::to_bytes (line 74) stdout ----
[INFO] [stdout] error[E0432]: unresolved import `generic_ec::curves`
[INFO] [stdout]  --> src/point/mod.rs:76:33
[INFO] [stdout]   |
[INFO] [stdout] 5 | use generic_ec::{Point, Scalar, curves::Secp256k1};
[INFO] [stdout]   |                                 ^^^^^^ could not find `curves` in `generic_ec`
[INFO] [stdout] 
[INFO] [stdout] error: aborting due to previous error
[INFO] [stdout] 
[INFO] [stdout] For more information about this error, try `rustc --explain E0432`.
[INFO] [stdout] Couldn't compile the test.
[INFO] [stdout] ---- src/serde.rs - serde (line 9) stdout ----
[INFO] [stdout] error[E0432]: unresolved import `generic_ec::curves`
[INFO] [stdout]  --> src/serde.rs:12:40
[INFO] [stdout]   |
[INFO] [stdout] 5 | use generic_ec::{Curve, Point, Scalar, curves::Secp256k1};
[INFO] [stdout]   |                                        ^^^^^^ could not find `curves` in `generic_ec`
[INFO] [stdout] 
[INFO] [stdout] error: aborting due to previous error
[INFO] [stdout] 
[INFO] [stdout] For more information about this error, try `rustc --explain E0432`.
[INFO] [stdout] Couldn't compile the test.
[INFO] [stdout] ---- src/scalar.rs - scalar::Scalar<E>::from_be_bytes (line 104) stdout ----
[INFO] [stdout] error[E0432]: unresolved import `generic_ec::curves`
[INFO] [stdout]  --> src/scalar.rs:106:26
[INFO] [stdout]   |
[INFO] [stdout] 5 | use generic_ec::{Scalar, curves::Secp256k1};
[INFO] [stdout]   |                          ^^^^^^ could not find `curves` in `generic_ec`
[INFO] [stdout] 
[INFO] [stdout] error: aborting due to previous error
[INFO] [stdout] 
[INFO] [stdout] For more information about this error, try `rustc --explain E0432`.
[INFO] [stdout] Couldn't compile the test.
[INFO] [stdout] ---- src/lib.rs - (line 108) stdout ----
[INFO] [stdout] error[E0432]: unresolved import `generic_ec::curves`
[INFO] [stdout]  --> src/lib.rs:110:33
[INFO] [stdout]   |
[INFO] [stdout] 5 | use generic_ec::{Point, Scalar, curves::Secp256k1};
[INFO] [stdout]   |                                 ^^^^^^ could not find `curves` in `generic_ec`
[INFO] [stdout] 
[INFO] [stdout] error: aborting due to previous error
[INFO] [stdout] 
[INFO] [stdout] For more information about this error, try `rustc --explain E0432`.
[INFO] [stdout] Couldn't compile the test.
[INFO] [stdout] ---- src/serde.rs - serde (line 50) stdout ----
[INFO] [stdout] error[E0432]: unresolved import `generic_ec::curves`
[INFO] [stdout]  --> src/serde.rs:53:40
[INFO] [stdout]   |
[INFO] [stdout] 5 | use generic_ec::{Curve, Point, Scalar, curves::Secp256k1};
[INFO] [stdout]   |                                        ^^^^^^ could not find `curves` in `generic_ec`
[INFO] [stdout] 
[INFO] [stdout] error: aborting due to previous error
[INFO] [stdout] 
[INFO] [stdout] For more information about this error, try `rustc --explain E0432`.
[INFO] [stdout] Couldn't compile the test.
[INFO] [stdout] ---- src/lib.rs - (line 120) stdout ----
[INFO] [stdout] error[E0432]: unresolved import `generic_ec::curves`
[INFO] [stdout]  --> src/lib.rs:122:39
[INFO] [stdout]   |
[INFO] [stdout] 5 | use generic_ec::{Point, SecretScalar, curves::Secp256k1};
[INFO] [stdout]   |                                       ^^^^^^ could not find `curves` in `generic_ec`
[INFO] [stdout] 
[INFO] [stdout] error[E0277]: `Generator<_>` doesn't implement `Debug`
[INFO] [stdout]   --> src/lib.rs:133:1
[INFO] [stdout]    |
[INFO] [stdout] 16 | assert_eq!(shared_secret_learned_by_alice, shared_secret_learned_by_bob);
[INFO] [stdout]    | ^^^^^^^^^^^^^^^^^^^^^^^^^^^^^^^^^^^^^^^^^^^^^^^^^^^^^^^^^^^^^^^^^^^^^^^^ `Generator<_>` cannot be formatted using `{:?}` because it doesn't implement `Debug`
[INFO] [stdout]    |
[INFO] [stdout]    = help: the trait `Debug` is not implemented for `Generator<_>`
[INFO] [stdout]    = note: this error originates in the macro `assert_eq` (in Nightly builds, run with -Z macro-backtrace for more info)
[INFO] [stdout] 
[INFO] [stdout] error[E0277]: `Generator<_>` doesn't implement `Debug`
[INFO] [stdout]   --> src/lib.rs:133:1
[INFO] [stdout]    |
[INFO] [stdout] 16 | assert_eq!(shared_secret_learned_by_alice, shared_secret_learned_by_bob);
[INFO] [stdout]    | ^^^^^^^^^^^^^^^^^^^^^^^^^^^^^^^^^^^^^^^^^^^^^^^^^^^^^^^^^^^^^^^^^^^^^^^^ `Generator<_>` cannot be formatted using `{:?}` because it doesn't implement `Debug`
[INFO] [stdout]    |
[INFO] [stdout]    = help: the trait `Debug` is not implemented for `Generator<_>`
[INFO] [stdout]    = note: this error originates in the macro `assert_eq` (in Nightly builds, run with -Z macro-backtrace for more info)
[INFO] [stdout] 
[INFO] [stdout] error: aborting due to 3 previous errors
[INFO] [stdout] 
[INFO] [stdout] Some errors have detailed explanations: E0277, E0432.
[INFO] [stdout] For more information about an error, try `rustc --explain E0277`.
[INFO] [stdout] Couldn't compile the test.
[INFO] [stdout] ---- src/serde.rs - serde::CurveName (line 214) stdout ----
[INFO] [stdout] error[E0432]: unresolved import `generic_ec::curves`
[INFO] [stdout]  --> src/serde.rs:217:36
[INFO] [stdout]   |
[INFO] [stdout] 5 | use generic_ec::{serde::CurveName, curves::{Secp256k1, Secp256r1}};
[INFO] [stdout]   |                                    ^^^^^^ could not find `curves` in `generic_ec`
[INFO] [stdout] 
[INFO] [stdout] error: aborting due to previous error
[INFO] [stdout] 
[INFO] [stdout] For more information about this error, try `rustc --explain E0432`.
[INFO] [stdout] Couldn't compile the test.
[INFO] [stdout] 
[INFO] [stdout] failures:
[INFO] [stdout]     src/coords.rs - coords (line 14)
[INFO] [stdout]     src/hash_to_curve.rs - hash_to_curve (line 7)
[INFO] [stdout]     src/lib.rs - (line 108)
[INFO] [stdout]     src/lib.rs - (line 120)
[INFO] [stdout]     src/lib.rs - (line 139)
[INFO] [stdout]     src/lib.rs - (line 83)
[INFO] [stdout]     src/point/mod.rs - point::Point<E>::is_zero (line 47)
[INFO] [stdout]     src/point/mod.rs - point::Point<E>::to_bytes (line 74)
[INFO] [stdout]     src/scalar.rs - scalar::Scalar<E>::from_be_bytes (line 104)
[INFO] [stdout]     src/scalar.rs - scalar::Scalar<E>::invert (line 55)
[INFO] [stdout]     src/scalar.rs - scalar::Scalar<E>::one (line 39)
[INFO] [stdout]     src/scalar.rs - scalar::Scalar<E>::to_be_bytes (line 81)
[INFO] [stdout]     src/scalar.rs - scalar::Scalar<E>::zero (line 25)
[INFO] [stdout]     src/serde.rs - serde (line 50)
[INFO] [stdout]     src/serde.rs - serde (line 9)
[INFO] [stdout]     src/serde.rs - serde::CurveName (line 214)
[INFO] [stdout] 
[INFO] [stdout] test result: FAILED. 1 passed; 16 failed; 0 ignored; 0 measured; 0 filtered out; finished in 0.17s
[INFO] [stdout] 
[INFO] [stderr] error: doctest failed, to rerun pass `--doc`
[INFO] running `Command { std: "docker" "inspect" "9eca3d69d789282a98e68dfca06b4fad290c484ab4b013303df11fa2e45561c2", kill_on_drop: false }`
[INFO] running `Command { std: "docker" "rm" "-f" "9eca3d69d789282a98e68dfca06b4fad290c484ab4b013303df11fa2e45561c2", kill_on_drop: false }`
[INFO] [stdout] 9eca3d69d789282a98e68dfca06b4fad290c484ab4b013303df11fa2e45561c2
