[INFO] fetching crate gemachain-program 1.8.2...
[INFO] testing gemachain-program-1.8.2 against 1.75.0 for beta-1.76-1
[INFO] extracting crate gemachain-program 1.8.2 into /workspace/builds/worker-1-tc1/source
[INFO] validating manifest of crates.io crate gemachain-program 1.8.2 on toolchain 1.75.0
[INFO] running `Command { std: CARGO_HOME="/workspace/cargo-home" RUSTUP_HOME="/workspace/rustup-home" "/workspace/cargo-home/bin/cargo" "+1.75.0" "metadata" "--manifest-path" "Cargo.toml" "--no-deps", kill_on_drop: false }`
[INFO] started tweaking crates.io crate gemachain-program 1.8.2
[INFO] finished tweaking crates.io crate gemachain-program 1.8.2
[INFO] tweaked toml for crates.io crate gemachain-program 1.8.2 written to /workspace/builds/worker-1-tc1/source/Cargo.toml
[INFO] running `Command { std: CARGO_HOME="/workspace/cargo-home" RUSTUP_HOME="/workspace/rustup-home" "/workspace/cargo-home/bin/cargo" "+1.75.0" "generate-lockfile" "--manifest-path" "Cargo.toml", kill_on_drop: false }`
[INFO] [stderr]     Updating crates.io index
[INFO] running `Command { std: CARGO_HOME="/workspace/cargo-home" RUSTUP_HOME="/workspace/rustup-home" "/workspace/cargo-home/bin/cargo" "+1.75.0" "fetch" "--manifest-path" "Cargo.toml", kill_on_drop: false }`
[INFO] [stderr]  Downloading crates ...
[INFO] [stderr]   Downloaded gemachain-frozen-abi v1.8.2
[INFO] [stderr]   Downloaded gemachain-logger v1.8.2
[INFO] [stderr]   Downloaded gemachain-frozen-abi-macro v1.8.2
[INFO] [stderr]   Downloaded gemachain-sdk-macro v1.8.2
[INFO] running `Command { std: "docker" "create" "-v" "/var/lib/crater-agent-workspace/builds/worker-1-tc1/target:/opt/rustwide/target:rw,Z" "-v" "/var/lib/crater-agent-workspace/builds/worker-1-tc1/source:/opt/rustwide/workdir:ro,Z" "-v" "/var/lib/crater-agent-workspace/cargo-home:/opt/rustwide/cargo-home:ro,Z" "-v" "/var/lib/crater-agent-workspace/rustup-home:/opt/rustwide/rustup-home:ro,Z" "-e" "SOURCE_DIR=/opt/rustwide/workdir" "-e" "CARGO_TARGET_DIR=/opt/rustwide/target" "-e" "CARGO_HOME=/opt/rustwide/cargo-home" "-e" "RUSTUP_HOME=/opt/rustwide/rustup-home" "-w" "/opt/rustwide/workdir" "-m" "1610612736" "--user" "0:0" "--network" "none" "ghcr.io/rust-lang/crates-build-env/linux@sha256:2788e3201cd34a07e3172128adcd8b3090168a8e3bcc40d7c032b9dda1df7d1c" "/opt/rustwide/cargo-home/bin/cargo" "+1.75.0" "metadata" "--no-deps" "--format-version=1", kill_on_drop: false }`
[INFO] [stdout] d0bd946be59cdc82a430694c169752e1e1303dd48ea523c37bfaa144b017fc51
[INFO] running `Command { std: "docker" "start" "-a" "d0bd946be59cdc82a430694c169752e1e1303dd48ea523c37bfaa144b017fc51", kill_on_drop: false }`
[INFO] running `Command { std: "docker" "inspect" "d0bd946be59cdc82a430694c169752e1e1303dd48ea523c37bfaa144b017fc51", kill_on_drop: false }`
[INFO] running `Command { std: "docker" "rm" "-f" "d0bd946be59cdc82a430694c169752e1e1303dd48ea523c37bfaa144b017fc51", kill_on_drop: false }`
[INFO] [stdout] d0bd946be59cdc82a430694c169752e1e1303dd48ea523c37bfaa144b017fc51
[INFO] running `Command { std: "docker" "create" "-v" "/var/lib/crater-agent-workspace/builds/worker-1-tc1/target:/opt/rustwide/target:rw,Z" "-v" "/var/lib/crater-agent-workspace/builds/worker-1-tc1/source:/opt/rustwide/workdir:ro,Z" "-v" "/var/lib/crater-agent-workspace/cargo-home:/opt/rustwide/cargo-home:ro,Z" "-v" "/var/lib/crater-agent-workspace/rustup-home:/opt/rustwide/rustup-home:ro,Z" "-e" "SOURCE_DIR=/opt/rustwide/workdir" "-e" "CARGO_TARGET_DIR=/opt/rustwide/target" "-e" "CARGO_INCREMENTAL=0" "-e" "RUST_BACKTRACE=full" "-e" "RUSTFLAGS=--cap-lints=warn" "-e" "RUSTDOCFLAGS=--cap-lints=warn" "-e" "CARGO_HOME=/opt/rustwide/cargo-home" "-e" "RUSTUP_HOME=/opt/rustwide/rustup-home" "-w" "/opt/rustwide/workdir" "-m" "1610612736" "--user" "0:0" "--network" "none" "ghcr.io/rust-lang/crates-build-env/linux@sha256:2788e3201cd34a07e3172128adcd8b3090168a8e3bcc40d7c032b9dda1df7d1c" "/opt/rustwide/cargo-home/bin/cargo" "+1.75.0" "build" "--frozen" "--message-format=json", kill_on_drop: false }`
[INFO] [stdout] 0a89829c7c27d7d6792232a733779f43b99b91dd4ad6c57e4c602f5c676fd69f
[INFO] running `Command { std: "docker" "start" "-a" "0a89829c7c27d7d6792232a733779f43b99b91dd4ad6c57e4c602f5c676fd69f", kill_on_drop: false }`
[INFO] [stderr]    Compiling proc-macro2 v1.0.75
[INFO] [stderr]    Compiling unicode-ident v1.0.12
[INFO] [stderr]    Compiling version_check v0.9.4
[INFO] [stderr]    Compiling typenum v1.17.0
[INFO] [stderr]    Compiling serde v1.0.194
[INFO] [stderr]    Compiling libc v0.2.151
[INFO] [stderr]    Compiling subtle v2.5.0
[INFO] [stderr]    Compiling cfg-if v1.0.0
[INFO] [stderr]    Compiling semver v1.0.21
[INFO] [stderr]    Compiling syn v1.0.109
[INFO] [stderr]    Compiling crunchy v0.2.2
[INFO] [stderr]    Compiling generic-array v0.14.7
[INFO] [stderr]    Compiling getrandom v0.1.16
[INFO] [stderr]    Compiling memchr v2.7.1
[INFO] [stderr]    Compiling quote v1.0.35
[INFO] [stderr]    Compiling rustc_version v0.4.0
[INFO] [stderr]    Compiling block-padding v0.2.1
[INFO] [stderr]    Compiling syn v2.0.48
[INFO] [stderr]    Compiling aho-corasick v1.1.2
[INFO] [stderr]    Compiling regex-syntax v0.8.2
[INFO] [stderr]    Compiling rand_core v0.5.1
[INFO] [stderr]    Compiling ahash v0.7.7
[INFO] [stderr]    Compiling digest v0.9.0
[INFO] [stderr]    Compiling libsecp256k1-core v0.2.2
[INFO] [stderr]    Compiling opaque-debug v0.3.0
[INFO] [stderr]    Compiling feature-probe v0.1.1
[INFO] [stderr]    Compiling cc v1.0.83
[INFO] [stderr]    Compiling bv v0.11.1
[INFO] [stderr]    Compiling atty v0.2.14
[INFO] [stderr]    Compiling getrandom v0.2.11
[INFO] [stderr]    Compiling regex-automata v0.4.3
[INFO] [stderr]    Compiling libsecp256k1-gen-genmult v0.2.1
[INFO] [stderr]    Compiling libsecp256k1-gen-ecmult v0.2.1
[INFO] [stderr]    Compiling gemachain-frozen-abi-macro v1.8.2
[INFO] [stderr]    Compiling cpufeatures v0.2.12
[INFO] [stderr]    Compiling rustversion v1.0.14
[INFO] [stderr]    Compiling ppv-lite86 v0.2.17
[INFO] [stderr]    Compiling humantime v2.1.0
[INFO] [stderr]    Compiling serde_derive v1.0.194
[INFO] [stderr]    Compiling termcolor v1.4.0
[INFO] [stderr]    Compiling once_cell v1.19.0
[INFO] [stderr]    Compiling log v0.4.20
[INFO] [stderr]    Compiling thiserror v1.0.56
[INFO] [stderr]    Compiling autocfg v1.1.0
[INFO] [stderr]    Compiling thiserror-impl v1.0.56
[INFO] [stderr]    Compiling rand_chacha v0.2.2
[INFO] [stderr]    Compiling toml v0.5.11
[INFO] [stderr]    Compiling num-traits v0.2.17
[INFO] [stderr]    Compiling regex v1.10.2
[INFO] [stderr]    Compiling borsh-schema-derive-internal v0.9.3
[INFO] [stderr]    Compiling env_logger v0.9.3
[INFO] [stderr]    Compiling borsh-derive-internal v0.9.3
[INFO] [stderr]    Compiling libsecp256k1 v0.6.0
[INFO] [stderr]    Compiling blake3 v1.5.0
[INFO] [stderr]    Compiling proc-macro-crate v0.1.5
[INFO] [stderr]    Compiling gemachain-frozen-abi v1.8.2
[INFO] [stderr]    Compiling arrayref v0.3.7
[INFO] [stderr]    Compiling bs58 v0.4.0
[INFO] [stderr]    Compiling lazy_static v1.4.0
[INFO] [stderr]    Compiling gemachain-logger v1.8.2
[INFO] [stderr]    Compiling rand v0.7.3
[INFO] [stderr]    Compiling hashbrown v0.11.2
[INFO] [stderr]    Compiling memmap2 v0.5.10
[INFO] [stderr]    Compiling gemachain-program v1.8.2 (/opt/rustwide/workdir)
[INFO] [stderr]    Compiling keccak v0.1.4
[INFO] [stderr]    Compiling constant_time_eq v0.3.0
[INFO] [stderr]    Compiling base64 v0.12.3
[INFO] [stderr]    Compiling either v1.9.0
[INFO] [stderr]    Compiling zeroize v1.3.0
[INFO] [stderr]    Compiling byteorder v1.5.0
[INFO] [stderr]    Compiling arrayvec v0.7.4
[INFO] [stderr]    Compiling itertools v0.10.5
[INFO] [stderr]    Compiling borsh-derive v0.9.3
[INFO] [stderr]    Compiling gemachain-sdk-macro v1.8.2
[INFO] [stderr]    Compiling num-derive v0.3.3
[INFO] [stderr]    Compiling borsh v0.9.3
[INFO] [stderr]    Compiling hex v0.4.3
[INFO] [stderr]    Compiling base64 v0.13.1
[INFO] [stderr]    Compiling bitflags v1.3.2
[INFO] [stderr]    Compiling serde_bytes v0.11.14
[INFO] [stderr]    Compiling bincode v1.3.3
[INFO] [stderr]    Compiling block-buffer v0.9.0
[INFO] [stderr]    Compiling crypto-mac v0.8.0
[INFO] [stderr]    Compiling block-buffer v0.10.4
[INFO] [stderr]    Compiling crypto-common v0.1.6
[INFO] [stderr]    Compiling hmac v0.8.1
[INFO] [stderr]    Compiling curve25519-dalek v3.2.1
[INFO] [stderr]    Compiling sha2 v0.9.9
[INFO] [stderr]    Compiling digest v0.10.7
[INFO] [stderr]    Compiling sha3 v0.9.1
[INFO] [stderr]    Compiling hmac-drbg v0.3.0
[INFO] [stderr]     Finished dev [unoptimized + debuginfo] target(s) in 30.70s
[INFO] running `Command { std: "docker" "inspect" "0a89829c7c27d7d6792232a733779f43b99b91dd4ad6c57e4c602f5c676fd69f", kill_on_drop: false }`
[INFO] running `Command { std: "docker" "rm" "-f" "0a89829c7c27d7d6792232a733779f43b99b91dd4ad6c57e4c602f5c676fd69f", kill_on_drop: false }`
[INFO] [stdout] 0a89829c7c27d7d6792232a733779f43b99b91dd4ad6c57e4c602f5c676fd69f
[INFO] running `Command { std: "docker" "create" "-v" "/var/lib/crater-agent-workspace/builds/worker-1-tc1/target:/opt/rustwide/target:rw,Z" "-v" "/var/lib/crater-agent-workspace/builds/worker-1-tc1/source:/opt/rustwide/workdir:ro,Z" "-v" "/var/lib/crater-agent-workspace/cargo-home:/opt/rustwide/cargo-home:ro,Z" "-v" "/var/lib/crater-agent-workspace/rustup-home:/opt/rustwide/rustup-home:ro,Z" "-e" "SOURCE_DIR=/opt/rustwide/workdir" "-e" "CARGO_TARGET_DIR=/opt/rustwide/target" "-e" "CARGO_INCREMENTAL=0" "-e" "RUST_BACKTRACE=full" "-e" "RUSTFLAGS=--cap-lints=warn" "-e" "RUSTDOCFLAGS=--cap-lints=warn" "-e" "CARGO_HOME=/opt/rustwide/cargo-home" "-e" "RUSTUP_HOME=/opt/rustwide/rustup-home" "-w" "/opt/rustwide/workdir" "-m" "1610612736" "--user" "0:0" "--network" "none" "ghcr.io/rust-lang/crates-build-env/linux@sha256:2788e3201cd34a07e3172128adcd8b3090168a8e3bcc40d7c032b9dda1df7d1c" "/opt/rustwide/cargo-home/bin/cargo" "+1.75.0" "test" "--frozen" "--no-run" "--message-format=json", kill_on_drop: false }`
[INFO] [stdout] 1f51d9f961c5e7ad88afe2fb35c750608947c2c1a78f5d8d98659f3cf6498a7d
[INFO] running `Command { std: "docker" "start" "-a" "1f51d9f961c5e7ad88afe2fb35c750608947c2c1a78f5d8d98659f3cf6498a7d", kill_on_drop: false }`
[INFO] [stderr]    Compiling serde_json v1.0.111
[INFO] [stderr]    Compiling ryu v1.0.16
[INFO] [stderr]    Compiling itoa v1.0.10
[INFO] [stderr]    Compiling assert_matches v1.5.0
[INFO] [stderr]    Compiling static_assertions v1.1.0
[INFO] [stderr]    Compiling gemachain-program v1.8.2 (/opt/rustwide/workdir)
[INFO] [stderr]     Finished test [unoptimized + debuginfo] target(s) in 6.55s
[INFO] running `Command { std: "docker" "inspect" "1f51d9f961c5e7ad88afe2fb35c750608947c2c1a78f5d8d98659f3cf6498a7d", kill_on_drop: false }`
[INFO] running `Command { std: "docker" "rm" "-f" "1f51d9f961c5e7ad88afe2fb35c750608947c2c1a78f5d8d98659f3cf6498a7d", kill_on_drop: false }`
[INFO] [stdout] 1f51d9f961c5e7ad88afe2fb35c750608947c2c1a78f5d8d98659f3cf6498a7d
[INFO] running `Command { std: "docker" "create" "-v" "/var/lib/crater-agent-workspace/builds/worker-1-tc1/target:/opt/rustwide/target:rw,Z" "-v" "/var/lib/crater-agent-workspace/builds/worker-1-tc1/source:/opt/rustwide/workdir:ro,Z" "-v" "/var/lib/crater-agent-workspace/cargo-home:/opt/rustwide/cargo-home:ro,Z" "-v" "/var/lib/crater-agent-workspace/rustup-home:/opt/rustwide/rustup-home:ro,Z" "-e" "SOURCE_DIR=/opt/rustwide/workdir" "-e" "CARGO_TARGET_DIR=/opt/rustwide/target" "-e" "CARGO_INCREMENTAL=0" "-e" "RUST_BACKTRACE=full" "-e" "RUSTFLAGS=--cap-lints=warn" "-e" "RUSTDOCFLAGS=--cap-lints=warn" "-e" "CARGO_HOME=/opt/rustwide/cargo-home" "-e" "RUSTUP_HOME=/opt/rustwide/rustup-home" "-w" "/opt/rustwide/workdir" "-m" "1610612736" "--user" "0:0" "--network" "none" "ghcr.io/rust-lang/crates-build-env/linux@sha256:2788e3201cd34a07e3172128adcd8b3090168a8e3bcc40d7c032b9dda1df7d1c" "/opt/rustwide/cargo-home/bin/cargo" "+1.75.0" "test" "--frozen", kill_on_drop: false }`
[INFO] [stdout] 039f0bc1229a1b7c3b8a3dc0fea613b9b152607488a7fa707b11336e9877b51d
[INFO] running `Command { std: "docker" "start" "-a" "039f0bc1229a1b7c3b8a3dc0fea613b9b152607488a7fa707b11336e9877b51d", kill_on_drop: false }`
[INFO] [stderr]     Finished test [unoptimized + debuginfo] target(s) in 0.06s
[INFO] [stderr]      Running unittests src/lib.rs (/opt/rustwide/target/debug/deps/gemachain_program-13986aa48b1635c0)
[INFO] [stdout] 
[INFO] [stdout] running 153 tests
[INFO] [stdout] test account_info::tests::test_account_info_as_ref ... ok
[INFO] [stdout] test account_info::tests::test_next_account_infos ... ok
[INFO] [stdout] test blake3::tests::test_new_unique ... ok
[INFO] [stdout] test blake3::tests::test_hash_fromstr ... ok
[INFO] [stdout] test borsh::tests::instance_packed_len_with_varying_sizes_in_hashmap ... ok
[INFO] [stdout] test borsh::tests::instance_packed_len_matches_packed_len ... ok
[INFO] [stdout] test blake3::tests::test_extend_and_hash ... ok
[INFO] [stdout] test bpf_loader_upgradeable::test_id ... ok
[INFO] [stdout] test borsh::tests::instance_packed_len_with_vec ... ok
[INFO] [stdout] test borsh::tests::unchecked_deserialization ... ok
[INFO] [stdout] test bpf_loader::test_id ... ok
[INFO] [stdout] test borsh::tests::packed_len ... ok
[INFO] [stdout] test config::program::test_id ... ok
[INFO] [stdout] test bpf_loader_deprecated::test_id ... ok
[INFO] [stdout] test ed25519_program::test_id ... ok
[INFO] [stdout] test bpf_loader_upgradeable::tests::test_account_lengths ... ok
[INFO] [stdout] test entrypoint::test::test_bump_allocator ... ok
[INFO] [stdout] test bpf_loader_upgradeable::tests::test_is_upgrade_instruction ... ok
[INFO] [stdout] test feature::test::feature_sizeof ... ok
[INFO] [stdout] test fee_calculator::tests::test_fee_rate_governor_burn ... ok
[INFO] [stdout] test fee_calculator::tests::test_fee_calculator_calculate_fee_secp256k1 ... ok
[INFO] [stdout] test feature::test_id ... ok
[INFO] [stdout] test fee_calculator::tests::test_fee_calculator_calculate_fee ... ok
[INFO] [stdout] test hash::tests::test_hash_fromstr ... ok
[INFO] [stdout] test fee_calculator::tests::test_fee_rate_governor_derived_adjust ... ok
[INFO] [stdout] test fee_calculator::tests::test_fee_rate_governor_derived_default ... ok
[INFO] [stdout] test incinerator::test_id ... ok
[INFO] [stdout] test hash::tests::test_new_unique ... ok
[INFO] [stdout] test bpf_loader_upgradeable::tests::test_is_set_authority_instruction ... ok
[INFO] [stdout] test message::legacy::tests::test_get_account_keys_by_lock_type ... ok
[INFO] [stdout] test message::legacy::tests::test_builtin_program_keys ... ok
[INFO] [stdout] test message::legacy::tests::test_decompile_instructions ... ok
[INFO] [stdout] test message::legacy::tests::test_decompile_instructions_out_of_bounds ... ok
[INFO] [stdout] test instruction::test::test_visit_each_account ... ok
[INFO] [stdout] test decode_error::tests::test_decode_custom_error_to_enum ... ok
[INFO] [stdout] test message::legacy::tests::test_is_non_loader_key ... ok
[INFO] [stdout] test message::legacy::tests::test_is_key_passed_to_program ... ok
[INFO] [stdout] test message::legacy::tests::test_is_writable ... ok
[INFO] [stdout] test message::legacy::tests::test_message_readonly_keys_last ... ok
[INFO] [stdout] test message::legacy::tests::test_message_payer_first ... ok
[INFO] [stdout] test message::legacy::tests::test_message_kitchen_sink ... ok
[INFO] [stdout] test message::legacy::tests::test_message_signed_keys_first ... ok
[INFO] [stdout] test message::legacy::tests::test_message_unique_keys_not_adjacent ... ok
[INFO] [stdout] test message::legacy::tests::test_message_unique_keys_one_readonly_signed ... ok
[INFO] [stdout] test message::legacy::tests::test_message_signed_keys_len ... ok
[INFO] [stdout] test message::legacy::tests::test_message_unique_keys_one_readonly_unsigned ... ok
[INFO] [stdout] test message::legacy::tests::test_message_unique_keys_one_signed ... ok
[INFO] [stdout] test message::legacy::tests::test_message_unique_keys_order_preserved ... ok
[INFO] [stdout] test message::legacy::tests::test_message_unique_keys_unsigned_and_payer ... ok
[INFO] [stdout] test message::legacy::tests::test_message_unique_program_ids ... ok
[INFO] [stdout] test message::legacy::tests::test_message_unique_keys_both_signed ... ok
[INFO] [stdout] test message::legacy::tests::test_builtin_program_keys_abi_freeze ... ok
[INFO] [stdout] test message::legacy::tests::test_program_ids ... ok
[INFO] [stdout] test message::legacy::tests::test_message_header_len_constant ... ok
[INFO] [stdout] test message::legacy::tests::test_program_position ... ok
[INFO] [stdout] test message::legacy::tests::test_message_program_last ... ok
[INFO] [stdout] test message::non_bpf_modules::mapped::tests::test_account_keys_len ... ok
[INFO] [stdout] test message::legacy::tests::test_message_unique_keys_signed_and_payer ... ok
[INFO] [stdout] test message::legacy::tests::test_message_unique_program_ids_order_preserved ... ok
[INFO] [stdout] test message::legacy::tests::test_message_unique_program_ids_not_adjacent ... ok
[INFO] [stdout] test message::non_bpf_modules::mapped::tests::test_account_keys_segment_iter ... ok
[INFO] [stdout] test message::non_bpf_modules::mapped::tests::test_account_keys_iter ... ok
[INFO] [stdout] test message::non_bpf_modules::mapped::tests::test_demote_writable_program ... ok
[INFO] [stdout] test message::non_bpf_modules::mapped::tests::test_get_account_key ... ok
[INFO] [stdout] test epoch_schedule::tests::test_epoch_schedule ... ok
[INFO] [stdout] test message::non_bpf_modules::mapped::tests::test_is_writable ... ok
[INFO] [stdout] test message::non_bpf_modules::mapped::tests::test_has_duplicates ... ok
[INFO] [stdout] test message::non_bpf_modules::sanitized::tests::test_calculate_fee_secp256k1 ... ok
[INFO] [stdout] test message::non_bpf_modules::sanitized::tests::test_is_non_loader_key ... ok
[INFO] [stdout] test message::non_bpf_modules::sanitized::tests::test_num_readonly_accounts ... ok
[INFO] [stdout] test message::non_bpf_modules::sanitized::tests::test_calculate_fee ... ok
[INFO] [stdout] test message::non_bpf_modules::sanitized::tests::test_serialize_instructions ... ok
[INFO] [stdout] test message::non_bpf_modules::mapped::tests::test_has_duplicates_with_dupe_keys ... ok
[INFO] [stdout] test message::non_bpf_modules::mapped::tests::test_is_writable_index ... ok
[INFO] [stdout] test message::non_bpf_modules::sanitized::tests::test_try_compile_instruction ... ok
[INFO] [stdout] test message::non_bpf_modules::sanitized::tests::test_try_from_message ... ok
[INFO] [stdout] test message::non_bpf_modules::v0::tests::test_sanitize_account_indices ... ok
[INFO] [stdout] test message::non_bpf_modules::v0::tests::test_sanitize_address_map ... ok
[INFO] [stdout] test message::non_bpf_modules::v0::tests::test_sanitize_excessive_loaded_accounts ... ok
[INFO] [stdout] test message::non_bpf_modules::v0::tests::test_sanitize_excessive_maps ... ok
[INFO] [stdout] test message::non_bpf_modules::v0::tests::test_serialize ... ok
[INFO] [stdout] test message::non_bpf_modules::versions::tests::test_legacy_message_serialization ... ok
[INFO] [stdout] test message::non_bpf_modules::versions::tests::test_versioned_message_serialization ... ok
[INFO] [stdout] test nonce::state::current::test::default_is_uninitialized ... ok
[INFO] [stdout] test pubkey::tests::pubkey_fromstr ... ok
[INFO] [stdout] test pubkey::tests::test_create_program_address ... ok
[INFO] [stdout] test pubkey::tests::test_create_with_seed ... ok
[INFO] [stdout] test pubkey::tests::test_create_with_seed_rejects_illegal_owner ... ok
[INFO] [stdout] test program_option::test::test_from_rust_option ... ok
[INFO] [stdout] test pubkey::tests::test_new_unique ... ok
[INFO] [stdout] test rent::tests::show_rent_model ... ignored
[INFO] [stdout] test rent::tests::test_due ... ok
[INFO] [stdout] test message::legacy::tests::test_message_hash ... FAILED
[INFO] [stdout] test secp256k1_program::test_id ... ok
[INFO] [stdout] test short_vec::tests::test_deserialize ... ok
[INFO] [stdout] test short_vec::tests::test_short_vec_aliased_length ... ok
[INFO] [stdout] test short_vec::tests::test_short_vec_u8 ... ok
[INFO] [stdout] test short_vec::tests::test_short_vec_encode_len ... ok
[INFO] [stdout] test short_vec::tests::test_short_vec_u8_too_long ... ok
[INFO] [stdout] test short_vec::tests::test_short_vec_json ... ok
[INFO] [stdout] test slot_hashes::tests::test ... ok
[INFO] [stdout] test slot_history::tests::test_older_slot ... ok
[INFO] [stdout] test stake::instruction::tests::test_custom_error_decode ... ok
[INFO] [stdout] test stake::config::test_id ... ok
[INFO] [stdout] test stake::program::test_id ... ok
[INFO] [stdout] test stake::state::test::borsh_deserialization_live_data ... ok
[INFO] [stdout] test stake::state::test::bincode_vs_borsh ... ok
[INFO] [stdout] test system_instruction::tests::test_create_nonce_account ... ok
[INFO] [stdout] test stake_history::tests::test_stake_history ... ok
[INFO] [stdout] test system_instruction::tests::test_move_many ... ok
[INFO] [stdout] test system_instruction::tests::test_instruction_to_nonce_error ... ok
[INFO] [stdout] test system_instruction::tests::test_nonce_error_decode ... ok
[INFO] [stdout] test system_instruction::tests::test_nonce_to_instruction_error ... ok
[INFO] [stdout] test system_instruction::tests::test_nonce_error_adapter_compat ... ok
[INFO] [stdout] test system_program::test_id ... ok
[INFO] [stdout] test sysvar::clock::test_id ... ok
[INFO] [stdout] test sysvar::clock::test_sysvar_id ... ok
[INFO] [stdout] test sysvar::epoch_schedule::test_id ... ok
[INFO] [stdout] test sysvar::fees::test_id ... ok
[INFO] [stdout] test sysvar::fees::test_sysvar_id ... ok
[INFO] [stdout] test sysvar::epoch_schedule::test_sysvar_id ... ok
[INFO] [stdout] test pubkey::tests::test_find_program_address ... ok
[INFO] [stdout] test sysvar::instructions::test_id ... ok
[INFO] [stdout] test sysvar::instructions::tests::test_load_store_instruction ... ok
[INFO] [stdout] test sysvar::recent_blockhashes::test_id ... ok
[INFO] [stdout] test sysvar::recent_blockhashes::test_sysvar_id ... ok
[INFO] [stdout] test sysvar::recent_blockhashes::tests::test_sysvar_can_hold_all_active_blockhashes ... ok
[INFO] [stdout] test sysvar::instructions::test_sysvar_id ... ok
[INFO] [stdout] test sysvar::rent::test_sysvar_id ... ok
[INFO] [stdout] test sysvar::rewards::test_id ... ok
[INFO] [stdout] test sysvar::rent::test_id ... ok
[INFO] [stdout] test sysvar::rewards::test_sysvar_id ... ok
[INFO] [stdout] test sysvar::recent_blockhashes::tests::test_size_of ... ok
[INFO] [stdout] test pubkey::tests::test_pubkey_off_curve ... ok
[INFO] [stdout] test sysvar::slot_history::test_id ... ok
[INFO] [stdout] test sysvar::slot_hashes::test_sysvar_id ... ok
[INFO] [stdout] test sysvar::slot_hashes::test_id ... ok
[INFO] [stdout] test sysvar::slot_history::test_sysvar_id ... ok
[INFO] [stdout] test sysvar::slot_hashes::tests::test_size_of ... ok
[INFO] [stdout] test sysvar::stake_history::test_id ... ok
[INFO] [stdout] test sysvar::slot_history::tests::test_size_of ... ok
[INFO] [stdout] test sysvar::stake_history::tests::test_create_account ... ok
[INFO] [stdout] test sysvar::stake_history::test_sysvar_id ... ok
[INFO] [stdout] test sysvar::test_id ... ok
[INFO] [stdout] test tests::test_unchecked_div_by_const ... ok
[INFO] [stdout] test sysvar::stake_history::tests::test_size_of ... ok
[INFO] [stdout] test vote::program::test_id ... ok
[INFO] [stdout] test sysvar::tests::test_sysvar_account_info_to_from ... ok
[INFO] [stdout] test sysvar::tests::test_id ... ok
[INFO] [stdout] test slot_history::tests::test_oldest ... ok
[INFO] [stdout] test slot_history::tests::slot_history_test_same_index ... ok
[INFO] [stdout] test slot_history::tests::slot_history_test_wrap ... ok
[INFO] [stderr] error: test failed, to rerun pass `--lib`
[INFO] [stdout] test slot_history::tests::slot_history_test1 ... ok
[INFO] [stdout] 
[INFO] [stdout] failures:
[INFO] [stdout] 
[INFO] [stdout] ---- message::legacy::tests::test_message_hash stdout ----
[INFO] [stdout] thread 'message::legacy::tests::test_message_hash' panicked at src/message/legacy.rs:1053:9:
[INFO] [stdout] assertion `left == right` failed
[INFO] [stdout]   left: EZgunxLN1npfFVcSHEm7DL4cfvUj6WgaBUjpmafJWWfL
[INFO] [stdout]  right: CXRH7GHLieaQZRUjH1mpnNnUZQtU4V4RpJpAFgy77i3z
[INFO] [stdout] stack backtrace:
[INFO] [stdout]    0:     0x562685e7046c - std::backtrace_rs::backtrace::libunwind::trace::ha637c64ce894333a
[INFO] [stdout]                                at /rustc/82e1608dfa6e0b5569232559e3d385fea5a93112/library/std/src/../../backtrace/src/backtrace/libunwind.rs:104:5
[INFO] [stdout]    1:     0x562685e7046c - std::backtrace_rs::backtrace::trace_unsynchronized::h47f62dea28e0c88d
[INFO] [stdout]                                at /rustc/82e1608dfa6e0b5569232559e3d385fea5a93112/library/std/src/../../backtrace/src/backtrace/mod.rs:66:5
[INFO] [stdout]    2:     0x562685e7046c - std::sys_common::backtrace::_print_fmt::h9eef0abe20ede486
[INFO] [stdout]                                at /rustc/82e1608dfa6e0b5569232559e3d385fea5a93112/library/std/src/sys_common/backtrace.rs:67:5
[INFO] [stdout]    3:     0x562685e7046c - <std::sys_common::backtrace::_print::DisplayBacktrace as core::fmt::Display>::fmt::hed7f999df88cc644
[INFO] [stdout]                                at /rustc/82e1608dfa6e0b5569232559e3d385fea5a93112/library/std/src/sys_common/backtrace.rs:44:22
[INFO] [stdout]    4:     0x562685e9a8d0 - core::fmt::rt::Argument::fmt::h1539a9308b8d058d
[INFO] [stdout]                                at /rustc/82e1608dfa6e0b5569232559e3d385fea5a93112/library/core/src/fmt/rt.rs:142:9
[INFO] [stdout]    5:     0x562685e9a8d0 - core::fmt::write::h3a39390d8560d9c9
[INFO] [stdout]                                at /rustc/82e1608dfa6e0b5569232559e3d385fea5a93112/library/core/src/fmt/mod.rs:1120:17
[INFO] [stdout]    6:     0x562685e6de1f - std::io::Write::write_fmt::h040b369f3a0f9cbc
[INFO] [stdout]                                at /rustc/82e1608dfa6e0b5569232559e3d385fea5a93112/library/std/src/io/mod.rs:1762:15
[INFO] [stdout]    7:     0x562685e70254 - std::sys_common::backtrace::_print::h894006fb5c6f3d45
[INFO] [stdout]                                at /rustc/82e1608dfa6e0b5569232559e3d385fea5a93112/library/std/src/sys_common/backtrace.rs:47:5
[INFO] [stdout]    8:     0x562685e70254 - std::sys_common::backtrace::print::h23a2d212c6fff936
[INFO] [stdout]                                at /rustc/82e1608dfa6e0b5569232559e3d385fea5a93112/library/std/src/sys_common/backtrace.rs:34:9
[INFO] [stdout]    9:     0x562685e71f17 - std::panicking::default_hook::{{closure}}::h8a1d2ee00185001a
[INFO] [stdout]   10:     0x562685e71c03 - std::panicking::default_hook::h6038f2eba384e475
[INFO] [stdout]                                at /rustc/82e1608dfa6e0b5569232559e3d385fea5a93112/library/std/src/panicking.rs:289:9
[INFO] [stdout]   11:     0x562685df00d7 - <alloc::boxed::Box<F,A> as core::ops::function::Fn<Args>>::call::h0ad024c9bdc6d768
[INFO] [stdout]                                at /rustc/82e1608dfa6e0b5569232559e3d385fea5a93112/library/alloc/src/boxed.rs:2021:9
[INFO] [stdout]   12:     0x562685df00d7 - test::test_main::{{closure}}::h7500b54257359db6
[INFO] [stdout]                                at /rustc/82e1608dfa6e0b5569232559e3d385fea5a93112/library/test/src/lib.rs:138:21
[INFO] [stdout]   13:     0x562685e72528 - <alloc::boxed::Box<F,A> as core::ops::function::Fn<Args>>::call::h1f8f335eaa9cfaee
[INFO] [stdout]                                at /rustc/82e1608dfa6e0b5569232559e3d385fea5a93112/library/alloc/src/boxed.rs:2021:9
[INFO] [stdout]   14:     0x562685e72528 - std::panicking::rust_panic_with_hook::h2b5517d590cab22e
[INFO] [stdout]                                at /rustc/82e1608dfa6e0b5569232559e3d385fea5a93112/library/std/src/panicking.rs:783:13
[INFO] [stdout]   15:     0x562685e7227e - std::panicking::begin_panic_handler::{{closure}}::h233112c06e0ef43e
[INFO] [stdout]                                at /rustc/82e1608dfa6e0b5569232559e3d385fea5a93112/library/std/src/panicking.rs:657:13
[INFO] [stdout]   16:     0x562685e70936 - std::sys_common::backtrace::__rust_end_short_backtrace::h6e893f24d7ebbff8
[INFO] [stdout]                                at /rustc/82e1608dfa6e0b5569232559e3d385fea5a93112/library/std/src/sys_common/backtrace.rs:170:18
[INFO] [stdout]   17:     0x562685e71fe2 - rust_begin_unwind
[INFO] [stdout]                                at /rustc/82e1608dfa6e0b5569232559e3d385fea5a93112/library/std/src/panicking.rs:645:5
[INFO] [stdout]   18:     0x5626859ab2b5 - core::panicking::panic_fmt::hbf0e066aabfa482c
[INFO] [stdout]                                at /rustc/82e1608dfa6e0b5569232559e3d385fea5a93112/library/core/src/panicking.rs:72:14
[INFO] [stdout]   19:     0x5626859ab70b - core::panicking::assert_failed_inner::h0bba8b7c26ee4492
[INFO] [stdout]   20:     0x562685a92b3e - core::panicking::assert_failed::h1fda39bfca96eccb
[INFO] [stdout]                                at /rustc/82e1608dfa6e0b5569232559e3d385fea5a93112/library/core/src/panicking.rs:279:5
[INFO] [stdout]   21:     0x562685a0d37e - gemachain_program::message::legacy::tests::test_message_hash::h5050b6d2067c6353
[INFO] [stdout]                                at /opt/rustwide/workdir/src/message/legacy.rs:1053:9
[INFO] [stdout]   22:     0x562685a0c917 - gemachain_program::message::legacy::tests::test_message_hash::{{closure}}::h190d8e269d395a38
[INFO] [stdout]                                at /opt/rustwide/workdir/src/message/legacy.rs:1028:27
[INFO] [stdout]   23:     0x5626859faab6 - core::ops::function::FnOnce::call_once::h53a5b6bf5cfe84b6
[INFO] [stdout]                                at /rustc/82e1608dfa6e0b5569232559e3d385fea5a93112/library/core/src/ops/function.rs:250:5
[INFO] [stdout]   24:     0x562685df572f - core::ops::function::FnOnce::call_once::h2b5d431d5046312d
[INFO] [stdout]                                at /rustc/82e1608dfa6e0b5569232559e3d385fea5a93112/library/core/src/ops/function.rs:250:5
[INFO] [stdout]   25:     0x562685df572f - test::__rust_begin_short_backtrace::h7714669af176e207
[INFO] [stdout]                                at /rustc/82e1608dfa6e0b5569232559e3d385fea5a93112/library/test/src/lib.rs:628:18
[INFO] [stdout]   26:     0x562685df4745 - test::run_test_in_process::{{closure}}::h85218797dcbcec12
[INFO] [stdout]                                at /rustc/82e1608dfa6e0b5569232559e3d385fea5a93112/library/test/src/lib.rs:651:60
[INFO] [stdout]   27:     0x562685df4745 - <core::panic::unwind_safe::AssertUnwindSafe<F> as core::ops::function::FnOnce<()>>::call_once::h76c106ea31c14d7b
[INFO] [stdout]                                at /rustc/82e1608dfa6e0b5569232559e3d385fea5a93112/library/core/src/panic/unwind_safe.rs:272:9
[INFO] [stdout]   28:     0x562685df4745 - std::panicking::try::do_call::h3bd5d0f6620ee946
[INFO] [stdout]                                at /rustc/82e1608dfa6e0b5569232559e3d385fea5a93112/library/std/src/panicking.rs:552:40
[INFO] [stdout]   29:     0x562685df4745 - std::panicking::try::h232e535e4744fe31
[INFO] [stdout]                                at /rustc/82e1608dfa6e0b5569232559e3d385fea5a93112/library/std/src/panicking.rs:516:19
[INFO] [stdout]   30:     0x562685df4745 - std::panic::catch_unwind::h3ce3bd6ca8dbac68
[INFO] [stdout]                                at /rustc/82e1608dfa6e0b5569232559e3d385fea5a93112/library/std/src/panic.rs:142:14
[INFO] [stdout]   31:     0x562685df4745 - test::run_test_in_process::hc97b257c9621286a
[INFO] [stdout]                                at /rustc/82e1608dfa6e0b5569232559e3d385fea5a93112/library/test/src/lib.rs:651:27
[INFO] [stdout]   32:     0x562685df4745 - test::run_test::{{closure}}::h2aa798823a438d38
[INFO] [stdout]                                at /rustc/82e1608dfa6e0b5569232559e3d385fea5a93112/library/test/src/lib.rs:574:43
[INFO] [stdout]   33:     0x562685dbca06 - test::run_test::{{closure}}::h87d231c78fb59832
[INFO] [stdout]                                at /rustc/82e1608dfa6e0b5569232559e3d385fea5a93112/library/test/src/lib.rs:602:41
[INFO] [stdout]   34:     0x562685dbca06 - std::sys_common::backtrace::__rust_begin_short_backtrace::he6df152596625789
[INFO] [stdout]                                at /rustc/82e1608dfa6e0b5569232559e3d385fea5a93112/library/std/src/sys_common/backtrace.rs:154:18
[INFO] [stdout]   35:     0x562685dc1ab7 - std::thread::Builder::spawn_unchecked_::{{closure}}::{{closure}}::ha94be15d1e0acf36
[INFO] [stdout]                                at /rustc/82e1608dfa6e0b5569232559e3d385fea5a93112/library/std/src/thread/mod.rs:529:17
[INFO] [stdout]   36:     0x562685dc1ab7 - <core::panic::unwind_safe::AssertUnwindSafe<F> as core::ops::function::FnOnce<()>>::call_once::h9dc6bd6372f16606
[INFO] [stdout]                                at /rustc/82e1608dfa6e0b5569232559e3d385fea5a93112/library/core/src/panic/unwind_safe.rs:272:9
[INFO] [stdout]   37:     0x562685dc1ab7 - std::panicking::try::do_call::h9057517f80303cd4
[INFO] [stdout]                                at /rustc/82e1608dfa6e0b5569232559e3d385fea5a93112/library/std/src/panicking.rs:552:40
[INFO] [stdout]   38:     0x562685dc1ab7 - std::panicking::try::he3a30b11ee45340c
[INFO] [stdout]                                at /rustc/82e1608dfa6e0b5569232559e3d385fea5a93112/library/std/src/panicking.rs:516:19
[INFO] [stdout]   39:     0x562685dc1ab7 - std::panic::catch_unwind::h410458cfd3528b8b
[INFO] [stdout]                                at /rustc/82e1608dfa6e0b5569232559e3d385fea5a93112/library/std/src/panic.rs:142:14
[INFO] [stdout]   40:     0x562685dc1ab7 - std::thread::Builder::spawn_unchecked_::{{closure}}::h72ac3bdb567b737b
[INFO] [stdout]                                at /rustc/82e1608dfa6e0b5569232559e3d385fea5a93112/library/std/src/thread/mod.rs:528:30
[INFO] [stdout]   41:     0x562685dc1ab7 - core::ops::function::FnOnce::call_once{{vtable.shim}}::h38f34da3654a8344
[INFO] [stdout]                                at /rustc/82e1608dfa6e0b5569232559e3d385fea5a93112/library/core/src/ops/function.rs:250:5
[INFO] [stdout]   42:     0x562685e76fb5 - <alloc::boxed::Box<F,A> as core::ops::function::FnOnce<Args>>::call_once::hc7eafaff61e32df9
[INFO] [stdout]                                at /rustc/82e1608dfa6e0b5569232559e3d385fea5a93112/library/alloc/src/boxed.rs:2007:9
[INFO] [stdout]   43:     0x562685e76fb5 - <alloc::boxed::Box<F,A> as core::ops::function::FnOnce<Args>>::call_once::h6ba4a5de48dd2304
[INFO] [stdout]                                at /rustc/82e1608dfa6e0b5569232559e3d385fea5a93112/library/alloc/src/boxed.rs:2007:9
[INFO] [stdout]   44:     0x562685e76fb5 - std::sys::unix::thread::Thread::new::thread_start::he469335aef763e45
[INFO] [stdout]                                at /rustc/82e1608dfa6e0b5569232559e3d385fea5a93112/library/std/src/sys/unix/thread.rs:108:17
[INFO] [stdout]   45:     0x7fcc56782ac3 - <unknown>
[INFO] [stdout]   46:     0x7fcc56813bf4 - __clone
[INFO] [stdout]   47:                0x0 - <unknown>
[INFO] [stdout] 
[INFO] [stdout] 
[INFO] [stdout] failures:
[INFO] [stdout]     message::legacy::tests::test_message_hash
[INFO] [stdout] 
[INFO] [stdout] test result: FAILED. 151 passed; 1 failed; 1 ignored; 0 measured; 0 filtered out; finished in 0.47s
[INFO] [stdout] 
[INFO] running `Command { std: "docker" "inspect" "039f0bc1229a1b7c3b8a3dc0fea613b9b152607488a7fa707b11336e9877b51d", kill_on_drop: false }`
[INFO] running `Command { std: "docker" "rm" "-f" "039f0bc1229a1b7c3b8a3dc0fea613b9b152607488a7fa707b11336e9877b51d", kill_on_drop: false }`
[INFO] [stdout] 039f0bc1229a1b7c3b8a3dc0fea613b9b152607488a7fa707b11336e9877b51d
