[INFO] fetching crate gandi-live-dns 1.8.0...
[INFO] testing gandi-live-dns-1.8.0 against 1.75.0 for beta-1.76-1
[INFO] extracting crate gandi-live-dns 1.8.0 into /workspace/builds/worker-4-tc1/source
[INFO] validating manifest of crates.io crate gandi-live-dns 1.8.0 on toolchain 1.75.0
[INFO] running `Command { std: CARGO_HOME="/workspace/cargo-home" RUSTUP_HOME="/workspace/rustup-home" "/workspace/cargo-home/bin/cargo" "+1.75.0" "metadata" "--manifest-path" "Cargo.toml" "--no-deps", kill_on_drop: false }`
[INFO] removed /workspace/builds/worker-4-tc1/source/rust-toolchain.toml
[INFO] started tweaking crates.io crate gandi-live-dns 1.8.0
[INFO] finished tweaking crates.io crate gandi-live-dns 1.8.0
[INFO] tweaked toml for crates.io crate gandi-live-dns 1.8.0 written to /workspace/builds/worker-4-tc1/source/Cargo.toml
[INFO] crate crates.io crate gandi-live-dns 1.8.0 already has a lockfile, it will not be regenerated
[INFO] running `Command { std: CARGO_HOME="/workspace/cargo-home" RUSTUP_HOME="/workspace/rustup-home" "/workspace/cargo-home/bin/cargo" "+1.75.0" "fetch" "--manifest-path" "Cargo.toml", kill_on_drop: false }`
[INFO] [stderr]     Updating crates.io index
[INFO] [stderr]  Downloading crates ...
[INFO] [stderr]   Downloaded toml_datetime v0.6.1
[INFO] [stderr]   Downloaded pico-args v0.4.2
[INFO] [stderr]   Downloaded futures-task v0.3.26
[INFO] [stderr]   Downloaded futures-sink v0.3.26
[INFO] [stderr]   Downloaded serde_spanned v0.6.1
[INFO] [stderr]   Downloaded atomic-waker v1.1.0
[INFO] [stderr]   Downloaded windows-targets v0.42.1
[INFO] [stderr]   Downloaded is-terminal v0.4.3
[INFO] [stderr]   Downloaded os_str_bytes v6.4.1
[INFO] [stderr]   Downloaded polling v2.5.2
[INFO] [stderr]   Downloaded futures-io v0.3.26
[INFO] [stderr]   Downloaded directories v4.0.1
[INFO] [stderr]   Downloaded clap_derive v4.1.0
[INFO] [stderr]   Downloaded proc-macro2 v1.0.51
[INFO] [stderr]   Downloaded futures v0.3.26
[INFO] [stderr]   Downloaded raw-cpuid v10.6.1
[INFO] [stderr]   Downloaded tokio v1.25.0
[INFO] [stderr]   Downloaded toml_edit v0.19.3
[INFO] [stderr]   Downloaded curl-sys v0.4.59+curl-7.86.0
[INFO] [stderr]   Downloaded libnghttp2-sys v0.1.7+1.45.0
[INFO] [stderr]   Downloaded die-exit v0.4.0
[INFO] [stderr]   Downloaded reqwest v0.11.14
[INFO] [stderr]   Downloaded rustix v0.36.8
[INFO] [stderr]   Downloaded lalrpop v0.19.8
[INFO] [stderr]   Downloaded futures-util v0.3.26
[INFO] [stderr]   Downloaded hyper v0.14.24
[INFO] [stderr]   Downloaded serde_json v1.0.93
[INFO] [stderr]   Downloaded clap v4.1.4
[INFO] [stderr]   Downloaded petgraph v0.6.3
[INFO] [stderr]   Downloaded toml v0.7.2
[INFO] [stderr]   Downloaded openssl-sys v0.9.80
[INFO] [stderr]   Downloaded governor v0.5.1
[INFO] [stderr]   Downloaded futures-channel v0.3.26
[INFO] [stderr]   Downloaded quanta v0.9.3
[INFO] [stderr]   Downloaded anyhow v1.0.69
[INFO] [stderr]   Downloaded ipnet v2.7.1
[INFO] [stderr]   Downloaded no-std-compat v0.4.1
[INFO] [stderr]   Downloaded io-lifetimes v1.0.5
[INFO] [stderr]   Downloaded dashmap v5.4.0
[INFO] [stderr]   Downloaded futures-core v0.3.26
[INFO] [stderr]   Downloaded value-bag v1.0.0-alpha.9
[INFO] [stderr]   Downloaded async-io v1.12.0
[INFO] [stderr]   Downloaded httpmock v0.6.7
[INFO] [stderr]   Downloaded lalrpop-util v0.19.8
[INFO] [stderr]   Downloaded nonzero_ext v0.3.0
[INFO] [stderr]   Downloaded async-global-executor v2.3.1
[INFO] [stderr]   Downloaded blocking v1.3.0
[INFO] [stderr]   Downloaded concurrent-queue v2.1.0
[INFO] [stderr]   Downloaded async-task v4.3.0
[INFO] [stderr]   Downloaded nom8 v0.2.0
[INFO] [stderr]   Downloaded clap_lex v0.3.1
[INFO] [stderr]   Downloaded async-lock v2.6.0
[INFO] [stderr]   Downloaded futures-executor v0.3.26
[INFO] [stderr]   Downloaded terminal_size v0.2.3
[INFO] [stderr]   Downloaded async-process v1.6.0
[INFO] [stderr]   Downloaded futures-macro v0.3.26
[INFO] [stderr]   Downloaded ena v0.14.0
[INFO] [stderr]   Downloaded async-executor v1.5.0
[INFO] [stderr]   Downloaded async-trait v0.1.64
[INFO] running `Command { std: "docker" "create" "-v" "/var/lib/crater-agent-workspace/builds/worker-4-tc1/target:/opt/rustwide/target:rw,Z" "-v" "/var/lib/crater-agent-workspace/builds/worker-4-tc1/source:/opt/rustwide/workdir:ro,Z" "-v" "/var/lib/crater-agent-workspace/cargo-home:/opt/rustwide/cargo-home:ro,Z" "-v" "/var/lib/crater-agent-workspace/rustup-home:/opt/rustwide/rustup-home:ro,Z" "-e" "SOURCE_DIR=/opt/rustwide/workdir" "-e" "CARGO_TARGET_DIR=/opt/rustwide/target" "-e" "CARGO_HOME=/opt/rustwide/cargo-home" "-e" "RUSTUP_HOME=/opt/rustwide/rustup-home" "-w" "/opt/rustwide/workdir" "-m" "1610612736" "--user" "0:0" "--network" "none" "ghcr.io/rust-lang/crates-build-env/linux@sha256:2788e3201cd34a07e3172128adcd8b3090168a8e3bcc40d7c032b9dda1df7d1c" "/opt/rustwide/cargo-home/bin/cargo" "+1.75.0" "metadata" "--no-deps" "--format-version=1", kill_on_drop: false }`
[INFO] [stdout] 6ed3b7c9a77c6d80e86f66b4102a0412df63fa489bcd04c36fc4ef0453e30e3a
[INFO] running `Command { std: "docker" "start" "-a" "6ed3b7c9a77c6d80e86f66b4102a0412df63fa489bcd04c36fc4ef0453e30e3a", kill_on_drop: false }`
[INFO] running `Command { std: "docker" "inspect" "6ed3b7c9a77c6d80e86f66b4102a0412df63fa489bcd04c36fc4ef0453e30e3a", kill_on_drop: false }`
[INFO] running `Command { std: "docker" "rm" "-f" "6ed3b7c9a77c6d80e86f66b4102a0412df63fa489bcd04c36fc4ef0453e30e3a", kill_on_drop: false }`
[INFO] [stdout] 6ed3b7c9a77c6d80e86f66b4102a0412df63fa489bcd04c36fc4ef0453e30e3a
[INFO] running `Command { std: "docker" "create" "-v" "/var/lib/crater-agent-workspace/builds/worker-4-tc1/target:/opt/rustwide/target:rw,Z" "-v" "/var/lib/crater-agent-workspace/builds/worker-4-tc1/source:/opt/rustwide/workdir:ro,Z" "-v" "/var/lib/crater-agent-workspace/cargo-home:/opt/rustwide/cargo-home:ro,Z" "-v" "/var/lib/crater-agent-workspace/rustup-home:/opt/rustwide/rustup-home:ro,Z" "-e" "SOURCE_DIR=/opt/rustwide/workdir" "-e" "CARGO_TARGET_DIR=/opt/rustwide/target" "-e" "CARGO_INCREMENTAL=0" "-e" "RUST_BACKTRACE=full" "-e" "RUSTFLAGS=--cap-lints=warn" "-e" "RUSTDOCFLAGS=--cap-lints=warn" "-e" "CARGO_HOME=/opt/rustwide/cargo-home" "-e" "RUSTUP_HOME=/opt/rustwide/rustup-home" "-w" "/opt/rustwide/workdir" "-m" "1610612736" "--user" "0:0" "--network" "none" "ghcr.io/rust-lang/crates-build-env/linux@sha256:2788e3201cd34a07e3172128adcd8b3090168a8e3bcc40d7c032b9dda1df7d1c" "/opt/rustwide/cargo-home/bin/cargo" "+1.75.0" "build" "--frozen" "--message-format=json", kill_on_drop: false }`
[INFO] [stdout] c5689f424640ff96576a3d3b9b46a2b07813493dacf20133a65347d122496e2f
[INFO] running `Command { std: "docker" "start" "-a" "c5689f424640ff96576a3d3b9b46a2b07813493dacf20133a65347d122496e2f", kill_on_drop: false }`
[INFO] [stderr]    Compiling libc v0.2.139
[INFO] [stderr]    Compiling proc-macro2 v1.0.51
[INFO] [stderr]    Compiling unicode-ident v1.0.6
[INFO] [stderr]    Compiling quote v1.0.23
[INFO] [stderr]    Compiling syn v1.0.107
[INFO] [stderr]    Compiling once_cell v1.17.0
[INFO] [stderr]    Compiling memchr v2.5.0
[INFO] [stderr]    Compiling pin-project-lite v0.2.9
[INFO] [stderr]    Compiling parking_lot_core v0.9.7
[INFO] [stderr]    Compiling log v0.4.17
[INFO] [stderr]    Compiling futures-core v0.3.26
[INFO] [stderr]    Compiling cc v1.0.79
[INFO] [stderr]    Compiling scopeguard v1.1.0
[INFO] [stderr]    Compiling smallvec v1.10.0
[INFO] [stderr]    Compiling lock_api v0.4.9
[INFO] [stderr]    Compiling slab v0.4.7
[INFO] [stderr]    Compiling futures-task v0.3.26
[INFO] [stderr]    Compiling futures-channel v0.3.26
[INFO] [stderr]    Compiling serde_derive v1.0.152
[INFO] [stderr]    Compiling futures-sink v0.3.26
[INFO] [stderr]    Compiling serde v1.0.152
[INFO] [stderr]    Compiling hashbrown v0.12.3
[INFO] [stderr]    Compiling bytes v1.4.0
[INFO] [stderr]    Compiling futures-util v0.3.26
[INFO] [stderr]    Compiling tokio v1.25.0
[INFO] [stderr]    Compiling indexmap v1.9.2
[INFO] [stderr]    Compiling untrusted v0.7.1
[INFO] [stderr]    Compiling itoa v1.0.5
[INFO] [stderr]    Compiling spin v0.5.2
[INFO] [stderr]    Compiling futures-io v0.3.26
[INFO] [stderr]    Compiling tracing-core v0.1.30
[INFO] [stderr]    Compiling io-lifetimes v1.0.5
[INFO] [stderr]    Compiling rustls v0.20.8
[INFO] [stderr]    Compiling rustix v0.36.8
[INFO] [stderr]    Compiling proc-macro-error v1.0.4
[INFO] [stderr]    Compiling percent-encoding v2.2.0
[INFO] [stderr]    Compiling try-lock v0.2.4
[INFO] [stderr]    Compiling linux-raw-sys v0.1.4
[INFO] [stderr]    Compiling crossbeam-utils v0.8.14
[INFO] [stderr]    Compiling form_urlencoded v1.1.0
[INFO] [stderr]    Compiling want v0.3.0
[INFO] [stderr]    Compiling http v0.2.8
[INFO] [stderr]    Compiling unicode-normalization v0.1.22
[INFO] [stderr]    Compiling unicase v2.6.0
[INFO] [stderr]    Compiling tracing v0.1.37
[INFO] [stderr]    Compiling unicode-bidi v0.3.10
[INFO] [stderr]    Compiling httpdate v1.0.2
[INFO] [stderr]    Compiling serde_json v1.0.93
[INFO] [stderr]    Compiling ryu v1.0.12
[INFO] [stderr]    Compiling proc-macro-error-attr v1.0.4
[INFO] [stderr]    Compiling nom8 v0.2.0
[INFO] [stderr]    Compiling raw-cpuid v10.6.1
[INFO] [stderr]    Compiling thiserror v1.0.38
[INFO] [stderr]    Compiling heck v0.4.1
[INFO] [stderr]    Compiling ring v0.16.20
[INFO] [stderr]    Compiling idna v0.3.0
[INFO] [stderr]    Compiling async-trait v0.1.64
[INFO] [stderr]    Compiling base64 v0.21.0
[INFO] [stderr]    Compiling os_str_bytes v6.4.1
[INFO] [stderr]    Compiling anyhow v1.0.69
[INFO] [stderr]    Compiling http-body v0.4.5
[INFO] [stderr]    Compiling num_cpus v1.15.0
[INFO] [stderr]    Compiling mio v0.8.5
[INFO] [stderr]    Compiling socket2 v0.4.7
[INFO] [stderr]    Compiling signal-hook-registry v1.4.1
[INFO] [stderr]    Compiling getrandom v0.2.8
[INFO] [stderr]    Compiling parking_lot v0.12.1
[INFO] [stderr]    Compiling dashmap v5.4.0
[INFO] [stderr]    Compiling rand_core v0.6.4
[INFO] [stderr]    Compiling url v2.3.1
[INFO] [stderr]    Compiling rand_chacha v0.3.1
[INFO] [stderr]    Compiling rustls-pemfile v1.0.2
[INFO] [stderr]    Compiling dirs-sys v0.3.7
[INFO] [stderr]    Compiling rand v0.8.5
[INFO] [stderr]    Compiling quanta v0.9.3
[INFO] [stderr]    Compiling clap_lex v0.3.1
[INFO] [stderr]    Compiling encoding_rs v0.8.32
[INFO] [stderr]    Compiling termcolor v1.2.0
[INFO] [stderr]    Compiling no-std-compat v0.4.1
[INFO] [stderr]    Compiling futures-timer v3.0.2
[INFO] [stderr]    Compiling ipnet v2.7.1
[INFO] [stderr]    Compiling nonzero_ext v0.3.0
[INFO] [stderr]    Compiling strsim v0.10.0
[INFO] [stderr]    Compiling mime v0.3.16
[INFO] [stderr]    Compiling unicode-width v0.1.10
[INFO] [stderr]    Compiling directories v4.0.1
[INFO] [stderr]    Compiling json v0.12.4
[INFO] [stderr]    Compiling die-exit v0.4.0
[INFO] [stderr]    Compiling terminal_size v0.2.3
[INFO] [stderr]    Compiling is-terminal v0.4.3
[INFO] [stderr]    Compiling futures-macro v0.3.26
[INFO] [stderr]    Compiling tokio-macros v1.8.2
[INFO] [stderr]    Compiling thiserror-impl v1.0.38
[INFO] [stderr]    Compiling clap_derive v4.1.0
[INFO] [stderr]    Compiling webpki v0.22.0
[INFO] [stderr]    Compiling sct v0.7.0
[INFO] [stderr]    Compiling webpki-roots v0.22.6
[INFO] [stderr]    Compiling clap v4.1.4
[INFO] [stderr]    Compiling futures-executor v0.3.26
[INFO] [stderr]    Compiling futures v0.3.26
[INFO] [stderr]    Compiling governor v0.5.1
[INFO] [stderr]    Compiling tokio-util v0.7.7
[INFO] [stderr]    Compiling tokio-rustls v0.23.4
[INFO] [stderr]    Compiling h2 v0.3.15
[INFO] [stderr]    Compiling serde_spanned v0.6.1
[INFO] [stderr]    Compiling toml_datetime v0.6.1
[INFO] [stderr]    Compiling serde_urlencoded v0.7.1
[INFO] [stderr]    Compiling toml_edit v0.19.3
[INFO] [stderr]    Compiling toml v0.7.2
[INFO] [stderr]    Compiling hyper v0.14.24
[INFO] [stderr]    Compiling hyper-rustls v0.23.2
[INFO] [stderr]    Compiling reqwest v0.11.14
[INFO] [stderr]    Compiling gandi-live-dns v1.8.0 (/opt/rustwide/workdir)
[INFO] [stderr]     Finished dev [unoptimized + debuginfo] target(s) in 17.22s
[INFO] running `Command { std: "docker" "inspect" "c5689f424640ff96576a3d3b9b46a2b07813493dacf20133a65347d122496e2f", kill_on_drop: false }`
[INFO] running `Command { std: "docker" "rm" "-f" "c5689f424640ff96576a3d3b9b46a2b07813493dacf20133a65347d122496e2f", kill_on_drop: false }`
[INFO] [stdout] c5689f424640ff96576a3d3b9b46a2b07813493dacf20133a65347d122496e2f
[INFO] running `Command { std: "docker" "create" "-v" "/var/lib/crater-agent-workspace/builds/worker-4-tc1/target:/opt/rustwide/target:rw,Z" "-v" "/var/lib/crater-agent-workspace/builds/worker-4-tc1/source:/opt/rustwide/workdir:ro,Z" "-v" "/var/lib/crater-agent-workspace/cargo-home:/opt/rustwide/cargo-home:ro,Z" "-v" "/var/lib/crater-agent-workspace/rustup-home:/opt/rustwide/rustup-home:ro,Z" "-e" "SOURCE_DIR=/opt/rustwide/workdir" "-e" "CARGO_TARGET_DIR=/opt/rustwide/target" "-e" "CARGO_INCREMENTAL=0" "-e" "RUST_BACKTRACE=full" "-e" "RUSTFLAGS=--cap-lints=warn" "-e" "RUSTDOCFLAGS=--cap-lints=warn" "-e" "CARGO_HOME=/opt/rustwide/cargo-home" "-e" "RUSTUP_HOME=/opt/rustwide/rustup-home" "-w" "/opt/rustwide/workdir" "-m" "1610612736" "--user" "0:0" "--network" "none" "ghcr.io/rust-lang/crates-build-env/linux@sha256:2788e3201cd34a07e3172128adcd8b3090168a8e3bcc40d7c032b9dda1df7d1c" "/opt/rustwide/cargo-home/bin/cargo" "+1.75.0" "test" "--frozen" "--no-run" "--message-format=json", kill_on_drop: false }`
[INFO] [stdout] b407f115b205c281941f0e388ea71fda2bb12709b6910a77a1ad1193a380e79e
[INFO] running `Command { std: "docker" "start" "-a" "b407f115b205c281941f0e388ea71fda2bb12709b6910a77a1ad1193a380e79e", kill_on_drop: false }`
[INFO] [stderr]    Compiling syn v1.0.107
[INFO] [stderr]    Compiling log v0.4.17
[INFO] [stderr]    Compiling futures-io v0.3.26
[INFO] [stderr]    Compiling value-bag v1.0.0-alpha.9
[INFO] [stderr]    Compiling libc v0.2.139
[INFO] [stderr]    Compiling pkg-config v0.3.26
[INFO] [stderr]    Compiling event-listener v2.5.3
[INFO] [stderr]    Compiling concurrent-queue v2.1.0
[INFO] [stderr]    Compiling parking v2.0.0
[INFO] [stderr]    Compiling waker-fn v1.1.0
[INFO] [stderr]    Compiling fastrand v1.8.0
[INFO] [stderr]    Compiling futures-util v0.3.26
[INFO] [stderr]    Compiling libnghttp2-sys v0.1.7+1.45.0
[INFO] [stderr]    Compiling polling v2.5.2
[INFO] [stderr]    Compiling aho-corasick v0.7.20
[INFO] [stderr]    Compiling regex-syntax v0.6.28
[INFO] [stderr]    Compiling crunchy v0.2.2
[INFO] [stderr]    Compiling async-channel v1.8.0
[INFO] [stderr]    Compiling async-io v1.12.0
[INFO] [stderr]    Compiling tiny-keccak v2.0.2
[INFO] [stderr]    Compiling futures-lite v1.12.0
[INFO] [stderr]    Compiling siphasher v0.3.10
[INFO] [stderr]    Compiling async-task v4.3.0
[INFO] [stderr]    Compiling signal-hook v0.3.15
[INFO] [stderr]    Compiling precomputed-hash v0.1.1
[INFO] [stderr]    Compiling fixedbitset v0.4.2
[INFO] [stderr]    Compiling bit-vec v0.6.3
[INFO] [stderr]    Compiling phf_shared v0.10.0
[INFO] [stderr]    Compiling either v1.8.1
[INFO] [stderr]    Compiling new_debug_unreachable v1.0.4
[INFO] [stderr]    Compiling petgraph v0.6.3
[INFO] [stderr]    Compiling ena v0.14.0
[INFO] [stderr]    Compiling bit-set v0.5.3
[INFO] [stderr]    Compiling async-process v1.6.0
[INFO] [stderr]    Compiling itertools v0.10.5
[INFO] [stderr]    Compiling atomic-waker v1.1.0
[INFO] [stderr]    Compiling libz-sys v1.1.8
[INFO] [stderr]    Compiling openssl-sys v0.9.80
[INFO] [stderr]    Compiling curl-sys v0.4.59+curl-7.86.0
[INFO] [stderr]    Compiling unicode-xid v0.2.4
[INFO] [stderr]    Compiling diff v0.1.13
[INFO] [stderr]    Compiling pico-args v0.4.2
[INFO] [stderr]    Compiling curl v0.4.44
[INFO] [stderr]    Compiling isahc v1.7.2
[INFO] [stderr]    Compiling sluice v0.5.5
[INFO] [stderr]    Compiling castaway v0.1.2
[INFO] [stderr]    Compiling lalrpop-util v0.19.8
[INFO] [stderr]    Compiling dirs-sys-next v0.1.2
[INFO] [stderr]    Compiling parking_lot_core v0.9.7
[INFO] [stderr]    Compiling async-lock v2.6.0
[INFO] [stderr]    Compiling dirs-next v2.0.0
[INFO] [stderr]    Compiling atty v0.2.14
[INFO] [stderr]    Compiling term v0.7.0
[INFO] [stderr]    Compiling lazy_static v1.4.0
[INFO] [stderr]    Compiling base64 v0.13.1
[INFO] [stderr]    Compiling parking_lot v0.12.1
[INFO] [stderr]    Compiling similar v2.2.1
[INFO] [stderr]    Compiling levenshtein v1.0.5
[INFO] [stderr]    Compiling async-executor v1.5.0
[INFO] [stderr]    Compiling blocking v1.3.0
[INFO] [stderr]    Compiling die-exit v0.4.0
[INFO] [stderr]    Compiling string_cache v0.8.4
[INFO] [stderr]    Compiling ascii-canvas v3.0.0
[INFO] [stderr]    Compiling regex v1.7.1
[INFO] [stderr]    Compiling lalrpop v0.19.8
[INFO] [stderr]    Compiling proc-macro-error v1.0.4
[INFO] [stderr]    Compiling ctor v0.1.26
[INFO] [stderr]    Compiling serde_derive v1.0.152
[INFO] [stderr]    Compiling futures-macro v0.3.26
[INFO] [stderr]    Compiling tracing-attributes v0.1.23
[INFO] [stderr]    Compiling tokio-macros v1.8.2
[INFO] [stderr]    Compiling pin-project-internal v1.0.12
[INFO] [stderr]    Compiling thiserror-impl v1.0.38
[INFO] [stderr]    Compiling clap_derive v4.1.0
[INFO] [stderr]    Compiling async-trait v0.1.64
[INFO] [stderr]    Compiling pin-project v1.0.12
[INFO] [stderr]    Compiling mio v0.8.5
[INFO] [stderr]    Compiling want v0.3.0
[INFO] [stderr]    Compiling rustls v0.20.8
[INFO] [stderr]    Compiling kv-log-macro v1.0.7
[INFO] [stderr]    Compiling tracing v0.1.37
[INFO] [stderr]    Compiling thiserror v1.0.38
[INFO] [stderr]    Compiling tracing-futures v0.2.5
[INFO] [stderr]    Compiling tokio v1.25.0
[INFO] [stderr]    Compiling async-global-executor v2.3.1
[INFO] [stderr]    Compiling async-std v1.12.0
[INFO] [stderr]    Compiling clap v4.1.4
[INFO] [stderr]    Compiling serde v1.0.152
[INFO] [stderr]    Compiling futures-executor v0.3.26
[INFO] [stderr]    Compiling async-object-pool v0.1.4
[INFO] [stderr]    Compiling futures v0.3.26
[INFO] [stderr]    Compiling governor v0.5.1
[INFO] [stderr]    Compiling tokio-util v0.7.7
[INFO] [stderr]    Compiling tokio-rustls v0.23.4
[INFO] [stderr]    Compiling serde_json v1.0.93
[INFO] [stderr]    Compiling serde_spanned v0.6.1
[INFO] [stderr]    Compiling toml_datetime v0.6.1
[INFO] [stderr]    Compiling serde_regex v1.1.0
[INFO] [stderr]    Compiling serde_urlencoded v0.7.1
[INFO] [stderr]    Compiling toml_edit v0.19.3
[INFO] [stderr]    Compiling h2 v0.3.15
[INFO] [stderr]    Compiling basic-cookies v0.1.4
[INFO] [stderr]    Compiling assert-json-diff v2.0.2
[INFO] [stderr]    Compiling toml v0.7.2
[INFO] [stderr]    Compiling hyper v0.14.24
[INFO] [stderr]    Compiling hyper-rustls v0.23.2
[INFO] [stderr]    Compiling httpmock v0.6.7
[INFO] [stderr]    Compiling reqwest v0.11.14
[INFO] [stderr]    Compiling gandi-live-dns v1.8.0 (/opt/rustwide/workdir)
[INFO] [stderr]     Finished test [unoptimized + debuginfo] target(s) in 27.73s
[INFO] [stderr] warning: the following packages contain code that will be rejected by a future version of Rust: lalrpop v0.19.8
[INFO] [stderr] note: to see what the problems were, use the option `--future-incompat-report`, or run `cargo report future-incompatibilities --id 1`
[INFO] running `Command { std: "docker" "inspect" "b407f115b205c281941f0e388ea71fda2bb12709b6910a77a1ad1193a380e79e", kill_on_drop: false }`
[INFO] running `Command { std: "docker" "rm" "-f" "b407f115b205c281941f0e388ea71fda2bb12709b6910a77a1ad1193a380e79e", kill_on_drop: false }`
[INFO] [stdout] b407f115b205c281941f0e388ea71fda2bb12709b6910a77a1ad1193a380e79e
[INFO] running `Command { std: "docker" "create" "-v" "/var/lib/crater-agent-workspace/builds/worker-4-tc1/target:/opt/rustwide/target:rw,Z" "-v" "/var/lib/crater-agent-workspace/builds/worker-4-tc1/source:/opt/rustwide/workdir:ro,Z" "-v" "/var/lib/crater-agent-workspace/cargo-home:/opt/rustwide/cargo-home:ro,Z" "-v" "/var/lib/crater-agent-workspace/rustup-home:/opt/rustwide/rustup-home:ro,Z" "-e" "SOURCE_DIR=/opt/rustwide/workdir" "-e" "CARGO_TARGET_DIR=/opt/rustwide/target" "-e" "CARGO_INCREMENTAL=0" "-e" "RUST_BACKTRACE=full" "-e" "RUSTFLAGS=--cap-lints=warn" "-e" "RUSTDOCFLAGS=--cap-lints=warn" "-e" "CARGO_HOME=/opt/rustwide/cargo-home" "-e" "RUSTUP_HOME=/opt/rustwide/rustup-home" "-w" "/opt/rustwide/workdir" "-m" "1610612736" "--user" "0:0" "--network" "none" "ghcr.io/rust-lang/crates-build-env/linux@sha256:2788e3201cd34a07e3172128adcd8b3090168a8e3bcc40d7c032b9dda1df7d1c" "/opt/rustwide/cargo-home/bin/cargo" "+1.75.0" "test" "--frozen", kill_on_drop: false }`
[INFO] [stdout] 6cc332d8274f996f437003c522c8a8d25379947575e897db0da6cd2dea89f1c5
[INFO] running `Command { std: "docker" "start" "-a" "6cc332d8274f996f437003c522c8a8d25379947575e897db0da6cd2dea89f1c5", kill_on_drop: false }`
[INFO] [stderr]     Finished test [unoptimized + debuginfo] target(s) in 0.27s
[INFO] [stderr] warning: the following packages contain code that will be rejected by a future version of Rust: lalrpop v0.19.8
[INFO] [stderr] note: to see what the problems were, use the option `--future-incompat-report`, or run `cargo report future-incompatibilities --id 1`
[INFO] [stderr]      Running unittests src/main.rs (/opt/rustwide/target/debug/deps/gandi_live_dns-537ff8953d7a190c)
[INFO] [stdout] 
[INFO] [stdout] running 14 tests
[INFO] [stdout] test ip_source::icanhazip::tests::ipv4_test ... ignored
[INFO] [stdout] test ip_source::icanhazip::tests::ipv6_test ... ignored
[INFO] [stdout] test ip_source::ipify::tests::ipv4_test ... ignored
[INFO] [stdout] test ip_source::ipify::tests::ipv6_test ... ignored
[INFO] [stdout] test ip_source::seeip::tests::ipv4_test ... ignored
[INFO] [stdout] test ip_source::seeip::tests::ipv6_test ... ignored
[INFO] [stdout] test config::tests::load_config_skip_ipv4_with_opts ... ok
[INFO] [stdout] test config::tests::load_config_skip_ipv6_with_opts ... ok
[INFO] [stdout] test config::tests::load_config_test ... ok
[INFO] [stdout] test config::tests::load_config_change_ip_source ... ok
[INFO] [stdout] test tests::single_shot ... ok
[INFO] [stdout] test tests::repeat ... ok
[INFO] [stdout] test tests::repeat_always_update ... FAILED
[INFO] [stdout] test tests::repeat_with_failure ... ok
[INFO] [stdout] 
[INFO] [stdout] failures:
[INFO] [stdout] 
[INFO] [stdout] ---- tests::repeat_always_update stdout ----
[INFO] [stdout] Finding out the IP address...
[INFO] [stdout] Found these:
[INFO] [stdout] 	IPv4: 192.168.0.0
[INFO] [stdout] 	IPv6: fe80:0000:0208:74ff:feda:625c
[INFO] [stdout] Attempting to update DNS entries now
[INFO] [stdout] Updating A record for example.com
[INFO] [stdout] Updates done for 1 entries
[INFO] [stdout] Record '@' (A): 
[INFO] [stdout] Finding out the IP address...
[INFO] [stdout] Found these:
[INFO] [stdout] 	IPv4: 192.168.0.0
[INFO] [stdout] 	IPv6: fe80:0000:0208:74ff:feda:625c
[INFO] [stdout] IP address has not changed since last update
[INFO] [stdout] Finding out the IP address...
[INFO] [stdout] Found these:
[INFO] [stdout] 	IPv4: 192.168.0.0
[INFO] [stdout] 	IPv6: fe80:0000:0208:74ff:feda:625c
[INFO] [stdout] IP address has not changed since last update
[INFO] [stdout] thread 'tests::repeat_always_update' panicked at src/main.rs:545:13:
[INFO] [stdout] assertion failed: mock.hits() > 1
[INFO] [stdout] stack backtrace:
[INFO] [stdout]    0:     0x563417992f1c - std::backtrace_rs::backtrace::libunwind::trace::ha637c64ce894333a
[INFO] [stdout]                                at /rustc/82e1608dfa6e0b5569232559e3d385fea5a93112/library/std/src/../../backtrace/src/backtrace/libunwind.rs:104:5
[INFO] [stdout]    1:     0x563417992f1c - std::backtrace_rs::backtrace::trace_unsynchronized::h47f62dea28e0c88d
[INFO] [stdout]                                at /rustc/82e1608dfa6e0b5569232559e3d385fea5a93112/library/std/src/../../backtrace/src/backtrace/mod.rs:66:5
[INFO] [stdout]    2:     0x563417992f1c - std::sys_common::backtrace::_print_fmt::h9eef0abe20ede486
[INFO] [stdout]                                at /rustc/82e1608dfa6e0b5569232559e3d385fea5a93112/library/std/src/sys_common/backtrace.rs:67:5
[INFO] [stdout]    3:     0x563417992f1c - <std::sys_common::backtrace::_print::DisplayBacktrace as core::fmt::Display>::fmt::hed7f999df88cc644
[INFO] [stdout]                                at /rustc/82e1608dfa6e0b5569232559e3d385fea5a93112/library/std/src/sys_common/backtrace.rs:44:22
[INFO] [stdout]    4:     0x5634179c2030 - core::fmt::rt::Argument::fmt::h1539a9308b8d058d
[INFO] [stdout]                                at /rustc/82e1608dfa6e0b5569232559e3d385fea5a93112/library/core/src/fmt/rt.rs:142:9
[INFO] [stdout]    5:     0x5634179c2030 - core::fmt::write::h3a39390d8560d9c9
[INFO] [stdout]                                at /rustc/82e1608dfa6e0b5569232559e3d385fea5a93112/library/core/src/fmt/mod.rs:1120:17
[INFO] [stdout]    6:     0x56341798fc7f - std::io::Write::write_fmt::h040b369f3a0f9cbc
[INFO] [stdout]                                at /rustc/82e1608dfa6e0b5569232559e3d385fea5a93112/library/std/src/io/mod.rs:1762:15
[INFO] [stdout]    7:     0x563417992d04 - std::sys_common::backtrace::_print::h894006fb5c6f3d45
[INFO] [stdout]                                at /rustc/82e1608dfa6e0b5569232559e3d385fea5a93112/library/std/src/sys_common/backtrace.rs:47:5
[INFO] [stdout]    8:     0x563417992d04 - std::sys_common::backtrace::print::h23a2d212c6fff936
[INFO] [stdout]                                at /rustc/82e1608dfa6e0b5569232559e3d385fea5a93112/library/std/src/sys_common/backtrace.rs:34:9
[INFO] [stdout]    9:     0x5634179949c7 - std::panicking::default_hook::{{closure}}::h8a1d2ee00185001a
[INFO] [stdout]   10:     0x5634179946b3 - std::panicking::default_hook::h6038f2eba384e475
[INFO] [stdout]                                at /rustc/82e1608dfa6e0b5569232559e3d385fea5a93112/library/std/src/panicking.rs:289:9
[INFO] [stdout]   11:     0x563416d401f7 - <alloc::boxed::Box<F,A> as core::ops::function::Fn<Args>>::call::h0ad024c9bdc6d768
[INFO] [stdout]                                at /rustc/82e1608dfa6e0b5569232559e3d385fea5a93112/library/alloc/src/boxed.rs:2021:9
[INFO] [stdout]   12:     0x563416d401f7 - test::test_main::{{closure}}::h7500b54257359db6
[INFO] [stdout]                                at /rustc/82e1608dfa6e0b5569232559e3d385fea5a93112/library/test/src/lib.rs:138:21
[INFO] [stdout]   13:     0x563417994fd8 - <alloc::boxed::Box<F,A> as core::ops::function::Fn<Args>>::call::h1f8f335eaa9cfaee
[INFO] [stdout]                                at /rustc/82e1608dfa6e0b5569232559e3d385fea5a93112/library/alloc/src/boxed.rs:2021:9
[INFO] [stdout]   14:     0x563417994fd8 - std::panicking::rust_panic_with_hook::h2b5517d590cab22e
[INFO] [stdout]                                at /rustc/82e1608dfa6e0b5569232559e3d385fea5a93112/library/std/src/panicking.rs:783:13
[INFO] [stdout]   15:     0x563417994cf9 - std::panicking::begin_panic_handler::{{closure}}::h233112c06e0ef43e
[INFO] [stdout]                                at /rustc/82e1608dfa6e0b5569232559e3d385fea5a93112/library/std/src/panicking.rs:649:13
[INFO] [stdout]   16:     0x5634179933e6 - std::sys_common::backtrace::__rust_end_short_backtrace::h6e893f24d7ebbff8
[INFO] [stdout]                                at /rustc/82e1608dfa6e0b5569232559e3d385fea5a93112/library/std/src/sys_common/backtrace.rs:170:18
[INFO] [stdout]   17:     0x563417994a92 - rust_begin_unwind
[INFO] [stdout]                                at /rustc/82e1608dfa6e0b5569232559e3d385fea5a93112/library/std/src/panicking.rs:645:5
[INFO] [stdout]   18:     0x563416b40565 - core::panicking::panic_fmt::hbf0e066aabfa482c
[INFO] [stdout]                                at /rustc/82e1608dfa6e0b5569232559e3d385fea5a93112/library/core/src/panicking.rs:72:14
[INFO] [stdout]   19:     0x563416b40603 - core::panicking::panic::h195fc2a96298d4c3
[INFO] [stdout]                                at /rustc/82e1608dfa6e0b5569232559e3d385fea5a93112/library/core/src/panicking.rs:127:5
[INFO] [stdout]   20:     0x563416bbee87 - gandi_live_dns::tests::repeat_always_update::{{closure}}::h99defc5b87595e01
[INFO] [stdout]                                at /opt/rustwide/workdir/src/main.rs:545:13
[INFO] [stdout]   21:     0x563416b8a9a7 - <tokio::task::local::RunUntil<T> as core::future::future::Future>::poll::{{closure}}::h683ba14b8e351fa3
[INFO] [stdout]                                at /opt/rustwide/cargo-home/registry/src/index.crates.io-6f17d22bba15001f/tokio-1.25.0/src/task/local.rs:923:42
[INFO] [stdout]   22:     0x563416b89d61 - tokio::task::local::LocalSet::with::{{closure}}::hfed2b30fd30409cf
[INFO] [stdout]                                at /opt/rustwide/cargo-home/registry/src/index.crates.io-6f17d22bba15001f/tokio-1.25.0/src/task/local.rs:684:13
[INFO] [stdout]   23:     0x563416b85894 - std::thread::local::LocalKey<T>::try_with::h39f97f13c1cb1a72
[INFO] [stdout]                                at /rustc/82e1608dfa6e0b5569232559e3d385fea5a93112/library/std/src/thread/local.rs:270:16
[INFO] [stdout]   24:     0x563416b84d9a - std::thread::local::LocalKey<T>::with::hb102a05eb6f49899
[INFO] [stdout]                                at /rustc/82e1608dfa6e0b5569232559e3d385fea5a93112/library/std/src/thread/local.rs:246:9
[INFO] [stdout]   25:     0x563416b899db - tokio::task::local::LocalSet::with::h79bfbbff00df59c1
[INFO] [stdout]                                at /opt/rustwide/cargo-home/registry/src/index.crates.io-6f17d22bba15001f/tokio-1.25.0/src/task/local.rs:667:9
[INFO] [stdout]   26:     0x563416b8a8aa - <tokio::task::local::RunUntil<T> as core::future::future::Future>::poll::hbd5be17938d98b12
[INFO] [stdout]                                at /opt/rustwide/cargo-home/registry/src/index.crates.io-6f17d22bba15001f/tokio-1.25.0/src/task/local.rs:913:9
[INFO] [stdout]   27:     0x563416b8a450 - tokio::task::local::LocalSet::run_until::{{closure}}::h674f036451aa5bcf
[INFO] [stdout]                                at /opt/rustwide/cargo-home/registry/src/index.crates.io-6f17d22bba15001f/tokio-1.25.0/src/task/local.rs:573:19
[INFO] [stdout]   28:     0x563416b5f2eb - <core::pin::Pin<P> as core::future::future::Future>::poll::h798430334b61cc6e
[INFO] [stdout]                                at /rustc/82e1608dfa6e0b5569232559e3d385fea5a93112/library/core/src/future/future.rs:125:9
[INFO] [stdout]   29:     0x563416bccbc4 - tokio::runtime::scheduler::current_thread::CoreGuard::block_on::{{closure}}::{{closure}}::{{closure}}::h2c4c554f924be1b8
[INFO] [stdout]                                at /opt/rustwide/cargo-home/registry/src/index.crates.io-6f17d22bba15001f/tokio-1.25.0/src/runtime/scheduler/current_thread.rs:541:57
[INFO] [stdout]   30:     0x563416bcc84a - tokio::runtime::coop::with_budget::h691b069a91b7a551
[INFO] [stdout]                                at /opt/rustwide/cargo-home/registry/src/index.crates.io-6f17d22bba15001f/tokio-1.25.0/src/runtime/coop.rs:102:5
[INFO] [stdout]   31:     0x563416bcc84a - tokio::runtime::coop::budget::hdeca6ce0189d25c1
[INFO] [stdout]                                at /opt/rustwide/cargo-home/registry/src/index.crates.io-6f17d22bba15001f/tokio-1.25.0/src/runtime/coop.rs:68:5
[INFO] [stdout]   32:     0x563416bcc84a - tokio::runtime::scheduler::current_thread::CoreGuard::block_on::{{closure}}::{{closure}}::ha1b5a98c2af8c712
[INFO] [stdout]                                at /opt/rustwide/cargo-home/registry/src/index.crates.io-6f17d22bba15001f/tokio-1.25.0/src/runtime/scheduler/current_thread.rs:541:25
[INFO] [stdout]   33:     0x563416bc75ec - tokio::runtime::scheduler::current_thread::Context::enter::hf76c6361218001ab
[INFO] [stdout]                                at /opt/rustwide/cargo-home/registry/src/index.crates.io-6f17d22bba15001f/tokio-1.25.0/src/runtime/scheduler/current_thread.rs:350:19
[INFO] [stdout]   34:     0x563416bc9842 - tokio::runtime::scheduler::current_thread::CoreGuard::block_on::{{closure}}::h1b3cb7fd76d26ff9
[INFO] [stdout]                                at /opt/rustwide/cargo-home/registry/src/index.crates.io-6f17d22bba15001f/tokio-1.25.0/src/runtime/scheduler/current_thread.rs:540:36
[INFO] [stdout]   35:     0x563416bc937b - tokio::runtime::scheduler::current_thread::CoreGuard::enter::{{closure}}::h07e8310b07d878c7
[INFO] [stdout]                                at /opt/rustwide/cargo-home/registry/src/index.crates.io-6f17d22bba15001f/tokio-1.25.0/src/runtime/scheduler/current_thread.rs:615:57
[INFO] [stdout]   36:     0x563416b472bd - tokio::macros::scoped_tls::ScopedKey<T>::set::h8a3d42b3eac274ac
[INFO] [stdout]                                at /opt/rustwide/cargo-home/registry/src/index.crates.io-6f17d22bba15001f/tokio-1.25.0/src/macros/scoped_tls.rs:61:9
[INFO] [stdout]   37:     0x563416bc853f - tokio::runtime::scheduler::current_thread::CoreGuard::enter::h2df1ace424dcc376
[INFO] [stdout]                                at /opt/rustwide/cargo-home/registry/src/index.crates.io-6f17d22bba15001f/tokio-1.25.0/src/runtime/scheduler/current_thread.rs:615:27
[INFO] [stdout]   38:     0x563416bc958c - tokio::runtime::scheduler::current_thread::CoreGuard::block_on::heab2d4ceabcfff81
[INFO] [stdout]                                at /opt/rustwide/cargo-home/registry/src/index.crates.io-6f17d22bba15001f/tokio-1.25.0/src/runtime/scheduler/current_thread.rs:530:19
[INFO] [stdout]   39:     0x563416bc560f - tokio::runtime::scheduler::current_thread::CurrentThread::block_on::hd2c2a22cbbd9b128
[INFO] [stdout]                                at /opt/rustwide/cargo-home/registry/src/index.crates.io-6f17d22bba15001f/tokio-1.25.0/src/runtime/scheduler/current_thread.rs:154:24
[INFO] [stdout]   40:     0x563416bb78c3 - tokio::runtime::runtime::Runtime::block_on::hff5fe5eec7d9cd67
[INFO] [stdout]                                at /opt/rustwide/cargo-home/registry/src/index.crates.io-6f17d22bba15001f/tokio-1.25.0/src/runtime/runtime.rs:282:47
[INFO] [stdout]   41:     0x563416b89ee3 - tokio::task::local::LocalSet::block_on::hb41c48ae3c063aee
[INFO] [stdout]                                at /opt/rustwide/cargo-home/registry/src/index.crates.io-6f17d22bba15001f/tokio-1.25.0/src/task/local.rs:534:9
[INFO] [stdout]   42:     0x563416bbe544 - gandi_live_dns::tests::repeat_always_update::h50395120dfae4d38
[INFO] [stdout]                                at /opt/rustwide/workdir/src/main.rs:501:9
[INFO] [stdout]   43:     0x563416bbe407 - gandi_live_dns::tests::repeat_always_update::{{closure}}::h86b0350335fd8db6
[INFO] [stdout]                                at /opt/rustwide/workdir/src/main.rs:495:30
[INFO] [stdout]   44:     0x563416b629a6 - core::ops::function::FnOnce::call_once::h2c915a5ac314243c
[INFO] [stdout]                                at /rustc/82e1608dfa6e0b5569232559e3d385fea5a93112/library/core/src/ops/function.rs:250:5
[INFO] [stdout]   45:     0x563416d4584f - core::ops::function::FnOnce::call_once::h2b5d431d5046312d
[INFO] [stdout]                                at /rustc/82e1608dfa6e0b5569232559e3d385fea5a93112/library/core/src/ops/function.rs:250:5
[INFO] [stdout]   46:     0x563416d4584f - test::__rust_begin_short_backtrace::h7714669af176e207
[INFO] [stdout]                                at /rustc/82e1608dfa6e0b5569232559e3d385fea5a93112/library/test/src/lib.rs:628:18
[INFO] [stdout]   47:     0x563416d44865 - test::run_test_in_process::{{closure}}::h85218797dcbcec12
[INFO] [stdout]                                at /rustc/82e1608dfa6e0b5569232559e3d385fea5a93112/library/test/src/lib.rs:651:60
[INFO] [stdout]   48:     0x563416d44865 - <core::panic::unwind_safe::AssertUnwindSafe<F> as core::ops::function::FnOnce<()>>::call_once::h76c106ea31c14d7b
[INFO] [stdout]                                at /rustc/82e1608dfa6e0b5569232559e3d385fea5a93112/library/core/src/panic/unwind_safe.rs:272:9
[INFO] [stdout]   49:     0x563416d44865 - std::panicking::try::do_call::h3bd5d0f6620ee946
[INFO] [stdout]                                at /rustc/82e1608dfa6e0b5569232559e3d385fea5a93112/library/std/src/panicking.rs:552:40
[INFO] [stdout]   50:     0x563416d44865 - std::panicking::try::h232e535e4744fe31
[INFO] [stdout]                                at /rustc/82e1608dfa6e0b5569232559e3d385fea5a93112/library/std/src/panicking.rs:516:19
[INFO] [stdout]   51:     0x563416d44865 - std::panic::catch_unwind::h3ce3bd6ca8dbac68
[INFO] [stdout]                                at /rustc/82e1608dfa6e0b5569232559e3d385fea5a93112/library/std/src/panic.rs:142:14
[INFO] [stdout]   52:     0x563416d44865 - test::run_test_in_process::hc97b257c9621286a
[INFO] [stdout]                                at /rustc/82e1608dfa6e0b5569232559e3d385fea5a93112/library/test/src/lib.rs:651:27
[INFO] [stdout]   53:     0x563416d44865 - test::run_test::{{closure}}::h2aa798823a438d38
[INFO] [stdout]                                at /rustc/82e1608dfa6e0b5569232559e3d385fea5a93112/library/test/src/lib.rs:574:43
[INFO] [stdout]   54:     0x563416d0cb26 - test::run_test::{{closure}}::h87d231c78fb59832
[INFO] [stdout]                                at /rustc/82e1608dfa6e0b5569232559e3d385fea5a93112/library/test/src/lib.rs:602:41
[INFO] [stdout]   55:     0x563416d0cb26 - std::sys_common::backtrace::__rust_begin_short_backtrace::he6df152596625789
[INFO] [stdout]                                at /rustc/82e1608dfa6e0b5569232559e3d385fea5a93112/library/std/src/sys_common/backtrace.rs:154:18
[INFO] [stdout]   56:     0x563416d11bd7 - std::thread::Builder::spawn_unchecked_::{{closure}}::{{closure}}::ha94be15d1e0acf36
[INFO] [stdout]                                at /rustc/82e1608dfa6e0b5569232559e3d385fea5a93112/library/std/src/thread/mod.rs:529:17
[INFO] [stdout]   57:     0x563416d11bd7 - <core::panic::unwind_safe::AssertUnwindSafe<F> as core::ops::function::FnOnce<()>>::call_once::h9dc6bd6372f16606
[INFO] [stdout]                                at /rustc/82e1608dfa6e0b5569232559e3d385fea5a93112/library/core/src/panic/unwind_safe.rs:272:9
[INFO] [stdout]   58:     0x563416d11bd7 - std::panicking::try::do_call::h9057517f80303cd4
[INFO] [stdout]                                at /rustc/82e1608dfa6e0b5569232559e3d385fea5a93112/library/std/src/panicking.rs:552:40
[INFO] [stdout]   59:     0x563416d11bd7 - std::panicking::try::he3a30b11ee45340c
[INFO] [stdout]                                at /rustc/82e1608dfa6e0b5569232559e3d385fea5a93112/library/std/src/panicking.rs:516:19
[INFO] [stdout]   60:     0x563416d11bd7 - std::panic::catch_unwind::h410458cfd3528b8b
[INFO] [stdout]                                at /rustc/82e1608dfa6e0b5569232559e3d385fea5a93112/library/std/src/panic.rs:142:14
[INFO] [stdout]   61:     0x563416d11bd7 - std::thread::Builder::spawn_unchecked_::{{closure}}::h72ac3bdb567b737b
[INFO] [stdout]                                at /rustc/82e1608dfa6e0b5569232559e3d385fea5a93112/library/std/src/thread/mod.rs:528:30
[INFO] [stdout]   62:     0x563416d11bd7 - core::ops::function::FnOnce::call_once{{vtable.shim}}::h38f34da3654a8344
[INFO] [stdout]                                at /rustc/82e1608dfa6e0b5569232559e3d385fea5a93112/library/core/src/ops/function.rs:250:5
[INFO] [stdout]   63:     0x563417999c75 - <alloc::boxed::Box<F,A> as core::ops::function::FnOnce<Args>>::call_once::hc7eafaff61e32df9
[INFO] [stdout]                                at /rustc/82e1608dfa6e0b5569232559e3d385fea5a93112/library/alloc/src/boxed.rs:2007:9
[INFO] [stdout]   64:     0x563417999c75 - <alloc::boxed::Box<F,A> as core::ops::function::FnOnce<Args>>::call_once::h6ba4a5de48dd2304
[INFO] [stdout]                                at /rustc/82e1608dfa6e0b5569232559e3d385fea5a93112/library/alloc/src/boxed.rs:2007:9
[INFO] [stdout]   65:     0x563417999c75 - std::sys::unix::thread::Thread::new::thread_start::he469335aef763e45
[INFO] [stdout]                                at /rustc/82e1608dfa6e0b5569232559e3d385fea5a93112/library/std/src/sys/unix/thread.rs:108:17
[INFO] [stdout]   66:     0x7f7ec2b4cac3 - <unknown>
[INFO] [stdout]   67:     0x7f7ec2bddbf4 - __clone
[INFO] [stdout]   68:                0x0 - <unknown>
[INFO] [stdout] 
[INFO] [stdout] 
[INFO] [stdout] failures:
[INFO] [stdout]     tests::repeat_always_update
[INFO] [stdout] 
[INFO] [stdout] test result: FAILED. 7 passed; 1 failed; 6 ignored; 0 measured; 0 filtered out; finished in 4.05s
[INFO] [stdout] 
[INFO] [stderr] error: test failed, to rerun pass `--bin gandi-live-dns`
[INFO] running `Command { std: "docker" "inspect" "6cc332d8274f996f437003c522c8a8d25379947575e897db0da6cd2dea89f1c5", kill_on_drop: false }`
[INFO] running `Command { std: "docker" "rm" "-f" "6cc332d8274f996f437003c522c8a8d25379947575e897db0da6cd2dea89f1c5", kill_on_drop: false }`
[INFO] [stdout] 6cc332d8274f996f437003c522c8a8d25379947575e897db0da6cd2dea89f1c5
[INFO] testing gandi-live-dns-1.8.0 against beta-2023-12-22 for beta-1.76-1
[INFO] extracting crate gandi-live-dns 1.8.0 into /workspace/builds/worker-4-tc2/source
[INFO] validating manifest of crates.io crate gandi-live-dns 1.8.0 on toolchain beta-2023-12-22
[INFO] running `Command { std: CARGO_HOME="/workspace/cargo-home" RUSTUP_HOME="/workspace/rustup-home" "/workspace/cargo-home/bin/cargo" "+beta-2023-12-22" "metadata" "--manifest-path" "Cargo.toml" "--no-deps", kill_on_drop: false }`
[INFO] removed /workspace/builds/worker-4-tc2/source/rust-toolchain.toml
[INFO] started tweaking crates.io crate gandi-live-dns 1.8.0
[INFO] finished tweaking crates.io crate gandi-live-dns 1.8.0
[INFO] tweaked toml for crates.io crate gandi-live-dns 1.8.0 written to /workspace/builds/worker-4-tc2/source/Cargo.toml
[INFO] crate crates.io crate gandi-live-dns 1.8.0 already has a lockfile, it will not be regenerated
[INFO] running `Command { std: CARGO_HOME="/workspace/cargo-home" RUSTUP_HOME="/workspace/rustup-home" "/workspace/cargo-home/bin/cargo" "+beta-2023-12-22" "fetch" "--manifest-path" "Cargo.toml", kill_on_drop: false }`
[INFO] running `Command { std: "docker" "create" "-v" "/var/lib/crater-agent-workspace/builds/worker-4-tc2/target:/opt/rustwide/target:rw,Z" "-v" "/var/lib/crater-agent-workspace/builds/worker-4-tc2/source:/opt/rustwide/workdir:ro,Z" "-v" "/var/lib/crater-agent-workspace/cargo-home:/opt/rustwide/cargo-home:ro,Z" "-v" "/var/lib/crater-agent-workspace/rustup-home:/opt/rustwide/rustup-home:ro,Z" "-e" "SOURCE_DIR=/opt/rustwide/workdir" "-e" "CARGO_TARGET_DIR=/opt/rustwide/target" "-e" "CARGO_HOME=/opt/rustwide/cargo-home" "-e" "RUSTUP_HOME=/opt/rustwide/rustup-home" "-w" "/opt/rustwide/workdir" "-m" "1610612736" "--user" "0:0" "--network" "none" "ghcr.io/rust-lang/crates-build-env/linux@sha256:2788e3201cd34a07e3172128adcd8b3090168a8e3bcc40d7c032b9dda1df7d1c" "/opt/rustwide/cargo-home/bin/cargo" "+beta-2023-12-22" "metadata" "--no-deps" "--format-version=1", kill_on_drop: false }`
[INFO] [stdout] 0069c8fbf99e0d63745cd9cbc4dbce3326ba71c0be8e1f5ac8f21957182519ce
[INFO] running `Command { std: "docker" "start" "-a" "0069c8fbf99e0d63745cd9cbc4dbce3326ba71c0be8e1f5ac8f21957182519ce", kill_on_drop: false }`
[INFO] running `Command { std: "docker" "inspect" "0069c8fbf99e0d63745cd9cbc4dbce3326ba71c0be8e1f5ac8f21957182519ce", kill_on_drop: false }`
[INFO] running `Command { std: "docker" "rm" "-f" "0069c8fbf99e0d63745cd9cbc4dbce3326ba71c0be8e1f5ac8f21957182519ce", kill_on_drop: false }`
[INFO] [stdout] 0069c8fbf99e0d63745cd9cbc4dbce3326ba71c0be8e1f5ac8f21957182519ce
[INFO] running `Command { std: "docker" "create" "-v" "/var/lib/crater-agent-workspace/builds/worker-4-tc2/target:/opt/rustwide/target:rw,Z" "-v" "/var/lib/crater-agent-workspace/builds/worker-4-tc2/source:/opt/rustwide/workdir:ro,Z" "-v" "/var/lib/crater-agent-workspace/cargo-home:/opt/rustwide/cargo-home:ro,Z" "-v" "/var/lib/crater-agent-workspace/rustup-home:/opt/rustwide/rustup-home:ro,Z" "-e" "SOURCE_DIR=/opt/rustwide/workdir" "-e" "CARGO_TARGET_DIR=/opt/rustwide/target" "-e" "CARGO_INCREMENTAL=0" "-e" "RUST_BACKTRACE=full" "-e" "RUSTFLAGS=--cap-lints=warn" "-e" "RUSTDOCFLAGS=--cap-lints=warn" "-e" "CARGO_HOME=/opt/rustwide/cargo-home" "-e" "RUSTUP_HOME=/opt/rustwide/rustup-home" "-w" "/opt/rustwide/workdir" "-m" "1610612736" "--user" "0:0" "--network" "none" "ghcr.io/rust-lang/crates-build-env/linux@sha256:2788e3201cd34a07e3172128adcd8b3090168a8e3bcc40d7c032b9dda1df7d1c" "/opt/rustwide/cargo-home/bin/cargo" "+beta-2023-12-22" "build" "--frozen" "--message-format=json", kill_on_drop: false }`
[INFO] [stdout] 8da1dd257a19c0dcf162608ff77b9cac2e0924f5c07f557f3eeeac7d1964ca8e
[INFO] running `Command { std: "docker" "start" "-a" "8da1dd257a19c0dcf162608ff77b9cac2e0924f5c07f557f3eeeac7d1964ca8e", kill_on_drop: false }`
[INFO] [stderr]    Compiling libc v0.2.139
[INFO] [stderr]    Compiling proc-macro2 v1.0.51
[INFO] [stderr]    Compiling unicode-ident v1.0.6
[INFO] [stderr]    Compiling quote v1.0.23
[INFO] [stderr]    Compiling syn v1.0.107
[INFO] [stderr]    Compiling once_cell v1.17.0
[INFO] [stderr]    Compiling memchr v2.5.0
[INFO] [stderr]    Compiling pin-project-lite v0.2.9
[INFO] [stderr]    Compiling parking_lot_core v0.9.7
[INFO] [stderr]    Compiling futures-core v0.3.26
[INFO] [stderr]    Compiling log v0.4.17
[INFO] [stderr]    Compiling scopeguard v1.1.0
[INFO] [stderr]    Compiling smallvec v1.10.0
[INFO] [stderr]    Compiling cc v1.0.79
[INFO] [stderr]    Compiling lock_api v0.4.9
[INFO] [stderr]    Compiling slab v0.4.7
[INFO] [stderr]    Compiling futures-channel v0.3.26
[INFO] [stderr]    Compiling futures-sink v0.3.26
[INFO] [stderr]    Compiling futures-task v0.3.26
[INFO] [stderr]    Compiling serde_derive v1.0.152
[INFO] [stderr]    Compiling futures-util v0.3.26
[INFO] [stderr]    Compiling hashbrown v0.12.3
[INFO] [stderr]    Compiling serde v1.0.152
[INFO] [stderr]    Compiling bytes v1.4.0
[INFO] [stderr]    Compiling tokio v1.25.0
[INFO] [stderr]    Compiling indexmap v1.9.2
[INFO] [stderr]    Compiling itoa v1.0.5
[INFO] [stderr]    Compiling untrusted v0.7.1
[INFO] [stderr]    Compiling futures-io v0.3.26
[INFO] [stderr]    Compiling spin v0.5.2
[INFO] [stderr]    Compiling tracing-core v0.1.30
[INFO] [stderr]    Compiling io-lifetimes v1.0.5
[INFO] [stderr]    Compiling rustix v0.36.8
[INFO] [stderr]    Compiling rustls v0.20.8
[INFO] [stderr]    Compiling proc-macro-error v1.0.4
[INFO] [stderr]    Compiling crossbeam-utils v0.8.14
[INFO] [stderr]    Compiling percent-encoding v2.2.0
[INFO] [stderr]    Compiling try-lock v0.2.4
[INFO] [stderr]    Compiling linux-raw-sys v0.1.4
[INFO] [stderr]    Compiling want v0.3.0
[INFO] [stderr]    Compiling http v0.2.8
[INFO] [stderr]    Compiling form_urlencoded v1.1.0
[INFO] [stderr]    Compiling unicode-normalization v0.1.22
[INFO] [stderr]    Compiling tracing v0.1.37
[INFO] [stderr]    Compiling unicase v2.6.0
[INFO] [stderr]    Compiling ryu v1.0.12
[INFO] [stderr]    Compiling httpdate v1.0.2
[INFO] [stderr]    Compiling serde_json v1.0.93
[INFO] [stderr]    Compiling unicode-bidi v0.3.10
[INFO] [stderr]    Compiling proc-macro-error-attr v1.0.4
[INFO] [stderr]    Compiling nom8 v0.2.0
[INFO] [stderr]    Compiling raw-cpuid v10.6.1
[INFO] [stderr]    Compiling heck v0.4.1
[INFO] [stderr]    Compiling os_str_bytes v6.4.1
[INFO] [stderr]    Compiling ring v0.16.20
[INFO] [stderr]    Compiling async-trait v0.1.64
[INFO] [stderr]    Compiling anyhow v1.0.69
[INFO] [stderr]    Compiling thiserror v1.0.38
[INFO] [stderr]    Compiling base64 v0.21.0
[INFO] [stderr]    Compiling idna v0.3.0
[INFO] [stderr]    Compiling signal-hook-registry v1.4.1
[INFO] [stderr]    Compiling num_cpus v1.15.0
[INFO] [stderr]    Compiling socket2 v0.4.7
[INFO] [stderr]    Compiling mio v0.8.5
[INFO] [stderr]    Compiling parking_lot v0.12.1
[INFO] [stderr]    Compiling getrandom v0.2.8
[INFO] [stderr]    Compiling http-body v0.4.5
[INFO] [stderr]    Compiling rand_core v0.6.4
[INFO] [stderr]    Compiling url v2.3.1
[INFO] [stderr]    Compiling dashmap v5.4.0
[INFO] [stderr]    Compiling quanta v0.9.3
[INFO] [stderr]    Compiling rand_chacha v0.3.1
[INFO] [stderr]    Compiling rustls-pemfile v1.0.2
[INFO] [stderr]    Compiling dirs-sys v0.3.7
[INFO] [stderr]    Compiling clap_lex v0.3.1
[INFO] [stderr]    Compiling encoding_rs v0.8.32
[INFO] [stderr]    Compiling futures-timer v3.0.2
[INFO] [stderr]    Compiling strsim v0.10.0
[INFO] [stderr]    Compiling rand v0.8.5
[INFO] [stderr]    Compiling mime v0.3.16
[INFO] [stderr]    Compiling unicode-width v0.1.10
[INFO] [stderr]    Compiling termcolor v1.2.0
[INFO] [stderr]    Compiling nonzero_ext v0.3.0
[INFO] [stderr]    Compiling ipnet v2.7.1
[INFO] [stderr]    Compiling no-std-compat v0.4.1
[INFO] [stderr]    Compiling directories v4.0.1
[INFO] [stderr]    Compiling die-exit v0.4.0
[INFO] [stderr]    Compiling json v0.12.4
[INFO] [stderr]    Compiling is-terminal v0.4.3
[INFO] [stderr]    Compiling terminal_size v0.2.3
[INFO] [stderr]    Compiling futures-macro v0.3.26
[INFO] [stderr]    Compiling tokio-macros v1.8.2
[INFO] [stderr]    Compiling clap_derive v4.1.0
[INFO] [stderr]    Compiling thiserror-impl v1.0.38
[INFO] [stderr]    Compiling webpki v0.22.0
[INFO] [stderr]    Compiling sct v0.7.0
[INFO] [stderr]    Compiling webpki-roots v0.22.6
[INFO] [stderr]    Compiling clap v4.1.4
[INFO] [stderr]    Compiling futures-executor v0.3.26
[INFO] [stderr]    Compiling futures v0.3.26
[INFO] [stderr]    Compiling governor v0.5.1
[INFO] [stderr]    Compiling tokio-util v0.7.7
[INFO] [stderr]    Compiling tokio-rustls v0.23.4
[INFO] [stderr]    Compiling h2 v0.3.15
[INFO] [stderr]    Compiling toml_datetime v0.6.1
[INFO] [stderr]    Compiling serde_spanned v0.6.1
[INFO] [stderr]    Compiling serde_urlencoded v0.7.1
[INFO] [stderr]    Compiling toml_edit v0.19.3
[INFO] [stderr]    Compiling hyper v0.14.24
[INFO] [stderr]    Compiling toml v0.7.2
[INFO] [stderr]    Compiling hyper-rustls v0.23.2
[INFO] [stderr]    Compiling reqwest v0.11.14
[INFO] [stderr]    Compiling gandi-live-dns v1.8.0 (/opt/rustwide/workdir)
[INFO] [stderr]     Finished dev [unoptimized + debuginfo] target(s) in 19.46s
[INFO] running `Command { std: "docker" "inspect" "8da1dd257a19c0dcf162608ff77b9cac2e0924f5c07f557f3eeeac7d1964ca8e", kill_on_drop: false }`
[INFO] running `Command { std: "docker" "rm" "-f" "8da1dd257a19c0dcf162608ff77b9cac2e0924f5c07f557f3eeeac7d1964ca8e", kill_on_drop: false }`
[INFO] [stdout] 8da1dd257a19c0dcf162608ff77b9cac2e0924f5c07f557f3eeeac7d1964ca8e
[INFO] running `Command { std: "docker" "create" "-v" "/var/lib/crater-agent-workspace/builds/worker-4-tc2/target:/opt/rustwide/target:rw,Z" "-v" "/var/lib/crater-agent-workspace/builds/worker-4-tc2/source:/opt/rustwide/workdir:ro,Z" "-v" "/var/lib/crater-agent-workspace/cargo-home:/opt/rustwide/cargo-home:ro,Z" "-v" "/var/lib/crater-agent-workspace/rustup-home:/opt/rustwide/rustup-home:ro,Z" "-e" "SOURCE_DIR=/opt/rustwide/workdir" "-e" "CARGO_TARGET_DIR=/opt/rustwide/target" "-e" "CARGO_INCREMENTAL=0" "-e" "RUST_BACKTRACE=full" "-e" "RUSTFLAGS=--cap-lints=warn" "-e" "RUSTDOCFLAGS=--cap-lints=warn" "-e" "CARGO_HOME=/opt/rustwide/cargo-home" "-e" "RUSTUP_HOME=/opt/rustwide/rustup-home" "-w" "/opt/rustwide/workdir" "-m" "1610612736" "--user" "0:0" "--network" "none" "ghcr.io/rust-lang/crates-build-env/linux@sha256:2788e3201cd34a07e3172128adcd8b3090168a8e3bcc40d7c032b9dda1df7d1c" "/opt/rustwide/cargo-home/bin/cargo" "+beta-2023-12-22" "test" "--frozen" "--no-run" "--message-format=json", kill_on_drop: false }`
[INFO] [stdout] f47987b316b1c069edffa619a5e7b5f71ea333ac2dea9e0bb33e3702140d339d
[INFO] running `Command { std: "docker" "start" "-a" "f47987b316b1c069edffa619a5e7b5f71ea333ac2dea9e0bb33e3702140d339d", kill_on_drop: false }`
[INFO] [stderr]    Compiling syn v1.0.107
[INFO] [stderr]    Compiling log v0.4.17
[INFO] [stderr]    Compiling futures-io v0.3.26
[INFO] [stderr]    Compiling value-bag v1.0.0-alpha.9
[INFO] [stderr]    Compiling libc v0.2.139
[INFO] [stderr]    Compiling pkg-config v0.3.26
[INFO] [stderr]    Compiling event-listener v2.5.3
[INFO] [stderr]    Compiling concurrent-queue v2.1.0
[INFO] [stderr]    Compiling parking v2.0.0
[INFO] [stderr]    Compiling fastrand v1.8.0
[INFO] [stderr]    Compiling waker-fn v1.1.0
[INFO] [stderr]    Compiling futures-util v0.3.26
[INFO] [stderr]    Compiling libnghttp2-sys v0.1.7+1.45.0
[INFO] [stderr]    Compiling polling v2.5.2
[INFO] [stderr]    Compiling aho-corasick v0.7.20
[INFO] [stderr]    Compiling crunchy v0.2.2
[INFO] [stderr]    Compiling regex-syntax v0.6.28
[INFO] [stderr]    Compiling async-channel v1.8.0
[INFO] [stderr]    Compiling async-io v1.12.0
[INFO] [stderr]    Compiling siphasher v0.3.10
[INFO] [stderr]    Compiling futures-lite v1.12.0
[INFO] [stderr]    Compiling tiny-keccak v2.0.2
[INFO] [stderr]    Compiling new_debug_unreachable v1.0.4
[INFO] [stderr]    Compiling async-task v4.3.0
[INFO] [stderr]    Compiling precomputed-hash v0.1.1
[INFO] [stderr]    Compiling phf_shared v0.10.0
[INFO] [stderr]    Compiling signal-hook v0.3.15
[INFO] [stderr]    Compiling fixedbitset v0.4.2
[INFO] [stderr]    Compiling bit-vec v0.6.3
[INFO] [stderr]    Compiling either v1.8.1
[INFO] [stderr]    Compiling ena v0.14.0
[INFO] [stderr]    Compiling async-process v1.6.0
[INFO] [stderr]    Compiling pico-args v0.4.2
[INFO] [stderr]    Compiling itertools v0.10.5
[INFO] [stderr]    Compiling bit-set v0.5.3
[INFO] [stderr]    Compiling petgraph v0.6.3
[INFO] [stderr]    Compiling diff v0.1.13
[INFO] [stderr]    Compiling unicode-xid v0.2.4
[INFO] [stderr]    Compiling libz-sys v1.1.8
[INFO] [stderr]    Compiling openssl-sys v0.9.80
[INFO] [stderr]    Compiling curl-sys v0.4.59+curl-7.86.0
[INFO] [stderr]    Compiling atomic-waker v1.1.0
[INFO] [stderr]    Compiling curl v0.4.44
[INFO] [stderr]    Compiling isahc v1.7.2
[INFO] [stderr]    Compiling sluice v0.5.5
[INFO] [stderr]    Compiling lalrpop-util v0.19.8
[INFO] [stderr]    Compiling async-lock v2.6.0
[INFO] [stderr]    Compiling dirs-sys-next v0.1.2
[INFO] [stderr]    Compiling parking_lot_core v0.9.7
[INFO] [stderr]    Compiling atty v0.2.14
[INFO] [stderr]    Compiling castaway v0.1.2
[INFO] [stderr]    Compiling lazy_static v1.4.0
[INFO] [stderr]    Compiling base64 v0.13.1
[INFO] [stderr]    Compiling dirs-next v2.0.0
[INFO] [stderr]    Compiling similar v2.2.1
[INFO] [stderr]    Compiling levenshtein v1.0.5
[INFO] [stderr]    Compiling parking_lot v0.12.1
[INFO] [stderr]    Compiling term v0.7.0
[INFO] [stderr]    Compiling blocking v1.3.0
[INFO] [stderr]    Compiling async-executor v1.5.0
[INFO] [stderr]    Compiling die-exit v0.4.0
[INFO] [stderr]    Compiling string_cache v0.8.4
[INFO] [stderr]    Compiling ascii-canvas v3.0.0
[INFO] [stderr]    Compiling regex v1.7.1
[INFO] [stderr]    Compiling lalrpop v0.19.8
[INFO] [stderr]    Compiling proc-macro-error v1.0.4
[INFO] [stderr]    Compiling ctor v0.1.26
[INFO] [stderr]    Compiling serde_derive v1.0.152
[INFO] [stderr]    Compiling tracing-attributes v0.1.23
[INFO] [stderr]    Compiling futures-macro v0.3.26
[INFO] [stderr]    Compiling tokio-macros v1.8.2
[INFO] [stderr]    Compiling pin-project-internal v1.0.12
[INFO] [stderr]    Compiling async-trait v0.1.64
[INFO] [stderr]    Compiling thiserror-impl v1.0.38
[INFO] [stderr]    Compiling clap_derive v4.1.0
[INFO] [stderr]    Compiling mio v0.8.5
[INFO] [stderr]    Compiling want v0.3.0
[INFO] [stderr]    Compiling kv-log-macro v1.0.7
[INFO] [stderr]    Compiling rustls v0.20.8
[INFO] [stderr]    Compiling pin-project v1.0.12
[INFO] [stderr]    Compiling thiserror v1.0.38
[INFO] [stderr]    Compiling tokio v1.25.0
[INFO] [stderr]    Compiling tracing v0.1.37
[INFO] [stderr]    Compiling async-global-executor v2.3.1
[INFO] [stderr]    Compiling tracing-futures v0.2.5
[INFO] [stderr]    Compiling async-std v1.12.0
[INFO] [stderr]    Compiling clap v4.1.4
[INFO] [stderr]    Compiling serde v1.0.152
[INFO] [stderr]    Compiling futures-executor v0.3.26
[INFO] [stderr]    Compiling futures v0.3.26
[INFO] [stderr]    Compiling async-object-pool v0.1.4
[INFO] [stderr]    Compiling governor v0.5.1
[INFO] [stderr]    Compiling tokio-util v0.7.7
[INFO] [stderr]    Compiling tokio-rustls v0.23.4
[INFO] [stderr]    Compiling h2 v0.3.15
[INFO] [stderr]    Compiling serde_json v1.0.93
[INFO] [stderr]    Compiling toml_datetime v0.6.1
[INFO] [stderr]    Compiling serde_spanned v0.6.1
[INFO] [stderr]    Compiling serde_regex v1.1.0
[INFO] [stderr]    Compiling serde_urlencoded v0.7.1
[INFO] [stderr]    Compiling toml_edit v0.19.3
[INFO] [stderr]    Compiling basic-cookies v0.1.4
[INFO] [stderr]    Compiling assert-json-diff v2.0.2
[INFO] [stderr]    Compiling toml v0.7.2
[INFO] [stderr]    Compiling hyper v0.14.24
[INFO] [stderr]    Compiling hyper-rustls v0.23.2
[INFO] [stderr]    Compiling httpmock v0.6.7
[INFO] [stderr]    Compiling reqwest v0.11.14
[INFO] [stderr]    Compiling gandi-live-dns v1.8.0 (/opt/rustwide/workdir)
[INFO] [stderr]     Finished test [unoptimized + debuginfo] target(s) in 26.73s
[INFO] [stderr] warning: the following packages contain code that will be rejected by a future version of Rust: lalrpop v0.19.8
[INFO] [stderr] note: to see what the problems were, use the option `--future-incompat-report`, or run `cargo report future-incompatibilities --id 1`
[INFO] running `Command { std: "docker" "inspect" "f47987b316b1c069edffa619a5e7b5f71ea333ac2dea9e0bb33e3702140d339d", kill_on_drop: false }`
[INFO] running `Command { std: "docker" "rm" "-f" "f47987b316b1c069edffa619a5e7b5f71ea333ac2dea9e0bb33e3702140d339d", kill_on_drop: false }`
[INFO] [stdout] f47987b316b1c069edffa619a5e7b5f71ea333ac2dea9e0bb33e3702140d339d
[INFO] running `Command { std: "docker" "create" "-v" "/var/lib/crater-agent-workspace/builds/worker-4-tc2/target:/opt/rustwide/target:rw,Z" "-v" "/var/lib/crater-agent-workspace/builds/worker-4-tc2/source:/opt/rustwide/workdir:ro,Z" "-v" "/var/lib/crater-agent-workspace/cargo-home:/opt/rustwide/cargo-home:ro,Z" "-v" "/var/lib/crater-agent-workspace/rustup-home:/opt/rustwide/rustup-home:ro,Z" "-e" "SOURCE_DIR=/opt/rustwide/workdir" "-e" "CARGO_TARGET_DIR=/opt/rustwide/target" "-e" "CARGO_INCREMENTAL=0" "-e" "RUST_BACKTRACE=full" "-e" "RUSTFLAGS=--cap-lints=warn" "-e" "RUSTDOCFLAGS=--cap-lints=warn" "-e" "CARGO_HOME=/opt/rustwide/cargo-home" "-e" "RUSTUP_HOME=/opt/rustwide/rustup-home" "-w" "/opt/rustwide/workdir" "-m" "1610612736" "--user" "0:0" "--network" "none" "ghcr.io/rust-lang/crates-build-env/linux@sha256:2788e3201cd34a07e3172128adcd8b3090168a8e3bcc40d7c032b9dda1df7d1c" "/opt/rustwide/cargo-home/bin/cargo" "+beta-2023-12-22" "test" "--frozen", kill_on_drop: false }`
[INFO] [stdout] 03cf8b2f44cc1cbce97252bc86ef9976b9aee60f0e1fa2fbacead63b4b4cc57f
[INFO] running `Command { std: "docker" "start" "-a" "03cf8b2f44cc1cbce97252bc86ef9976b9aee60f0e1fa2fbacead63b4b4cc57f", kill_on_drop: false }`
[INFO] [stderr]     Finished test [unoptimized + debuginfo] target(s) in 0.28s
[INFO] [stderr] warning: the following packages contain code that will be rejected by a future version of Rust: lalrpop v0.19.8
[INFO] [stderr] note: to see what the problems were, use the option `--future-incompat-report`, or run `cargo report future-incompatibilities --id 1`
[INFO] [stderr]      Running unittests src/main.rs (/opt/rustwide/target/debug/deps/gandi_live_dns-5a6f4696e61bc553)
[INFO] [stdout] 
[INFO] [stdout] running 14 tests
[INFO] [stdout] test ip_source::icanhazip::tests::ipv4_test ... ignored
[INFO] [stdout] test ip_source::icanhazip::tests::ipv6_test ... ignored
[INFO] [stdout] test ip_source::ipify::tests::ipv4_test ... ignored
[INFO] [stdout] test ip_source::ipify::tests::ipv6_test ... ignored
[INFO] [stdout] test ip_source::seeip::tests::ipv4_test ... ignored
[INFO] [stdout] test ip_source::seeip::tests::ipv6_test ... ignored
[INFO] [stdout] test config::tests::load_config_skip_ipv4_with_opts ... ok
[INFO] [stdout] test config::tests::load_config_skip_ipv6_with_opts ... ok
[INFO] [stdout] test config::tests::load_config_test ... ok
[INFO] [stdout] test config::tests::load_config_change_ip_source ... ok
[INFO] [stdout] test tests::single_shot ... ok
[INFO] [stdout] test tests::repeat ... ok
[INFO] [stdout] test tests::repeat_always_update ... FAILED
[INFO] [stdout] test tests::repeat_with_failure ... ok
[INFO] [stdout] 
[INFO] [stdout] failures:
[INFO] [stdout] 
[INFO] [stdout] ---- tests::repeat_always_update stdout ----
[INFO] [stdout] Finding out the IP address...
[INFO] [stdout] Found these:
[INFO] [stdout] 	IPv4: 192.168.0.0
[INFO] [stdout] 	IPv6: fe80:0000:0208:74ff:feda:625c
[INFO] [stdout] Attempting to update DNS entries now
[INFO] [stdout] Updating A record for example.com
[INFO] [stdout] Updates done for 1 entries
[INFO] [stdout] Record '@' (A): 
[INFO] [stdout] Finding out the IP address...
[INFO] [stdout] Found these:
[INFO] [stdout] 	IPv4: 192.168.0.0
[INFO] [stdout] 	IPv6: fe80:0000:0208:74ff:feda:625c
[INFO] [stdout] IP address has not changed since last update
[INFO] [stdout] Finding out the IP address...
[INFO] [stdout] Found these:
[INFO] [stdout] 	IPv4: 192.168.0.0
[INFO] [stdout] 	IPv6: fe80:0000:0208:74ff:feda:625c
[INFO] [stdout] IP address has not changed since last update
[INFO] [stdout] thread 'tests::repeat_always_update' panicked at src/main.rs:545:13:
[INFO] [stdout] assertion failed: mock.hits() > 1
[INFO] [stdout] stack backtrace:
[INFO] [stdout]    0:     0x561bdcf55e76 - std::backtrace_rs::backtrace::libunwind::trace::h261606ad26a499c1
[INFO] [stdout]                                at /rustc/0e09125c6c3c2fd70d7de961bcf0e51575235fad/library/std/src/../../backtrace/src/backtrace/libunwind.rs:104:5
[INFO] [stdout]    1:     0x561bdcf55e76 - std::backtrace_rs::backtrace::trace_unsynchronized::hd183f0625477fb28
[INFO] [stdout]                                at /rustc/0e09125c6c3c2fd70d7de961bcf0e51575235fad/library/std/src/../../backtrace/src/backtrace/mod.rs:66:5
[INFO] [stdout]    2:     0x561bdcf55e76 - std::sys_common::backtrace::_print_fmt::hd7f8fef21b4eda67
[INFO] [stdout]                                at /rustc/0e09125c6c3c2fd70d7de961bcf0e51575235fad/library/std/src/sys_common/backtrace.rs:68:5
[INFO] [stdout]    3:     0x561bdcf55e76 - <std::sys_common::backtrace::_print::DisplayBacktrace as core::fmt::Display>::fmt::h623d9b51f2f453f1
[INFO] [stdout]                                at /rustc/0e09125c6c3c2fd70d7de961bcf0e51575235fad/library/std/src/sys_common/backtrace.rs:44:22
[INFO] [stdout]    4:     0x561bdcf84230 - core::fmt::rt::Argument::fmt::h9f417ac76a86f368
[INFO] [stdout]                                at /rustc/0e09125c6c3c2fd70d7de961bcf0e51575235fad/library/core/src/fmt/rt.rs:142:9
[INFO] [stdout]    5:     0x561bdcf84230 - core::fmt::write::hc9b6faf4ac2aeff7
[INFO] [stdout]                                at /rustc/0e09125c6c3c2fd70d7de961bcf0e51575235fad/library/core/src/fmt/mod.rs:1120:17
[INFO] [stdout]    6:     0x561bdcf52b8f - std::io::Write::write_fmt::he04625a3a989fec3
[INFO] [stdout]                                at /rustc/0e09125c6c3c2fd70d7de961bcf0e51575235fad/library/std/src/io/mod.rs:1810:15
[INFO] [stdout]    7:     0x561bdcf55c54 - std::sys_common::backtrace::_print::hd5d66399c7df88a2
[INFO] [stdout]                                at /rustc/0e09125c6c3c2fd70d7de961bcf0e51575235fad/library/std/src/sys_common/backtrace.rs:47:5
[INFO] [stdout]    8:     0x561bdcf55c54 - std::sys_common::backtrace::print::he81ed2da642d37e5
[INFO] [stdout]                                at /rustc/0e09125c6c3c2fd70d7de961bcf0e51575235fad/library/std/src/sys_common/backtrace.rs:34:9
[INFO] [stdout]    9:     0x561bdcf579c7 - std::panicking::default_hook::{{closure}}::h85773f4fa117163d
[INFO] [stdout]   10:     0x561bdcf576ad - std::panicking::default_hook::h6a1694a91d09b278
[INFO] [stdout]                                at /rustc/0e09125c6c3c2fd70d7de961bcf0e51575235fad/library/std/src/panicking.rs:289:9
[INFO] [stdout]   11:     0x561bdc2f68e7 - <alloc::boxed::Box<F,A> as core::ops::function::Fn<Args>>::call::h616ac37fa3cd6c8f
[INFO] [stdout]                                at /rustc/0e09125c6c3c2fd70d7de961bcf0e51575235fad/library/alloc/src/boxed.rs:2029:9
[INFO] [stdout]   12:     0x561bdc2f68e7 - test::test_main::{{closure}}::h00d84697cefdcbb6
[INFO] [stdout]                                at /rustc/0e09125c6c3c2fd70d7de961bcf0e51575235fad/library/test/src/lib.rs:138:21
[INFO] [stdout]   13:     0x561bdcf57fe6 - <alloc::boxed::Box<F,A> as core::ops::function::Fn<Args>>::call::hcb3fe3b9bb537ba8
[INFO] [stdout]                                at /rustc/0e09125c6c3c2fd70d7de961bcf0e51575235fad/library/alloc/src/boxed.rs:2029:9
[INFO] [stdout]   14:     0x561bdcf57fe6 - std::panicking::rust_panic_with_hook::h0a7ad96e90f7145b
[INFO] [stdout]                                at /rustc/0e09125c6c3c2fd70d7de961bcf0e51575235fad/library/std/src/panicking.rs:783:13
[INFO] [stdout]   15:     0x561bdcf57cf9 - std::panicking::begin_panic_handler::{{closure}}::h7919090525c6485e
[INFO] [stdout]                                at /rustc/0e09125c6c3c2fd70d7de961bcf0e51575235fad/library/std/src/panicking.rs:649:13
[INFO] [stdout]   16:     0x561bdcf56376 - std::sys_common::backtrace::__rust_end_short_backtrace::hf3289479464f7dfe
[INFO] [stdout]                                at /rustc/0e09125c6c3c2fd70d7de961bcf0e51575235fad/library/std/src/sys_common/backtrace.rs:171:18
[INFO] [stdout]   17:     0x561bdcf57a90 - rust_begin_unwind
[INFO] [stdout]                                at /rustc/0e09125c6c3c2fd70d7de961bcf0e51575235fad/library/std/src/panicking.rs:645:5
[INFO] [stdout]   18:     0x561bdc0f6555 - core::panicking::panic_fmt::hcc9f77c5c132af55
[INFO] [stdout]                                at /rustc/0e09125c6c3c2fd70d7de961bcf0e51575235fad/library/core/src/panicking.rs:72:14
[INFO] [stdout]   19:     0x561bdc0f6613 - core::panicking::panic::h5a1259c1164bd480
[INFO] [stdout]                                at /rustc/0e09125c6c3c2fd70d7de961bcf0e51575235fad/library/core/src/panicking.rs:144:5
[INFO] [stdout]   20:     0x561bdc14100f - gandi_live_dns::tests::repeat_always_update::{{closure}}::h653a976bce02ec71
[INFO] [stdout]                                at /opt/rustwide/workdir/src/main.rs:545:13
[INFO] [stdout]   21:     0x561bdc12c9a7 - <tokio::task::local::RunUntil<T> as core::future::future::Future>::poll::{{closure}}::he448e4487d4ec43e
[INFO] [stdout]                                at /opt/rustwide/cargo-home/registry/src/index.crates.io-6f17d22bba15001f/tokio-1.25.0/src/task/local.rs:923:42
[INFO] [stdout]   22:     0x561bdc128b91 - tokio::task::local::LocalSet::with::{{closure}}::h5028310be78693f7
[INFO] [stdout]                                at /opt/rustwide/cargo-home/registry/src/index.crates.io-6f17d22bba15001f/tokio-1.25.0/src/task/local.rs:684:13
[INFO] [stdout]   23:     0x561bdc126184 - std::thread::local::LocalKey<T>::try_with::hc41baa2d40fc47df
[INFO] [stdout]                                at /rustc/0e09125c6c3c2fd70d7de961bcf0e51575235fad/library/std/src/thread/local.rs:270:16
[INFO] [stdout]   24:     0x561bdc1242ba - std::thread::local::LocalKey<T>::with::h9a5f5cd975780c84
[INFO] [stdout]                                at /rustc/0e09125c6c3c2fd70d7de961bcf0e51575235fad/library/std/src/thread/local.rs:246:9
[INFO] [stdout]   25:     0x561bdc128a1b - tokio::task::local::LocalSet::with::h47a2a1dfe6eb3cce
[INFO] [stdout]                                at /opt/rustwide/cargo-home/registry/src/index.crates.io-6f17d22bba15001f/tokio-1.25.0/src/task/local.rs:667:9
[INFO] [stdout]   26:     0x561bdc12c5ea - <tokio::task::local::RunUntil<T> as core::future::future::Future>::poll::h8406426d9edf6cbe
[INFO] [stdout]                                at /opt/rustwide/cargo-home/registry/src/index.crates.io-6f17d22bba15001f/tokio-1.25.0/src/task/local.rs:913:9
[INFO] [stdout]   27:     0x561bdc12970a - tokio::task::local::LocalSet::run_until::{{closure}}::ha573c49b574c506d
[INFO] [stdout]                                at /opt/rustwide/cargo-home/registry/src/index.crates.io-6f17d22bba15001f/tokio-1.25.0/src/task/local.rs:573:19
[INFO] [stdout]   28:     0x561bdc11af9b - <core::pin::Pin<P> as core::future::future::Future>::poll::h6a88e2fead6a6ea7
[INFO] [stdout]                                at /rustc/0e09125c6c3c2fd70d7de961bcf0e51575235fad/library/core/src/future/future.rs:124:9
[INFO] [stdout]   29:     0x561bdc180bc4 - tokio::runtime::scheduler::current_thread::CoreGuard::block_on::{{closure}}::{{closure}}::{{closure}}::h6ac3c8afcb3d015f
[INFO] [stdout]                                at /opt/rustwide/cargo-home/registry/src/index.crates.io-6f17d22bba15001f/tokio-1.25.0/src/runtime/scheduler/current_thread.rs:541:57
[INFO] [stdout]   30:     0x561bdc180a9a - tokio::runtime::coop::with_budget::h7231b9013dba70ff
[INFO] [stdout]                                at /opt/rustwide/cargo-home/registry/src/index.crates.io-6f17d22bba15001f/tokio-1.25.0/src/runtime/coop.rs:102:5
[INFO] [stdout]   31:     0x561bdc180a9a - tokio::runtime::coop::budget::h3c693607fdc7cc32
[INFO] [stdout]                                at /opt/rustwide/cargo-home/registry/src/index.crates.io-6f17d22bba15001f/tokio-1.25.0/src/runtime/coop.rs:68:5
[INFO] [stdout]   32:     0x561bdc180a9a - tokio::runtime::scheduler::current_thread::CoreGuard::block_on::{{closure}}::{{closure}}::hd367e3dbfbe3672b
[INFO] [stdout]                                at /opt/rustwide/cargo-home/registry/src/index.crates.io-6f17d22bba15001f/tokio-1.25.0/src/runtime/scheduler/current_thread.rs:541:25
[INFO] [stdout]   33:     0x561bdc17b66c - tokio::runtime::scheduler::current_thread::Context::enter::hd797c4a4176f9cd2
[INFO] [stdout]                                at /opt/rustwide/cargo-home/registry/src/index.crates.io-6f17d22bba15001f/tokio-1.25.0/src/runtime/scheduler/current_thread.rs:350:19
[INFO] [stdout]   34:     0x561bdc17f9b2 - tokio::runtime::scheduler::current_thread::CoreGuard::block_on::{{closure}}::hf4c39c761933ae7a
[INFO] [stdout]                                at /opt/rustwide/cargo-home/registry/src/index.crates.io-6f17d22bba15001f/tokio-1.25.0/src/runtime/scheduler/current_thread.rs:540:36
[INFO] [stdout]   35:     0x561bdc17d3fb - tokio::runtime::scheduler::current_thread::CoreGuard::enter::{{closure}}::h12b0662534359609
[INFO] [stdout]                                at /opt/rustwide/cargo-home/registry/src/index.crates.io-6f17d22bba15001f/tokio-1.25.0/src/runtime/scheduler/current_thread.rs:615:57
[INFO] [stdout]   36:     0x561bdc16916d - tokio::macros::scoped_tls::ScopedKey<T>::set::h0945d23d109855e1
[INFO] [stdout]                                at /opt/rustwide/cargo-home/registry/src/index.crates.io-6f17d22bba15001f/tokio-1.25.0/src/macros/scoped_tls.rs:61:9
[INFO] [stdout]   37:     0x561bdc17c5bf - tokio::runtime::scheduler::current_thread::CoreGuard::enter::h04a2fe46958ac494
[INFO] [stdout]                                at /opt/rustwide/cargo-home/registry/src/index.crates.io-6f17d22bba15001f/tokio-1.25.0/src/runtime/scheduler/current_thread.rs:615:27
[INFO] [stdout]   38:     0x561bdc17d5dc - tokio::runtime::scheduler::current_thread::CoreGuard::block_on::hfb493444623e8be3
[INFO] [stdout]                                at /opt/rustwide/cargo-home/registry/src/index.crates.io-6f17d22bba15001f/tokio-1.25.0/src/runtime/scheduler/current_thread.rs:530:19
[INFO] [stdout]   39:     0x561bdc178d8f - tokio::runtime::scheduler::current_thread::CurrentThread::block_on::h69e424d5b1928436
[INFO] [stdout]                                at /opt/rustwide/cargo-home/registry/src/index.crates.io-6f17d22bba15001f/tokio-1.25.0/src/runtime/scheduler/current_thread.rs:154:24
[INFO] [stdout]   40:     0x561bdc1563c3 - tokio::runtime::runtime::Runtime::block_on::hff802e0ed985c049
[INFO] [stdout]                                at /opt/rustwide/cargo-home/registry/src/index.crates.io-6f17d22bba15001f/tokio-1.25.0/src/runtime/runtime.rs:282:47
[INFO] [stdout]   41:     0x561bdc128ee3 - tokio::task::local::LocalSet::block_on::hdc3aa6ad912f0364
[INFO] [stdout]                                at /opt/rustwide/cargo-home/registry/src/index.crates.io-6f17d22bba15001f/tokio-1.25.0/src/task/local.rs:534:9
[INFO] [stdout]   42:     0x561bdc1406d4 - gandi_live_dns::tests::repeat_always_update::h51e971a3c6bbff6c
[INFO] [stdout]                                at /opt/rustwide/workdir/src/main.rs:501:9
[INFO] [stdout]   43:     0x561bdc140597 - gandi_live_dns::tests::repeat_always_update::{{closure}}::hca4574e286266f4f
[INFO] [stdout]                                at /opt/rustwide/workdir/src/main.rs:495:30
[INFO] [stdout]   44:     0x561bdc1908f6 - core::ops::function::FnOnce::call_once::hf29e22bfe1937e3f
[INFO] [stdout]                                at /rustc/0e09125c6c3c2fd70d7de961bcf0e51575235fad/library/core/src/ops/function.rs:250:5
[INFO] [stdout]   45:     0x561bdc2fc1bf - core::ops::function::FnOnce::call_once::hd64d26f405258157
[INFO] [stdout]                                at /rustc/0e09125c6c3c2fd70d7de961bcf0e51575235fad/library/core/src/ops/function.rs:250:5
[INFO] [stdout]   46:     0x561bdc2fc1bf - test::__rust_begin_short_backtrace::he21b0b7a6d731bf9
[INFO] [stdout]                                at /rustc/0e09125c6c3c2fd70d7de961bcf0e51575235fad/library/test/src/lib.rs:627:18
[INFO] [stdout]   47:     0x561bdc2faf41 - test::run_test_in_process::{{closure}}::hf5c73986d7bdfde2
[INFO] [stdout]                                at /rustc/0e09125c6c3c2fd70d7de961bcf0e51575235fad/library/test/src/lib.rs:650:60
[INFO] [stdout]   48:     0x561bdc2faf41 - <core::panic::unwind_safe::AssertUnwindSafe<F> as core::ops::function::FnOnce<()>>::call_once::h330011ad032aadc0
[INFO] [stdout]                                at /rustc/0e09125c6c3c2fd70d7de961bcf0e51575235fad/library/core/src/panic/unwind_safe.rs:272:9
[INFO] [stdout]   49:     0x561bdc2faf41 - std::panicking::try::do_call::he61b0a958b795a41
[INFO] [stdout]                                at /rustc/0e09125c6c3c2fd70d7de961bcf0e51575235fad/library/std/src/panicking.rs:552:40
[INFO] [stdout]   50:     0x561bdc2faf41 - std::panicking::try::h7309da130f906eb7
[INFO] [stdout]                                at /rustc/0e09125c6c3c2fd70d7de961bcf0e51575235fad/library/std/src/panicking.rs:516:19
[INFO] [stdout]   51:     0x561bdc2faf41 - std::panic::catch_unwind::hc5c3a06fdaf0a92a
[INFO] [stdout]                                at /rustc/0e09125c6c3c2fd70d7de961bcf0e51575235fad/library/std/src/panic.rs:142:14
[INFO] [stdout]   52:     0x561bdc2faf41 - test::run_test_in_process::h7e7b7c71c3324e0f
[INFO] [stdout]                                at /rustc/0e09125c6c3c2fd70d7de961bcf0e51575235fad/library/test/src/lib.rs:650:27
[INFO] [stdout]   53:     0x561bdc2faf41 - test::run_test::{{closure}}::h1f509f28f5cf20b1
[INFO] [stdout]                                at /rustc/0e09125c6c3c2fd70d7de961bcf0e51575235fad/library/test/src/lib.rs:573:43
[INFO] [stdout]   54:     0x561bdc2c2276 - test::run_test::{{closure}}::h1754218abf443f6d
[INFO] [stdout]                                at /rustc/0e09125c6c3c2fd70d7de961bcf0e51575235fad/library/test/src/lib.rs:601:41
[INFO] [stdout]   55:     0x561bdc2c2276 - std::sys_common::backtrace::__rust_begin_short_backtrace::h2ee174b9d5954948
[INFO] [stdout]                                at /rustc/0e09125c6c3c2fd70d7de961bcf0e51575235fad/library/std/src/sys_common/backtrace.rs:155:18
[INFO] [stdout]   56:     0x561bdc2c72d7 - std::thread::Builder::spawn_unchecked_::{{closure}}::{{closure}}::hf60bee9c1a17ef09
[INFO] [stdout]                                at /rustc/0e09125c6c3c2fd70d7de961bcf0e51575235fad/library/std/src/thread/mod.rs:529:17
[INFO] [stdout]   57:     0x561bdc2c72d7 - <core::panic::unwind_safe::AssertUnwindSafe<F> as core::ops::function::FnOnce<()>>::call_once::h33d0dddec5216160
[INFO] [stdout]                                at /rustc/0e09125c6c3c2fd70d7de961bcf0e51575235fad/library/core/src/panic/unwind_safe.rs:272:9
[INFO] [stdout]   58:     0x561bdc2c72d7 - std::panicking::try::do_call::h144b3048b546f835
[INFO] [stdout]                                at /rustc/0e09125c6c3c2fd70d7de961bcf0e51575235fad/library/std/src/panicking.rs:552:40
[INFO] [stdout]   59:     0x561bdc2c72d7 - std::panicking::try::h978244d04646189f
[INFO] [stdout]                                at /rustc/0e09125c6c3c2fd70d7de961bcf0e51575235fad/library/std/src/panicking.rs:516:19
[INFO] [stdout]   60:     0x561bdc2c72d7 - std::panic::catch_unwind::hdf436369d188fe86
[INFO] [stdout]                                at /rustc/0e09125c6c3c2fd70d7de961bcf0e51575235fad/library/std/src/panic.rs:142:14
[INFO] [stdout]   61:     0x561bdc2c72d7 - std::thread::Builder::spawn_unchecked_::{{closure}}::h87329cbdd33c79ec
[INFO] [stdout]                                at /rustc/0e09125c6c3c2fd70d7de961bcf0e51575235fad/library/std/src/thread/mod.rs:528:30
[INFO] [stdout]   62:     0x561bdc2c72d7 - core::ops::function::FnOnce::call_once{{vtable.shim}}::h401abbe67897d450
[INFO] [stdout]                                at /rustc/0e09125c6c3c2fd70d7de961bcf0e51575235fad/library/core/src/ops/function.rs:250:5
[INFO] [stdout]   63:     0x561bdcf5cca5 - <alloc::boxed::Box<F,A> as core::ops::function::FnOnce<Args>>::call_once::h5d7c8f150ab9c84c
[INFO] [stdout]                                at /rustc/0e09125c6c3c2fd70d7de961bcf0e51575235fad/library/alloc/src/boxed.rs:2015:9
[INFO] [stdout]   64:     0x561bdcf5cca5 - <alloc::boxed::Box<F,A> as core::ops::function::FnOnce<Args>>::call_once::h570d5b005c242c15
[INFO] [stdout]                                at /rustc/0e09125c6c3c2fd70d7de961bcf0e51575235fad/library/alloc/src/boxed.rs:2015:9
[INFO] [stdout]   65:     0x561bdcf5cca5 - std::sys::unix::thread::Thread::new::thread_start::h36b0a20c0b2361ad
[INFO] [stdout]                                at /rustc/0e09125c6c3c2fd70d7de961bcf0e51575235fad/library/std/src/sys/unix/thread.rs:108:17
[INFO] [stdout]   66:     0x7ff93614aac3 - <unknown>
[INFO] [stdout]   67:     0x7ff9361dbbf4 - __clone
[INFO] [stdout]   68:                0x0 - <unknown>
[INFO] [stdout] 
[INFO] [stdout] 
[INFO] [stdout] failures:
[INFO] [stdout]     tests::repeat_always_update
[INFO] [stdout] 
[INFO] [stdout] test result: FAILED. 7 passed; 1 failed; 6 ignored; 0 measured; 0 filtered out; finished in 4.01s
[INFO] [stdout] 
[INFO] [stderr] error: test failed, to rerun pass `--bin gandi-live-dns`
[INFO] running `Command { std: "docker" "inspect" "03cf8b2f44cc1cbce97252bc86ef9976b9aee60f0e1fa2fbacead63b4b4cc57f", kill_on_drop: false }`
[INFO] running `Command { std: "docker" "rm" "-f" "03cf8b2f44cc1cbce97252bc86ef9976b9aee60f0e1fa2fbacead63b4b4cc57f", kill_on_drop: false }`
[INFO] [stdout] 03cf8b2f44cc1cbce97252bc86ef9976b9aee60f0e1fa2fbacead63b4b4cc57f
