[INFO] fetching crate gamie 0.8.1...
[INFO] testing gamie-0.8.1 against 1.75.0 for beta-1.76-1
[INFO] extracting crate gamie 0.8.1 into /workspace/builds/worker-5-tc1/source
[INFO] validating manifest of crates.io crate gamie 0.8.1 on toolchain 1.75.0
[INFO] running `Command { std: CARGO_HOME="/workspace/cargo-home" RUSTUP_HOME="/workspace/rustup-home" "/workspace/cargo-home/bin/cargo" "+1.75.0" "metadata" "--manifest-path" "Cargo.toml" "--no-deps", kill_on_drop: false }`
[INFO] started tweaking crates.io crate gamie 0.8.1
[INFO] finished tweaking crates.io crate gamie 0.8.1
[INFO] tweaked toml for crates.io crate gamie 0.8.1 written to /workspace/builds/worker-5-tc1/source/Cargo.toml
[INFO] running `Command { std: CARGO_HOME="/workspace/cargo-home" RUSTUP_HOME="/workspace/rustup-home" "/workspace/cargo-home/bin/cargo" "+1.75.0" "generate-lockfile" "--manifest-path" "Cargo.toml", kill_on_drop: false }`
[INFO] [stderr]     Updating crates.io index
[INFO] running `Command { std: CARGO_HOME="/workspace/cargo-home" RUSTUP_HOME="/workspace/rustup-home" "/workspace/cargo-home/bin/cargo" "+1.75.0" "fetch" "--manifest-path" "Cargo.toml", kill_on_drop: false }`
[INFO] running `Command { std: "docker" "create" "-v" "/var/lib/crater-agent-workspace/builds/worker-5-tc1/target:/opt/rustwide/target:rw,Z" "-v" "/var/lib/crater-agent-workspace/builds/worker-5-tc1/source:/opt/rustwide/workdir:ro,Z" "-v" "/var/lib/crater-agent-workspace/cargo-home:/opt/rustwide/cargo-home:ro,Z" "-v" "/var/lib/crater-agent-workspace/rustup-home:/opt/rustwide/rustup-home:ro,Z" "-e" "SOURCE_DIR=/opt/rustwide/workdir" "-e" "CARGO_TARGET_DIR=/opt/rustwide/target" "-e" "CARGO_HOME=/opt/rustwide/cargo-home" "-e" "RUSTUP_HOME=/opt/rustwide/rustup-home" "-w" "/opt/rustwide/workdir" "-m" "1610612736" "--user" "0:0" "--network" "none" "ghcr.io/rust-lang/crates-build-env/linux@sha256:2788e3201cd34a07e3172128adcd8b3090168a8e3bcc40d7c032b9dda1df7d1c" "/opt/rustwide/cargo-home/bin/cargo" "+1.75.0" "metadata" "--no-deps" "--format-version=1", kill_on_drop: false }`
[INFO] [stdout] f10d8ae4e09c476052dc7f404cf0e19a4561b307bd7c2a617b0060fe717750fc
[INFO] running `Command { std: "docker" "start" "-a" "f10d8ae4e09c476052dc7f404cf0e19a4561b307bd7c2a617b0060fe717750fc", kill_on_drop: false }`
[INFO] running `Command { std: "docker" "inspect" "f10d8ae4e09c476052dc7f404cf0e19a4561b307bd7c2a617b0060fe717750fc", kill_on_drop: false }`
[INFO] running `Command { std: "docker" "rm" "-f" "f10d8ae4e09c476052dc7f404cf0e19a4561b307bd7c2a617b0060fe717750fc", kill_on_drop: false }`
[INFO] [stdout] f10d8ae4e09c476052dc7f404cf0e19a4561b307bd7c2a617b0060fe717750fc
[INFO] running `Command { std: "docker" "create" "-v" "/var/lib/crater-agent-workspace/builds/worker-5-tc1/target:/opt/rustwide/target:rw,Z" "-v" "/var/lib/crater-agent-workspace/builds/worker-5-tc1/source:/opt/rustwide/workdir:ro,Z" "-v" "/var/lib/crater-agent-workspace/cargo-home:/opt/rustwide/cargo-home:ro,Z" "-v" "/var/lib/crater-agent-workspace/rustup-home:/opt/rustwide/rustup-home:ro,Z" "-e" "SOURCE_DIR=/opt/rustwide/workdir" "-e" "CARGO_TARGET_DIR=/opt/rustwide/target" "-e" "CARGO_INCREMENTAL=0" "-e" "RUST_BACKTRACE=full" "-e" "RUSTFLAGS=--cap-lints=warn" "-e" "RUSTDOCFLAGS=--cap-lints=warn" "-e" "CARGO_HOME=/opt/rustwide/cargo-home" "-e" "RUSTUP_HOME=/opt/rustwide/rustup-home" "-w" "/opt/rustwide/workdir" "-m" "1610612736" "--user" "0:0" "--network" "none" "ghcr.io/rust-lang/crates-build-env/linux@sha256:2788e3201cd34a07e3172128adcd8b3090168a8e3bcc40d7c032b9dda1df7d1c" "/opt/rustwide/cargo-home/bin/cargo" "+1.75.0" "build" "--frozen" "--message-format=json", kill_on_drop: false }`
[INFO] [stdout] b5864d99516489b222a3a1f7e5e0aed38818097a9b590a0f86dc93faede942c9
[INFO] running `Command { std: "docker" "start" "-a" "b5864d99516489b222a3a1f7e5e0aed38818097a9b590a0f86dc93faede942c9", kill_on_drop: false }`
[INFO] [stderr]    Compiling doc-comment v0.3.3
[INFO] [stderr]    Compiling heck v0.4.1
[INFO] [stderr]    Compiling snafu-derive v0.7.5
[INFO] [stderr]    Compiling snafu v0.7.5
[INFO] [stderr]    Compiling gamie v0.8.1 (/opt/rustwide/workdir)
[INFO] [stderr]     Finished dev [unoptimized + debuginfo] target(s) in 1.52s
[INFO] running `Command { std: "docker" "inspect" "b5864d99516489b222a3a1f7e5e0aed38818097a9b590a0f86dc93faede942c9", kill_on_drop: false }`
[INFO] running `Command { std: "docker" "rm" "-f" "b5864d99516489b222a3a1f7e5e0aed38818097a9b590a0f86dc93faede942c9", kill_on_drop: false }`
[INFO] [stdout] b5864d99516489b222a3a1f7e5e0aed38818097a9b590a0f86dc93faede942c9
[INFO] running `Command { std: "docker" "create" "-v" "/var/lib/crater-agent-workspace/builds/worker-5-tc1/target:/opt/rustwide/target:rw,Z" "-v" "/var/lib/crater-agent-workspace/builds/worker-5-tc1/source:/opt/rustwide/workdir:ro,Z" "-v" "/var/lib/crater-agent-workspace/cargo-home:/opt/rustwide/cargo-home:ro,Z" "-v" "/var/lib/crater-agent-workspace/rustup-home:/opt/rustwide/rustup-home:ro,Z" "-e" "SOURCE_DIR=/opt/rustwide/workdir" "-e" "CARGO_TARGET_DIR=/opt/rustwide/target" "-e" "CARGO_INCREMENTAL=0" "-e" "RUST_BACKTRACE=full" "-e" "RUSTFLAGS=--cap-lints=warn" "-e" "RUSTDOCFLAGS=--cap-lints=warn" "-e" "CARGO_HOME=/opt/rustwide/cargo-home" "-e" "RUSTUP_HOME=/opt/rustwide/rustup-home" "-w" "/opt/rustwide/workdir" "-m" "1610612736" "--user" "0:0" "--network" "none" "ghcr.io/rust-lang/crates-build-env/linux@sha256:2788e3201cd34a07e3172128adcd8b3090168a8e3bcc40d7c032b9dda1df7d1c" "/opt/rustwide/cargo-home/bin/cargo" "+1.75.0" "test" "--frozen" "--no-run" "--message-format=json", kill_on_drop: false }`
[INFO] [stdout] 8a0c04e000a179fc5f5fe68b815651526de443af65c631c19f0b5de9e438be98
[INFO] running `Command { std: "docker" "start" "-a" "8a0c04e000a179fc5f5fe68b815651526de443af65c631c19f0b5de9e438be98", kill_on_drop: false }`
[INFO] [stderr]    Compiling libc v0.2.151
[INFO] [stderr]    Compiling getrandom v0.2.11
[INFO] [stderr]    Compiling rand_core v0.6.4
[INFO] [stderr]    Compiling rand_chacha v0.3.1
[INFO] [stderr]    Compiling rand v0.8.5
[INFO] [stderr]    Compiling gamie v0.8.1 (/opt/rustwide/workdir)
[INFO] [stderr]     Finished test [unoptimized + debuginfo] target(s) in 1.54s
[INFO] running `Command { std: "docker" "inspect" "8a0c04e000a179fc5f5fe68b815651526de443af65c631c19f0b5de9e438be98", kill_on_drop: false }`
[INFO] running `Command { std: "docker" "rm" "-f" "8a0c04e000a179fc5f5fe68b815651526de443af65c631c19f0b5de9e438be98", kill_on_drop: false }`
[INFO] [stdout] 8a0c04e000a179fc5f5fe68b815651526de443af65c631c19f0b5de9e438be98
[INFO] running `Command { std: "docker" "create" "-v" "/var/lib/crater-agent-workspace/builds/worker-5-tc1/target:/opt/rustwide/target:rw,Z" "-v" "/var/lib/crater-agent-workspace/builds/worker-5-tc1/source:/opt/rustwide/workdir:ro,Z" "-v" "/var/lib/crater-agent-workspace/cargo-home:/opt/rustwide/cargo-home:ro,Z" "-v" "/var/lib/crater-agent-workspace/rustup-home:/opt/rustwide/rustup-home:ro,Z" "-e" "SOURCE_DIR=/opt/rustwide/workdir" "-e" "CARGO_TARGET_DIR=/opt/rustwide/target" "-e" "CARGO_INCREMENTAL=0" "-e" "RUST_BACKTRACE=full" "-e" "RUSTFLAGS=--cap-lints=warn" "-e" "RUSTDOCFLAGS=--cap-lints=warn" "-e" "CARGO_HOME=/opt/rustwide/cargo-home" "-e" "RUSTUP_HOME=/opt/rustwide/rustup-home" "-w" "/opt/rustwide/workdir" "-m" "1610612736" "--user" "0:0" "--network" "none" "ghcr.io/rust-lang/crates-build-env/linux@sha256:2788e3201cd34a07e3172128adcd8b3090168a8e3bcc40d7c032b9dda1df7d1c" "/opt/rustwide/cargo-home/bin/cargo" "+1.75.0" "test" "--frozen", kill_on_drop: false }`
[INFO] [stdout] c2b984e1b0a756e30ab884284ea3dbc61c626686f53d9efba2ff5a17cacc5e14
[INFO] running `Command { std: "docker" "start" "-a" "c2b984e1b0a756e30ab884284ea3dbc61c626686f53d9efba2ff5a17cacc5e14", kill_on_drop: false }`
[INFO] [stderr]     Finished test [unoptimized + debuginfo] target(s) in 0.01s
[INFO] [stderr]      Running unittests src/lib.rs (/opt/rustwide/target/debug/deps/gamie-ff6288c78233a1b4)
[INFO] [stdout] 
[INFO] [stdout] running 0 tests
[INFO] [stdout] 
[INFO] [stdout] test result: ok. 0 passed; 0 failed; 0 ignored; 0 measured; 0 filtered out; finished in 0.00s
[INFO] [stdout] 
[INFO] [stderr]    Doc-tests gamie
[INFO] [stdout] 
[INFO] [stdout] running 1 test
[INFO] [stdout] test src/lib.rs - (line 22) ... FAILED
[INFO] [stdout] 
[INFO] [stdout] failures:
[INFO] [stdout] 
[INFO] [stdout] ---- src/lib.rs - (line 22) stdout ----
[INFO] [stdout] error[E0432]: unresolved import `gamie::tictactoe`
[INFO] [stdout]  --> src/lib.rs:24:12
[INFO] [stdout]   |
[INFO] [stdout] 5 | use gamie::tictactoe::{TicTacToe, Player as TicTacToePlayer, Status as TicTacToeGameStatus};
[INFO] [stdout]   |            ^^^^^^^^^ could not find `tictactoe` in `gamie`
[INFO] [stdout] 
[INFO] [stdout] error: aborting due to previous error
[INFO] [stdout] 
[INFO] [stdout] For more information about this error, try `rustc --explain E0432`.
[INFO] [stdout] Couldn't compile the test.
[INFO] [stdout] 
[INFO] [stdout] failures:
[INFO] [stdout]     src/lib.rs - (line 22)
[INFO] [stdout] 
[INFO] [stdout] test result: FAILED. 0 passed; 1 failed; 0 ignored; 0 measured; 0 filtered out; finished in 0.04s
[INFO] [stdout] 
[INFO] [stderr] error: doctest failed, to rerun pass `--doc`
[INFO] running `Command { std: "docker" "inspect" "c2b984e1b0a756e30ab884284ea3dbc61c626686f53d9efba2ff5a17cacc5e14", kill_on_drop: false }`
[INFO] running `Command { std: "docker" "rm" "-f" "c2b984e1b0a756e30ab884284ea3dbc61c626686f53d9efba2ff5a17cacc5e14", kill_on_drop: false }`
[INFO] [stdout] c2b984e1b0a756e30ab884284ea3dbc61c626686f53d9efba2ff5a17cacc5e14
[INFO] testing gamie-0.8.1 against beta-2023-12-22 for beta-1.76-1
[INFO] extracting crate gamie 0.8.1 into /workspace/builds/worker-5-tc2/source
[INFO] validating manifest of crates.io crate gamie 0.8.1 on toolchain beta-2023-12-22
[INFO] running `Command { std: CARGO_HOME="/workspace/cargo-home" RUSTUP_HOME="/workspace/rustup-home" "/workspace/cargo-home/bin/cargo" "+beta-2023-12-22" "metadata" "--manifest-path" "Cargo.toml" "--no-deps", kill_on_drop: false }`
[INFO] started tweaking crates.io crate gamie 0.8.1
[INFO] finished tweaking crates.io crate gamie 0.8.1
[INFO] tweaked toml for crates.io crate gamie 0.8.1 written to /workspace/builds/worker-5-tc2/source/Cargo.toml
[INFO] running `Command { std: CARGO_HOME="/workspace/cargo-home" RUSTUP_HOME="/workspace/rustup-home" "/workspace/cargo-home/bin/cargo" "+beta-2023-12-22" "generate-lockfile" "--manifest-path" "Cargo.toml", kill_on_drop: false }`
[INFO] [stderr]     Updating crates.io index
[INFO] running `Command { std: CARGO_HOME="/workspace/cargo-home" RUSTUP_HOME="/workspace/rustup-home" "/workspace/cargo-home/bin/cargo" "+beta-2023-12-22" "fetch" "--manifest-path" "Cargo.toml", kill_on_drop: false }`
[INFO] running `Command { std: "docker" "create" "-v" "/var/lib/crater-agent-workspace/builds/worker-5-tc2/target:/opt/rustwide/target:rw,Z" "-v" "/var/lib/crater-agent-workspace/builds/worker-5-tc2/source:/opt/rustwide/workdir:ro,Z" "-v" "/var/lib/crater-agent-workspace/cargo-home:/opt/rustwide/cargo-home:ro,Z" "-v" "/var/lib/crater-agent-workspace/rustup-home:/opt/rustwide/rustup-home:ro,Z" "-e" "SOURCE_DIR=/opt/rustwide/workdir" "-e" "CARGO_TARGET_DIR=/opt/rustwide/target" "-e" "CARGO_HOME=/opt/rustwide/cargo-home" "-e" "RUSTUP_HOME=/opt/rustwide/rustup-home" "-w" "/opt/rustwide/workdir" "-m" "1610612736" "--user" "0:0" "--network" "none" "ghcr.io/rust-lang/crates-build-env/linux@sha256:2788e3201cd34a07e3172128adcd8b3090168a8e3bcc40d7c032b9dda1df7d1c" "/opt/rustwide/cargo-home/bin/cargo" "+beta-2023-12-22" "metadata" "--no-deps" "--format-version=1", kill_on_drop: false }`
[INFO] [stdout] 0d6616a15f6b3dec7c5936c59faa2aaf0aaf46873cf775548bfd0ac23fd112ba
[INFO] running `Command { std: "docker" "start" "-a" "0d6616a15f6b3dec7c5936c59faa2aaf0aaf46873cf775548bfd0ac23fd112ba", kill_on_drop: false }`
[INFO] running `Command { std: "docker" "inspect" "0d6616a15f6b3dec7c5936c59faa2aaf0aaf46873cf775548bfd0ac23fd112ba", kill_on_drop: false }`
[INFO] running `Command { std: "docker" "rm" "-f" "0d6616a15f6b3dec7c5936c59faa2aaf0aaf46873cf775548bfd0ac23fd112ba", kill_on_drop: false }`
[INFO] [stdout] 0d6616a15f6b3dec7c5936c59faa2aaf0aaf46873cf775548bfd0ac23fd112ba
[INFO] running `Command { std: "docker" "create" "-v" "/var/lib/crater-agent-workspace/builds/worker-5-tc2/target:/opt/rustwide/target:rw,Z" "-v" "/var/lib/crater-agent-workspace/builds/worker-5-tc2/source:/opt/rustwide/workdir:ro,Z" "-v" "/var/lib/crater-agent-workspace/cargo-home:/opt/rustwide/cargo-home:ro,Z" "-v" "/var/lib/crater-agent-workspace/rustup-home:/opt/rustwide/rustup-home:ro,Z" "-e" "SOURCE_DIR=/opt/rustwide/workdir" "-e" "CARGO_TARGET_DIR=/opt/rustwide/target" "-e" "CARGO_INCREMENTAL=0" "-e" "RUST_BACKTRACE=full" "-e" "RUSTFLAGS=--cap-lints=warn" "-e" "RUSTDOCFLAGS=--cap-lints=warn" "-e" "CARGO_HOME=/opt/rustwide/cargo-home" "-e" "RUSTUP_HOME=/opt/rustwide/rustup-home" "-w" "/opt/rustwide/workdir" "-m" "1610612736" "--user" "0:0" "--network" "none" "ghcr.io/rust-lang/crates-build-env/linux@sha256:2788e3201cd34a07e3172128adcd8b3090168a8e3bcc40d7c032b9dda1df7d1c" "/opt/rustwide/cargo-home/bin/cargo" "+beta-2023-12-22" "build" "--frozen" "--message-format=json", kill_on_drop: false }`
[INFO] [stdout] 40bed691312b2b0e99ffe1a5f05fc299e527c1f43794adabc8fd8d50dc0bc570
[INFO] running `Command { std: "docker" "start" "-a" "40bed691312b2b0e99ffe1a5f05fc299e527c1f43794adabc8fd8d50dc0bc570", kill_on_drop: false }`
[INFO] [stderr]    Compiling doc-comment v0.3.3
[INFO] [stderr]    Compiling heck v0.4.1
[INFO] [stderr]    Compiling snafu-derive v0.7.5
[INFO] [stderr]    Compiling snafu v0.7.5
[INFO] [stderr]    Compiling gamie v0.8.1 (/opt/rustwide/workdir)
[INFO] [stderr]     Finished dev [unoptimized + debuginfo] target(s) in 1.40s
[INFO] running `Command { std: "docker" "inspect" "40bed691312b2b0e99ffe1a5f05fc299e527c1f43794adabc8fd8d50dc0bc570", kill_on_drop: false }`
[INFO] running `Command { std: "docker" "rm" "-f" "40bed691312b2b0e99ffe1a5f05fc299e527c1f43794adabc8fd8d50dc0bc570", kill_on_drop: false }`
[INFO] [stdout] 40bed691312b2b0e99ffe1a5f05fc299e527c1f43794adabc8fd8d50dc0bc570
[INFO] running `Command { std: "docker" "create" "-v" "/var/lib/crater-agent-workspace/builds/worker-5-tc2/target:/opt/rustwide/target:rw,Z" "-v" "/var/lib/crater-agent-workspace/builds/worker-5-tc2/source:/opt/rustwide/workdir:ro,Z" "-v" "/var/lib/crater-agent-workspace/cargo-home:/opt/rustwide/cargo-home:ro,Z" "-v" "/var/lib/crater-agent-workspace/rustup-home:/opt/rustwide/rustup-home:ro,Z" "-e" "SOURCE_DIR=/opt/rustwide/workdir" "-e" "CARGO_TARGET_DIR=/opt/rustwide/target" "-e" "CARGO_INCREMENTAL=0" "-e" "RUST_BACKTRACE=full" "-e" "RUSTFLAGS=--cap-lints=warn" "-e" "RUSTDOCFLAGS=--cap-lints=warn" "-e" "CARGO_HOME=/opt/rustwide/cargo-home" "-e" "RUSTUP_HOME=/opt/rustwide/rustup-home" "-w" "/opt/rustwide/workdir" "-m" "1610612736" "--user" "0:0" "--network" "none" "ghcr.io/rust-lang/crates-build-env/linux@sha256:2788e3201cd34a07e3172128adcd8b3090168a8e3bcc40d7c032b9dda1df7d1c" "/opt/rustwide/cargo-home/bin/cargo" "+beta-2023-12-22" "test" "--frozen" "--no-run" "--message-format=json", kill_on_drop: false }`
[INFO] [stdout] a6b5fbfa6e6590f0a950deca22ac9d285040a2fb093d5f54ac54318a087b2aa7
[INFO] running `Command { std: "docker" "start" "-a" "a6b5fbfa6e6590f0a950deca22ac9d285040a2fb093d5f54ac54318a087b2aa7", kill_on_drop: false }`
[INFO] [stderr]    Compiling libc v0.2.151
[INFO] [stderr]    Compiling getrandom v0.2.11
[INFO] [stderr]    Compiling rand_core v0.6.4
[INFO] [stderr]    Compiling rand_chacha v0.3.1
[INFO] [stderr]    Compiling rand v0.8.5
[INFO] [stderr]    Compiling gamie v0.8.1 (/opt/rustwide/workdir)
[INFO] [stderr]     Finished test [unoptimized + debuginfo] target(s) in 1.51s
[INFO] running `Command { std: "docker" "inspect" "a6b5fbfa6e6590f0a950deca22ac9d285040a2fb093d5f54ac54318a087b2aa7", kill_on_drop: false }`
[INFO] running `Command { std: "docker" "rm" "-f" "a6b5fbfa6e6590f0a950deca22ac9d285040a2fb093d5f54ac54318a087b2aa7", kill_on_drop: false }`
[INFO] [stdout] a6b5fbfa6e6590f0a950deca22ac9d285040a2fb093d5f54ac54318a087b2aa7
[INFO] running `Command { std: "docker" "create" "-v" "/var/lib/crater-agent-workspace/builds/worker-5-tc2/target:/opt/rustwide/target:rw,Z" "-v" "/var/lib/crater-agent-workspace/builds/worker-5-tc2/source:/opt/rustwide/workdir:ro,Z" "-v" "/var/lib/crater-agent-workspace/cargo-home:/opt/rustwide/cargo-home:ro,Z" "-v" "/var/lib/crater-agent-workspace/rustup-home:/opt/rustwide/rustup-home:ro,Z" "-e" "SOURCE_DIR=/opt/rustwide/workdir" "-e" "CARGO_TARGET_DIR=/opt/rustwide/target" "-e" "CARGO_INCREMENTAL=0" "-e" "RUST_BACKTRACE=full" "-e" "RUSTFLAGS=--cap-lints=warn" "-e" "RUSTDOCFLAGS=--cap-lints=warn" "-e" "CARGO_HOME=/opt/rustwide/cargo-home" "-e" "RUSTUP_HOME=/opt/rustwide/rustup-home" "-w" "/opt/rustwide/workdir" "-m" "1610612736" "--user" "0:0" "--network" "none" "ghcr.io/rust-lang/crates-build-env/linux@sha256:2788e3201cd34a07e3172128adcd8b3090168a8e3bcc40d7c032b9dda1df7d1c" "/opt/rustwide/cargo-home/bin/cargo" "+beta-2023-12-22" "test" "--frozen", kill_on_drop: false }`
[INFO] [stdout] c2bb70ba26c0c2afdc6941c0f3e802b0d425c69dc119cad9584399fcea7f6cfd
[INFO] running `Command { std: "docker" "start" "-a" "c2bb70ba26c0c2afdc6941c0f3e802b0d425c69dc119cad9584399fcea7f6cfd", kill_on_drop: false }`
[INFO] [stderr]     Finished test [unoptimized + debuginfo] target(s) in 0.01s
[INFO] [stderr]      Running unittests src/lib.rs (/opt/rustwide/target/debug/deps/gamie-da6e8fcb3d4b4e05)
[INFO] [stdout] 
[INFO] [stdout] running 0 tests
[INFO] [stdout] 
[INFO] [stdout] test result: ok. 0 passed; 0 failed; 0 ignored; 0 measured; 0 filtered out; finished in 0.00s
[INFO] [stdout] 
[INFO] [stderr]    Doc-tests gamie
[INFO] [stdout] 
[INFO] [stdout] running 1 test
[INFO] [stdout] test src/lib.rs - (line 22) ... FAILED
[INFO] [stdout] 
[INFO] [stdout] failures:
[INFO] [stdout] 
[INFO] [stdout] ---- src/lib.rs - (line 22) stdout ----
[INFO] [stdout] error[E0432]: unresolved import `gamie::tictactoe`
[INFO] [stdout]  --> src/lib.rs:24:12
[INFO] [stdout]   |
[INFO] [stdout] 5 | use gamie::tictactoe::{TicTacToe, Player as TicTacToePlayer, Status as TicTacToeGameStatus};
[INFO] [stdout]   |            ^^^^^^^^^ could not find `tictactoe` in `gamie`
[INFO] [stdout] 
[INFO] [stdout] error: aborting due to 1 previous error
[INFO] [stdout] 
[INFO] [stdout] For more information about this error, try `rustc --explain E0432`.
[INFO] [stdout] Couldn't compile the test.
[INFO] [stdout] 
[INFO] [stdout] failures:
[INFO] [stdout]     src/lib.rs - (line 22)
[INFO] [stdout] 
[INFO] [stdout] test result: FAILED. 0 passed; 1 failed; 0 ignored; 0 measured; 0 filtered out; finished in 0.04s
[INFO] [stdout] 
[INFO] [stderr] error: doctest failed, to rerun pass `--doc`
[INFO] running `Command { std: "docker" "inspect" "c2bb70ba26c0c2afdc6941c0f3e802b0d425c69dc119cad9584399fcea7f6cfd", kill_on_drop: false }`
[INFO] running `Command { std: "docker" "rm" "-f" "c2bb70ba26c0c2afdc6941c0f3e802b0d425c69dc119cad9584399fcea7f6cfd", kill_on_drop: false }`
[INFO] [stdout] c2bb70ba26c0c2afdc6941c0f3e802b0d425c69dc119cad9584399fcea7f6cfd
