[INFO] fetching crate gamedig 0.4.1...
[INFO] testing gamedig-0.4.1 against 1.75.0 for beta-1.76-1
[INFO] extracting crate gamedig 0.4.1 into /workspace/builds/worker-4-tc1/source
[INFO] validating manifest of crates.io crate gamedig 0.4.1 on toolchain 1.75.0
[INFO] running `Command { std: CARGO_HOME="/workspace/cargo-home" RUSTUP_HOME="/workspace/rustup-home" "/workspace/cargo-home/bin/cargo" "+1.75.0" "metadata" "--manifest-path" "Cargo.toml" "--no-deps", kill_on_drop: false }`
[INFO] started tweaking crates.io crate gamedig 0.4.1
[INFO] finished tweaking crates.io crate gamedig 0.4.1
[INFO] tweaked toml for crates.io crate gamedig 0.4.1 written to /workspace/builds/worker-4-tc1/source/Cargo.toml
[INFO] crate crates.io crate gamedig 0.4.1 already has a lockfile, it will not be regenerated
[INFO] running `Command { std: CARGO_HOME="/workspace/cargo-home" RUSTUP_HOME="/workspace/rustup-home" "/workspace/cargo-home/bin/cargo" "+1.75.0" "fetch" "--manifest-path" "Cargo.toml", kill_on_drop: false }`
[INFO] [stderr]     Updating crates.io index
[INFO] [stderr]  Downloading crates ...
[INFO] [stderr]   Downloaded serde_json v1.0.100
[INFO] [stderr]   Downloaded bzip2-rs v0.1.2
[INFO] [stderr]   Downloaded proc-macro2 v1.0.64
[INFO] running `Command { std: "docker" "create" "-v" "/var/lib/crater-agent-workspace/builds/worker-4-tc1/target:/opt/rustwide/target:rw,Z" "-v" "/var/lib/crater-agent-workspace/builds/worker-4-tc1/source:/opt/rustwide/workdir:ro,Z" "-v" "/var/lib/crater-agent-workspace/cargo-home:/opt/rustwide/cargo-home:ro,Z" "-v" "/var/lib/crater-agent-workspace/rustup-home:/opt/rustwide/rustup-home:ro,Z" "-e" "SOURCE_DIR=/opt/rustwide/workdir" "-e" "CARGO_TARGET_DIR=/opt/rustwide/target" "-e" "CARGO_HOME=/opt/rustwide/cargo-home" "-e" "RUSTUP_HOME=/opt/rustwide/rustup-home" "-w" "/opt/rustwide/workdir" "-m" "1610612736" "--user" "0:0" "--network" "none" "ghcr.io/rust-lang/crates-build-env/linux@sha256:2788e3201cd34a07e3172128adcd8b3090168a8e3bcc40d7c032b9dda1df7d1c" "/opt/rustwide/cargo-home/bin/cargo" "+1.75.0" "metadata" "--no-deps" "--format-version=1", kill_on_drop: false }`
[INFO] [stdout] 9bc126e4ce007f8a856f3bc747b16a09a9557da7beeb63a26024d7fdb825b470
[INFO] running `Command { std: "docker" "start" "-a" "9bc126e4ce007f8a856f3bc747b16a09a9557da7beeb63a26024d7fdb825b470", kill_on_drop: false }`
[INFO] running `Command { std: "docker" "inspect" "9bc126e4ce007f8a856f3bc747b16a09a9557da7beeb63a26024d7fdb825b470", kill_on_drop: false }`
[INFO] running `Command { std: "docker" "rm" "-f" "9bc126e4ce007f8a856f3bc747b16a09a9557da7beeb63a26024d7fdb825b470", kill_on_drop: false }`
[INFO] [stdout] 9bc126e4ce007f8a856f3bc747b16a09a9557da7beeb63a26024d7fdb825b470
[INFO] running `Command { std: "docker" "create" "-v" "/var/lib/crater-agent-workspace/builds/worker-4-tc1/target:/opt/rustwide/target:rw,Z" "-v" "/var/lib/crater-agent-workspace/builds/worker-4-tc1/source:/opt/rustwide/workdir:ro,Z" "-v" "/var/lib/crater-agent-workspace/cargo-home:/opt/rustwide/cargo-home:ro,Z" "-v" "/var/lib/crater-agent-workspace/rustup-home:/opt/rustwide/rustup-home:ro,Z" "-e" "SOURCE_DIR=/opt/rustwide/workdir" "-e" "CARGO_TARGET_DIR=/opt/rustwide/target" "-e" "CARGO_INCREMENTAL=0" "-e" "RUST_BACKTRACE=full" "-e" "RUSTFLAGS=--cap-lints=warn" "-e" "RUSTDOCFLAGS=--cap-lints=warn" "-e" "CARGO_HOME=/opt/rustwide/cargo-home" "-e" "RUSTUP_HOME=/opt/rustwide/rustup-home" "-w" "/opt/rustwide/workdir" "-m" "1610612736" "--user" "0:0" "--network" "none" "ghcr.io/rust-lang/crates-build-env/linux@sha256:2788e3201cd34a07e3172128adcd8b3090168a8e3bcc40d7c032b9dda1df7d1c" "/opt/rustwide/cargo-home/bin/cargo" "+1.75.0" "build" "--frozen" "--message-format=json", kill_on_drop: false }`
[INFO] [stdout] 4e42b226b1139a6358e692540414f684093ac3c8bdc318d98557eda557a23bc0
[INFO] running `Command { std: "docker" "start" "-a" "4e42b226b1139a6358e692540414f684093ac3c8bdc318d98557eda557a23bc0", kill_on_drop: false }`
[INFO] [stderr]    Compiling proc-macro2 v1.0.64
[INFO] [stderr]    Compiling quote v1.0.28
[INFO] [stderr]    Compiling unicode-ident v1.0.9
[INFO] [stderr]    Compiling siphasher v0.3.10
[INFO] [stderr]    Compiling rand_core v0.6.4
[INFO] [stderr]    Compiling serde v1.0.171
[INFO] [stderr]    Compiling crc32fast v1.3.2
[INFO] [stderr]    Compiling serde_json v1.0.100
[INFO] [stderr]    Compiling itoa v1.0.6
[INFO] [stderr]    Compiling rand v0.8.5
[INFO] [stderr]    Compiling phf_shared v0.11.1
[INFO] [stderr]    Compiling ryu v1.0.13
[INFO] [stderr]    Compiling tinyvec v1.6.0
[INFO] [stderr]    Compiling byteorder v1.5.0
[INFO] [stderr]    Compiling phf_generator v0.11.1
[INFO] [stderr]    Compiling syn v1.0.109
[INFO] [stderr]    Compiling bzip2-rs v0.1.2
[INFO] [stderr]    Compiling phf_macros v0.11.1
[INFO] [stderr]    Compiling phf v0.11.1
[INFO] [stderr]    Compiling gamedig v0.4.1 (/opt/rustwide/workdir)
[INFO] [stdout] warning: unused import: `protocol::*`
[INFO] [stdout]  --> src/protocols/minecraft/mod.rs:7:9
[INFO] [stdout]   |
[INFO] [stdout] 7 | pub use protocol::*;
[INFO] [stdout]   |         ^^^^^^^^^^^
[INFO] [stdout]   |
[INFO] [stdout]   = note: `#[warn(unused_imports)]` on by default
[INFO] [stdout] 
[INFO] [stdout] 
[INFO] [stdout] warning: 1 warning emitted
[INFO] [stdout] 
[INFO] [stdout] 
[INFO] [stderr]     Finished dev [unoptimized + debuginfo] target(s) in 11.40s
[INFO] running `Command { std: "docker" "inspect" "4e42b226b1139a6358e692540414f684093ac3c8bdc318d98557eda557a23bc0", kill_on_drop: false }`
[INFO] running `Command { std: "docker" "rm" "-f" "4e42b226b1139a6358e692540414f684093ac3c8bdc318d98557eda557a23bc0", kill_on_drop: false }`
[INFO] [stdout] 4e42b226b1139a6358e692540414f684093ac3c8bdc318d98557eda557a23bc0
[INFO] running `Command { std: "docker" "create" "-v" "/var/lib/crater-agent-workspace/builds/worker-4-tc1/target:/opt/rustwide/target:rw,Z" "-v" "/var/lib/crater-agent-workspace/builds/worker-4-tc1/source:/opt/rustwide/workdir:ro,Z" "-v" "/var/lib/crater-agent-workspace/cargo-home:/opt/rustwide/cargo-home:ro,Z" "-v" "/var/lib/crater-agent-workspace/rustup-home:/opt/rustwide/rustup-home:ro,Z" "-e" "SOURCE_DIR=/opt/rustwide/workdir" "-e" "CARGO_TARGET_DIR=/opt/rustwide/target" "-e" "CARGO_INCREMENTAL=0" "-e" "RUST_BACKTRACE=full" "-e" "RUSTFLAGS=--cap-lints=warn" "-e" "RUSTDOCFLAGS=--cap-lints=warn" "-e" "CARGO_HOME=/opt/rustwide/cargo-home" "-e" "RUSTUP_HOME=/opt/rustwide/rustup-home" "-w" "/opt/rustwide/workdir" "-m" "1610612736" "--user" "0:0" "--network" "none" "ghcr.io/rust-lang/crates-build-env/linux@sha256:2788e3201cd34a07e3172128adcd8b3090168a8e3bcc40d7c032b9dda1df7d1c" "/opt/rustwide/cargo-home/bin/cargo" "+1.75.0" "test" "--frozen" "--no-run" "--message-format=json", kill_on_drop: false }`
[INFO] [stdout] b976bf9914aa5573b286c960d0b63caf67efbf85f6c5b0d4409e8a2327ed3221
[INFO] running `Command { std: "docker" "start" "-a" "b976bf9914aa5573b286c960d0b63caf67efbf85f6c5b0d4409e8a2327ed3221", kill_on_drop: false }`
[INFO] [stderr]    Compiling gamedig v0.4.1 (/opt/rustwide/workdir)
[INFO] [stdout] warning: unused import: `protocol::*`
[INFO] [stdout]  --> src/protocols/minecraft/mod.rs:7:9
[INFO] [stdout]   |
[INFO] [stdout] 7 | pub use protocol::*;
[INFO] [stdout]   |         ^^^^^^^^^^^
[INFO] [stdout]   |
[INFO] [stdout]   = note: `#[warn(unused_imports)]` on by default
[INFO] [stdout] 
[INFO] [stdout] 
[INFO] [stdout] warning: 1 warning emitted
[INFO] [stdout] 
[INFO] [stdout] 
[INFO] [stdout] warning: unused import: `protocol::*`
[INFO] [stdout]  --> src/protocols/minecraft/mod.rs:7:9
[INFO] [stdout]   |
[INFO] [stdout] 7 | pub use protocol::*;
[INFO] [stdout]   |         ^^^^^^^^^^^
[INFO] [stdout]   |
[INFO] [stdout]   = note: `#[warn(unused_imports)]` on by default
[INFO] [stdout] 
[INFO] [stdout] 
[INFO] [stdout] warning: 1 warning emitted
[INFO] [stdout] 
[INFO] [stdout] 
[INFO] [stderr]     Finished test [unoptimized + debuginfo] target(s) in 2.33s
[INFO] running `Command { std: "docker" "inspect" "b976bf9914aa5573b286c960d0b63caf67efbf85f6c5b0d4409e8a2327ed3221", kill_on_drop: false }`
[INFO] running `Command { std: "docker" "rm" "-f" "b976bf9914aa5573b286c960d0b63caf67efbf85f6c5b0d4409e8a2327ed3221", kill_on_drop: false }`
[INFO] [stdout] b976bf9914aa5573b286c960d0b63caf67efbf85f6c5b0d4409e8a2327ed3221
[INFO] running `Command { std: "docker" "create" "-v" "/var/lib/crater-agent-workspace/builds/worker-4-tc1/target:/opt/rustwide/target:rw,Z" "-v" "/var/lib/crater-agent-workspace/builds/worker-4-tc1/source:/opt/rustwide/workdir:ro,Z" "-v" "/var/lib/crater-agent-workspace/cargo-home:/opt/rustwide/cargo-home:ro,Z" "-v" "/var/lib/crater-agent-workspace/rustup-home:/opt/rustwide/rustup-home:ro,Z" "-e" "SOURCE_DIR=/opt/rustwide/workdir" "-e" "CARGO_TARGET_DIR=/opt/rustwide/target" "-e" "CARGO_INCREMENTAL=0" "-e" "RUST_BACKTRACE=full" "-e" "RUSTFLAGS=--cap-lints=warn" "-e" "RUSTDOCFLAGS=--cap-lints=warn" "-e" "CARGO_HOME=/opt/rustwide/cargo-home" "-e" "RUSTUP_HOME=/opt/rustwide/rustup-home" "-w" "/opt/rustwide/workdir" "-m" "1610612736" "--user" "0:0" "--network" "none" "ghcr.io/rust-lang/crates-build-env/linux@sha256:2788e3201cd34a07e3172128adcd8b3090168a8e3bcc40d7c032b9dda1df7d1c" "/opt/rustwide/cargo-home/bin/cargo" "+1.75.0" "test" "--frozen", kill_on_drop: false }`
[INFO] [stdout] cb339c55e25f70ada4438dda6181da5178eec83966c7d0baab3ee6753a951054
[INFO] running `Command { std: "docker" "start" "-a" "cb339c55e25f70ada4438dda6181da5178eec83966c7d0baab3ee6753a951054", kill_on_drop: false }`
[INFO] [stderr] warning: unused import: `protocol::*`
[INFO] [stderr]  --> src/protocols/minecraft/mod.rs:7:9
[INFO] [stderr]   |
[INFO] [stderr] 7 | pub use protocol::*;
[INFO] [stderr]   |         ^^^^^^^^^^^
[INFO] [stderr]   |
[INFO] [stderr]   = note: `#[warn(unused_imports)]` on by default
[INFO] [stderr] 
[INFO] [stderr] warning: `gamedig` (lib) generated 1 warning (run `cargo fix --lib -p gamedig` to apply 1 suggestion)
[INFO] [stderr] warning: `gamedig` (lib test) generated 1 warning (1 duplicate)
[INFO] [stderr]     Finished test [unoptimized + debuginfo] target(s) in 0.02s
[INFO] [stderr]      Running unittests src/lib.rs (/opt/rustwide/target/debug/deps/gamedig-1e397c3028bef8b7)
[INFO] [stdout] 
[INFO] [stdout] running 33 tests
[INFO] [stdout] test buffer::tests::test_buffer_read_u16 ... ok
[INFO] [stdout] test buffer::tests::test_buffer_read_u8 ... ok
[INFO] [stdout] test buffer::tests::test_new_buffer ... ok
[INFO] [stdout] test buffer::tests::test_decode_string_utf8 ... ok
[INFO] [stdout] test buffer::tests::test_remaining_length ... ok
[INFO] [stdout] test buffer::tests::test_decode_string_utf16_le ... ok
[INFO] [stdout] test buffer::tests::test_decode_string_utf16_be ... ok
[INFO] [stdout] test buffer::tests::test_move_cursor ... ok
[INFO] [stdout] test buffer::tests::test_buffer_read_u16_big_endian ... ok
[INFO] [stdout] test buffer::tests::test_buffer_underflow_error ... ok
[INFO] [stdout] test buffer::tests::test_switch_endian_chunk_be_le ... ok
[INFO] [stdout] test buffer::tests::test_switch_endian_chunk_le_be ... ok
[INFO] [stdout] test errors::error::tests::test_create_new ... ok
[INFO] [stdout] test errors::kind::tests::test_cloning ... ok
[INFO] [stdout] test errors::result::tests::test_gdresult_ok ... ok
[INFO] [stdout] test protocols::types::tests::test_extra_request_settings ... ok
[INFO] [stdout] test protocols::types::tests::test_new_with_valid_durations ... ok
[INFO] [stdout] test protocols::types::tests::test_default_values ... ok
[INFO] [stdout] test socket::tests::test_udp_socket_send_and_receive ... ok
[INFO] [stdout] test socket::tests::test_tcp_socket_send_and_receive ... ok
[INFO] [stdout] test errors::kind::tests::test_display ... FAILED
[INFO] [stdout] test utils::tests::retry_success_on_first ... ok
[INFO] [stdout] test errors::error::tests::test_create_into ... ok
[INFO] [stdout] test utils::tests::retry_success_on_third ... ok
[INFO] [stdout] test errors::error::tests::test_error_trait ... ok
[INFO] [stdout] test protocols::types::tests::test_new_with_zero_duration ... ok
[INFO] [stdout] test errors::result::tests::test_gdresult_err ... ok
[INFO] [stdout] test utils::tests::error_by_expected_size ... ok
[INFO] [stdout] test utils::tests::retry_with_non_timeout_error ... ok
[INFO] [stdout] test utils::tests::retry_success_on_third_but_less_retries ... ok
[INFO] [stdout] test utils::tests::retry_no_success ... ok
[INFO] [stdout] test errors::error::tests::test_create_context ... ok
[INFO] [stdout] test utils::tests::u8_lower_upper ... ok
[INFO] [stdout] 
[INFO] [stdout] failures:
[INFO] [stdout] 
[INFO] [stdout] ---- errors::kind::tests::test_display stdout ----
[INFO] [stdout] thread 'errors::kind::tests::test_display' panicked at src/errors/kind.rs:66:9:
[INFO] [stdout] assertion `left == right` failed
[INFO] [stdout]   left: "GDError{ kind=BadGame\n  source=\"Rust is not a game\"\n  backtrace=Backtrace [\n      { fn: \"gamedig::errors::error::GDError::new\", file: \"./src/errors/error.rs\", line: 82 },\n      { fn: \"gamedig::errors::error::GDError::from_error\", file: \"./src/errors/error.rs\", line: 92 },\n      { fn: \"gamedig::errors::kind::GDErrorKind::context\", file: \"./src/errors/kind.rs\", line: 47 },\n      { fn: \"gamedig::errors::kind::tests::test_display\", file: \"./src/errors/kind.rs\", line: 65 },\n      { fn: \"gamedig::errors::kind::tests::test_display::{{closure}}\", file: \"./src/errors/kind.rs\", line: 64 },\n      { fn: \"core::ops::function::FnOnce::call_once\", file: \"/rustc/82e1608dfa6e0b5569232559e3d385fea5a93112/library/core/src/ops/function.rs\", line: 250 },\n      { fn: \"core::ops::function::FnOnce::call_once\", file: \"/rustc/82e1608dfa6e0b5569232559e3d385fea5a93112/library/core/src/ops/function.rs\", line: 250 },\n      { fn: \"test::__rust_begin_short_backtrace\", file: \"/rustc/82e1608dfa6e0b5569232559e3d385fea5a93112/library/test/src/lib.rs\", line: 628 },\n      { fn: \"test::run_test_in_process::{{closure}}\", file: \"/rustc/82e1608dfa6e0b5569232559e3d385fea5a93112/library/test/src/lib.rs\", line: 651 },\n      { fn: \"<core::panic::unwind_safe::AssertUnwindSafe<F> as core::ops::function::FnOnce<()>>::call_once\", file: \"/rustc/82e1608dfa6e0b5569232559e3d385fea5a93112/library/core/src/panic/unwind_safe.rs\", line: 272 },\n      { fn: \"std::panicking::try::do_call\", file: \"/rustc/82e1608dfa6e0b5569232559e3d385fea5a93112/library/std/src/panicking.rs\", line: 552 },\n      { fn: \"std::panicking::try\", file: \"/rustc/82e1608dfa6e0b5569232559e3d385fea5a93112/library/std/src/panicking.rs\", line: 516 },\n      { fn: \"std::panic::catch_unwind\", file: \"/rustc/82e1608dfa6e0b5569232559e3d385fea5a93112/library/std/src/panic.rs\", line: 142 },\n      { fn: \"test::run_test_in_process\", file: \"/rustc/82e1608dfa6e0b5569232559e3d385fea5a93112/library/test/src/lib.rs\", line: 651 },\n      { fn: \"test::run_test::{{closure}}\", file: \"/rustc/82e1608dfa6e0b5569232559e3d385fea5a93112/library/test/src/lib.rs\", line: 574 },\n      { fn: \"test::run_test::{{closure}}\", file: \"/rustc/82e1608dfa6e0b5569232559e3d385fea5a93112/library/test/src/lib.rs\", line: 602 },\n      { fn: \"std::sys_common::backtrace::__rust_begin_short_backtrace\", file: \"/rustc/82e1608dfa6e0b5569232559e3d385fea5a93112/library/std/src/sys_common/backtrace.rs\", line: 154 },\n      { fn: \"std::thread::Builder::spawn_unchecked_::{{closure}}::{{closure}}\", file: \"/rustc/82e1608dfa6e0b5569232559e3d385fea5a93112/library/std/src/thread/mod.rs\", line: 529 },\n      { fn: \"<core::panic::unwind_safe::AssertUnwindSafe<F> as core::ops::function::FnOnce<()>>::call_once\", file: \"/rustc/82e1608dfa6e0b5569232559e3d385fea5a93112/library/core/src/panic/unwind_safe.rs\", line: 272 },\n      { fn: \"std::panicking::try::do_call\", file: \"/rustc/82e1608dfa6e0b5569232559e3d385fea5a93112/library/std/src/panicking.rs\", line: 552 },\n      { fn: \"std::panicking::try\", file: \"/rustc/82e1608dfa6e0b5569232559e3d385fea5a93112/library/std/src/panicking.rs\", line: 516 },\n      { fn: \"std::panic::catch_unwind\", file: \"/rustc/82e1608dfa6e0b5569232559e3d385fea5a93112/library/std/src/panic.rs\", line: 142 },\n      { fn: \"std::thread::Builder::spawn_unchecked_::{{closure}}\", file: \"/rustc/82e1608dfa6e0b5569232559e3d385fea5a93112/library/std/src/thread/mod.rs\", line: 528 },\n      { fn: \"core::ops::function::FnOnce::call_once{{vtable.shim}}\", file: \"/rustc/82e1608dfa6e0b5569232559e3d385fea5a93112/library/core/src/ops/function.rs\", line: 250 },\n      { fn: \"<alloc::boxed::Box<F,A> as core::ops::function::FnOnce<Args>>::call_once\", file: \"/rustc/82e1608dfa6e0b5569232559e3d385fea5a93112/library/alloc/src/boxed.rs\", line: 2007 },\n      { fn: \"<alloc::boxed::Box<F,A> as core::ops::function::FnOnce<Args>>::call_once\", file: \"/rustc/82e1608dfa6e0b5569232559e3d385fea5a93112/library/alloc/src/boxed.rs\", line: 2007 },\n      { fn: \"std::sys::unix::thread::Thread::new::thread_start\", file: \"/rustc/82e1608dfa6e0b5569232559e3d385fea5a93112/library/std/src/sys/unix/thread.rs\", line: 108 },\n      { fn: \"__clone\" },\n  ]\n}\n"
[INFO] [stdout]  right: "GDError{ kind=BadGame\n  source=\"Rust is not a game\"\n  backtrace=<disabled>\n}\n"
[INFO] [stdout] stack backtrace:
[INFO] [stdout]    0:     0x565181854a9c - std::backtrace_rs::backtrace::libunwind::trace::ha637c64ce894333a
[INFO] [stdout]                                at /rustc/82e1608dfa6e0b5569232559e3d385fea5a93112/library/std/src/../../backtrace/src/backtrace/libunwind.rs:104:5
[INFO] [stdout]    1:     0x565181854a9c - std::backtrace_rs::backtrace::trace_unsynchronized::h47f62dea28e0c88d
[INFO] [stdout]                                at /rustc/82e1608dfa6e0b5569232559e3d385fea5a93112/library/std/src/../../backtrace/src/backtrace/mod.rs:66:5
[INFO] [stdout]    2:     0x565181854a9c - std::sys_common::backtrace::_print_fmt::h9eef0abe20ede486
[INFO] [stdout]                                at /rustc/82e1608dfa6e0b5569232559e3d385fea5a93112/library/std/src/sys_common/backtrace.rs:67:5
[INFO] [stdout]    3:     0x565181854a9c - <std::sys_common::backtrace::_print::DisplayBacktrace as core::fmt::Display>::fmt::hed7f999df88cc644
[INFO] [stdout]                                at /rustc/82e1608dfa6e0b5569232559e3d385fea5a93112/library/std/src/sys_common/backtrace.rs:44:22
[INFO] [stdout]    4:     0x565181880580 - core::fmt::rt::Argument::fmt::h1539a9308b8d058d
[INFO] [stdout]                                at /rustc/82e1608dfa6e0b5569232559e3d385fea5a93112/library/core/src/fmt/rt.rs:142:9
[INFO] [stdout]    5:     0x565181880580 - core::fmt::write::h3a39390d8560d9c9
[INFO] [stdout]                                at /rustc/82e1608dfa6e0b5569232559e3d385fea5a93112/library/core/src/fmt/mod.rs:1120:17
[INFO] [stdout]    6:     0x565181851cff - std::io::Write::write_fmt::h040b369f3a0f9cbc
[INFO] [stdout]                                at /rustc/82e1608dfa6e0b5569232559e3d385fea5a93112/library/std/src/io/mod.rs:1762:15
[INFO] [stdout]    7:     0x565181854884 - std::sys_common::backtrace::_print::h894006fb5c6f3d45
[INFO] [stdout]                                at /rustc/82e1608dfa6e0b5569232559e3d385fea5a93112/library/std/src/sys_common/backtrace.rs:47:5
[INFO] [stdout]    8:     0x565181854884 - std::sys_common::backtrace::print::h23a2d212c6fff936
[INFO] [stdout]                                at /rustc/82e1608dfa6e0b5569232559e3d385fea5a93112/library/std/src/sys_common/backtrace.rs:34:9
[INFO] [stdout]    9:     0x565181856547 - std::panicking::default_hook::{{closure}}::h8a1d2ee00185001a
[INFO] [stdout]   10:     0x565181856233 - std::panicking::default_hook::h6038f2eba384e475
[INFO] [stdout]                                at /rustc/82e1608dfa6e0b5569232559e3d385fea5a93112/library/std/src/panicking.rs:289:9
[INFO] [stdout]   11:     0x56518181fe07 - <alloc::boxed::Box<F,A> as core::ops::function::Fn<Args>>::call::h0ad024c9bdc6d768
[INFO] [stdout]                                at /rustc/82e1608dfa6e0b5569232559e3d385fea5a93112/library/alloc/src/boxed.rs:2021:9
[INFO] [stdout]   12:     0x56518181fe07 - test::test_main::{{closure}}::h7500b54257359db6
[INFO] [stdout]                                at /rustc/82e1608dfa6e0b5569232559e3d385fea5a93112/library/test/src/lib.rs:138:21
[INFO] [stdout]   13:     0x565181856b58 - <alloc::boxed::Box<F,A> as core::ops::function::Fn<Args>>::call::h1f8f335eaa9cfaee
[INFO] [stdout]                                at /rustc/82e1608dfa6e0b5569232559e3d385fea5a93112/library/alloc/src/boxed.rs:2021:9
[INFO] [stdout]   14:     0x565181856b58 - std::panicking::rust_panic_with_hook::h2b5517d590cab22e
[INFO] [stdout]                                at /rustc/82e1608dfa6e0b5569232559e3d385fea5a93112/library/std/src/panicking.rs:783:13
[INFO] [stdout]   15:     0x5651818568ae - std::panicking::begin_panic_handler::{{closure}}::h233112c06e0ef43e
[INFO] [stdout]                                at /rustc/82e1608dfa6e0b5569232559e3d385fea5a93112/library/std/src/panicking.rs:657:13
[INFO] [stdout]   16:     0x565181854f66 - std::sys_common::backtrace::__rust_end_short_backtrace::h6e893f24d7ebbff8
[INFO] [stdout]                                at /rustc/82e1608dfa6e0b5569232559e3d385fea5a93112/library/std/src/sys_common/backtrace.rs:170:18
[INFO] [stdout]   17:     0x565181856612 - rust_begin_unwind
[INFO] [stdout]                                at /rustc/82e1608dfa6e0b5569232559e3d385fea5a93112/library/std/src/panicking.rs:645:5
[INFO] [stdout]   18:     0x5651817cc295 - core::panicking::panic_fmt::hbf0e066aabfa482c
[INFO] [stdout]                                at /rustc/82e1608dfa6e0b5569232559e3d385fea5a93112/library/core/src/panicking.rs:72:14
[INFO] [stdout]   19:     0x5651817cc5bb - core::panicking::assert_failed_inner::h0bba8b7c26ee4492
[INFO] [stdout]   20:     0x5651817d8e92 - core::panicking::assert_failed::h92d4ac42e99da0a4
[INFO] [stdout]                                at /rustc/82e1608dfa6e0b5569232559e3d385fea5a93112/library/core/src/panicking.rs:279:5
[INFO] [stdout]   21:     0x5651817d6503 - gamedig::errors::kind::tests::test_display::hbc9e838977758c82
[INFO] [stdout]                                at /opt/rustwide/workdir/src/errors/kind.rs:66:9
[INFO] [stdout]   22:     0x5651817d6317 - gamedig::errors::kind::tests::test_display::{{closure}}::h40e318822c712e8c
[INFO] [stdout]                                at /opt/rustwide/workdir/src/errors/kind.rs:64:22
[INFO] [stdout]   23:     0x5651817dd646 - core::ops::function::FnOnce::call_once::h080f1d27d1e8c693
[INFO] [stdout]                                at /rustc/82e1608dfa6e0b5569232559e3d385fea5a93112/library/core/src/ops/function.rs:250:5
[INFO] [stdout]   24:     0x56518182545f - core::ops::function::FnOnce::call_once::h2b5d431d5046312d
[INFO] [stdout]                                at /rustc/82e1608dfa6e0b5569232559e3d385fea5a93112/library/core/src/ops/function.rs:250:5
[INFO] [stdout]   25:     0x56518182545f - test::__rust_begin_short_backtrace::h7714669af176e207
[INFO] [stdout]                                at /rustc/82e1608dfa6e0b5569232559e3d385fea5a93112/library/test/src/lib.rs:628:18
[INFO] [stdout]   26:     0x565181824475 - test::run_test_in_process::{{closure}}::h85218797dcbcec12
[INFO] [stdout]                                at /rustc/82e1608dfa6e0b5569232559e3d385fea5a93112/library/test/src/lib.rs:651:60
[INFO] [stdout]   27:     0x565181824475 - <core::panic::unwind_safe::AssertUnwindSafe<F> as core::ops::function::FnOnce<()>>::call_once::h76c106ea31c14d7b
[INFO] [stdout]                                at /rustc/82e1608dfa6e0b5569232559e3d385fea5a93112/library/core/src/panic/unwind_safe.rs:272:9
[INFO] [stdout]   28:     0x565181824475 - std::panicking::try::do_call::h3bd5d0f6620ee946
[INFO] [stdout]                                at /rustc/82e1608dfa6e0b5569232559e3d385fea5a93112/library/std/src/panicking.rs:552:40
[INFO] [stdout]   29:     0x565181824475 - std::panicking::try::h232e535e4744fe31
[INFO] [stdout]                                at /rustc/82e1608dfa6e0b5569232559e3d385fea5a93112/library/std/src/panicking.rs:516:19
[INFO] [stdout]   30:     0x565181824475 - std::panic::catch_unwind::h3ce3bd6ca8dbac68
[INFO] [stdout]                                at /rustc/82e1608dfa6e0b5569232559e3d385fea5a93112/library/std/src/panic.rs:142:14
[INFO] [stdout]   31:     0x565181824475 - test::run_test_in_process::hc97b257c9621286a
[INFO] [stdout]                                at /rustc/82e1608dfa6e0b5569232559e3d385fea5a93112/library/test/src/lib.rs:651:27
[INFO] [stdout]   32:     0x565181824475 - test::run_test::{{closure}}::h2aa798823a438d38
[INFO] [stdout]                                at /rustc/82e1608dfa6e0b5569232559e3d385fea5a93112/library/test/src/lib.rs:574:43
[INFO] [stdout]   33:     0x5651817ec736 - test::run_test::{{closure}}::h87d231c78fb59832
[INFO] [stdout]                                at /rustc/82e1608dfa6e0b5569232559e3d385fea5a93112/library/test/src/lib.rs:602:41
[INFO] [stdout]   34:     0x5651817ec736 - std::sys_common::backtrace::__rust_begin_short_backtrace::he6df152596625789
[INFO] [stdout]                                at /rustc/82e1608dfa6e0b5569232559e3d385fea5a93112/library/std/src/sys_common/backtrace.rs:154:18
[INFO] [stdout]   35:     0x5651817f17e7 - std::thread::Builder::spawn_unchecked_::{{closure}}::{{closure}}::ha94be15d1e0acf36
[INFO] [stdout]                                at /rustc/82e1608dfa6e0b5569232559e3d385fea5a93112/library/std/src/thread/mod.rs:529:17
[INFO] [stdout]   36:     0x5651817f17e7 - <core::panic::unwind_safe::AssertUnwindSafe<F> as core::ops::function::FnOnce<()>>::call_once::h9dc6bd6372f16606
[INFO] [stdout]                                at /rustc/82e1608dfa6e0b5569232559e3d385fea5a93112/library/core/src/panic/unwind_safe.rs:272:9
[INFO] [stdout]   37:     0x5651817f17e7 - std::panicking::try::do_call::h9057517f80303cd4
[INFO] [stdout]                                at /rustc/82e1608dfa6e0b5569232559e3d385fea5a93112/library/std/src/panicking.rs:552:40
[INFO] [stdout]   38:     0x5651817f17e7 - std::panicking::try::he3a30b11ee45340c
[INFO] [stdout]                                at /rustc/82e1608dfa6e0b5569232559e3d385fea5a93112/library/std/src/panicking.rs:516:19
[INFO] [stdout]   39:     0x5651817f17e7 - std::panic::catch_unwind::h410458cfd3528b8b
[INFO] [stdout]                                at /rustc/82e1608dfa6e0b5569232559e3d385fea5a93112/library/std/src/panic.rs:142:14
[INFO] [stdout]   40:     0x5651817f17e7 - std::thread::Builder::spawn_unchecked_::{{closure}}::h72ac3bdb567b737b
[INFO] [stdout]                                at /rustc/82e1608dfa6e0b5569232559e3d385fea5a93112/library/std/src/thread/mod.rs:528:30
[INFO] [stdout]   41:     0x5651817f17e7 - core::ops::function::FnOnce::call_once{{vtable.shim}}::h38f34da3654a8344
[INFO] [stdout]                                at /rustc/82e1608dfa6e0b5569232559e3d385fea5a93112/library/core/src/ops/function.rs:250:5
[INFO] [stdout]   42:     0x56518185b775 - <alloc::boxed::Box<F,A> as core::ops::function::FnOnce<Args>>::call_once::hc7eafaff61e32df9
[INFO] [stdout]                                at /rustc/82e1608dfa6e0b5569232559e3d385fea5a93112/library/alloc/src/boxed.rs:2007:9
[INFO] [stdout]   43:     0x56518185b775 - <alloc::boxed::Box<F,A> as core::ops::function::FnOnce<Args>>::call_once::h6ba4a5de48dd2304
[INFO] [stdout]                                at /rustc/82e1608dfa6e0b5569232559e3d385fea5a93112/library/alloc/src/boxed.rs:2007:9
[INFO] [stdout]   44:     0x56518185b775 - std::sys::unix::thread::Thread::new::thread_start::he469335aef763e45
[INFO] [stdout]                                at /rustc/82e1608dfa6e0b5569232559e3d385fea5a93112/library/std/src/sys/unix/thread.rs:108:17
[INFO] [stdout]   45:     0x7f8aa31b0ac3 - <unknown>
[INFO] [stdout]   46:     0x7f8aa3241bf4 - __clone
[INFO] [stdout]   47:                0x0 - <unknown>
[INFO] [stdout] 
[INFO] [stdout] 
[INFO] [stdout] failures:
[INFO] [stdout]     errors::kind::tests::test_display
[INFO] [stdout] 
[INFO] [stdout] test result: FAILED. 32 passed; 1 failed; 0 ignored; 0 measured; 0 filtered out; finished in 0.05s
[INFO] [stdout] 
[INFO] [stderr] error: test failed, to rerun pass `--lib`
[INFO] running `Command { std: "docker" "inspect" "cb339c55e25f70ada4438dda6181da5178eec83966c7d0baab3ee6753a951054", kill_on_drop: false }`
[INFO] running `Command { std: "docker" "rm" "-f" "cb339c55e25f70ada4438dda6181da5178eec83966c7d0baab3ee6753a951054", kill_on_drop: false }`
[INFO] [stdout] cb339c55e25f70ada4438dda6181da5178eec83966c7d0baab3ee6753a951054
