[INFO] fetching crate fyrox-resource 0.10.0...
[INFO] testing fyrox-resource-0.10.0 against 1.75.0 for beta-1.76-1
[INFO] extracting crate fyrox-resource 0.10.0 into /workspace/builds/worker-7-tc1/source
[INFO] validating manifest of crates.io crate fyrox-resource 0.10.0 on toolchain 1.75.0
[INFO] running `Command { std: CARGO_HOME="/workspace/cargo-home" RUSTUP_HOME="/workspace/rustup-home" "/workspace/cargo-home/bin/cargo" "+1.75.0" "metadata" "--manifest-path" "Cargo.toml" "--no-deps", kill_on_drop: false }`
[INFO] started tweaking crates.io crate fyrox-resource 0.10.0
[INFO] finished tweaking crates.io crate fyrox-resource 0.10.0
[INFO] tweaked toml for crates.io crate fyrox-resource 0.10.0 written to /workspace/builds/worker-7-tc1/source/Cargo.toml
[INFO] running `Command { std: CARGO_HOME="/workspace/cargo-home" RUSTUP_HOME="/workspace/rustup-home" "/workspace/cargo-home/bin/cargo" "+1.75.0" "generate-lockfile" "--manifest-path" "Cargo.toml", kill_on_drop: false }`
[INFO] [stderr]     Blocking waiting for file lock on package cache
[INFO] [stderr]     Updating crates.io index
[INFO] running `Command { std: CARGO_HOME="/workspace/cargo-home" RUSTUP_HOME="/workspace/rustup-home" "/workspace/cargo-home/bin/cargo" "+1.75.0" "fetch" "--manifest-path" "Cargo.toml", kill_on_drop: false }`
[INFO] running `Command { std: "docker" "create" "-v" "/var/lib/crater-agent-workspace/builds/worker-7-tc1/target:/opt/rustwide/target:rw,Z" "-v" "/var/lib/crater-agent-workspace/builds/worker-7-tc1/source:/opt/rustwide/workdir:ro,Z" "-v" "/var/lib/crater-agent-workspace/cargo-home:/opt/rustwide/cargo-home:ro,Z" "-v" "/var/lib/crater-agent-workspace/rustup-home:/opt/rustwide/rustup-home:ro,Z" "-e" "SOURCE_DIR=/opt/rustwide/workdir" "-e" "CARGO_TARGET_DIR=/opt/rustwide/target" "-e" "CARGO_HOME=/opt/rustwide/cargo-home" "-e" "RUSTUP_HOME=/opt/rustwide/rustup-home" "-w" "/opt/rustwide/workdir" "-m" "1610612736" "--user" "0:0" "--network" "none" "ghcr.io/rust-lang/crates-build-env/linux@sha256:2788e3201cd34a07e3172128adcd8b3090168a8e3bcc40d7c032b9dda1df7d1c" "/opt/rustwide/cargo-home/bin/cargo" "+1.75.0" "metadata" "--no-deps" "--format-version=1", kill_on_drop: false }`
[INFO] [stdout] cf37699f4a18d27e2ce7e28e927c8e9be915a41abd426bfb4851f124f93324fc
[INFO] running `Command { std: "docker" "start" "-a" "cf37699f4a18d27e2ce7e28e927c8e9be915a41abd426bfb4851f124f93324fc", kill_on_drop: false }`
[INFO] running `Command { std: "docker" "inspect" "cf37699f4a18d27e2ce7e28e927c8e9be915a41abd426bfb4851f124f93324fc", kill_on_drop: false }`
[INFO] running `Command { std: "docker" "rm" "-f" "cf37699f4a18d27e2ce7e28e927c8e9be915a41abd426bfb4851f124f93324fc", kill_on_drop: false }`
[INFO] [stdout] cf37699f4a18d27e2ce7e28e927c8e9be915a41abd426bfb4851f124f93324fc
[INFO] running `Command { std: "docker" "create" "-v" "/var/lib/crater-agent-workspace/builds/worker-7-tc1/target:/opt/rustwide/target:rw,Z" "-v" "/var/lib/crater-agent-workspace/builds/worker-7-tc1/source:/opt/rustwide/workdir:ro,Z" "-v" "/var/lib/crater-agent-workspace/cargo-home:/opt/rustwide/cargo-home:ro,Z" "-v" "/var/lib/crater-agent-workspace/rustup-home:/opt/rustwide/rustup-home:ro,Z" "-e" "SOURCE_DIR=/opt/rustwide/workdir" "-e" "CARGO_TARGET_DIR=/opt/rustwide/target" "-e" "CARGO_INCREMENTAL=0" "-e" "RUST_BACKTRACE=full" "-e" "RUSTFLAGS=--cap-lints=warn" "-e" "RUSTDOCFLAGS=--cap-lints=warn" "-e" "CARGO_HOME=/opt/rustwide/cargo-home" "-e" "RUSTUP_HOME=/opt/rustwide/rustup-home" "-w" "/opt/rustwide/workdir" "-m" "1610612736" "--user" "0:0" "--network" "none" "ghcr.io/rust-lang/crates-build-env/linux@sha256:2788e3201cd34a07e3172128adcd8b3090168a8e3bcc40d7c032b9dda1df7d1c" "/opt/rustwide/cargo-home/bin/cargo" "+1.75.0" "build" "--frozen" "--message-format=json", kill_on_drop: false }`
[INFO] [stdout] f10294d95b269e4701f5b7e62cfcdb17dc07e5002e16ab5074576bd291c8ba8b
[INFO] running `Command { std: "docker" "start" "-a" "f10294d95b269e4701f5b7e62cfcdb17dc07e5002e16ab5074576bd291c8ba8b", kill_on_drop: false }`
[INFO] [stderr]    Compiling num-traits v0.2.17
[INFO] [stderr]    Compiling syn v1.0.109
[INFO] [stderr]    Compiling wasm-bindgen-shared v0.2.89
[INFO] [stderr]    Compiling bumpalo v3.14.0
[INFO] [stderr]    Compiling num-integer v0.1.45
[INFO] [stderr]    Compiling strsim v0.10.0
[INFO] [stderr]    Compiling ident_case v1.0.1
[INFO] [stderr]    Compiling crossbeam-utils v0.8.18
[INFO] [stderr]    Compiling futures-core v0.3.30
[INFO] [stderr]    Compiling futures-sink v0.3.30
[INFO] [stderr]    Compiling paste v1.0.14
[INFO] [stderr]    Compiling fnv v1.0.7
[INFO] [stderr]    Compiling bytemuck v1.14.0
[INFO] [stderr]    Compiling getrandom v0.2.11
[INFO] [stderr]    Compiling num-rational v0.4.1
[INFO] [stderr]    Compiling futures-macro v0.3.30
[INFO] [stderr]    Compiling matrixmultiply v0.3.8
[INFO] [stderr]    Compiling lock_api v0.4.11
[INFO] [stderr]    Compiling futures-channel v0.3.30
[INFO] [stderr]    Compiling wasm-bindgen v0.2.89
[INFO] [stderr]    Compiling typenum v1.17.0
[INFO] [stderr]    Compiling safe_arch v0.7.1
[INFO] [stderr]    Compiling parking_lot_core v0.9.9
[INFO] [stderr]    Compiling futures-task v0.3.30
[INFO] [stderr]    Compiling futures-io v0.3.30
[INFO] [stderr]    Compiling rand_core v0.6.4
[INFO] [stderr]    Compiling wasm-bindgen-backend v0.2.89
[INFO] [stderr]    Compiling num_cpus v1.16.0
[INFO] [stderr]    Compiling inotify-sys v0.1.5
[INFO] [stderr]    Compiling memoffset v0.9.0
[INFO] [stderr]    Compiling unicode-segmentation v1.10.1
[INFO] [stderr]    Compiling rand_chacha v0.3.1
[INFO] [stderr]    Compiling walkdir v2.4.0
[INFO] [stderr]    Compiling fxhash v0.2.1
[INFO] [stderr]    Compiling wide v0.7.13
[INFO] [stderr]    Compiling crossbeam-channel v0.5.10
[INFO] [stderr]    Compiling inotify v0.9.6
[INFO] [stderr]    Compiling convert_case v0.6.0
[INFO] [stderr]    Compiling bitflags v2.4.1
[INFO] [stderr]    Compiling mio v0.8.10
[INFO] [stderr]    Compiling filetime v0.2.23
[INFO] [stderr]    Compiling base64 v0.21.5
[INFO] [stderr]    Compiling rand v0.8.5
[INFO] [stderr]    Compiling parking_lot v0.12.1
[INFO] [stderr]    Compiling instant v0.1.12
[INFO] [stderr]    Compiling arrayvec v0.7.4
[INFO] [stderr]    Compiling approx v0.5.1
[INFO] [stderr]    Compiling num-complex v0.4.4
[INFO] [stderr]    Compiling notify v6.1.1
[INFO] [stderr]    Compiling ron v0.8.1
[INFO] [stderr]    Compiling futures-util v0.3.30
[INFO] [stderr]    Compiling wasm-bindgen-macro-support v0.2.89
[INFO] [stderr]    Compiling simba v0.8.1
[INFO] [stderr]    Compiling wasm-bindgen-macro v0.2.89
[INFO] [stderr]    Compiling darling_core v0.14.4
[INFO] [stderr]    Compiling uuid v1.6.1
[INFO] [stderr]    Compiling futures-executor v0.3.30
[INFO] [stderr]    Compiling nalgebra-macros v0.2.1
[INFO] [stderr]    Compiling futures v0.3.30
[INFO] [stderr]    Compiling darling_macro v0.14.4
[INFO] [stderr]    Compiling darling v0.14.4
[INFO] [stderr]    Compiling fyrox-core-derive v0.21.0
[INFO] [stderr]    Compiling nalgebra v0.32.3
[INFO] [stderr]    Compiling fyrox-core v0.26.0
[INFO] [stderr]    Compiling fyrox-resource v0.10.0 (/opt/rustwide/workdir)
[INFO] [stderr]     Finished dev [unoptimized + debuginfo] target(s) in 30.96s
[INFO] running `Command { std: "docker" "inspect" "f10294d95b269e4701f5b7e62cfcdb17dc07e5002e16ab5074576bd291c8ba8b", kill_on_drop: false }`
[INFO] running `Command { std: "docker" "rm" "-f" "f10294d95b269e4701f5b7e62cfcdb17dc07e5002e16ab5074576bd291c8ba8b", kill_on_drop: false }`
[INFO] [stdout] f10294d95b269e4701f5b7e62cfcdb17dc07e5002e16ab5074576bd291c8ba8b
[INFO] running `Command { std: "docker" "create" "-v" "/var/lib/crater-agent-workspace/builds/worker-7-tc1/target:/opt/rustwide/target:rw,Z" "-v" "/var/lib/crater-agent-workspace/builds/worker-7-tc1/source:/opt/rustwide/workdir:ro,Z" "-v" "/var/lib/crater-agent-workspace/cargo-home:/opt/rustwide/cargo-home:ro,Z" "-v" "/var/lib/crater-agent-workspace/rustup-home:/opt/rustwide/rustup-home:ro,Z" "-e" "SOURCE_DIR=/opt/rustwide/workdir" "-e" "CARGO_TARGET_DIR=/opt/rustwide/target" "-e" "CARGO_INCREMENTAL=0" "-e" "RUST_BACKTRACE=full" "-e" "RUSTFLAGS=--cap-lints=warn" "-e" "RUSTDOCFLAGS=--cap-lints=warn" "-e" "CARGO_HOME=/opt/rustwide/cargo-home" "-e" "RUSTUP_HOME=/opt/rustwide/rustup-home" "-w" "/opt/rustwide/workdir" "-m" "1610612736" "--user" "0:0" "--network" "none" "ghcr.io/rust-lang/crates-build-env/linux@sha256:2788e3201cd34a07e3172128adcd8b3090168a8e3bcc40d7c032b9dda1df7d1c" "/opt/rustwide/cargo-home/bin/cargo" "+1.75.0" "test" "--frozen" "--no-run" "--message-format=json", kill_on_drop: false }`
[INFO] [stdout] 9f609b28af3d6bacf9e23cba044325c0a49a1740b7c30a536f7773ede8a4e040
[INFO] running `Command { std: "docker" "start" "-a" "9f609b28af3d6bacf9e23cba044325c0a49a1740b7c30a536f7773ede8a4e040", kill_on_drop: false }`
[INFO] [stderr]    Compiling fyrox-resource v0.10.0 (/opt/rustwide/workdir)
[INFO] [stderr]     Finished test [unoptimized + debuginfo] target(s) in 2.88s
[INFO] running `Command { std: "docker" "inspect" "9f609b28af3d6bacf9e23cba044325c0a49a1740b7c30a536f7773ede8a4e040", kill_on_drop: false }`
[INFO] running `Command { std: "docker" "rm" "-f" "9f609b28af3d6bacf9e23cba044325c0a49a1740b7c30a536f7773ede8a4e040", kill_on_drop: false }`
[INFO] [stdout] 9f609b28af3d6bacf9e23cba044325c0a49a1740b7c30a536f7773ede8a4e040
[INFO] running `Command { std: "docker" "create" "-v" "/var/lib/crater-agent-workspace/builds/worker-7-tc1/target:/opt/rustwide/target:rw,Z" "-v" "/var/lib/crater-agent-workspace/builds/worker-7-tc1/source:/opt/rustwide/workdir:ro,Z" "-v" "/var/lib/crater-agent-workspace/cargo-home:/opt/rustwide/cargo-home:ro,Z" "-v" "/var/lib/crater-agent-workspace/rustup-home:/opt/rustwide/rustup-home:ro,Z" "-e" "SOURCE_DIR=/opt/rustwide/workdir" "-e" "CARGO_TARGET_DIR=/opt/rustwide/target" "-e" "CARGO_INCREMENTAL=0" "-e" "RUST_BACKTRACE=full" "-e" "RUSTFLAGS=--cap-lints=warn" "-e" "RUSTDOCFLAGS=--cap-lints=warn" "-e" "CARGO_HOME=/opt/rustwide/cargo-home" "-e" "RUSTUP_HOME=/opt/rustwide/rustup-home" "-w" "/opt/rustwide/workdir" "-m" "1610612736" "--user" "0:0" "--network" "none" "ghcr.io/rust-lang/crates-build-env/linux@sha256:2788e3201cd34a07e3172128adcd8b3090168a8e3bcc40d7c032b9dda1df7d1c" "/opt/rustwide/cargo-home/bin/cargo" "+1.75.0" "test" "--frozen", kill_on_drop: false }`
[INFO] [stdout] f38eb78bd12f8a95e0e06822da607cebe2350c5e1e3f7209f3eb1030c6007b03
[INFO] running `Command { std: "docker" "start" "-a" "f38eb78bd12f8a95e0e06822da607cebe2350c5e1e3f7209f3eb1030c6007b03", kill_on_drop: false }`
[INFO] [stderr]     Finished test [unoptimized + debuginfo] target(s) in 0.13s
[INFO] [stderr]      Running unittests src/lib.rs (/opt/rustwide/target/debug/deps/fyrox_resource-1ef6be9c0fe7dbc9)
[INFO] [stdout] 
[INFO] [stdout] running 74 tests
[INFO] [stdout] test constructor::test::resource_constructor_container_add_custom ... ok
[INFO] [stdout] test constructor::test::resource_constructor_container_try_create ... ok
[INFO] [stdout] test event::test::resource_event_broadcaster_broadcast_loaded_or_reloaded ... ok
[INFO] [stdout] test entry::test::timed_entry_default ... ok
[INFO] [stdout] test graph::test::resource_dependency_pretty_print ... ok
[INFO] [stdout] test graph::test::resource_dependency_for_each ... ok
[INFO] [stdout] test event::test::resource_event_broadcaster_add_and_remove ... ok
[INFO] [stdout] test entry::test::timed_entry_deref ... ok
[INFO] [stdout] test graph::test::resource_graph_node_for_each ... ok
[INFO] [stdout] test graph::test::resource_graph_node_new ... ok
[INFO] [stdout] test event::test::resource_event_broadcaster_clone ... ok
[INFO] [stdout] test graph::test::resource_dependency_graph_new ... ok
[INFO] [stdout] test event::test::resource_event_broadcaster_broadcast_loaded ... ok
[INFO] [stdout] test constructor::test::resource_constructor_container_new ... ok
[INFO] [stdout] test entry::test::timed_entry_clone ... ok
[INFO] [stdout] test loader::test::resource_loader_container_find_mut ... ok
[INFO] [stdout] test manager::test::debug_for_resource_registration_error ... ok
[INFO] [stdout] test loader::test::resource_loader_container_set ... ok
[INFO] [stdout] test manager::test::display_for_resource_registration_error ... ok
[INFO] [stdout] test entry::test::timed_entry_deref_mut ... ok
[INFO] [stdout] test loader::test::resource_loader_container_find ... ok
[INFO] [stdout] test loader::test::resource_loader_container_getters ... ok
[INFO] [stdout] test loader::test::resource_loader_container_new ... ok
[INFO] [stdout] test graph::test::resource_graph_node_pretty_print ... ok
[INFO] [stdout] test manager::test::resource_manager_new ... ok
[INFO] [stdout] test manager::test::resource_manager_request ... ok
[INFO] [stdout] test constructor::test::stub_set_as_any_mut - should panic ... ok
[INFO] [stdout] test manager::test::resource_manager_request_untyped ... ok
[INFO] [stdout] test manager::test::resource_manager_state_new ... ok
[INFO] [stdout] test manager::test::resource_manager_state_request ... ok
[INFO] [stdout] test manager::test::resource_manager_state_push ... ok
[INFO] [stdout] test manager::test::resource_manager_state_find ... ok
[INFO] [stdout] test manager::test::resource_manager_state_get_wait_context ... ok
[INFO] [stdout] test manager::test::resource_wait_context_is_all_loaded ... ok
[INFO] [stdout] test state::test::resource_state_new_ok ... ok
[INFO] [stdout] test state::test::resource_state_switch_to_pending_state ... ok
[INFO] [stdout] test state::test::stub_path ... ok
[INFO] [stdout] test constructor::test::stub_set_as_any - should panic ... ok
[INFO] [stdout] test state::test::resource_state_new_pending ... ok
[INFO] [stdout] test state::test::resource_state_new_load_error ... ok
[INFO] [stdout] test manager::test::resource_manager_state_set_watcher ... ok
[INFO] [stdout] test manager::test::resource_manager_state_destroy_unused_resources ... ok
[INFO] [stdout] test state::test::visit_for_resource_state ... ok
[INFO] [stdout] test untyped::test::debug_for_untyped_resource ... ok
[INFO] [stdout] test manager::test::resource_manager_state_loading_progress ... ok
[INFO] [stdout] test manager::test::resource_manager_register ... ok
[INFO] [stdout] test manager::test::resource_manager_state_try_reload_resource_from_path ... ok
[INFO] [stdout] test untyped::test::stub_path ... ok
[INFO] [stdout] test state::test::stub_set_type_uuid ... ok
[INFO] [stdout] test constructor::test::stub_set_path - should panic ... ok
[INFO] [stdout] test manager::test::resource_manager_state_reload_resources ... ok
[INFO] [stdout] test untyped::test::untyped_resource_commit_ok ... ok
[INFO] [stdout] test untyped::test::stub_set_type_uuid ... ok
[INFO] [stdout] test untyped::test::untyped_resource_commit ... ok
[INFO] [stdout] test manager::test::resource_manager_state_resources ... ok
[INFO] [stdout] test constructor::test::stub_path - should panic ... ok
[INFO] [stdout] test constructor::test::stub_set_type_uuid - should panic ... ok
[INFO] [stdout] test state::test::stub_set_as_any - should panic ... ok
[INFO] [stdout] test state::test::stub_set_as_any_mut - should panic ... ok
[INFO] [stdout] test manager::test::resource_manager_state_reload_resource ... ok
[INFO] [stdout] test untyped::test::untyped_resource_new_ok ... ok
[INFO] [stdout] test untyped::test::stub_set_as_any_mut - should panic ... ok
[INFO] [stdout] test untyped::test::untyped_resource_new_load_error ... ok
[INFO] [stdout] test untyped::test::visit_for_untyped_resource ... ok
[INFO] [stdout] test untyped::test::untyped_resource_is_loading ... ok
[INFO] [stdout] test untyped::test::untyped_resource_path ... ok
[INFO] [stdout] test untyped::test::untyped_resource_try_cast ... ok
[INFO] [stdout] test untyped::test::untyped_resource_use_count ... ok
[INFO] [stdout] test untyped::test::untyped_resource_new_pending ... ok
[INFO] [stdout] test untyped::test::untyped_resource_poll ... ok
[INFO] [stdout] test state::test::stub_set_path - should panic ... ok
[INFO] [stdout] test untyped::test::stub_set_as_any - should panic ... ok
[INFO] [stdout] test untyped::test::stub_set_path - should panic ... ok
[INFO] [stderr] error: test failed, to rerun pass `--lib`
[INFO] [stdout] test untyped::test::untyped_resource_commit_error ... FAILED
[INFO] [stdout] 
[INFO] [stdout] failures:
[INFO] [stdout] 
[INFO] [stdout] ---- untyped::test::untyped_resource_commit_error stdout ----
[INFO] [stdout] thread 'untyped::test::untyped_resource_commit_error' panicked at /opt/rustwide/cargo-home/registry/src/index.crates.io-6f17d22bba15001f/fyrox-core-0.26.0/src/log.rs:39:50:
[INFO] [stdout] called `Result::unwrap()` on an `Err` value: Os { code: 30, kind: ReadOnlyFilesystem, message: "Read-only file system" }
[INFO] [stdout] stack backtrace:
[INFO] [stdout]    0:     0x560bf8eb0dec - std::backtrace_rs::backtrace::libunwind::trace::ha637c64ce894333a
[INFO] [stdout]                                at /rustc/82e1608dfa6e0b5569232559e3d385fea5a93112/library/std/src/../../backtrace/src/backtrace/libunwind.rs:104:5
[INFO] [stdout]    1:     0x560bf8eb0dec - std::backtrace_rs::backtrace::trace_unsynchronized::h47f62dea28e0c88d
[INFO] [stdout]                                at /rustc/82e1608dfa6e0b5569232559e3d385fea5a93112/library/std/src/../../backtrace/src/backtrace/mod.rs:66:5
[INFO] [stdout]    2:     0x560bf8eb0dec - std::sys_common::backtrace::_print_fmt::h9eef0abe20ede486
[INFO] [stdout]                                at /rustc/82e1608dfa6e0b5569232559e3d385fea5a93112/library/std/src/sys_common/backtrace.rs:67:5
[INFO] [stdout]    3:     0x560bf8eb0dec - <std::sys_common::backtrace::_print::DisplayBacktrace as core::fmt::Display>::fmt::hed7f999df88cc644
[INFO] [stdout]                                at /rustc/82e1608dfa6e0b5569232559e3d385fea5a93112/library/std/src/sys_common/backtrace.rs:44:22
[INFO] [stdout]    4:     0x560bf8edbca0 - core::fmt::rt::Argument::fmt::h1539a9308b8d058d
[INFO] [stdout]                                at /rustc/82e1608dfa6e0b5569232559e3d385fea5a93112/library/core/src/fmt/rt.rs:142:9
[INFO] [stdout]    5:     0x560bf8edbca0 - core::fmt::write::h3a39390d8560d9c9
[INFO] [stdout]                                at /rustc/82e1608dfa6e0b5569232559e3d385fea5a93112/library/core/src/fmt/mod.rs:1120:17
[INFO] [stdout]    6:     0x560bf8eae53f - std::io::Write::write_fmt::h040b369f3a0f9cbc
[INFO] [stdout]                                at /rustc/82e1608dfa6e0b5569232559e3d385fea5a93112/library/std/src/io/mod.rs:1762:15
[INFO] [stdout]    7:     0x560bf8eb0bd4 - std::sys_common::backtrace::_print::h894006fb5c6f3d45
[INFO] [stdout]                                at /rustc/82e1608dfa6e0b5569232559e3d385fea5a93112/library/std/src/sys_common/backtrace.rs:47:5
[INFO] [stdout]    8:     0x560bf8eb0bd4 - std::sys_common::backtrace::print::h23a2d212c6fff936
[INFO] [stdout]                                at /rustc/82e1608dfa6e0b5569232559e3d385fea5a93112/library/std/src/sys_common/backtrace.rs:34:9
[INFO] [stdout]    9:     0x560bf8eb2897 - std::panicking::default_hook::{{closure}}::h8a1d2ee00185001a
[INFO] [stdout]   10:     0x560bf8eb2583 - std::panicking::default_hook::h6038f2eba384e475
[INFO] [stdout]                                at /rustc/82e1608dfa6e0b5569232559e3d385fea5a93112/library/std/src/panicking.rs:289:9
[INFO] [stdout]   11:     0x560bf8db93c7 - <alloc::boxed::Box<F,A> as core::ops::function::Fn<Args>>::call::h0ad024c9bdc6d768
[INFO] [stdout]                                at /rustc/82e1608dfa6e0b5569232559e3d385fea5a93112/library/alloc/src/boxed.rs:2021:9
[INFO] [stdout]   12:     0x560bf8db93c7 - test::test_main::{{closure}}::h7500b54257359db6
[INFO] [stdout]                                at /rustc/82e1608dfa6e0b5569232559e3d385fea5a93112/library/test/src/lib.rs:138:21
[INFO] [stdout]   13:     0x560bf8eb2ea8 - <alloc::boxed::Box<F,A> as core::ops::function::Fn<Args>>::call::h1f8f335eaa9cfaee
[INFO] [stdout]                                at /rustc/82e1608dfa6e0b5569232559e3d385fea5a93112/library/alloc/src/boxed.rs:2021:9
[INFO] [stdout]   14:     0x560bf8eb2ea8 - std::panicking::rust_panic_with_hook::h2b5517d590cab22e
[INFO] [stdout]                                at /rustc/82e1608dfa6e0b5569232559e3d385fea5a93112/library/std/src/panicking.rs:783:13
[INFO] [stdout]   15:     0x560bf8eb2bfe - std::panicking::begin_panic_handler::{{closure}}::h233112c06e0ef43e
[INFO] [stdout]                                at /rustc/82e1608dfa6e0b5569232559e3d385fea5a93112/library/std/src/panicking.rs:657:13
[INFO] [stdout]   16:     0x560bf8eb12b6 - std::sys_common::backtrace::__rust_end_short_backtrace::h6e893f24d7ebbff8
[INFO] [stdout]                                at /rustc/82e1608dfa6e0b5569232559e3d385fea5a93112/library/std/src/sys_common/backtrace.rs:170:18
[INFO] [stdout]   17:     0x560bf8eb2962 - rust_begin_unwind
[INFO] [stdout]                                at /rustc/82e1608dfa6e0b5569232559e3d385fea5a93112/library/std/src/panicking.rs:645:5
[INFO] [stdout]   18:     0x560bf8d2ef05 - core::panicking::panic_fmt::hbf0e066aabfa482c
[INFO] [stdout]                                at /rustc/82e1608dfa6e0b5569232559e3d385fea5a93112/library/core/src/panicking.rs:72:14
[INFO] [stdout]   19:     0x560bf8d2f493 - core::result::unwrap_failed::hddb4fea594200c52
[INFO] [stdout]                                at /rustc/82e1608dfa6e0b5569232559e3d385fea5a93112/library/core/src/result.rs:1653:5
[INFO] [stdout]   20:     0x560bf8dc838b - core::result::Result<T,E>::unwrap::h23bcd9794781d469
[INFO] [stdout]                                at /rustc/82e1608dfa6e0b5569232559e3d385fea5a93112/library/core/src/result.rs:1077:23
[INFO] [stdout]   21:     0x560bf8dcefe5 - <fyrox_core::log::LOG as core::ops::deref::Deref>::deref::__static_ref_initialize::h0fcf8908d335dcce
[INFO] [stdout]                                at /opt/rustwide/cargo-home/registry/src/index.crates.io-6f17d22bba15001f/fyrox-core-0.26.0/src/log.rs:39:15
[INFO] [stdout]   22:     0x560bf8dcefe5 - core::ops::function::FnOnce::call_once::h3e07ca150b87bf7c
[INFO] [stdout]                                at /rustc/82e1608dfa6e0b5569232559e3d385fea5a93112/library/core/src/ops/function.rs:250:5
[INFO] [stdout]   23:     0x560bf8dc7833 - lazy_static::lazy::Lazy<T>::get::{{closure}}::hc5ec09cc1b2e50b0
[INFO] [stdout]                                at /opt/rustwide/cargo-home/registry/src/index.crates.io-6f17d22bba15001f/lazy_static-1.4.0/src/inline_lazy.rs:31:29
[INFO] [stdout]   24:     0x560bf8dd0e47 - std::sync::once::Once::call_once::{{closure}}::hcb4a00705b0f5fc8
[INFO] [stdout]                                at /rustc/82e1608dfa6e0b5569232559e3d385fea5a93112/library/std/src/sync/once.rs:149:41
[INFO] [stdout]   25:     0x560bf8dc7de1 - std::sys_common::once::futex::Once::call::ha4fd7032b9cce0e8
[INFO] [stdout]                                at /rustc/82e1608dfa6e0b5569232559e3d385fea5a93112/library/std/src/sys_common/once/futex.rs:124:21
[INFO] [stdout]   26:     0x560bf8dd0d9f - std::sync::once::Once::call_once::h117ed8134ab53ef9
[INFO] [stdout]                                at /rustc/82e1608dfa6e0b5569232559e3d385fea5a93112/library/std/src/sync/once.rs:149:9
[INFO] [stdout]   27:     0x560bf8dd0c1a - lazy_static::lazy::Lazy<T>::get::hb1ca4bc16f7e580f
[INFO] [stdout]                                at /opt/rustwide/cargo-home/registry/src/index.crates.io-6f17d22bba15001f/lazy_static-1.4.0/src/inline_lazy.rs:30:9
[INFO] [stdout]   28:     0x560bf8dd0c1a - <fyrox_core::log::LOG as core::ops::deref::Deref>::deref::__stability::hfa1052c7b48117a3
[INFO] [stdout]                                at /opt/rustwide/cargo-home/registry/src/index.crates.io-6f17d22bba15001f/lazy_static-1.4.0/src/lib.rs:142:21
[INFO] [stdout]   29:     0x560bf8dd0c1a - <fyrox_core::log::LOG as core::ops::deref::Deref>::deref::hc414acaa8663a2eb
[INFO] [stdout]                                at /opt/rustwide/cargo-home/registry/src/index.crates.io-6f17d22bba15001f/lazy_static-1.4.0/src/lib.rs:144:17
[INFO] [stdout]   30:     0x560bf8d6b73b - fyrox_core::log::Log::writeln::h0f7443c89e11202a
[INFO] [stdout]                                at /opt/rustwide/cargo-home/registry/src/index.crates.io-6f17d22bba15001f/fyrox-core-0.26.0/src/log.rs:134:9
[INFO] [stdout]   31:     0x560bf8d6b705 - fyrox_core::log::Log::err::h79f2d727b019ea24
[INFO] [stdout]                                at /opt/rustwide/cargo-home/registry/src/index.crates.io-6f17d22bba15001f/fyrox-core-0.26.0/src/log.rs:158:9
[INFO] [stdout]   32:     0x560bf8d5f82e - fyrox_resource::state::ResourceState::commit_error::h9d14b6632a13078f
[INFO] [stdout]                                at /opt/rustwide/workdir/src/state.rs:318:9
[INFO] [stdout]   33:     0x560bf8d6637c - fyrox_resource::untyped::UntypedResource::commit_error::ha35e27ae9bcfae5d
[INFO] [stdout]                                at /opt/rustwide/workdir/src/untyped.rs:175:9
[INFO] [stdout]   34:     0x560bf8d6a614 - fyrox_resource::untyped::test::untyped_resource_commit_error::h9f69171935ad1f7d
[INFO] [stdout]                                at /opt/rustwide/workdir/src/untyped.rs:403:9
[INFO] [stdout]   35:     0x560bf8d6a167 - fyrox_resource::untyped::test::untyped_resource_commit_error::{{closure}}::hc1561b096e7cdc72
[INFO] [stdout]                                at /opt/rustwide/workdir/src/untyped.rs:395:39
[INFO] [stdout]   36:     0x560bf8d52406 - core::ops::function::FnOnce::call_once::h6d213b8ce28706e3
[INFO] [stdout]                                at /rustc/82e1608dfa6e0b5569232559e3d385fea5a93112/library/core/src/ops/function.rs:250:5
[INFO] [stdout]   37:     0x560bf8dbea1f - core::ops::function::FnOnce::call_once::h2b5d431d5046312d
[INFO] [stdout]                                at /rustc/82e1608dfa6e0b5569232559e3d385fea5a93112/library/core/src/ops/function.rs:250:5
[INFO] [stdout]   38:     0x560bf8dbea1f - test::__rust_begin_short_backtrace::h7714669af176e207
[INFO] [stdout]                                at /rustc/82e1608dfa6e0b5569232559e3d385fea5a93112/library/test/src/lib.rs:628:18
[INFO] [stdout]   39:     0x560bf8dbda35 - test::run_test_in_process::{{closure}}::h85218797dcbcec12
[INFO] [stdout]                                at /rustc/82e1608dfa6e0b5569232559e3d385fea5a93112/library/test/src/lib.rs:651:60
[INFO] [stdout]   40:     0x560bf8dbda35 - <core::panic::unwind_safe::AssertUnwindSafe<F> as core::ops::function::FnOnce<()>>::call_once::h76c106ea31c14d7b
[INFO] [stdout]                                at /rustc/82e1608dfa6e0b5569232559e3d385fea5a93112/library/core/src/panic/unwind_safe.rs:272:9
[INFO] [stdout]   41:     0x560bf8dbda35 - std::panicking::try::do_call::h3bd5d0f6620ee946
[INFO] [stdout]                                at /rustc/82e1608dfa6e0b5569232559e3d385fea5a93112/library/std/src/panicking.rs:552:40
[INFO] [stdout]   42:     0x560bf8dbda35 - std::panicking::try::h232e535e4744fe31
[INFO] [stdout]                                at /rustc/82e1608dfa6e0b5569232559e3d385fea5a93112/library/std/src/panicking.rs:516:19
[INFO] [stdout]   43:     0x560bf8dbda35 - std::panic::catch_unwind::h3ce3bd6ca8dbac68
[INFO] [stdout]                                at /rustc/82e1608dfa6e0b5569232559e3d385fea5a93112/library/std/src/panic.rs:142:14
[INFO] [stdout]   44:     0x560bf8dbda35 - test::run_test_in_process::hc97b257c9621286a
[INFO] [stdout]                                at /rustc/82e1608dfa6e0b5569232559e3d385fea5a93112/library/test/src/lib.rs:651:27
[INFO] [stdout]   45:     0x560bf8dbda35 - test::run_test::{{closure}}::h2aa798823a438d38
[INFO] [stdout]                                at /rustc/82e1608dfa6e0b5569232559e3d385fea5a93112/library/test/src/lib.rs:574:43
[INFO] [stdout]   46:     0x560bf8d85cf6 - test::run_test::{{closure}}::h87d231c78fb59832
[INFO] [stdout]                                at /rustc/82e1608dfa6e0b5569232559e3d385fea5a93112/library/test/src/lib.rs:602:41
[INFO] [stdout]   47:     0x560bf8d85cf6 - std::sys_common::backtrace::__rust_begin_short_backtrace::he6df152596625789
[INFO] [stdout]                                at /rustc/82e1608dfa6e0b5569232559e3d385fea5a93112/library/std/src/sys_common/backtrace.rs:154:18
[INFO] [stdout]   48:     0x560bf8d8ada7 - std::thread::Builder::spawn_unchecked_::{{closure}}::{{closure}}::ha94be15d1e0acf36
[INFO] [stdout]                                at /rustc/82e1608dfa6e0b5569232559e3d385fea5a93112/library/std/src/thread/mod.rs:529:17
[INFO] [stdout]   49:     0x560bf8d8ada7 - <core::panic::unwind_safe::AssertUnwindSafe<F> as core::ops::function::FnOnce<()>>::call_once::h9dc6bd6372f16606
[INFO] [stdout]                                at /rustc/82e1608dfa6e0b5569232559e3d385fea5a93112/library/core/src/panic/unwind_safe.rs:272:9
[INFO] [stdout]   50:     0x560bf8d8ada7 - std::panicking::try::do_call::h9057517f80303cd4
[INFO] [stdout]                                at /rustc/82e1608dfa6e0b5569232559e3d385fea5a93112/library/std/src/panicking.rs:552:40
[INFO] [stdout]   51:     0x560bf8d8ada7 - std::panicking::try::he3a30b11ee45340c
[INFO] [stdout]                                at /rustc/82e1608dfa6e0b5569232559e3d385fea5a93112/library/std/src/panicking.rs:516:19
[INFO] [stdout]   52:     0x560bf8d8ada7 - std::panic::catch_unwind::h410458cfd3528b8b
[INFO] [stdout]                                at /rustc/82e1608dfa6e0b5569232559e3d385fea5a93112/library/std/src/panic.rs:142:14
[INFO] [stdout]   53:     0x560bf8d8ada7 - std::thread::Builder::spawn_unchecked_::{{closure}}::h72ac3bdb567b737b
[INFO] [stdout]                                at /rustc/82e1608dfa6e0b5569232559e3d385fea5a93112/library/std/src/thread/mod.rs:528:30
[INFO] [stdout]   54:     0x560bf8d8ada7 - core::ops::function::FnOnce::call_once{{vtable.shim}}::h38f34da3654a8344
[INFO] [stdout]                                at /rustc/82e1608dfa6e0b5569232559e3d385fea5a93112/library/core/src/ops/function.rs:250:5
[INFO] [stdout]   55:     0x560bf8eb8115 - <alloc::boxed::Box<F,A> as core::ops::function::FnOnce<Args>>::call_once::hc7eafaff61e32df9
[INFO] [stdout]                                at /rustc/82e1608dfa6e0b5569232559e3d385fea5a93112/library/alloc/src/boxed.rs:2007:9
[INFO] [stdout]   56:     0x560bf8eb8115 - <alloc::boxed::Box<F,A> as core::ops::function::FnOnce<Args>>::call_once::h6ba4a5de48dd2304
[INFO] [stdout]                                at /rustc/82e1608dfa6e0b5569232559e3d385fea5a93112/library/alloc/src/boxed.rs:2007:9
[INFO] [stdout]   57:     0x560bf8eb8115 - std::sys::unix::thread::Thread::new::thread_start::he469335aef763e45
[INFO] [stdout]                                at /rustc/82e1608dfa6e0b5569232559e3d385fea5a93112/library/std/src/sys/unix/thread.rs:108:17
[INFO] [stdout]   58:     0x7fd6c0da5ac3 - <unknown>
[INFO] [stdout]   59:     0x7fd6c0e36bf4 - __clone
[INFO] [stdout]   60:                0x0 - <unknown>
[INFO] [stdout] 
[INFO] [stdout] 
[INFO] [stdout] failures:
[INFO] [stdout]     untyped::test::untyped_resource_commit_error
[INFO] [stdout] 
[INFO] [stdout] test result: FAILED. 73 passed; 1 failed; 0 ignored; 0 measured; 0 filtered out; finished in 0.42s
[INFO] [stdout] 
[INFO] running `Command { std: "docker" "inspect" "f38eb78bd12f8a95e0e06822da607cebe2350c5e1e3f7209f3eb1030c6007b03", kill_on_drop: false }`
[INFO] running `Command { std: "docker" "rm" "-f" "f38eb78bd12f8a95e0e06822da607cebe2350c5e1e3f7209f3eb1030c6007b03", kill_on_drop: false }`
[INFO] [stdout] f38eb78bd12f8a95e0e06822da607cebe2350c5e1e3f7209f3eb1030c6007b03
[INFO] testing fyrox-resource-0.10.0 against beta-2023-12-22 for beta-1.76-1
[INFO] extracting crate fyrox-resource 0.10.0 into /workspace/builds/worker-7-tc2/source
[INFO] validating manifest of crates.io crate fyrox-resource 0.10.0 on toolchain beta-2023-12-22
[INFO] running `Command { std: CARGO_HOME="/workspace/cargo-home" RUSTUP_HOME="/workspace/rustup-home" "/workspace/cargo-home/bin/cargo" "+beta-2023-12-22" "metadata" "--manifest-path" "Cargo.toml" "--no-deps", kill_on_drop: false }`
[INFO] started tweaking crates.io crate fyrox-resource 0.10.0
[INFO] finished tweaking crates.io crate fyrox-resource 0.10.0
[INFO] tweaked toml for crates.io crate fyrox-resource 0.10.0 written to /workspace/builds/worker-7-tc2/source/Cargo.toml
[INFO] running `Command { std: CARGO_HOME="/workspace/cargo-home" RUSTUP_HOME="/workspace/rustup-home" "/workspace/cargo-home/bin/cargo" "+beta-2023-12-22" "generate-lockfile" "--manifest-path" "Cargo.toml", kill_on_drop: false }`
[INFO] [stderr]     Updating crates.io index
[INFO] running `Command { std: CARGO_HOME="/workspace/cargo-home" RUSTUP_HOME="/workspace/rustup-home" "/workspace/cargo-home/bin/cargo" "+beta-2023-12-22" "fetch" "--manifest-path" "Cargo.toml", kill_on_drop: false }`
[INFO] running `Command { std: "docker" "create" "-v" "/var/lib/crater-agent-workspace/builds/worker-7-tc2/target:/opt/rustwide/target:rw,Z" "-v" "/var/lib/crater-agent-workspace/builds/worker-7-tc2/source:/opt/rustwide/workdir:ro,Z" "-v" "/var/lib/crater-agent-workspace/cargo-home:/opt/rustwide/cargo-home:ro,Z" "-v" "/var/lib/crater-agent-workspace/rustup-home:/opt/rustwide/rustup-home:ro,Z" "-e" "SOURCE_DIR=/opt/rustwide/workdir" "-e" "CARGO_TARGET_DIR=/opt/rustwide/target" "-e" "CARGO_HOME=/opt/rustwide/cargo-home" "-e" "RUSTUP_HOME=/opt/rustwide/rustup-home" "-w" "/opt/rustwide/workdir" "-m" "1610612736" "--user" "0:0" "--network" "none" "ghcr.io/rust-lang/crates-build-env/linux@sha256:2788e3201cd34a07e3172128adcd8b3090168a8e3bcc40d7c032b9dda1df7d1c" "/opt/rustwide/cargo-home/bin/cargo" "+beta-2023-12-22" "metadata" "--no-deps" "--format-version=1", kill_on_drop: false }`
[INFO] [stdout] 89c416bec5a7ff097b86de1c43685f1786743a57e065bcd2d30a13d7341fb81b
[INFO] running `Command { std: "docker" "start" "-a" "89c416bec5a7ff097b86de1c43685f1786743a57e065bcd2d30a13d7341fb81b", kill_on_drop: false }`
[INFO] running `Command { std: "docker" "inspect" "89c416bec5a7ff097b86de1c43685f1786743a57e065bcd2d30a13d7341fb81b", kill_on_drop: false }`
[INFO] running `Command { std: "docker" "rm" "-f" "89c416bec5a7ff097b86de1c43685f1786743a57e065bcd2d30a13d7341fb81b", kill_on_drop: false }`
[INFO] [stdout] 89c416bec5a7ff097b86de1c43685f1786743a57e065bcd2d30a13d7341fb81b
[INFO] running `Command { std: "docker" "create" "-v" "/var/lib/crater-agent-workspace/builds/worker-7-tc2/target:/opt/rustwide/target:rw,Z" "-v" "/var/lib/crater-agent-workspace/builds/worker-7-tc2/source:/opt/rustwide/workdir:ro,Z" "-v" "/var/lib/crater-agent-workspace/cargo-home:/opt/rustwide/cargo-home:ro,Z" "-v" "/var/lib/crater-agent-workspace/rustup-home:/opt/rustwide/rustup-home:ro,Z" "-e" "SOURCE_DIR=/opt/rustwide/workdir" "-e" "CARGO_TARGET_DIR=/opt/rustwide/target" "-e" "CARGO_INCREMENTAL=0" "-e" "RUST_BACKTRACE=full" "-e" "RUSTFLAGS=--cap-lints=warn" "-e" "RUSTDOCFLAGS=--cap-lints=warn" "-e" "CARGO_HOME=/opt/rustwide/cargo-home" "-e" "RUSTUP_HOME=/opt/rustwide/rustup-home" "-w" "/opt/rustwide/workdir" "-m" "1610612736" "--user" "0:0" "--network" "none" "ghcr.io/rust-lang/crates-build-env/linux@sha256:2788e3201cd34a07e3172128adcd8b3090168a8e3bcc40d7c032b9dda1df7d1c" "/opt/rustwide/cargo-home/bin/cargo" "+beta-2023-12-22" "build" "--frozen" "--message-format=json", kill_on_drop: false }`
[INFO] [stdout] 36043875f0e243707baa5849f84032d273c8881a30172da1ba817e6ef483ca37
[INFO] running `Command { std: "docker" "start" "-a" "36043875f0e243707baa5849f84032d273c8881a30172da1ba817e6ef483ca37", kill_on_drop: false }`
[INFO] [stderr]    Compiling num-traits v0.2.17
[INFO] [stderr]    Compiling syn v1.0.109
[INFO] [stderr]    Compiling wasm-bindgen-shared v0.2.89
[INFO] [stderr]    Compiling bumpalo v3.14.0
[INFO] [stderr]    Compiling num-integer v0.1.45
[INFO] [stderr]    Compiling crossbeam-utils v0.8.18
[INFO] [stderr]    Compiling futures-sink v0.3.30
[INFO] [stderr]    Compiling paste v1.0.14
[INFO] [stderr]    Compiling fnv v1.0.7
[INFO] [stderr]    Compiling futures-core v0.3.30
[INFO] [stderr]    Compiling strsim v0.10.0
[INFO] [stderr]    Compiling ident_case v1.0.1
[INFO] [stderr]    Compiling bytemuck v1.14.0
[INFO] [stderr]    Compiling getrandom v0.2.11
[INFO] [stderr]    Compiling num-rational v0.4.1
[INFO] [stderr]    Compiling futures-macro v0.3.30
[INFO] [stderr]    Compiling matrixmultiply v0.3.8
[INFO] [stderr]    Compiling lock_api v0.4.11
[INFO] [stderr]    Compiling typenum v1.17.0
[INFO] [stderr]    Compiling safe_arch v0.7.1
[INFO] [stderr]    Compiling futures-channel v0.3.30
[INFO] [stderr]    Compiling futures-io v0.3.30
[INFO] [stderr]    Compiling futures-task v0.3.30
[INFO] [stderr]    Compiling parking_lot_core v0.9.9
[INFO] [stderr]    Compiling wasm-bindgen v0.2.89
[INFO] [stderr]    Compiling rand_core v0.6.4
[INFO] [stderr]    Compiling wasm-bindgen-backend v0.2.89
[INFO] [stderr]    Compiling num_cpus v1.16.0
[INFO] [stderr]    Compiling inotify-sys v0.1.5
[INFO] [stderr]    Compiling memoffset v0.9.0
[INFO] [stderr]    Compiling unicode-segmentation v1.10.1
[INFO] [stderr]    Compiling walkdir v2.4.0
[INFO] [stderr]    Compiling fxhash v0.2.1
[INFO] [stderr]    Compiling inotify v0.9.6
[INFO] [stderr]    Compiling wide v0.7.13
[INFO] [stderr]    Compiling rand_chacha v0.3.1
[INFO] [stderr]    Compiling crossbeam-channel v0.5.10
[INFO] [stderr]    Compiling convert_case v0.6.0
[INFO] [stderr]    Compiling bitflags v2.4.1
[INFO] [stderr]    Compiling filetime v0.2.23
[INFO] [stderr]    Compiling mio v0.8.10
[INFO] [stderr]    Compiling base64 v0.21.5
[INFO] [stderr]    Compiling rand v0.8.5
[INFO] [stderr]    Compiling parking_lot v0.12.1
[INFO] [stderr]    Compiling instant v0.1.12
[INFO] [stderr]    Compiling arrayvec v0.7.4
[INFO] [stderr]    Compiling ron v0.8.1
[INFO] [stderr]    Compiling notify v6.1.1
[INFO] [stderr]    Compiling num-complex v0.4.4
[INFO] [stderr]    Compiling approx v0.5.1
[INFO] [stderr]    Compiling wasm-bindgen-macro-support v0.2.89
[INFO] [stderr]    Compiling futures-util v0.3.30
[INFO] [stderr]    Compiling simba v0.8.1
[INFO] [stderr]    Compiling wasm-bindgen-macro v0.2.89
[INFO] [stderr]    Compiling darling_core v0.14.4
[INFO] [stderr]    Compiling uuid v1.6.1
[INFO] [stderr]    Compiling nalgebra-macros v0.2.1
[INFO] [stderr]    Compiling futures-executor v0.3.30
[INFO] [stderr]    Compiling futures v0.3.30
[INFO] [stderr]    Compiling darling_macro v0.14.4
[INFO] [stderr]    Compiling darling v0.14.4
[INFO] [stderr]    Compiling fyrox-core-derive v0.21.0
[INFO] [stderr]    Compiling nalgebra v0.32.3
[INFO] [stderr]    Compiling fyrox-core v0.26.0
[INFO] [stderr]    Compiling fyrox-resource v0.10.0 (/opt/rustwide/workdir)
[INFO] [stderr]     Finished dev [unoptimized + debuginfo] target(s) in 21.94s
[INFO] running `Command { std: "docker" "inspect" "36043875f0e243707baa5849f84032d273c8881a30172da1ba817e6ef483ca37", kill_on_drop: false }`
[INFO] running `Command { std: "docker" "rm" "-f" "36043875f0e243707baa5849f84032d273c8881a30172da1ba817e6ef483ca37", kill_on_drop: false }`
[INFO] [stdout] 36043875f0e243707baa5849f84032d273c8881a30172da1ba817e6ef483ca37
[INFO] running `Command { std: "docker" "create" "-v" "/var/lib/crater-agent-workspace/builds/worker-7-tc2/target:/opt/rustwide/target:rw,Z" "-v" "/var/lib/crater-agent-workspace/builds/worker-7-tc2/source:/opt/rustwide/workdir:ro,Z" "-v" "/var/lib/crater-agent-workspace/cargo-home:/opt/rustwide/cargo-home:ro,Z" "-v" "/var/lib/crater-agent-workspace/rustup-home:/opt/rustwide/rustup-home:ro,Z" "-e" "SOURCE_DIR=/opt/rustwide/workdir" "-e" "CARGO_TARGET_DIR=/opt/rustwide/target" "-e" "CARGO_INCREMENTAL=0" "-e" "RUST_BACKTRACE=full" "-e" "RUSTFLAGS=--cap-lints=warn" "-e" "RUSTDOCFLAGS=--cap-lints=warn" "-e" "CARGO_HOME=/opt/rustwide/cargo-home" "-e" "RUSTUP_HOME=/opt/rustwide/rustup-home" "-w" "/opt/rustwide/workdir" "-m" "1610612736" "--user" "0:0" "--network" "none" "ghcr.io/rust-lang/crates-build-env/linux@sha256:2788e3201cd34a07e3172128adcd8b3090168a8e3bcc40d7c032b9dda1df7d1c" "/opt/rustwide/cargo-home/bin/cargo" "+beta-2023-12-22" "test" "--frozen" "--no-run" "--message-format=json", kill_on_drop: false }`
[INFO] [stdout] b38ffd1795817a23552d149ce93edaa63b9595993c504985656af6bc88bbd102
[INFO] running `Command { std: "docker" "start" "-a" "b38ffd1795817a23552d149ce93edaa63b9595993c504985656af6bc88bbd102", kill_on_drop: false }`
[INFO] [stderr]    Compiling fyrox-resource v0.10.0 (/opt/rustwide/workdir)
[INFO] [stderr]     Finished test [unoptimized + debuginfo] target(s) in 1.71s
[INFO] running `Command { std: "docker" "inspect" "b38ffd1795817a23552d149ce93edaa63b9595993c504985656af6bc88bbd102", kill_on_drop: false }`
[INFO] running `Command { std: "docker" "rm" "-f" "b38ffd1795817a23552d149ce93edaa63b9595993c504985656af6bc88bbd102", kill_on_drop: false }`
[INFO] [stdout] b38ffd1795817a23552d149ce93edaa63b9595993c504985656af6bc88bbd102
[INFO] running `Command { std: "docker" "create" "-v" "/var/lib/crater-agent-workspace/builds/worker-7-tc2/target:/opt/rustwide/target:rw,Z" "-v" "/var/lib/crater-agent-workspace/builds/worker-7-tc2/source:/opt/rustwide/workdir:ro,Z" "-v" "/var/lib/crater-agent-workspace/cargo-home:/opt/rustwide/cargo-home:ro,Z" "-v" "/var/lib/crater-agent-workspace/rustup-home:/opt/rustwide/rustup-home:ro,Z" "-e" "SOURCE_DIR=/opt/rustwide/workdir" "-e" "CARGO_TARGET_DIR=/opt/rustwide/target" "-e" "CARGO_INCREMENTAL=0" "-e" "RUST_BACKTRACE=full" "-e" "RUSTFLAGS=--cap-lints=warn" "-e" "RUSTDOCFLAGS=--cap-lints=warn" "-e" "CARGO_HOME=/opt/rustwide/cargo-home" "-e" "RUSTUP_HOME=/opt/rustwide/rustup-home" "-w" "/opt/rustwide/workdir" "-m" "1610612736" "--user" "0:0" "--network" "none" "ghcr.io/rust-lang/crates-build-env/linux@sha256:2788e3201cd34a07e3172128adcd8b3090168a8e3bcc40d7c032b9dda1df7d1c" "/opt/rustwide/cargo-home/bin/cargo" "+beta-2023-12-22" "test" "--frozen", kill_on_drop: false }`
[INFO] [stdout] 670149e0cf7a8cb9068a7b3a19e58f1cfefc6a6bd6d27463e7f273d07ef08830
[INFO] running `Command { std: "docker" "start" "-a" "670149e0cf7a8cb9068a7b3a19e58f1cfefc6a6bd6d27463e7f273d07ef08830", kill_on_drop: false }`
[INFO] [stderr]     Finished test [unoptimized + debuginfo] target(s) in 0.06s
[INFO] [stderr]      Running unittests src/lib.rs (/opt/rustwide/target/debug/deps/fyrox_resource-0d8945212cea317d)
[INFO] [stdout] 
[INFO] [stdout] running 74 tests
[INFO] [stdout] test constructor::test::resource_constructor_container_try_create ... ok
[INFO] [stdout] test constructor::test::resource_constructor_container_add_custom ... ok
[INFO] [stdout] test constructor::test::resource_constructor_container_new ... ok
[INFO] [stdout] test entry::test::timed_entry_clone ... ok
[INFO] [stdout] test entry::test::timed_entry_default ... ok
[INFO] [stdout] test entry::test::timed_entry_deref ... ok
[INFO] [stdout] test entry::test::timed_entry_deref_mut ... ok
[INFO] [stdout] test event::test::resource_event_broadcaster_add_and_remove ... ok
[INFO] [stdout] test event::test::resource_event_broadcaster_broadcast_loaded ... ok
[INFO] [stdout] test event::test::resource_event_broadcaster_broadcast_loaded_or_reloaded ... ok
[INFO] [stdout] test graph::test::resource_dependency_for_each ... ok
[INFO] [stdout] test graph::test::resource_dependency_graph_new ... ok
[INFO] [stdout] test graph::test::resource_graph_node_for_each ... ok
[INFO] [stdout] test graph::test::resource_graph_node_new ... ok
[INFO] [stdout] test graph::test::resource_dependency_pretty_print ... ok
[INFO] [stdout] test loader::test::resource_loader_container_find_mut ... ok
[INFO] [stdout] test graph::test::resource_graph_node_pretty_print ... ok
[INFO] [stdout] test loader::test::resource_loader_container_getters ... ok
[INFO] [stdout] test loader::test::resource_loader_container_find ... ok
[INFO] [stdout] test manager::test::debug_for_resource_registration_error ... ok
[INFO] [stdout] test loader::test::resource_loader_container_new ... ok
[INFO] [stdout] test manager::test::display_for_resource_registration_error ... ok
[INFO] [stdout] test event::test::resource_event_broadcaster_clone ... ok
[INFO] [stdout] test loader::test::resource_loader_container_set ... ok
[INFO] [stdout] test manager::test::resource_manager_state_new ... ok
[INFO] [stdout] test manager::test::resource_manager_register ... ok
[INFO] [stdout] test manager::test::resource_manager_state_destroy_unused_resources ... ok
[INFO] [stdout] test manager::test::resource_manager_new ... ok
[INFO] [stdout] test manager::test::resource_manager_request ... ok
[INFO] [stdout] test manager::test::resource_manager_state_get_wait_context ... ok
[INFO] [stdout] test manager::test::resource_manager_state_push ... ok
[INFO] [stdout] test manager::test::resource_manager_state_find ... ok
[INFO] [stdout] test manager::test::resource_manager_state_reload_resource ... ok
[INFO] [stdout] test manager::test::resource_manager_state_loading_progress ... ok
[INFO] [stdout] test state::test::resource_state_new_ok ... ok
[INFO] [stdout] test manager::test::resource_wait_context_is_all_loaded ... ok
[INFO] [stdout] test manager::test::resource_manager_request_untyped ... ok
[INFO] [stdout] test state::test::resource_state_new_load_error ... ok
[INFO] [stdout] test manager::test::resource_manager_state_reload_resources ... ok
[INFO] [stdout] test state::test::resource_state_new_pending ... ok
[INFO] [stdout] test state::test::resource_state_switch_to_pending_state ... ok
[INFO] [stdout] test manager::test::resource_manager_state_resources ... ok
[INFO] [stdout] test manager::test::resource_manager_state_set_watcher ... ok
[INFO] [stdout] test manager::test::resource_manager_state_request ... ok
[INFO] [stdout] test manager::test::resource_manager_state_try_reload_resource_from_path ... ok
[INFO] [stdout] test state::test::stub_path ... ok
[INFO] [stdout] test state::test::stub_set_type_uuid ... ok
[INFO] [stdout] test untyped::test::stub_path ... ok
[INFO] [stdout] test untyped::test::stub_set_type_uuid ... ok
[INFO] [stdout] test untyped::test::untyped_resource_commit ... ok
[INFO] [stdout] test untyped::test::untyped_resource_commit_ok ... ok
[INFO] [stdout] test untyped::test::debug_for_untyped_resource ... ok
[INFO] [stdout] test state::test::visit_for_resource_state ... ok
[INFO] [stdout] test untyped::test::untyped_resource_is_loading ... ok
[INFO] [stdout] test untyped::test::untyped_resource_new_load_error ... ok
[INFO] [stdout] test untyped::test::untyped_resource_new_ok ... ok
[INFO] [stdout] test untyped::test::untyped_resource_new_pending ... ok
[INFO] [stdout] test untyped::test::untyped_resource_path ... ok
[INFO] [stdout] test untyped::test::untyped_resource_try_cast ... ok
[INFO] [stdout] test untyped::test::untyped_resource_poll ... ok
[INFO] [stdout] test untyped::test::untyped_resource_use_count ... ok
[INFO] [stdout] test untyped::test::visit_for_untyped_resource ... ok
[INFO] [stdout] test constructor::test::stub_path - should panic ... ok
[INFO] [stdout] test constructor::test::stub_set_as_any - should panic ... ok
[INFO] [stdout] test constructor::test::stub_set_as_any_mut - should panic ... ok
[INFO] [stdout] test constructor::test::stub_set_path - should panic ... ok
[INFO] [stdout] test constructor::test::stub_set_type_uuid - should panic ... ok
[INFO] [stdout] test state::test::stub_set_as_any - should panic ... ok
[INFO] [stdout] test state::test::stub_set_as_any_mut - should panic ... ok
[INFO] [stdout] test state::test::stub_set_path - should panic ... ok
[INFO] [stdout] test untyped::test::stub_set_as_any_mut - should panic ... ok
[INFO] [stdout] test untyped::test::stub_set_as_any - should panic ... ok
[INFO] [stdout] test untyped::test::stub_set_path - should panic ... ok
[INFO] [stdout] test untyped::test::untyped_resource_commit_error ... FAILED
[INFO] [stdout] 
[INFO] [stdout] failures:
[INFO] [stdout] 
[INFO] [stdout] ---- untyped::test::untyped_resource_commit_error stdout ----
[INFO] [stdout] thread 'untyped::test::untyped_resource_commit_error' panicked at /opt/rustwide/cargo-home/registry/src/index.crates.io-6f17d22bba15001f/fyrox-core-0.26.0/src/log.rs:39:50:
[INFO] [stdout] called `Result::unwrap()` on an `Err` value: Os { code: 30, kind: ReadOnlyFilesystem, message: "Read-only file system" }
[INFO] [stdout] stack backtrace:
[INFO] [stdout]    0:     0x55b8315bb3e6 - std::backtrace_rs::backtrace::libunwind::trace::h261606ad26a499c1
[INFO] [stdout]                                at /rustc/0e09125c6c3c2fd70d7de961bcf0e51575235fad/library/std/src/../../backtrace/src/backtrace/libunwind.rs:104:5
[INFO] [stdout]    1:     0x55b8315bb3e6 - std::backtrace_rs::backtrace::trace_unsynchronized::hd183f0625477fb28
[INFO] [stdout]                                at /rustc/0e09125c6c3c2fd70d7de961bcf0e51575235fad/library/std/src/../../backtrace/src/backtrace/mod.rs:66:5
[INFO] [stdout]    2:     0x55b8315bb3e6 - std::sys_common::backtrace::_print_fmt::hd7f8fef21b4eda67
[INFO] [stdout]                                at /rustc/0e09125c6c3c2fd70d7de961bcf0e51575235fad/library/std/src/sys_common/backtrace.rs:68:5
[INFO] [stdout]    3:     0x55b8315bb3e6 - <std::sys_common::backtrace::_print::DisplayBacktrace as core::fmt::Display>::fmt::h623d9b51f2f453f1
[INFO] [stdout]                                at /rustc/0e09125c6c3c2fd70d7de961bcf0e51575235fad/library/std/src/sys_common/backtrace.rs:44:22
[INFO] [stdout]    4:     0x55b8315e55a0 - core::fmt::rt::Argument::fmt::h9f417ac76a86f368
[INFO] [stdout]                                at /rustc/0e09125c6c3c2fd70d7de961bcf0e51575235fad/library/core/src/fmt/rt.rs:142:9
[INFO] [stdout]    5:     0x55b8315e55a0 - core::fmt::write::hc9b6faf4ac2aeff7
[INFO] [stdout]                                at /rustc/0e09125c6c3c2fd70d7de961bcf0e51575235fad/library/core/src/fmt/mod.rs:1120:17
[INFO] [stdout]    6:     0x55b8315b8bef - std::io::Write::write_fmt::he04625a3a989fec3
[INFO] [stdout]                                at /rustc/0e09125c6c3c2fd70d7de961bcf0e51575235fad/library/std/src/io/mod.rs:1810:15
[INFO] [stdout]    7:     0x55b8315bb1c4 - std::sys_common::backtrace::_print::hd5d66399c7df88a2
[INFO] [stdout]                                at /rustc/0e09125c6c3c2fd70d7de961bcf0e51575235fad/library/std/src/sys_common/backtrace.rs:47:5
[INFO] [stdout]    8:     0x55b8315bb1c4 - std::sys_common::backtrace::print::he81ed2da642d37e5
[INFO] [stdout]                                at /rustc/0e09125c6c3c2fd70d7de961bcf0e51575235fad/library/std/src/sys_common/backtrace.rs:34:9
[INFO] [stdout]    9:     0x55b8315bcf37 - std::panicking::default_hook::{{closure}}::h85773f4fa117163d
[INFO] [stdout]   10:     0x55b8315bcc1d - std::panicking::default_hook::h6a1694a91d09b278
[INFO] [stdout]                                at /rustc/0e09125c6c3c2fd70d7de961bcf0e51575235fad/library/std/src/panicking.rs:289:9
[INFO] [stdout]   11:     0x55b8314c3f97 - <alloc::boxed::Box<F,A> as core::ops::function::Fn<Args>>::call::h616ac37fa3cd6c8f
[INFO] [stdout]                                at /rustc/0e09125c6c3c2fd70d7de961bcf0e51575235fad/library/alloc/src/boxed.rs:2029:9
[INFO] [stdout]   12:     0x55b8314c3f97 - test::test_main::{{closure}}::h00d84697cefdcbb6
[INFO] [stdout]                                at /rustc/0e09125c6c3c2fd70d7de961bcf0e51575235fad/library/test/src/lib.rs:138:21
[INFO] [stdout]   13:     0x55b8315bd556 - <alloc::boxed::Box<F,A> as core::ops::function::Fn<Args>>::call::hcb3fe3b9bb537ba8
[INFO] [stdout]                                at /rustc/0e09125c6c3c2fd70d7de961bcf0e51575235fad/library/alloc/src/boxed.rs:2029:9
[INFO] [stdout]   14:     0x55b8315bd556 - std::panicking::rust_panic_with_hook::h0a7ad96e90f7145b
[INFO] [stdout]                                at /rustc/0e09125c6c3c2fd70d7de961bcf0e51575235fad/library/std/src/panicking.rs:783:13
[INFO] [stdout]   15:     0x55b8315bd2a2 - std::panicking::begin_panic_handler::{{closure}}::h7919090525c6485e
[INFO] [stdout]                                at /rustc/0e09125c6c3c2fd70d7de961bcf0e51575235fad/library/std/src/panicking.rs:657:13
[INFO] [stdout]   16:     0x55b8315bb8e6 - std::sys_common::backtrace::__rust_end_short_backtrace::hf3289479464f7dfe
[INFO] [stdout]                                at /rustc/0e09125c6c3c2fd70d7de961bcf0e51575235fad/library/std/src/sys_common/backtrace.rs:171:18
[INFO] [stdout]   17:     0x55b8315bd000 - rust_begin_unwind
[INFO] [stdout]                                at /rustc/0e09125c6c3c2fd70d7de961bcf0e51575235fad/library/std/src/panicking.rs:645:5
[INFO] [stdout]   18:     0x55b831438ef5 - core::panicking::panic_fmt::hcc9f77c5c132af55
[INFO] [stdout]                                at /rustc/0e09125c6c3c2fd70d7de961bcf0e51575235fad/library/core/src/panicking.rs:72:14
[INFO] [stdout]   19:     0x55b831439493 - core::result::unwrap_failed::hbe14f498be1452f9
[INFO] [stdout]                                at /rustc/0e09125c6c3c2fd70d7de961bcf0e51575235fad/library/core/src/result.rs:1649:5
[INFO] [stdout]   20:     0x55b8314d1ccb - core::result::Result<T,E>::unwrap::h74c43e39bd8b21ee
[INFO] [stdout]                                at /rustc/0e09125c6c3c2fd70d7de961bcf0e51575235fad/library/core/src/result.rs:1073:23
[INFO] [stdout]   21:     0x55b8314d5e25 - <fyrox_core::log::LOG as core::ops::deref::Deref>::deref::__static_ref_initialize::h854bea90c81c0f10
[INFO] [stdout]                                at /opt/rustwide/cargo-home/registry/src/index.crates.io-6f17d22bba15001f/fyrox-core-0.26.0/src/log.rs:39:15
[INFO] [stdout]   22:     0x55b8314d5e25 - core::ops::function::FnOnce::call_once::h4dea2ef4e8dc76c3
[INFO] [stdout]                                at /rustc/0e09125c6c3c2fd70d7de961bcf0e51575235fad/library/core/src/ops/function.rs:250:5
[INFO] [stdout]   23:     0x55b8314dcaf3 - lazy_static::lazy::Lazy<T>::get::{{closure}}::h32a925da535f89dd
[INFO] [stdout]                                at /opt/rustwide/cargo-home/registry/src/index.crates.io-6f17d22bba15001f/lazy_static-1.4.0/src/inline_lazy.rs:31:29
[INFO] [stdout]   24:     0x55b8314d8aa5 - std::sync::once::Once::call_once::{{closure}}::h7cfc681da535410b
[INFO] [stdout]                                at /rustc/0e09125c6c3c2fd70d7de961bcf0e51575235fad/library/std/src/sync/once.rs:149:41
[INFO] [stdout]   25:     0x55b8314d86fb - std::sys_common::once::futex::Once::call::habc8874c5c69fbf6
[INFO] [stdout]                                at /rustc/0e09125c6c3c2fd70d7de961bcf0e51575235fad/library/std/src/sys_common/once/futex.rs:124:21
[INFO] [stdout]   26:     0x55b8314d89ff - std::sync::once::Once::call_once::haab1ace7258a44a5
[INFO] [stdout]                                at /rustc/0e09125c6c3c2fd70d7de961bcf0e51575235fad/library/std/src/sync/once.rs:149:9
[INFO] [stdout]   27:     0x55b8314d5d9a - lazy_static::lazy::Lazy<T>::get::h849b5c8f4c53cd4d
[INFO] [stdout]                                at /opt/rustwide/cargo-home/registry/src/index.crates.io-6f17d22bba15001f/lazy_static-1.4.0/src/inline_lazy.rs:30:9
[INFO] [stdout]   28:     0x55b8314d5d9a - <fyrox_core::log::LOG as core::ops::deref::Deref>::deref::__stability::h161e0dcd2c9bcd70
[INFO] [stdout]                                at /opt/rustwide/cargo-home/registry/src/index.crates.io-6f17d22bba15001f/lazy_static-1.4.0/src/lib.rs:142:21
[INFO] [stdout]   29:     0x55b8314d5d9a - <fyrox_core::log::LOG as core::ops::deref::Deref>::deref::h90e9f5991c1f8e31
[INFO] [stdout]                                at /opt/rustwide/cargo-home/registry/src/index.crates.io-6f17d22bba15001f/lazy_static-1.4.0/src/lib.rs:144:17
[INFO] [stdout]   30:     0x55b83146b89b - fyrox_core::log::Log::writeln::h88f661bb4c7e74c0
[INFO] [stdout]                                at /opt/rustwide/cargo-home/registry/src/index.crates.io-6f17d22bba15001f/fyrox-core-0.26.0/src/log.rs:134:9
[INFO] [stdout]   31:     0x55b83146b865 - fyrox_core::log::Log::err::hf646d2ef6929b1c5
[INFO] [stdout]                                at /opt/rustwide/cargo-home/registry/src/index.crates.io-6f17d22bba15001f/fyrox-core-0.26.0/src/log.rs:158:9
[INFO] [stdout]   32:     0x55b831462ece - fyrox_resource::state::ResourceState::commit_error::hfa47c1860bfb90bc
[INFO] [stdout]                                at /opt/rustwide/workdir/src/state.rs:318:9
[INFO] [stdout]   33:     0x55b831459e1c - fyrox_resource::untyped::UntypedResource::commit_error::h9c1cc412779eb262
[INFO] [stdout]                                at /opt/rustwide/workdir/src/untyped.rs:175:9
[INFO] [stdout]   34:     0x55b8314821b4 - fyrox_resource::untyped::test::untyped_resource_commit_error::h0fd093e9ca868772
[INFO] [stdout]                                at /opt/rustwide/workdir/src/untyped.rs:403:9
[INFO] [stdout]   35:     0x55b831481d07 - fyrox_resource::untyped::test::untyped_resource_commit_error::{{closure}}::hd24dccb305d55c39
[INFO] [stdout]                                at /opt/rustwide/workdir/src/untyped.rs:395:39
[INFO] [stdout]   36:     0x55b83144e936 - core::ops::function::FnOnce::call_once::h69f5631f8fb4dc3f
[INFO] [stdout]                                at /rustc/0e09125c6c3c2fd70d7de961bcf0e51575235fad/library/core/src/ops/function.rs:250:5
[INFO] [stdout]   37:     0x55b8314c986f - core::ops::function::FnOnce::call_once::hd64d26f405258157
[INFO] [stdout]                                at /rustc/0e09125c6c3c2fd70d7de961bcf0e51575235fad/library/core/src/ops/function.rs:250:5
[INFO] [stdout]   38:     0x55b8314c986f - test::__rust_begin_short_backtrace::he21b0b7a6d731bf9
[INFO] [stdout]                                at /rustc/0e09125c6c3c2fd70d7de961bcf0e51575235fad/library/test/src/lib.rs:627:18
[INFO] [stdout]   39:     0x55b8314c85f1 - test::run_test_in_process::{{closure}}::hf5c73986d7bdfde2
[INFO] [stdout]                                at /rustc/0e09125c6c3c2fd70d7de961bcf0e51575235fad/library/test/src/lib.rs:650:60
[INFO] [stdout]   40:     0x55b8314c85f1 - <core::panic::unwind_safe::AssertUnwindSafe<F> as core::ops::function::FnOnce<()>>::call_once::h330011ad032aadc0
[INFO] [stdout]                                at /rustc/0e09125c6c3c2fd70d7de961bcf0e51575235fad/library/core/src/panic/unwind_safe.rs:272:9
[INFO] [stdout]   41:     0x55b8314c85f1 - std::panicking::try::do_call::he61b0a958b795a41
[INFO] [stdout]                                at /rustc/0e09125c6c3c2fd70d7de961bcf0e51575235fad/library/std/src/panicking.rs:552:40
[INFO] [stdout]   42:     0x55b8314c85f1 - std::panicking::try::h7309da130f906eb7
[INFO] [stdout]                                at /rustc/0e09125c6c3c2fd70d7de961bcf0e51575235fad/library/std/src/panicking.rs:516:19
[INFO] [stdout]   43:     0x55b8314c85f1 - std::panic::catch_unwind::hc5c3a06fdaf0a92a
[INFO] [stdout]                                at /rustc/0e09125c6c3c2fd70d7de961bcf0e51575235fad/library/std/src/panic.rs:142:14
[INFO] [stdout]   44:     0x55b8314c85f1 - test::run_test_in_process::h7e7b7c71c3324e0f
[INFO] [stdout]                                at /rustc/0e09125c6c3c2fd70d7de961bcf0e51575235fad/library/test/src/lib.rs:650:27
[INFO] [stdout]   45:     0x55b8314c85f1 - test::run_test::{{closure}}::h1f509f28f5cf20b1
[INFO] [stdout]                                at /rustc/0e09125c6c3c2fd70d7de961bcf0e51575235fad/library/test/src/lib.rs:573:43
[INFO] [stdout]   46:     0x55b83148f926 - test::run_test::{{closure}}::h1754218abf443f6d
[INFO] [stdout]                                at /rustc/0e09125c6c3c2fd70d7de961bcf0e51575235fad/library/test/src/lib.rs:601:41
[INFO] [stdout]   47:     0x55b83148f926 - std::sys_common::backtrace::__rust_begin_short_backtrace::h2ee174b9d5954948
[INFO] [stdout]                                at /rustc/0e09125c6c3c2fd70d7de961bcf0e51575235fad/library/std/src/sys_common/backtrace.rs:155:18
[INFO] [stdout]   48:     0x55b831494987 - std::thread::Builder::spawn_unchecked_::{{closure}}::{{closure}}::hf60bee9c1a17ef09
[INFO] [stdout]                                at /rustc/0e09125c6c3c2fd70d7de961bcf0e51575235fad/library/std/src/thread/mod.rs:529:17
[INFO] [stdout]   49:     0x55b831494987 - <core::panic::unwind_safe::AssertUnwindSafe<F> as core::ops::function::FnOnce<()>>::call_once::h33d0dddec5216160
[INFO] [stdout]                                at /rustc/0e09125c6c3c2fd70d7de961bcf0e51575235fad/library/core/src/panic/unwind_safe.rs:272:9
[INFO] [stdout]   50:     0x55b831494987 - std::panicking::try::do_call::h144b3048b546f835
[INFO] [stdout]                                at /rustc/0e09125c6c3c2fd70d7de961bcf0e51575235fad/library/std/src/panicking.rs:552:40
[INFO] [stdout]   51:     0x55b831494987 - std::panicking::try::h978244d04646189f
[INFO] [stdout]                                at /rustc/0e09125c6c3c2fd70d7de961bcf0e51575235fad/library/std/src/panicking.rs:516:19
[INFO] [stdout]   52:     0x55b831494987 - std::panic::catch_unwind::hdf436369d188fe86
[INFO] [stdout]                                at /rustc/0e09125c6c3c2fd70d7de961bcf0e51575235fad/library/std/src/panic.rs:142:14
[INFO] [stdout]   53:     0x55b831494987 - std::thread::Builder::spawn_unchecked_::{{closure}}::h87329cbdd33c79ec
[INFO] [stdout]                                at /rustc/0e09125c6c3c2fd70d7de961bcf0e51575235fad/library/std/src/thread/mod.rs:528:30
[INFO] [stdout]   54:     0x55b831494987 - core::ops::function::FnOnce::call_once{{vtable.shim}}::h401abbe67897d450
[INFO] [stdout]                                at /rustc/0e09125c6c3c2fd70d7de961bcf0e51575235fad/library/core/src/ops/function.rs:250:5
[INFO] [stdout]   55:     0x55b8315c27e5 - <alloc::boxed::Box<F,A> as core::ops::function::FnOnce<Args>>::call_once::h5d7c8f150ab9c84c
[INFO] [stdout]                                at /rustc/0e09125c6c3c2fd70d7de961bcf0e51575235fad/library/alloc/src/boxed.rs:2015:9
[INFO] [stdout]   56:     0x55b8315c27e5 - <alloc::boxed::Box<F,A> as core::ops::function::FnOnce<Args>>::call_once::h570d5b005c242c15
[INFO] [stdout]                                at /rustc/0e09125c6c3c2fd70d7de961bcf0e51575235fad/library/alloc/src/boxed.rs:2015:9
[INFO] [stdout]   57:     0x55b8315c27e5 - std::sys::unix::thread::Thread::new::thread_start::h36b0a20c0b2361ad
[INFO] [stdout]                                at /rustc/0e09125c6c3c2fd70d7de961bcf0e51575235fad/library/std/src/sys/unix/thread.rs:108:17
[INFO] [stdout]   58:     0x7fa0e297aac3 - <unknown>
[INFO] [stdout]   59:     0x7fa0e2a0bbf4 - __clone
[INFO] [stdout]   60:                0x0 - <unknown>
[INFO] [stdout] 
[INFO] [stdout] 
[INFO] [stdout] failures:
[INFO] [stdout]     untyped::test::untyped_resource_commit_error
[INFO] [stdout] 
[INFO] [stdout] test result: FAILED. 73 passed; 1 failed; 0 ignored; 0 measured; 0 filtered out; finished in 0.09s
[INFO] [stdout] 
[INFO] [stderr] error: test failed, to rerun pass `--lib`
[INFO] running `Command { std: "docker" "inspect" "670149e0cf7a8cb9068a7b3a19e58f1cfefc6a6bd6d27463e7f273d07ef08830", kill_on_drop: false }`
[INFO] running `Command { std: "docker" "rm" "-f" "670149e0cf7a8cb9068a7b3a19e58f1cfefc6a6bd6d27463e7f273d07ef08830", kill_on_drop: false }`
[INFO] [stdout] 670149e0cf7a8cb9068a7b3a19e58f1cfefc6a6bd6d27463e7f273d07ef08830
