[INFO] fetching crate fyrox-core 0.26.0...
[INFO] testing fyrox-core-0.26.0 against 1.75.0 for beta-1.76-1
[INFO] extracting crate fyrox-core 0.26.0 into /workspace/builds/worker-2-tc1/source
[INFO] validating manifest of crates.io crate fyrox-core 0.26.0 on toolchain 1.75.0
[INFO] running `Command { std: CARGO_HOME="/workspace/cargo-home" RUSTUP_HOME="/workspace/rustup-home" "/workspace/cargo-home/bin/cargo" "+1.75.0" "metadata" "--manifest-path" "Cargo.toml" "--no-deps", kill_on_drop: false }`
[INFO] started tweaking crates.io crate fyrox-core 0.26.0
[INFO] finished tweaking crates.io crate fyrox-core 0.26.0
[INFO] tweaked toml for crates.io crate fyrox-core 0.26.0 written to /workspace/builds/worker-2-tc1/source/Cargo.toml
[INFO] running `Command { std: CARGO_HOME="/workspace/cargo-home" RUSTUP_HOME="/workspace/rustup-home" "/workspace/cargo-home/bin/cargo" "+1.75.0" "generate-lockfile" "--manifest-path" "Cargo.toml", kill_on_drop: false }`
[INFO] [stderr]     Updating crates.io index
[INFO] running `Command { std: CARGO_HOME="/workspace/cargo-home" RUSTUP_HOME="/workspace/rustup-home" "/workspace/cargo-home/bin/cargo" "+1.75.0" "fetch" "--manifest-path" "Cargo.toml", kill_on_drop: false }`
[INFO] [stderr]  Downloading crates ...
[INFO] [stderr]   Downloaded fyrox-core-derive v0.21.0
[INFO] [stderr]   Downloaded ndk-sys v0.5.0+25.2.9519653
[INFO] [stderr]   Downloaded ndk v0.8.0
[INFO] [stderr]   Downloaded android-activity v0.5.1
[INFO] running `Command { std: "docker" "create" "-v" "/var/lib/crater-agent-workspace/builds/worker-2-tc1/target:/opt/rustwide/target:rw,Z" "-v" "/var/lib/crater-agent-workspace/builds/worker-2-tc1/source:/opt/rustwide/workdir:ro,Z" "-v" "/var/lib/crater-agent-workspace/cargo-home:/opt/rustwide/cargo-home:ro,Z" "-v" "/var/lib/crater-agent-workspace/rustup-home:/opt/rustwide/rustup-home:ro,Z" "-e" "SOURCE_DIR=/opt/rustwide/workdir" "-e" "CARGO_TARGET_DIR=/opt/rustwide/target" "-e" "CARGO_HOME=/opt/rustwide/cargo-home" "-e" "RUSTUP_HOME=/opt/rustwide/rustup-home" "-w" "/opt/rustwide/workdir" "-m" "1610612736" "--user" "0:0" "--network" "none" "ghcr.io/rust-lang/crates-build-env/linux@sha256:2788e3201cd34a07e3172128adcd8b3090168a8e3bcc40d7c032b9dda1df7d1c" "/opt/rustwide/cargo-home/bin/cargo" "+1.75.0" "metadata" "--no-deps" "--format-version=1", kill_on_drop: false }`
[INFO] [stdout] 5fe1e38356a4c33791e6a14e43978d1ed5071ce4a8f2e63ec50dd90778f102e8
[INFO] running `Command { std: "docker" "start" "-a" "5fe1e38356a4c33791e6a14e43978d1ed5071ce4a8f2e63ec50dd90778f102e8", kill_on_drop: false }`
[INFO] running `Command { std: "docker" "inspect" "5fe1e38356a4c33791e6a14e43978d1ed5071ce4a8f2e63ec50dd90778f102e8", kill_on_drop: false }`
[INFO] running `Command { std: "docker" "rm" "-f" "5fe1e38356a4c33791e6a14e43978d1ed5071ce4a8f2e63ec50dd90778f102e8", kill_on_drop: false }`
[INFO] [stdout] 5fe1e38356a4c33791e6a14e43978d1ed5071ce4a8f2e63ec50dd90778f102e8
[INFO] running `Command { std: "docker" "create" "-v" "/var/lib/crater-agent-workspace/builds/worker-2-tc1/target:/opt/rustwide/target:rw,Z" "-v" "/var/lib/crater-agent-workspace/builds/worker-2-tc1/source:/opt/rustwide/workdir:ro,Z" "-v" "/var/lib/crater-agent-workspace/cargo-home:/opt/rustwide/cargo-home:ro,Z" "-v" "/var/lib/crater-agent-workspace/rustup-home:/opt/rustwide/rustup-home:ro,Z" "-e" "SOURCE_DIR=/opt/rustwide/workdir" "-e" "CARGO_TARGET_DIR=/opt/rustwide/target" "-e" "CARGO_INCREMENTAL=0" "-e" "RUST_BACKTRACE=full" "-e" "RUSTFLAGS=--cap-lints=warn" "-e" "RUSTDOCFLAGS=--cap-lints=warn" "-e" "CARGO_HOME=/opt/rustwide/cargo-home" "-e" "RUSTUP_HOME=/opt/rustwide/rustup-home" "-w" "/opt/rustwide/workdir" "-m" "1610612736" "--user" "0:0" "--network" "none" "ghcr.io/rust-lang/crates-build-env/linux@sha256:2788e3201cd34a07e3172128adcd8b3090168a8e3bcc40d7c032b9dda1df7d1c" "/opt/rustwide/cargo-home/bin/cargo" "+1.75.0" "build" "--frozen" "--message-format=json", kill_on_drop: false }`
[INFO] [stdout] fd2054bb713477d46aa23389cdb3aa517630bf3ec2cd67807d255dbc79c76a0b
[INFO] running `Command { std: "docker" "start" "-a" "fd2054bb713477d46aa23389cdb3aa517630bf3ec2cd67807d255dbc79c76a0b", kill_on_drop: false }`
[INFO] [stderr]    Compiling libc v0.2.151
[INFO] [stderr]    Compiling num-traits v0.2.17
[INFO] [stderr]    Compiling log v0.4.20
[INFO] [stderr]    Compiling once_cell v1.19.0
[INFO] [stderr]    Compiling num-integer v0.1.45
[INFO] [stderr]    Compiling strsim v0.10.0
[INFO] [stderr]    Compiling paste v1.0.14
[INFO] [stderr]    Compiling crossbeam-utils v0.8.18
[INFO] [stderr]    Compiling wasm-bindgen-backend v0.2.89
[INFO] [stderr]    Compiling fnv v1.0.7
[INFO] [stderr]    Compiling bytemuck v1.14.0
[INFO] [stderr]    Compiling ident_case v1.0.1
[INFO] [stderr]    Compiling matrixmultiply v0.3.8
[INFO] [stderr]    Compiling lock_api v0.4.11
[INFO] [stderr]    Compiling safe_arch v0.7.1
[INFO] [stderr]    Compiling darling_core v0.14.4
[INFO] [stderr]    Compiling num-rational v0.4.1
[INFO] [stderr]    Compiling typenum v1.17.0
[INFO] [stderr]    Compiling parking_lot_core v0.9.9
[INFO] [stderr]    Compiling wide v0.7.13
[INFO] [stderr]    Compiling getrandom v0.2.11
[INFO] [stderr]    Compiling rand_core v0.6.4
[INFO] [stderr]    Compiling num_cpus v1.16.0
[INFO] [stderr]    Compiling wasm-bindgen-macro-support v0.2.89
[INFO] [stderr]    Compiling approx v0.5.1
[INFO] [stderr]    Compiling num-complex v0.4.4
[INFO] [stderr]    Compiling inotify-sys v0.1.5
[INFO] [stderr]    Compiling memoffset v0.9.0
[INFO] [stderr]    Compiling byteorder v1.5.0
[INFO] [stderr]    Compiling scopeguard v1.2.0
[INFO] [stderr]    Compiling unicode-segmentation v1.10.1
[INFO] [stderr]    Compiling smallvec v1.11.2
[INFO] [stderr]    Compiling rawpointer v0.2.1
[INFO] [stderr]    Compiling serde v1.0.194
[INFO] [stderr]    Compiling convert_case v0.6.0
[INFO] [stderr]    Compiling simba v0.8.1
[INFO] [stderr]    Compiling wasm-bindgen-macro v0.2.89
[INFO] [stderr]    Compiling inotify v0.9.6
[INFO] [stderr]    Compiling fxhash v0.2.1
[INFO] [stderr]    Compiling rand_chacha v0.3.1
[INFO] [stderr]    Compiling futures-executor v0.3.30
[INFO] [stderr]    Compiling crossbeam-channel v0.5.10
[INFO] [stderr]    Compiling wasm-bindgen v0.2.89
[INFO] [stderr]    Compiling mio v0.8.10
[INFO] [stderr]    Compiling darling_macro v0.14.4
[INFO] [stderr]    Compiling filetime v0.2.23
[INFO] [stderr]    Compiling nalgebra-macros v0.2.1
[INFO] [stderr]    Compiling serde_derive v1.0.194
[INFO] [stderr]    Compiling notify v6.1.1
[INFO] [stderr]    Compiling futures v0.3.30
[INFO] [stderr]    Compiling rand v0.8.5
[INFO] [stderr]    Compiling parking_lot v0.12.1
[INFO] [stderr]    Compiling uuid v1.6.1
[INFO] [stderr]    Compiling darling v0.14.4
[INFO] [stderr]    Compiling instant v0.1.12
[INFO] [stderr]    Compiling fyrox-core-derive v0.21.0
[INFO] [stderr]    Compiling bitflags v2.4.1
[INFO] [stderr]    Compiling arrayvec v0.7.4
[INFO] [stderr]    Compiling base64 v0.21.5
[INFO] [stderr]    Compiling nalgebra v0.32.3
[INFO] [stderr]    Compiling fyrox-core v0.26.0 (/opt/rustwide/workdir)
[INFO] [stderr]     Finished dev [unoptimized + debuginfo] target(s) in 27.38s
[INFO] running `Command { std: "docker" "inspect" "fd2054bb713477d46aa23389cdb3aa517630bf3ec2cd67807d255dbc79c76a0b", kill_on_drop: false }`
[INFO] running `Command { std: "docker" "rm" "-f" "fd2054bb713477d46aa23389cdb3aa517630bf3ec2cd67807d255dbc79c76a0b", kill_on_drop: false }`
[INFO] [stdout] fd2054bb713477d46aa23389cdb3aa517630bf3ec2cd67807d255dbc79c76a0b
[INFO] running `Command { std: "docker" "create" "-v" "/var/lib/crater-agent-workspace/builds/worker-2-tc1/target:/opt/rustwide/target:rw,Z" "-v" "/var/lib/crater-agent-workspace/builds/worker-2-tc1/source:/opt/rustwide/workdir:ro,Z" "-v" "/var/lib/crater-agent-workspace/cargo-home:/opt/rustwide/cargo-home:ro,Z" "-v" "/var/lib/crater-agent-workspace/rustup-home:/opt/rustwide/rustup-home:ro,Z" "-e" "SOURCE_DIR=/opt/rustwide/workdir" "-e" "CARGO_TARGET_DIR=/opt/rustwide/target" "-e" "CARGO_INCREMENTAL=0" "-e" "RUST_BACKTRACE=full" "-e" "RUSTFLAGS=--cap-lints=warn" "-e" "RUSTDOCFLAGS=--cap-lints=warn" "-e" "CARGO_HOME=/opt/rustwide/cargo-home" "-e" "RUSTUP_HOME=/opt/rustwide/rustup-home" "-w" "/opt/rustwide/workdir" "-m" "1610612736" "--user" "0:0" "--network" "none" "ghcr.io/rust-lang/crates-build-env/linux@sha256:2788e3201cd34a07e3172128adcd8b3090168a8e3bcc40d7c032b9dda1df7d1c" "/opt/rustwide/cargo-home/bin/cargo" "+1.75.0" "test" "--frozen" "--no-run" "--message-format=json", kill_on_drop: false }`
[INFO] [stdout] 187de960e8aa00fa9977cf497b9c36b3276c3820c696e724932cc8fdf23174e8
[INFO] running `Command { std: "docker" "start" "-a" "187de960e8aa00fa9977cf497b9c36b3276c3820c696e724932cc8fdf23174e8", kill_on_drop: false }`
[INFO] [stderr]    Compiling fyrox-core v0.26.0 (/opt/rustwide/workdir)
[INFO] [stderr]     Finished test [unoptimized + debuginfo] target(s) in 6.45s
[INFO] running `Command { std: "docker" "inspect" "187de960e8aa00fa9977cf497b9c36b3276c3820c696e724932cc8fdf23174e8", kill_on_drop: false }`
[INFO] running `Command { std: "docker" "rm" "-f" "187de960e8aa00fa9977cf497b9c36b3276c3820c696e724932cc8fdf23174e8", kill_on_drop: false }`
[INFO] [stdout] 187de960e8aa00fa9977cf497b9c36b3276c3820c696e724932cc8fdf23174e8
[INFO] running `Command { std: "docker" "create" "-v" "/var/lib/crater-agent-workspace/builds/worker-2-tc1/target:/opt/rustwide/target:rw,Z" "-v" "/var/lib/crater-agent-workspace/builds/worker-2-tc1/source:/opt/rustwide/workdir:ro,Z" "-v" "/var/lib/crater-agent-workspace/cargo-home:/opt/rustwide/cargo-home:ro,Z" "-v" "/var/lib/crater-agent-workspace/rustup-home:/opt/rustwide/rustup-home:ro,Z" "-e" "SOURCE_DIR=/opt/rustwide/workdir" "-e" "CARGO_TARGET_DIR=/opt/rustwide/target" "-e" "CARGO_INCREMENTAL=0" "-e" "RUST_BACKTRACE=full" "-e" "RUSTFLAGS=--cap-lints=warn" "-e" "RUSTDOCFLAGS=--cap-lints=warn" "-e" "CARGO_HOME=/opt/rustwide/cargo-home" "-e" "RUSTUP_HOME=/opt/rustwide/rustup-home" "-w" "/opt/rustwide/workdir" "-m" "1610612736" "--user" "0:0" "--network" "none" "ghcr.io/rust-lang/crates-build-env/linux@sha256:2788e3201cd34a07e3172128adcd8b3090168a8e3bcc40d7c032b9dda1df7d1c" "/opt/rustwide/cargo-home/bin/cargo" "+1.75.0" "test" "--frozen", kill_on_drop: false }`
[INFO] [stdout] 19c9bcde49c135e5cea69c8fc199904b90161c8547fac7aa0693ec1ee89533a8
[INFO] running `Command { std: "docker" "start" "-a" "19c9bcde49c135e5cea69c8fc199904b90161c8547fac7aa0693ec1ee89533a8", kill_on_drop: false }`
[INFO] [stderr]     Finished test [unoptimized + debuginfo] target(s) in 0.09s
[INFO] [stderr]      Running unittests src/lib.rs (/opt/rustwide/target/debug/deps/fyrox_core-1a44b46912e30719)
[INFO] [stdout] 
[INFO] [stdout] running 291 tests
[INFO] [stdout] test color::test::test_color_as_frgba ... ok
[INFO] [stdout] test color::test::test_color_from_vector3 ... ok
[INFO] [stdout] test color::test::test_color_lerp ... ok
[INFO] [stdout] test color::test::test_color_into_u32 ... ok
[INFO] [stdout] test color::test::test_color_linear_to_srgb ... ok
[INFO] [stdout] test color::test::test_color_with_new_alpha ... ok
[INFO] [stdout] test color::test::test_color_default ... ok
[INFO] [stdout] test color::test::test_color_to_opaque ... ok
[INFO] [stdout] test color::test::test_hsv ... ok
[INFO] [stdout] test color::test::test_color_srgb_to_linear_f32 ... ok
[INFO] [stdout] test color::test::test_hsv_from_color ... ok
[INFO] [stdout] test color::test::test_color_from_hsv ... ok
[INFO] [stdout] test color_gradient::test::test_color_gradient ... ok
[INFO] [stdout] test color_gradient::test::test_color_gradient_builder ... ok
[INFO] [stdout] test color::test::test_color_srgb_to_linear ... ok
[INFO] [stdout] test color::test::test_hsl ... ok
[INFO] [stdout] test color::test::test_color_operators ... ok
[INFO] [stdout] test curve::test::test_curve_key ... ok
[INFO] [stdout] test math::aabb::test::test_aabb_add_point ... ok
[INFO] [stdout] test math::aabb::test::test_aabb_add_box ... ok
[INFO] [stdout] test math::aabb::test::test_aabb_collapsed ... ok
[INFO] [stdout] test math::aabb::test::test_aabb_corners ... ok
[INFO] [stdout] test math::aabb::test::test_aabb_default ... ok
[INFO] [stdout] test math::aabb::test::test_aabb_from_point ... ok
[INFO] [stdout] test math::aabb::test::test_aabb_from_points ... ok
[INFO] [stdout] test math::aabb::test::test_aabb_from_radius ... ok
[INFO] [stdout] test math::aabb::test::test_aabb_inflate ... ok
[INFO] [stdout] test math::aabb::test::test_aabb_invalidate ... ok
[INFO] [stdout] test math::aabb::test::test_aabb_is_contains_point ... ok
[INFO] [stdout] test math::aabb::test::test_aabb_is_degenerate ... ok
[INFO] [stdout] test math::aabb::test::test_aabb_is_intersects_aabb ... ok
[INFO] [stdout] test math::aabb::test::test_aabb_is_intersects_sphere ... ok
[INFO] [stdout] test curve::test::test_curve_key_kind ... ok
[INFO] [stdout] test math::aabb::test::test_aabb_is_invalid_or_degenerate ... ok
[INFO] [stdout] test color::test::test_color_from_rgba ... ok
[INFO] [stdout] test color_gradient::test::test_gradient_point ... ok
[INFO] [stdout] test curve::test::test_curve ... ok
[INFO] [stdout] test math::aabb::test::test_aabb_unit ... ok
[INFO] [stdout] test curve::test::test_curve_key_insertion_order ... ok
[INFO] [stdout] test math::aabb::test::test_aabb_is_valid ... ok
[INFO] [stdout] test math::aabb::test::test_aabb_split ... ok
[INFO] [stdout] test math::frustum::test::test_frustum_is_intersects_aabb_offset ... ok
[INFO] [stdout] test math::frustum::test::test_frustum_is_intersects_point_cloud ... ok
[INFO] [stdout] test math::aabb::test::test_aabb_transform ... ok
[INFO] [stdout] test curve::test::test_curve_from_vec ... ok
[INFO] [stdout] test math::frustum::test::test_frustum_is_intersects_sphere ... ok
[INFO] [stdout] test math::frustum::test::test_frustum_is_contains_point ... ok
[INFO] [stdout] test math::frustum::test::test_frustum_from_view_projection_matrix ... ok
[INFO] [stdout] test math::plane::test::plane_sanity_tests ... ok
[INFO] [stdout] test math::plane::test::test_default_for_plane ... ok
[INFO] [stdout] test math::frustum::test::test_frustum_planes_and_corners ... ok
[INFO] [stdout] test math::frustum::test::test_visit_for_frustum ... ok
[INFO] [stdout] test math::plane::test::test_plane_distance ... ok
[INFO] [stdout] test math::frustum::test::test_frustum_plane_centers ... ok
[INFO] [stdout] test math::plane::test::test_plane_from_abcd ... ok
[INFO] [stdout] test math::aabb::test::test_aabb_offset ... ok
[INFO] [stdout] test math::frustum::test::test_default_for_frustum ... ok
[INFO] [stdout] test math::ray::test::intersection ... ok
[INFO] [stdout] test math::ray::test::intersection_result_from_set ... ok
[INFO] [stdout] test math::ray::test::default_for_ray ... ok
[INFO] [stdout] test math::plane::test::test_plane_intersection_point ... ok
[INFO] [stdout] test math::frustum::test::test_frustum_is_intersects_aabb ... ok
[INFO] [stdout] test math::plane::test::test_plane_dot ... ok
[INFO] [stdout] test math::ray::test::intersection_result_merge ... ok
[INFO] [stdout] test math::ray::test::intersection_result_merge_slice ... ok
[INFO] [stdout] test math::ray::test::ray_aabb_intersection ... ok
[INFO] [stdout] test math::ray::test::intersection_result_from_slice ... ok
[INFO] [stdout] test math::ray::test::ray_capsule_intersection ... ok
[INFO] [stdout] test math::ray::test::ray_box_intersection_points ... ok
[INFO] [stdout] test math::ray::test::ray_cylinder_intersection ... ok
[INFO] [stdout] test math::ray::test::ray_get_point ... ok
[INFO] [stdout] test math::ray::test::ray_aabb_intersection_points ... ok
[INFO] [stdout] test math::ray::test::ray_new ... ok
[INFO] [stdout] test math::ray::test::ray_plane_intersection_point ... ok
[INFO] [stdout] test math::ray::test::ray_plane_intersection ... ok
[INFO] [stdout] test math::ray::test::ray_project_point ... ok
[INFO] [stdout] test math::ray::test::ray_box_intersection ... ok
[INFO] [stdout] test math::ray::test::ray_triangle_intersection_point ... ok
[INFO] [stdout] test math::ray::test::ray_is_intersect_sphere ... ok
[INFO] [stdout] test math::ray::test::ray_sphere_intersection ... ok
[INFO] [stdout] test math::ray::test::ray_triangle_intersection ... ok
[INFO] [stdout] test math::ray::test::ray_sphere_intersection_points ... ok
[INFO] [stdout] test math::ray::test::ray_try_eval_points ... ok
[INFO] [stdout] test math::test::as_ref_for_triangle_definition ... ok
[INFO] [stdout] test math::test::as_mut_for_triangle_definition ... ok
[INFO] [stdout] test math::test::default_for_rect ... ok
[INFO] [stdout] test math::test::default_for_smooth_angle ... ok
[INFO] [stdout] test math::test::matrix3_ext_for_matrix3 ... ok
[INFO] [stdout] test math::test::index_for_triangle_definition ... ok
[INFO] [stdout] test math::test::matrix4_ext_for_matrix4 ... ok
[INFO] [stdout] test math::test::partial_eq_for_triangle_edge ... ok
[INFO] [stdout] test math::test::index_mut_for_triangle_definition ... ok
[INFO] [stdout] test math::test::position_provider_for_vector3 ... ok
[INFO] [stdout] test math::ray::test::ray_transform ... ok
[INFO] [stdout] test math::test::rect_center ... ok
[INFO] [stdout] test math::test::ray_rect_intersection ... ok
[INFO] [stdout] test math::test::rect_intersects_circle ... ok
[INFO] [stdout] test math::test::rect_push ... ok
[INFO] [stdout] test math::test::rect_clip_by ... ok
[INFO] [stdout] test math::test::rect_inflate ... ok
[INFO] [stdout] test math::test::rect_deflate ... ok
[INFO] [stdout] test math::test::rect_extend_to_contain ... ok
[INFO] [stdout] test math::test::rect_contains ... ok
[INFO] [stdout] test math::test::rect_getters ... ok
[INFO] [stdout] test math::test::smooth_angle ... ok
[INFO] [stdout] test math::test::smooth_angle_setters ... ok
[INFO] [stdout] test math::test::test_barycentric_is_inside ... ok
[INFO] [stdout] test math::test::rect_translate ... ok
[INFO] [stdout] test math::test::smooth_angle_turn_direction ... ok
[INFO] [stdout] test math::test::rect_transform ... ok
[INFO] [stdout] test math::test::test_cubicf_derivative ... ok
[INFO] [stdout] test math::test::test_barycentric_to_world ... ok
[INFO] [stdout] test math::test::rect_with_position ... ok
[INFO] [stdout] test math::test::test_get_closest_point_triangle_set ... ok
[INFO] [stdout] test math::test::test_get_closest_point ... ok
[INFO] [stdout] test math::test::test_get_farthest_point ... ok
[INFO] [stdout] test math::test::test_get_closest_point_triangles ... ok
[INFO] [stdout] test math::test::rect_with_size ... ok
[INFO] [stdout] test math::test::test_get_signed_triangle_area ... ok
[INFO] [stdout] test math::test::test_get_barycentric_coords ... ok
[INFO] [stdout] test math::test::test_get_barycentric_coords_2d ... ok
[INFO] [stdout] test math::test::test_m4x4_approx_eq ... ok
[INFO] [stdout] test math::test::test_quat_from_euler ... ok
[INFO] [stdout] test math::test::test_triangle_area ... ok
[INFO] [stdout] test math::test::test_wrap_angle ... ok
[INFO] [stdout] test math::test::triangle_definition_indices_mut ... ok
[INFO] [stdout] test math::test::triangle_definition_indices ... ok
[INFO] [stdout] test math::test::test_wrapf ... ok
[INFO] [stdout] test math::test::test_round_to_step ... ok
[INFO] [stdout] test math::test::test_inf_sup_cubicf ... ok
[INFO] [stdout] test math::test::test_ieee_remainder ... ok
[INFO] [stdout] test math::test::vector2_ext_for_vector2 ... ok
[INFO] [stdout] test math::test::vector3_ext_for_vector3 ... ok
[INFO] [stdout] test math::test::test_spherical_to_cartesian ... ok
[INFO] [stdout] test math::test::triangle_definition_edges ... ok
[INFO] [stdout] test math::test::visit_for_rect ... ok
[INFO] [stdout] test math::test::visit_for_triangle_definition ... ok
[INFO] [stdout] test math::triangulator::test::quadrilaterals_triangulation_concave ... ok
[INFO] [stdout] test math::triangulator::test::triangle_triangulation ... ok
[INFO] [stdout] test numeric_range::test::test_clamp_value ... ok
[INFO] [stdout] test math::triangulator::test::quadrilaterals_triangulation_non_concave ... ok
[INFO] [stdout] test numeric_range::test::test_random ... ok
[INFO] [stdout] test octree::test::octree_new ... ok
[INFO] [stdout] test math::triangulator::test::ear_clip_test ... ok
[INFO] [stdout] test octree::test::default_for_octree ... ok
[INFO] [stdout] test octree::test::octree_ray_query ... ok
[INFO] [stdout] test math::triangulator::test::test_debug_for_polygon ... ok
[INFO] [stdout] test octree::test::octree_aabb_query ... ok
[INFO] [stdout] test octree::test::octree_point_query ... ok
[INFO] [stdout] test octree::test::octree_ray_query_static ... ok
[INFO] [stdout] test pool::test::erased_handle_from_handle ... ok
[INFO] [stdout] test pool::test::default_for_handle ... ok
[INFO] [stdout] test pool::test::default_for_pool ... ok
[INFO] [stdout] test pool::test::erased_handle_index ... ok
[INFO] [stdout] test pool::test::erased_handle_new ... ok
[INFO] [stdout] test pool::test::erased_handle_generation ... ok
[INFO] [stdout] test pool::test::handle_getters ... ok
[INFO] [stdout] test pool::test::erased_handle_is_none ... ok
[INFO] [stdout] test octree::test::octree_sphere_query ... ok
[INFO] [stdout] test pool::test::default_for_erased_handle ... ok
[INFO] [stdout] test pool::test::handle_of ... ok
[INFO] [stdout] test pool::test::handle_from_erased_handle ... ok
[INFO] [stdout] test pool::test::index_for_pool ... ok
[INFO] [stdout] test pool::test::handle_transmute ... ok
[INFO] [stdout] test pool::test::erased_handle_is_some ... ok
[INFO] [stdout] test pool::test::pool_at_mut ... ok
[INFO] [stdout] test pool::test::pool_borrow_four_mut ... ok
[INFO] [stdout] test pool::test::erased_handle_none ... ok
[INFO] [stdout] test pool::test::index_mut_for_pool ... ok
[INFO] [stdout] test pool::test::pool_alive_count ... ok
[INFO] [stdout] test pool::test::pool_at ... ok
[INFO] [stdout] test pool::test::pool_borrow_three_mut ... ok
[INFO] [stdout] test pool::test::pool_borrow_two_mut ... ok
[INFO] [stdout] test pool::test::pool_clear ... ok
[INFO] [stdout] test pool::test::pool_get_capacity ... ok
[INFO] [stdout] test pool::test::pool_handle_from_index ... ok
[INFO] [stdout] test pool::test::pool_iterator_mut_test ... ok
[INFO] [stdout] test pool::test::pool_forget_ticket ... ok
[INFO] [stdout] test pool::test::pool_take_reserve ... ok
[INFO] [stdout] test pool::test::pool_test_spawn_at ... ok
[INFO] [stdout] test pool::test::pool_replace ... ok
[INFO] [stdout] test pool::test::pool_pair_iter ... ok
[INFO] [stdout] test pool::test::pool_sanity_tests ... ok
[INFO] [stdout] test pool::test::pool_put_back ... ok
[INFO] [stdout] test pool::test::pool_total_count ... ok
[INFO] [stdout] test pool::test::pool_try_borrow ... ok
[INFO] [stdout] test pool::test::test_handle_u128_encode_decode ... ok
[INFO] [stdout] test pool::test::pool_try_borrow_dependant_mut ... ok
[INFO] [stdout] test pool::test::pool_try_take_reserve ... ok
[INFO] [stdout] test pool::test::pool_with_capacity ... ok
[INFO] [stdout] test pool::test::visit_for_handle ... ok
[INFO] [stdout] test pool::test::visit_for_pool_record ... ok
[INFO] [stdout] test pool::test::visit_for_pool ... ok
[INFO] [stdout] test profiler::test::default_for_sample ... ok
[INFO] [stdout] test profiler::test::profiler_enter_scope ... ok
[INFO] [stdout] test pool::test::test_debug_for_handle ... ok
[INFO] [stdout] test profiler::test::default_for_profiler ... ok
[INFO] [stdout] test pool::test::test_multi_borrow_context ... ok
[INFO] [stdout] test pool::test::pool_pair_iter_mut ... ok
[INFO] [stdout] test profiler::test::profiler_leave_scope ... ok
[INFO] [stdout] test pool::test::pool_test_try_free ... ok
[INFO] [stdout] test profiler::test::sample_collect ... ok
[INFO] [stdout] test profiler::test::test_type_name_of ... ok
[INFO] [stdout] test quadtree::test::quad_tree_split_threshold ... ok
[INFO] [stdout] test quadtree::test::query_storage_for_array_vec ... ok
[INFO] [stdout] test quadtree::test::test_quad_tree ... ok
[INFO] [stdout] test quadtree::test::query_storage_for_vec ... ok
[INFO] [stdout] test rectpack::test::rect_packer_clear ... ok
[INFO] [stdout] test rectpack::test::rect_pack_node_new ... ok
[INFO] [stdout] test rectpack::test::rect_packer_find_free ... ok
[INFO] [stdout] test rectpack::test::rect_packer_new ... ok
[INFO] [stdout] test reflect::test::enumerate_fields_recursively ... ok
[INFO] [stdout] test sparse::test::atomic_index_set ... ok
[INFO] [stdout] test sparse::test::atomic_index_unassigned ... ok
[INFO] [stdout] test sparse::test::clone_for_atomic_index ... ok
[INFO] [stdout] test sparse::test::atomic_index_get ... ok
[INFO] [stdout] test sparse::test::atomic_index_new ... ok
[INFO] [stdout] test quadtree::test::default_for_quad_tree ... ok
[INFO] [stdout] test quadtree::test::quad_tree_point_query ... ok
[INFO] [stdout] test sparse::test::sparse_buffer_clear ... ok
[INFO] [stdout] test sparse::test::sparse_buffer_filled ... ok
[INFO] [stdout] test sparse::test::default_for_sparse_buffer ... ok
[INFO] [stdout] test sparse::test::default_for_atomic_index ... ok
[INFO] [stdout] test sparse::test::sparse_buffer_get ... ok
[INFO] [stdout] test sparse::test::sparse_buffer_get_mut_raw ... ok
[INFO] [stdout] test sparse::test::clone_for_sparse_buffer ... ok
[INFO] [stdout] test sparse::test::sparse_buffer_get_mut ... ok
[INFO] [stdout] test sparse::test::sparse_buffer_get_raw ... ok
[INFO] [stdout] test sparse::test::sparse_buffer_is_empty ... ok
[INFO] [stdout] test sparse::test::sparse_buffer_is_index_valid ... ok
[INFO] [stdout] test sparse::test::sparse_buffer_free ... ok
[INFO] [stdout] test sparse::test::sparse_buffer_free_raw ... ok
[INFO] [stdout] test sparse::test::sparse_buffer_iter_mut ... ok
[INFO] [stdout] test sparse::test::sparse_buffer_spawn ... ok
[INFO] [stdout] test sparse::test::sparse_buffer_len ... ok
[INFO] [stdout] test sparse::test::sparse_buffer_with_capacity ... ok
[INFO] [stdout] test sparse::test::sparse_buffer_iter ... ok
[INFO] [stdout] test sstorage::test::debug_for_immutable_string ... ok
[INFO] [stdout] test sstorage::test::eq_for_immutable_string ... ok
[INFO] [stdout] test sstorage::test::immutable_string_to_mutable ... ok
[INFO] [stdout] test sstorage::test::default_for_immutable_string ... ok
[INFO] [stdout] test sstorage::test::visit_for_immutable_string ... ok
[INFO] [stdout] test test::bi_dir_hash_map_contains_key ... ok
[INFO] [stdout] test test::bi_dir_hash_map_contains_value ... ok
[INFO] [stdout] test sstorage::test::deref_for_immutable_string ... ok
[INFO] [stdout] test test::bi_dir_hash_map_insert ... ok
[INFO] [stdout] test test::bi_dir_hash_map_getters ... ok
[INFO] [stdout] test test::bi_dir_hash_map_into_inner ... ok
[INFO] [stdout] test test::bi_dir_hash_map_remove_by_key ... ok
[INFO] [stdout] test test::bi_dir_hash_map_remove_by_value ... ok
[INFO] [stdout] test test::bi_dir_hash_map_key_of ... ok
[INFO] [stdout] test sstorage::test::test_immutable_string_uniqueness ... FAILED
[INFO] [stdout] test test::from_iter_for_bi_dir_hash_map ... ok
[INFO] [stdout] test test::test_hash_combine ... ok
[INFO] [stdout] test test::bi_dir_hash_map_value_of ... ok
[INFO] [stdout] test test::test_append_extension ... ok
[INFO] [stdout] test test::from_fx_hash_map_for_bi_dir_hash_map ... ok
[INFO] [stdout] test test::test_make_relative_path ... ok
[INFO] [stdout] test test::test_visit_for_bi_dir_hash_map ... ok
[INFO] [stdout] test variable::test::inheritable_variable_clone_inner ... ok
[INFO] [stdout] test variable::test::default_for_inheritable_variable ... ok
[INFO] [stdout] test variable::test::deref_mut_for_inheritable_variable ... ok
[INFO] [stdout] test variable::test::inheritable_variable_from_t ... ok
[INFO] [stdout] test variable::test::inheritable_variable_get_value_mut_and_mark_modified ... ok
[INFO] [stdout] test variable::test::inheritable_variable_doc ... ok
[INFO] [stdout] test variable::test::inheritable_variable_flags ... ok
[INFO] [stdout] test variable::test::inheritable_variable_get_value_mut_silent ... ok
[INFO] [stdout] test variable::test::inheritable_variable_is_modified ... ok
[INFO] [stdout] test variable::test::inheritable_variable_get_value_ref ... ok
[INFO] [stdout] test variable::test::inheritable_variable_set_flags ... ok
[INFO] [stdout] test variable::test::inheritable_variable_mark_modified ... ok
[INFO] [stdout] test variable::test::inheritable_variable_take ... ok
[INFO] [stdout] test variable::test::inheritable_variable_try_sync_model ... ok
[INFO] [stdout] test variable::test::inheritable_variable_set_value_silent ... ok
[INFO] [stdout] test variable::test::inheritable_variable_set_value_with_flags ... ok
[INFO] [stdout] test variable::test::inheritable_variable_need_sync ... ok
[INFO] [stdout] test variable::test::inheritable_variable_new_with_flags ... ok
[INFO] [stdout] test variable::test::test_collection_inheritance ... ok
[INFO] [stdout] test variable::test::inheritable_variable_type_name ... ok
[INFO] [stdout] test variable::test::test_inheritable_variable_equality ... ok
[INFO] [stdout] test variable::test::test_enum_inheritance_tuple ... ok
[INFO] [stdout] test variable::test::test_enum_inheritance_struct ... ok
[INFO] [stdout] test variable::test::test_compound_inheritance ... ok
[INFO] [stdout] test variable::test::test_property_inheritance_via_reflection ... ok
[INFO] [stdout] test variable::test::visit_for_inheritable_variable ... ok
[INFO] [stdout] test visitor::test::field_kind_as_string ... ok
[INFO] [stdout] test visitor::test::pod_vec_view_from_pod_vec ... ok
[INFO] [stdout] test visitor::test::visitor_test ... FAILED
[INFO] [stdout] test profiler::test::profiler_print ... ok
[INFO] [stdout] test profiler::test::profiler_print_hot_path ... ok
[INFO] [stdout] test profiler::test::test_scope_perf ... ok
[INFO] [stdout] 
[INFO] [stdout] failures:
[INFO] [stdout] 
[INFO] [stdout] ---- sstorage::test::test_immutable_string_uniqueness stdout ----
[INFO] [stdout] thread 'sstorage::test::test_immutable_string_uniqueness' panicked at src/sstorage.rs:171:9:
[INFO] [stdout] assertion `left == right` failed
[INFO] [stdout]   left: 1
[INFO] [stdout]  right: 2
[INFO] [stdout] stack backtrace:
[INFO] [stdout]    0:     0x5580c690d02c - std::backtrace_rs::backtrace::libunwind::trace::ha637c64ce894333a
[INFO] [stdout]                                at /rustc/82e1608dfa6e0b5569232559e3d385fea5a93112/library/std/src/../../backtrace/src/backtrace/libunwind.rs:104:5
[INFO] [stdout]    1:     0x5580c690d02c - std::backtrace_rs::backtrace::trace_unsynchronized::h47f62dea28e0c88d
[INFO] [stdout]                                at /rustc/82e1608dfa6e0b5569232559e3d385fea5a93112/library/std/src/../../backtrace/src/backtrace/mod.rs:66:5
[INFO] [stdout]    2:     0x5580c690d02c - std::sys_common::backtrace::_print_fmt::h9eef0abe20ede486
[INFO] [stdout]                                at /rustc/82e1608dfa6e0b5569232559e3d385fea5a93112/library/std/src/sys_common/backtrace.rs:67:5
[INFO] [stdout]    3:     0x5580c690d02c - <std::sys_common::backtrace::_print::DisplayBacktrace as core::fmt::Display>::fmt::hed7f999df88cc644
[INFO] [stdout]                                at /rustc/82e1608dfa6e0b5569232559e3d385fea5a93112/library/std/src/sys_common/backtrace.rs:44:22
[INFO] [stdout]    4:     0x5580c6937d00 - core::fmt::rt::Argument::fmt::h1539a9308b8d058d
[INFO] [stdout]                                at /rustc/82e1608dfa6e0b5569232559e3d385fea5a93112/library/core/src/fmt/rt.rs:142:9
[INFO] [stdout]    5:     0x5580c6937d00 - core::fmt::write::h3a39390d8560d9c9
[INFO] [stdout]                                at /rustc/82e1608dfa6e0b5569232559e3d385fea5a93112/library/core/src/fmt/mod.rs:1120:17
[INFO] [stdout]    6:     0x5580c690a9af - std::io::Write::write_fmt::h040b369f3a0f9cbc
[INFO] [stdout]                                at /rustc/82e1608dfa6e0b5569232559e3d385fea5a93112/library/std/src/io/mod.rs:1762:15
[INFO] [stdout]    7:     0x5580c690ce14 - std::sys_common::backtrace::_print::h894006fb5c6f3d45
[INFO] [stdout]                                at /rustc/82e1608dfa6e0b5569232559e3d385fea5a93112/library/std/src/sys_common/backtrace.rs:47:5
[INFO] [stdout]    8:     0x5580c690ce14 - std::sys_common::backtrace::print::h23a2d212c6fff936
[INFO] [stdout]                                at /rustc/82e1608dfa6e0b5569232559e3d385fea5a93112/library/std/src/sys_common/backtrace.rs:34:9
[INFO] [stdout]    9:     0x5580c690ead7 - std::panicking::default_hook::{{closure}}::h8a1d2ee00185001a
[INFO] [stdout]   10:     0x5580c690e7c3 - std::panicking::default_hook::h6038f2eba384e475
[INFO] [stdout]                                at /rustc/82e1608dfa6e0b5569232559e3d385fea5a93112/library/std/src/panicking.rs:289:9
[INFO] [stdout]   11:     0x5580c683ec07 - <alloc::boxed::Box<F,A> as core::ops::function::Fn<Args>>::call::h0ad024c9bdc6d768
[INFO] [stdout]                                at /rustc/82e1608dfa6e0b5569232559e3d385fea5a93112/library/alloc/src/boxed.rs:2021:9
[INFO] [stdout]   12:     0x5580c683ec07 - test::test_main::{{closure}}::h7500b54257359db6
[INFO] [stdout]                                at /rustc/82e1608dfa6e0b5569232559e3d385fea5a93112/library/test/src/lib.rs:138:21
[INFO] [stdout]   13:     0x5580c690f0e8 - <alloc::boxed::Box<F,A> as core::ops::function::Fn<Args>>::call::h1f8f335eaa9cfaee
[INFO] [stdout]                                at /rustc/82e1608dfa6e0b5569232559e3d385fea5a93112/library/alloc/src/boxed.rs:2021:9
[INFO] [stdout]   14:     0x5580c690f0e8 - std::panicking::rust_panic_with_hook::h2b5517d590cab22e
[INFO] [stdout]                                at /rustc/82e1608dfa6e0b5569232559e3d385fea5a93112/library/std/src/panicking.rs:783:13
[INFO] [stdout]   15:     0x5580c690ee3e - std::panicking::begin_panic_handler::{{closure}}::h233112c06e0ef43e
[INFO] [stdout]                                at /rustc/82e1608dfa6e0b5569232559e3d385fea5a93112/library/std/src/panicking.rs:657:13
[INFO] [stdout]   16:     0x5580c690d4f6 - std::sys_common::backtrace::__rust_end_short_backtrace::h6e893f24d7ebbff8
[INFO] [stdout]                                at /rustc/82e1608dfa6e0b5569232559e3d385fea5a93112/library/std/src/sys_common/backtrace.rs:170:18
[INFO] [stdout]   17:     0x5580c690eba2 - rust_begin_unwind
[INFO] [stdout]                                at /rustc/82e1608dfa6e0b5569232559e3d385fea5a93112/library/std/src/panicking.rs:645:5
[INFO] [stdout]   18:     0x5580c66a21d5 - core::panicking::panic_fmt::hbf0e066aabfa482c
[INFO] [stdout]                                at /rustc/82e1608dfa6e0b5569232559e3d385fea5a93112/library/core/src/panicking.rs:72:14
[INFO] [stdout]   19:     0x5580c66a25eb - core::panicking::assert_failed_inner::h0bba8b7c26ee4492
[INFO] [stdout]   20:     0x5580c6899d1e - core::panicking::assert_failed::he6c09c7d213d8a86
[INFO] [stdout]                                at /rustc/82e1608dfa6e0b5569232559e3d385fea5a93112/library/core/src/panicking.rs:279:5
[INFO] [stdout]   21:     0x5580c680a87e - fyrox_core::sstorage::test::test_immutable_string_uniqueness::h3081013054223a60
[INFO] [stdout]                                at /opt/rustwide/workdir/src/sstorage.rs:171:9
[INFO] [stdout]   22:     0x5580c680a747 - fyrox_core::sstorage::test::test_immutable_string_uniqueness::{{closure}}::h225b580e75b66dfe
[INFO] [stdout]                                at /opt/rustwide/workdir/src/sstorage.rs:167:42
[INFO] [stdout]   23:     0x5580c67f4ab6 - core::ops::function::FnOnce::call_once::h231a67234faa73bf
[INFO] [stdout]                                at /rustc/82e1608dfa6e0b5569232559e3d385fea5a93112/library/core/src/ops/function.rs:250:5
[INFO] [stdout]   24:     0x5580c684425f - core::ops::function::FnOnce::call_once::h2b5d431d5046312d
[INFO] [stdout]                                at /rustc/82e1608dfa6e0b5569232559e3d385fea5a93112/library/core/src/ops/function.rs:250:5
[INFO] [stdout]   25:     0x5580c684425f - test::__rust_begin_short_backtrace::h7714669af176e207
[INFO] [stdout]                                at /rustc/82e1608dfa6e0b5569232559e3d385fea5a93112/library/test/src/lib.rs:628:18
[INFO] [stdout]   26:     0x5580c6843275 - test::run_test_in_process::{{closure}}::h85218797dcbcec12
[INFO] [stdout]                                at /rustc/82e1608dfa6e0b5569232559e3d385fea5a93112/library/test/src/lib.rs:651:60
[INFO] [stdout]   27:     0x5580c6843275 - <core::panic::unwind_safe::AssertUnwindSafe<F> as core::ops::function::FnOnce<()>>::call_once::h76c106ea31c14d7b
[INFO] [stdout]                                at /rustc/82e1608dfa6e0b5569232559e3d385fea5a93112/library/core/src/panic/unwind_safe.rs:272:9
[INFO] [stdout]   28:     0x5580c6843275 - std::panicking::try::do_call::h3bd5d0f6620ee946
[INFO] [stdout]                                at /rustc/82e1608dfa6e0b5569232559e3d385fea5a93112/library/std/src/panicking.rs:552:40
[INFO] [stdout]   29:     0x5580c6843275 - std::panicking::try::h232e535e4744fe31
[INFO] [stdout]                                at /rustc/82e1608dfa6e0b5569232559e3d385fea5a93112/library/std/src/panicking.rs:516:19
[INFO] [stdout]   30:     0x5580c6843275 - std::panic::catch_unwind::h3ce3bd6ca8dbac68
[INFO] [stdout]                                at /rustc/82e1608dfa6e0b5569232559e3d385fea5a93112/library/std/src/panic.rs:142:14
[INFO] [stdout]   31:     0x5580c6843275 - test::run_test_in_process::hc97b257c9621286a
[INFO] [stdout]                                at /rustc/82e1608dfa6e0b5569232559e3d385fea5a93112/library/test/src/lib.rs:651:27
[INFO] [stdout]   32:     0x5580c6843275 - test::run_test::{{closure}}::h2aa798823a438d38
[INFO] [stdout]                                at /rustc/82e1608dfa6e0b5569232559e3d385fea5a93112/library/test/src/lib.rs:574:43
[INFO] [stdout]   33:     0x5580c680b536 - test::run_test::{{closure}}::h87d231c78fb59832
[INFO] [stdout]                                at /rustc/82e1608dfa6e0b5569232559e3d385fea5a93112/library/test/src/lib.rs:602:41
[INFO] [stdout]   34:     0x5580c680b536 - std::sys_common::backtrace::__rust_begin_short_backtrace::he6df152596625789
[INFO] [stdout]                                at /rustc/82e1608dfa6e0b5569232559e3d385fea5a93112/library/std/src/sys_common/backtrace.rs:154:18
[INFO] [stdout]   35:     0x5580c68105e7 - std::thread::Builder::spawn_unchecked_::{{closure}}::{{closure}}::ha94be15d1e0acf36
[INFO] [stdout]                                at /rustc/82e1608dfa6e0b5569232559e3d385fea5a93112/library/std/src/thread/mod.rs:529:17
[INFO] [stdout]   36:     0x5580c68105e7 - <core::panic::unwind_safe::AssertUnwindSafe<F> as core::ops::function::FnOnce<()>>::call_once::h9dc6bd6372f16606
[INFO] [stdout]                                at /rustc/82e1608dfa6e0b5569232559e3d385fea5a93112/library/core/src/panic/unwind_safe.rs:272:9
[INFO] [stdout]   37:     0x5580c68105e7 - std::panicking::try::do_call::h9057517f80303cd4
[INFO] [stdout]                                at /rustc/82e1608dfa6e0b5569232559e3d385fea5a93112/library/std/src/panicking.rs:552:40
[INFO] [stdout]   38:     0x5580c68105e7 - std::panicking::try::he3a30b11ee45340c
[INFO] [stdout]                                at /rustc/82e1608dfa6e0b5569232559e3d385fea5a93112/library/std/src/panicking.rs:516:19
[INFO] [stdout]   39:     0x5580c68105e7 - std::panic::catch_unwind::h410458cfd3528b8b
[INFO] [stdout]                                at /rustc/82e1608dfa6e0b5569232559e3d385fea5a93112/library/std/src/panic.rs:142:14
[INFO] [stdout]   40:     0x5580c68105e7 - std::thread::Builder::spawn_unchecked_::{{closure}}::h72ac3bdb567b737b
[INFO] [stdout]                                at /rustc/82e1608dfa6e0b5569232559e3d385fea5a93112/library/std/src/thread/mod.rs:528:30
[INFO] [stdout]   41:     0x5580c68105e7 - core::ops::function::FnOnce::call_once{{vtable.shim}}::h38f34da3654a8344
[INFO] [stdout]                                at /rustc/82e1608dfa6e0b5569232559e3d385fea5a93112/library/core/src/ops/function.rs:250:5
[INFO] [stdout]   42:     0x5580c6913c55 - <alloc::boxed::Box<F,A> as core::ops::function::FnOnce<Args>>::call_once::hc7eafaff61e32df9
[INFO] [stdout]                                at /rustc/82e1608dfa6e0b5569232559e3d385fea5a93112/library/alloc/src/boxed.rs:2007:9
[INFO] [stdout]   43:     0x5580c6913c55 - <alloc::boxed::Box<F,A> as core::ops::function::FnOnce<Args>>::call_once::h6ba4a5de48dd2304
[INFO] [stdout]                                at /rustc/82e1608dfa6e0b5569232559e3d385fea5a93112/library/alloc/src/boxed.rs:2007:9
[INFO] [stdout]   44:     0x5580c6913c55 - std::sys::unix::thread::Thread::new::thread_start::he469335aef763e45
[INFO] [stdout]                                at /rustc/82e1608dfa6e0b5569232559e3d385fea5a93112/library/std/src/sys/unix/thread.rs:108:17
[INFO] [stdout]   45:     0x7fdeb8588ac3 - <unknown>
[INFO] [stdout]   46:     0x7fdeb8619bf4 - __clone
[INFO] [stdout]   47:                0x0 - <unknown>
[INFO] [stdout] 
[INFO] [stdout] ---- visitor::test::visitor_test stdout ----
[INFO] [stdout] thread 'visitor::test::visitor_test' panicked at src/visitor.rs:1965:39:
[INFO] [stdout] called `Result::unwrap()` on an `Err` value: Io(Os { code: 30, kind: ReadOnlyFilesystem, message: "Read-only file system" })
[INFO] [stdout] stack backtrace:
[INFO] [stdout]    0:     0x5580c690d02c - std::backtrace_rs::backtrace::libunwind::trace::ha637c64ce894333a
[INFO] [stdout]                                at /rustc/82e1608dfa6e0b5569232559e3d385fea5a93112/library/std/src/../../backtrace/src/backtrace/libunwind.rs:104:5
[INFO] [stdout]    1:     0x5580c690d02c - std::backtrace_rs::backtrace::trace_unsynchronized::h47f62dea28e0c88d
[INFO] [stdout]                                at /rustc/82e1608dfa6e0b5569232559e3d385fea5a93112/library/std/src/../../backtrace/src/backtrace/mod.rs:66:5
[INFO] [stdout]    2:     0x5580c690d02c - std::sys_common::backtrace::_print_fmt::h9eef0abe20ede486
[INFO] [stdout]                                at /rustc/82e1608dfa6e0b5569232559e3d385fea5a93112/library/std/src/sys_common/backtrace.rs:67:5
[INFO] [stdout]    3:     0x5580c690d02c - <std::sys_common::backtrace::_print::DisplayBacktrace as core::fmt::Display>::fmt::hed7f999df88cc644
[INFO] [stdout]                                at /rustc/82e1608dfa6e0b5569232559e3d385fea5a93112/library/std/src/sys_common/backtrace.rs:44:22
[INFO] [stdout]    4:     0x5580c6937d00 - core::fmt::rt::Argument::fmt::h1539a9308b8d058d
[INFO] [stdout]                                at /rustc/82e1608dfa6e0b5569232559e3d385fea5a93112/library/core/src/fmt/rt.rs:142:9
[INFO] [stdout]    5:     0x5580c6937d00 - core::fmt::write::h3a39390d8560d9c9
[INFO] [stdout]                                at /rustc/82e1608dfa6e0b5569232559e3d385fea5a93112/library/core/src/fmt/mod.rs:1120:17
[INFO] [stdout]    6:     0x5580c690a9af - std::io::Write::write_fmt::h040b369f3a0f9cbc
[INFO] [stdout]                                at /rustc/82e1608dfa6e0b5569232559e3d385fea5a93112/library/std/src/io/mod.rs:1762:15
[INFO] [stdout]    7:     0x5580c690ce14 - std::sys_common::backtrace::_print::h894006fb5c6f3d45
[INFO] [stdout]                                at /rustc/82e1608dfa6e0b5569232559e3d385fea5a93112/library/std/src/sys_common/backtrace.rs:47:5
[INFO] [stdout]    8:     0x5580c690ce14 - std::sys_common::backtrace::print::h23a2d212c6fff936
[INFO] [stdout]                                at /rustc/82e1608dfa6e0b5569232559e3d385fea5a93112/library/std/src/sys_common/backtrace.rs:34:9
[INFO] [stdout]    9:     0x5580c690ead7 - std::panicking::default_hook::{{closure}}::h8a1d2ee00185001a
[INFO] [stdout]   10:     0x5580c690e7c3 - std::panicking::default_hook::h6038f2eba384e475
[INFO] [stdout]                                at /rustc/82e1608dfa6e0b5569232559e3d385fea5a93112/library/std/src/panicking.rs:289:9
[INFO] [stdout]   11:     0x5580c683ec07 - <alloc::boxed::Box<F,A> as core::ops::function::Fn<Args>>::call::h0ad024c9bdc6d768
[INFO] [stdout]                                at /rustc/82e1608dfa6e0b5569232559e3d385fea5a93112/library/alloc/src/boxed.rs:2021:9
[INFO] [stdout]   12:     0x5580c683ec07 - test::test_main::{{closure}}::h7500b54257359db6
[INFO] [stdout]                                at /rustc/82e1608dfa6e0b5569232559e3d385fea5a93112/library/test/src/lib.rs:138:21
[INFO] [stdout]   13:     0x5580c690f0e8 - <alloc::boxed::Box<F,A> as core::ops::function::Fn<Args>>::call::h1f8f335eaa9cfaee
[INFO] [stdout]                                at /rustc/82e1608dfa6e0b5569232559e3d385fea5a93112/library/alloc/src/boxed.rs:2021:9
[INFO] [stdout]   14:     0x5580c690f0e8 - std::panicking::rust_panic_with_hook::h2b5517d590cab22e
[INFO] [stdout]                                at /rustc/82e1608dfa6e0b5569232559e3d385fea5a93112/library/std/src/panicking.rs:783:13
[INFO] [stdout]   15:     0x5580c690ee3e - std::panicking::begin_panic_handler::{{closure}}::h233112c06e0ef43e
[INFO] [stdout]                                at /rustc/82e1608dfa6e0b5569232559e3d385fea5a93112/library/std/src/panicking.rs:657:13
[INFO] [stdout]   16:     0x5580c690d4f6 - std::sys_common::backtrace::__rust_end_short_backtrace::h6e893f24d7ebbff8
[INFO] [stdout]                                at /rustc/82e1608dfa6e0b5569232559e3d385fea5a93112/library/std/src/sys_common/backtrace.rs:170:18
[INFO] [stdout]   17:     0x5580c690eba2 - rust_begin_unwind
[INFO] [stdout]                                at /rustc/82e1608dfa6e0b5569232559e3d385fea5a93112/library/std/src/panicking.rs:645:5
[INFO] [stdout]   18:     0x5580c66a21d5 - core::panicking::panic_fmt::hbf0e066aabfa482c
[INFO] [stdout]                                at /rustc/82e1608dfa6e0b5569232559e3d385fea5a93112/library/core/src/panicking.rs:72:14
[INFO] [stdout]   19:     0x5580c66a2763 - core::result::unwrap_failed::hddb4fea594200c52
[INFO] [stdout]                                at /rustc/82e1608dfa6e0b5569232559e3d385fea5a93112/library/core/src/result.rs:1653:5
[INFO] [stdout]   20:     0x5580c67187b1 - core::result::Result<T,E>::unwrap::h0424c849e5029e36
[INFO] [stdout]                                at /rustc/82e1608dfa6e0b5569232559e3d385fea5a93112/library/core/src/result.rs:1077:23
[INFO] [stdout]   21:     0x5580c6796d3b - fyrox_core::visitor::test::visitor_test::h31bd7175f45fbeaf
[INFO] [stdout]                                at /opt/rustwide/workdir/src/visitor.rs:1965:13
[INFO] [stdout]   22:     0x5580c67969c7 - fyrox_core::visitor::test::visitor_test::{{closure}}::he1d09552cfbd23eb
[INFO] [stdout]                                at /opt/rustwide/workdir/src/visitor.rs:1952:22
[INFO] [stdout]   23:     0x5580c67f5a06 - core::ops::function::FnOnce::call_once::h420805f5d0404fc8
[INFO] [stdout]                                at /rustc/82e1608dfa6e0b5569232559e3d385fea5a93112/library/core/src/ops/function.rs:250:5
[INFO] [stdout]   24:     0x5580c684425f - core::ops::function::FnOnce::call_once::h2b5d431d5046312d
[INFO] [stdout]                                at /rustc/82e1608dfa6e0b5569232559e3d385fea5a93112/library/core/src/ops/function.rs:250:5
[INFO] [stdout]   25:     0x5580c684425f - test::__rust_begin_short_backtrace::h7714669af176e207
[INFO] [stdout]                                at /rustc/82e1608dfa6e0b5569232559e3d385fea5a93112/library/test/src/lib.rs:628:18
[INFO] [stdout]   26:     0x5580c6843275 - test::run_test_in_process::{{closure}}::h85218797dcbcec12
[INFO] [stdout]                                at /rustc/82e1608dfa6e0b5569232559e3d385fea5a93112/library/test/src/lib.rs:651:60
[INFO] [stdout]   27:     0x5580c6843275 - <core::panic::unwind_safe::AssertUnwindSafe<F> as core::ops::function::FnOnce<()>>::call_once::h76c106ea31c14d7b
[INFO] [stdout]                                at /rustc/82e1608dfa6e0b5569232559e3d385fea5a93112/library/core/src/panic/unwind_safe.rs:272:9
[INFO] [stdout]   28:     0x5580c6843275 - std::panicking::try::do_call::h3bd5d0f6620ee946
[INFO] [stdout]                                at /rustc/82e1608dfa6e0b5569232559e3d385fea5a93112/library/std/src/panicking.rs:552:40
[INFO] [stdout]   29:     0x5580c6843275 - std::panicking::try::h232e535e4744fe31
[INFO] [stdout]                                at /rustc/82e1608dfa6e0b5569232559e3d385fea5a93112/library/std/src/panicking.rs:516:19
[INFO] [stdout]   30:     0x5580c6843275 - std::panic::catch_unwind::h3ce3bd6ca8dbac68
[INFO] [stdout]                                at /rustc/82e1608dfa6e0b5569232559e3d385fea5a93112/library/std/src/panic.rs:142:14
[INFO] [stdout]   31:     0x5580c6843275 - test::run_test_in_process::hc97b257c9621286a
[INFO] [stdout]                                at /rustc/82e1608dfa6e0b5569232559e3d385fea5a93112/library/test/src/lib.rs:651:27
[INFO] [stdout]   32:     0x5580c6843275 - test::run_test::{{closure}}::h2aa798823a438d38
[INFO] [stdout]                                at /rustc/82e1608dfa6e0b5569232559e3d385fea5a93112/library/test/src/lib.rs:574:43
[INFO] [stdout]   33:     0x5580c680b536 - test::run_test::{{closure}}::h87d231c78fb59832
[INFO] [stdout]                                at /rustc/82e1608dfa6e0b5569232559e3d385fea5a93112/library/test/src/lib.rs:602:41
[INFO] [stdout]   34:     0x5580c680b536 - std::sys_common::backtrace::__rust_begin_short_backtrace::he6df152596625789
[INFO] [stdout]                                at /rustc/82e1608dfa6e0b5569232559e3d385fea5a93112/library/std/src/sys_common/backtrace.rs:154:18
[INFO] [stdout]   35:     0x5580c68105e7 - std::thread::Builder::spawn_unchecked_::{{closure}}::{{closure}}::ha94be15d1e0acf36
[INFO] [stdout]                                at /rustc/82e1608dfa6e0b5569232559e3d385fea5a93112/library/std/src/thread/mod.rs:529:17
[INFO] [stdout]   36:     0x5580c68105e7 - <core::panic::unwind_safe::AssertUnwindSafe<F> as core::ops::function::FnOnce<()>>::call_once::h9dc6bd6372f16606
[INFO] [stdout]                                at /rustc/82e1608dfa6e0b5569232559e3d385fea5a93112/library/core/src/panic/unwind_safe.rs:272:9
[INFO] [stdout]   37:     0x5580c68105e7 - std::panicking::try::do_call::h9057517f80303cd4
[INFO] [stdout]                                at /rustc/82e1608dfa6e0b5569232559e3d385fea5a93112/library/std/src/panicking.rs:552:40
[INFO] [stdout]   38:     0x5580c68105e7 - std::panicking::try::he3a30b11ee45340c
[INFO] [stdout]                                at /rustc/82e1608dfa6e0b5569232559e3d385fea5a93112/library/std/src/panicking.rs:516:19
[INFO] [stdout]   39:     0x5580c68105e7 - std::panic::catch_unwind::h410458cfd3528b8b
[INFO] [stdout]                                at /rustc/82e1608dfa6e0b5569232559e3d385fea5a93112/library/std/src/panic.rs:142:14
[INFO] [stdout]   40:     0x5580c68105e7 - std::thread::Builder::spawn_unchecked_::{{closure}}::h72ac3bdb567b737b
[INFO] [stdout]                                at /rustc/82e1608dfa6e0b5569232559e3d385fea5a93112/library/std/src/thread/mod.rs:528:30
[INFO] [stdout]   41:     0x5580c68105e7 - core::ops::function::FnOnce::call_once{{vtable.shim}}::h38f34da3654a8344
[INFO] [stdout]                                at /rustc/82e1608dfa6e0b5569232559e3d385fea5a93112/library/core/src/ops/function.rs:250:5
[INFO] [stdout]   42:     0x5580c6913c55 - <alloc::boxed::Box<F,A> as core::ops::function::FnOnce<Args>>::call_once::hc7eafaff61e32df9
[INFO] [stdout]                                at /rustc/82e1608dfa6e0b5569232559e3d385fea5a93112/library/alloc/src/boxed.rs:2007:9
[INFO] [stdout]   43:     0x5580c6913c55 - <alloc::boxed::Box<F,A> as core::ops::function::FnOnce<Args>>::call_once::h6ba4a5de48dd2304
[INFO] [stdout]                                at /rustc/82e1608dfa6e0b5569232559e3d385fea5a93112/library/alloc/src/boxed.rs:2007:9
[INFO] [stdout]   44:     0x5580c6913c55 - std::sys::unix::thread::Thread::new::thread_start::he469335aef763e45
[INFO] [stdout]                                at /rustc/82e1608dfa6e0b5569232559e3d385fea5a93112/library/std/src/sys/unix/thread.rs:108:17
[INFO] [stdout]   45:     0x7fdeb8588ac3 - <unknown>
[INFO] [stdout]   46:     0x7fdeb8619bf4 - __clone
[INFO] [stdout]   47:                0x0 - <unknown>
[INFO] [stdout] 
[INFO] [stdout] 
[INFO] [stdout] failures:
[INFO] [stdout]     sstorage::test::test_immutable_string_uniqueness
[INFO] [stdout]     visitor::test::visitor_test
[INFO] [stdout] 
[INFO] [stdout] test result: FAILED. 289 passed; 2 failed; 0 ignored; 0 measured; 0 filtered out; finished in 3.20s
[INFO] [stdout] 
[INFO] [stderr] error: test failed, to rerun pass `--lib`
[INFO] running `Command { std: "docker" "inspect" "19c9bcde49c135e5cea69c8fc199904b90161c8547fac7aa0693ec1ee89533a8", kill_on_drop: false }`
[INFO] running `Command { std: "docker" "rm" "-f" "19c9bcde49c135e5cea69c8fc199904b90161c8547fac7aa0693ec1ee89533a8", kill_on_drop: false }`
[INFO] [stdout] 19c9bcde49c135e5cea69c8fc199904b90161c8547fac7aa0693ec1ee89533a8
[INFO] testing fyrox-core-0.26.0 against beta-2023-12-22 for beta-1.76-1
[INFO] extracting crate fyrox-core 0.26.0 into /workspace/builds/worker-2-tc2/source
[INFO] validating manifest of crates.io crate fyrox-core 0.26.0 on toolchain beta-2023-12-22
[INFO] running `Command { std: CARGO_HOME="/workspace/cargo-home" RUSTUP_HOME="/workspace/rustup-home" "/workspace/cargo-home/bin/cargo" "+beta-2023-12-22" "metadata" "--manifest-path" "Cargo.toml" "--no-deps", kill_on_drop: false }`
[INFO] started tweaking crates.io crate fyrox-core 0.26.0
[INFO] finished tweaking crates.io crate fyrox-core 0.26.0
[INFO] tweaked toml for crates.io crate fyrox-core 0.26.0 written to /workspace/builds/worker-2-tc2/source/Cargo.toml
[INFO] running `Command { std: CARGO_HOME="/workspace/cargo-home" RUSTUP_HOME="/workspace/rustup-home" "/workspace/cargo-home/bin/cargo" "+beta-2023-12-22" "generate-lockfile" "--manifest-path" "Cargo.toml", kill_on_drop: false }`
[INFO] [stderr]     Updating crates.io index
[INFO] running `Command { std: CARGO_HOME="/workspace/cargo-home" RUSTUP_HOME="/workspace/rustup-home" "/workspace/cargo-home/bin/cargo" "+beta-2023-12-22" "fetch" "--manifest-path" "Cargo.toml", kill_on_drop: false }`
[INFO] running `Command { std: "docker" "create" "-v" "/var/lib/crater-agent-workspace/builds/worker-2-tc2/target:/opt/rustwide/target:rw,Z" "-v" "/var/lib/crater-agent-workspace/builds/worker-2-tc2/source:/opt/rustwide/workdir:ro,Z" "-v" "/var/lib/crater-agent-workspace/cargo-home:/opt/rustwide/cargo-home:ro,Z" "-v" "/var/lib/crater-agent-workspace/rustup-home:/opt/rustwide/rustup-home:ro,Z" "-e" "SOURCE_DIR=/opt/rustwide/workdir" "-e" "CARGO_TARGET_DIR=/opt/rustwide/target" "-e" "CARGO_HOME=/opt/rustwide/cargo-home" "-e" "RUSTUP_HOME=/opt/rustwide/rustup-home" "-w" "/opt/rustwide/workdir" "-m" "1610612736" "--user" "0:0" "--network" "none" "ghcr.io/rust-lang/crates-build-env/linux@sha256:2788e3201cd34a07e3172128adcd8b3090168a8e3bcc40d7c032b9dda1df7d1c" "/opt/rustwide/cargo-home/bin/cargo" "+beta-2023-12-22" "metadata" "--no-deps" "--format-version=1", kill_on_drop: false }`
[INFO] [stdout] f326beadca65c010167076c43630cd2a88c56403541b96dcccda307fe8aa3679
[INFO] running `Command { std: "docker" "start" "-a" "f326beadca65c010167076c43630cd2a88c56403541b96dcccda307fe8aa3679", kill_on_drop: false }`
[INFO] running `Command { std: "docker" "inspect" "f326beadca65c010167076c43630cd2a88c56403541b96dcccda307fe8aa3679", kill_on_drop: false }`
[INFO] running `Command { std: "docker" "rm" "-f" "f326beadca65c010167076c43630cd2a88c56403541b96dcccda307fe8aa3679", kill_on_drop: false }`
[INFO] [stdout] f326beadca65c010167076c43630cd2a88c56403541b96dcccda307fe8aa3679
[INFO] running `Command { std: "docker" "create" "-v" "/var/lib/crater-agent-workspace/builds/worker-2-tc2/target:/opt/rustwide/target:rw,Z" "-v" "/var/lib/crater-agent-workspace/builds/worker-2-tc2/source:/opt/rustwide/workdir:ro,Z" "-v" "/var/lib/crater-agent-workspace/cargo-home:/opt/rustwide/cargo-home:ro,Z" "-v" "/var/lib/crater-agent-workspace/rustup-home:/opt/rustwide/rustup-home:ro,Z" "-e" "SOURCE_DIR=/opt/rustwide/workdir" "-e" "CARGO_TARGET_DIR=/opt/rustwide/target" "-e" "CARGO_INCREMENTAL=0" "-e" "RUST_BACKTRACE=full" "-e" "RUSTFLAGS=--cap-lints=warn" "-e" "RUSTDOCFLAGS=--cap-lints=warn" "-e" "CARGO_HOME=/opt/rustwide/cargo-home" "-e" "RUSTUP_HOME=/opt/rustwide/rustup-home" "-w" "/opt/rustwide/workdir" "-m" "1610612736" "--user" "0:0" "--network" "none" "ghcr.io/rust-lang/crates-build-env/linux@sha256:2788e3201cd34a07e3172128adcd8b3090168a8e3bcc40d7c032b9dda1df7d1c" "/opt/rustwide/cargo-home/bin/cargo" "+beta-2023-12-22" "build" "--frozen" "--message-format=json", kill_on_drop: false }`
[INFO] [stdout] 99ecccafe9b5a8ef46132101ae265b90f0d5e4d55d23f8d030810d27aad361b7
[INFO] running `Command { std: "docker" "start" "-a" "99ecccafe9b5a8ef46132101ae265b90f0d5e4d55d23f8d030810d27aad361b7", kill_on_drop: false }`
[INFO] [stderr]    Compiling libc v0.2.151
[INFO] [stderr]    Compiling num-traits v0.2.17
[INFO] [stderr]    Compiling log v0.4.20
[INFO] [stderr]    Compiling once_cell v1.19.0
[INFO] [stderr]    Compiling num-integer v0.1.45
[INFO] [stderr]    Compiling ident_case v1.0.1
[INFO] [stderr]    Compiling strsim v0.10.0
[INFO] [stderr]    Compiling fnv v1.0.7
[INFO] [stderr]    Compiling bytemuck v1.14.0
[INFO] [stderr]    Compiling crossbeam-utils v0.8.18
[INFO] [stderr]    Compiling wasm-bindgen-backend v0.2.89
[INFO] [stderr]    Compiling paste v1.0.14
[INFO] [stderr]    Compiling safe_arch v0.7.1
[INFO] [stderr]    Compiling darling_core v0.14.4
[INFO] [stderr]    Compiling matrixmultiply v0.3.8
[INFO] [stderr]    Compiling num-rational v0.4.1
[INFO] [stderr]    Compiling lock_api v0.4.11
[INFO] [stderr]    Compiling parking_lot_core v0.9.9
[INFO] [stderr]    Compiling typenum v1.17.0
[INFO] [stderr]    Compiling wide v0.7.13
[INFO] [stderr]    Compiling getrandom v0.2.11
[INFO] [stderr]    Compiling rand_core v0.6.4
[INFO] [stderr]    Compiling num_cpus v1.16.0
[INFO] [stderr]    Compiling inotify-sys v0.1.5
[INFO] [stderr]    Compiling memoffset v0.9.0
[INFO] [stderr]    Compiling byteorder v1.5.0
[INFO] [stderr]    Compiling wasm-bindgen-macro-support v0.2.89
[INFO] [stderr]    Compiling approx v0.5.1
[INFO] [stderr]    Compiling num-complex v0.4.4
[INFO] [stderr]    Compiling scopeguard v1.2.0
[INFO] [stderr]    Compiling unicode-segmentation v1.10.1
[INFO] [stderr]    Compiling serde v1.0.194
[INFO] [stderr]    Compiling smallvec v1.11.2
[INFO] [stderr]    Compiling rawpointer v0.2.1
[INFO] [stderr]    Compiling inotify v0.9.6
[INFO] [stderr]    Compiling convert_case v0.6.0
[INFO] [stderr]    Compiling simba v0.8.1
[INFO] [stderr]    Compiling rand_chacha v0.3.1
[INFO] [stderr]    Compiling wasm-bindgen-macro v0.2.89
[INFO] [stderr]    Compiling fxhash v0.2.1
[INFO] [stderr]    Compiling futures-executor v0.3.30
[INFO] [stderr]    Compiling crossbeam-channel v0.5.10
[INFO] [stderr]    Compiling mio v0.8.10
[INFO] [stderr]    Compiling filetime v0.2.23
[INFO] [stderr]    Compiling wasm-bindgen v0.2.89
[INFO] [stderr]    Compiling darling_macro v0.14.4
[INFO] [stderr]    Compiling nalgebra-macros v0.2.1
[INFO] [stderr]    Compiling serde_derive v1.0.194
[INFO] [stderr]    Compiling notify v6.1.1
[INFO] [stderr]    Compiling futures v0.3.30
[INFO] [stderr]    Compiling rand v0.8.5
[INFO] [stderr]    Compiling parking_lot v0.12.1
[INFO] [stderr]    Compiling instant v0.1.12
[INFO] [stderr]    Compiling darling v0.14.4
[INFO] [stderr]    Compiling base64 v0.21.5
[INFO] [stderr]    Compiling bitflags v2.4.1
[INFO] [stderr]    Compiling fyrox-core-derive v0.21.0
[INFO] [stderr]    Compiling uuid v1.6.1
[INFO] [stderr]    Compiling arrayvec v0.7.4
[INFO] [stderr]    Compiling nalgebra v0.32.3
[INFO] [stderr]    Compiling fyrox-core v0.26.0 (/opt/rustwide/workdir)
[INFO] [stderr]     Finished dev [unoptimized + debuginfo] target(s) in 26.51s
[INFO] running `Command { std: "docker" "inspect" "99ecccafe9b5a8ef46132101ae265b90f0d5e4d55d23f8d030810d27aad361b7", kill_on_drop: false }`
[INFO] running `Command { std: "docker" "rm" "-f" "99ecccafe9b5a8ef46132101ae265b90f0d5e4d55d23f8d030810d27aad361b7", kill_on_drop: false }`
[INFO] [stdout] 99ecccafe9b5a8ef46132101ae265b90f0d5e4d55d23f8d030810d27aad361b7
[INFO] running `Command { std: "docker" "create" "-v" "/var/lib/crater-agent-workspace/builds/worker-2-tc2/target:/opt/rustwide/target:rw,Z" "-v" "/var/lib/crater-agent-workspace/builds/worker-2-tc2/source:/opt/rustwide/workdir:ro,Z" "-v" "/var/lib/crater-agent-workspace/cargo-home:/opt/rustwide/cargo-home:ro,Z" "-v" "/var/lib/crater-agent-workspace/rustup-home:/opt/rustwide/rustup-home:ro,Z" "-e" "SOURCE_DIR=/opt/rustwide/workdir" "-e" "CARGO_TARGET_DIR=/opt/rustwide/target" "-e" "CARGO_INCREMENTAL=0" "-e" "RUST_BACKTRACE=full" "-e" "RUSTFLAGS=--cap-lints=warn" "-e" "RUSTDOCFLAGS=--cap-lints=warn" "-e" "CARGO_HOME=/opt/rustwide/cargo-home" "-e" "RUSTUP_HOME=/opt/rustwide/rustup-home" "-w" "/opt/rustwide/workdir" "-m" "1610612736" "--user" "0:0" "--network" "none" "ghcr.io/rust-lang/crates-build-env/linux@sha256:2788e3201cd34a07e3172128adcd8b3090168a8e3bcc40d7c032b9dda1df7d1c" "/opt/rustwide/cargo-home/bin/cargo" "+beta-2023-12-22" "test" "--frozen" "--no-run" "--message-format=json", kill_on_drop: false }`
[INFO] [stdout] 761e0546c6981cfbf424e6109cdaf491dd52cbcb0b55468f03bc8cf2dd606e0a
[INFO] running `Command { std: "docker" "start" "-a" "761e0546c6981cfbf424e6109cdaf491dd52cbcb0b55468f03bc8cf2dd606e0a", kill_on_drop: false }`
[INFO] [stderr]    Compiling fyrox-core v0.26.0 (/opt/rustwide/workdir)
[INFO] [stderr]     Finished test [unoptimized + debuginfo] target(s) in 5.99s
[INFO] running `Command { std: "docker" "inspect" "761e0546c6981cfbf424e6109cdaf491dd52cbcb0b55468f03bc8cf2dd606e0a", kill_on_drop: false }`
[INFO] running `Command { std: "docker" "rm" "-f" "761e0546c6981cfbf424e6109cdaf491dd52cbcb0b55468f03bc8cf2dd606e0a", kill_on_drop: false }`
[INFO] [stdout] 761e0546c6981cfbf424e6109cdaf491dd52cbcb0b55468f03bc8cf2dd606e0a
[INFO] running `Command { std: "docker" "create" "-v" "/var/lib/crater-agent-workspace/builds/worker-2-tc2/target:/opt/rustwide/target:rw,Z" "-v" "/var/lib/crater-agent-workspace/builds/worker-2-tc2/source:/opt/rustwide/workdir:ro,Z" "-v" "/var/lib/crater-agent-workspace/cargo-home:/opt/rustwide/cargo-home:ro,Z" "-v" "/var/lib/crater-agent-workspace/rustup-home:/opt/rustwide/rustup-home:ro,Z" "-e" "SOURCE_DIR=/opt/rustwide/workdir" "-e" "CARGO_TARGET_DIR=/opt/rustwide/target" "-e" "CARGO_INCREMENTAL=0" "-e" "RUST_BACKTRACE=full" "-e" "RUSTFLAGS=--cap-lints=warn" "-e" "RUSTDOCFLAGS=--cap-lints=warn" "-e" "CARGO_HOME=/opt/rustwide/cargo-home" "-e" "RUSTUP_HOME=/opt/rustwide/rustup-home" "-w" "/opt/rustwide/workdir" "-m" "1610612736" "--user" "0:0" "--network" "none" "ghcr.io/rust-lang/crates-build-env/linux@sha256:2788e3201cd34a07e3172128adcd8b3090168a8e3bcc40d7c032b9dda1df7d1c" "/opt/rustwide/cargo-home/bin/cargo" "+beta-2023-12-22" "test" "--frozen", kill_on_drop: false }`
[INFO] [stdout] cedbc91926686d6cf0abd4abcc3e6b8b4e736318fd812e2610ee3553bf2fae98
[INFO] running `Command { std: "docker" "start" "-a" "cedbc91926686d6cf0abd4abcc3e6b8b4e736318fd812e2610ee3553bf2fae98", kill_on_drop: false }`
[INFO] [stderr]     Finished test [unoptimized + debuginfo] target(s) in 0.09s
[INFO] [stderr]      Running unittests src/lib.rs (/opt/rustwide/target/debug/deps/fyrox_core-ceec94da10848ab0)
[INFO] [stdout] 
[INFO] [stdout] running 291 tests
[INFO] [stdout] test color::test::test_color_into_u32 ... ok
[INFO] [stdout] test color::test::test_color_from_vector3 ... ok
[INFO] [stdout] test color::test::test_color_lerp ... ok
[INFO] [stdout] test color::test::test_color_from_hsv ... ok
[INFO] [stdout] test color::test::test_color_from_rgba ... ok
[INFO] [stdout] test color::test::test_color_default ... ok
[INFO] [stdout] test color::test::test_color_as_frgba ... ok
[INFO] [stdout] test color::test::test_color_srgb_to_linear_f32 ... ok
[INFO] [stdout] test color::test::test_color_linear_to_srgb ... ok
[INFO] [stdout] test color::test::test_color_with_new_alpha ... ok
[INFO] [stdout] test color_gradient::test::test_color_gradient_builder ... ok
[INFO] [stdout] test color::test::test_hsv ... ok
[INFO] [stdout] test color::test::test_hsv_from_color ... ok
[INFO] [stdout] test color::test::test_hsl ... ok
[INFO] [stdout] test color::test::test_color_srgb_to_linear ... ok
[INFO] [stdout] test color_gradient::test::test_color_gradient ... ok
[INFO] [stdout] test color_gradient::test::test_gradient_point ... ok
[INFO] [stdout] test curve::test::test_curve ... ok
[INFO] [stdout] test math::aabb::test::test_aabb_add_box ... ok
[INFO] [stdout] test curve::test::test_curve_key_insertion_order ... ok
[INFO] [stdout] test math::aabb::test::test_aabb_add_point ... ok
[INFO] [stdout] test math::aabb::test::test_aabb_collapsed ... ok
[INFO] [stdout] test math::aabb::test::test_aabb_corners ... ok
[INFO] [stdout] test math::aabb::test::test_aabb_default ... ok
[INFO] [stdout] test color::test::test_color_to_opaque ... ok
[INFO] [stdout] test color::test::test_color_operators ... ok
[INFO] [stdout] test math::aabb::test::test_aabb_from_point ... ok
[INFO] [stdout] test math::aabb::test::test_aabb_from_points ... ok
[INFO] [stdout] test math::aabb::test::test_aabb_from_radius ... ok
[INFO] [stdout] test math::aabb::test::test_aabb_inflate ... ok
[INFO] [stdout] test curve::test::test_curve_key_kind ... ok
[INFO] [stdout] test curve::test::test_curve_from_vec ... ok
[INFO] [stdout] test curve::test::test_curve_key ... ok
[INFO] [stdout] test math::aabb::test::test_aabb_invalidate ... ok
[INFO] [stdout] test math::aabb::test::test_aabb_is_contains_point ... ok
[INFO] [stdout] test math::aabb::test::test_aabb_is_degenerate ... ok
[INFO] [stdout] test math::aabb::test::test_aabb_is_intersects_aabb ... ok
[INFO] [stdout] test math::aabb::test::test_aabb_is_valid ... ok
[INFO] [stdout] test math::aabb::test::test_aabb_offset ... ok
[INFO] [stdout] test math::aabb::test::test_aabb_transform ... ok
[INFO] [stdout] test math::aabb::test::test_aabb_unit ... ok
[INFO] [stdout] test math::frustum::test::test_frustum_is_intersects_aabb_offset ... ok
[INFO] [stdout] test math::frustum::test::test_frustum_is_intersects_aabb ... ok
[INFO] [stdout] test math::aabb::test::test_aabb_is_intersects_sphere ... ok
[INFO] [stdout] test math::aabb::test::test_aabb_is_invalid_or_degenerate ... ok
[INFO] [stdout] test math::aabb::test::test_aabb_split ... ok
[INFO] [stdout] test math::frustum::test::test_frustum_is_intersects_point_cloud ... ok
[INFO] [stdout] test math::frustum::test::test_frustum_planes_and_corners ... ok
[INFO] [stdout] test math::frustum::test::test_frustum_is_intersects_sphere ... ok
[INFO] [stdout] test math::plane::test::plane_sanity_tests ... ok
[INFO] [stdout] test math::plane::test::test_default_for_plane ... ok
[INFO] [stdout] test math::frustum::test::test_frustum_plane_centers ... ok
[INFO] [stdout] test math::frustum::test::test_visit_for_frustum ... ok
[INFO] [stdout] test math::plane::test::test_plane_intersection_point ... ok
[INFO] [stdout] test math::ray::test::intersection ... ok
[INFO] [stdout] test math::ray::test::default_for_ray ... ok
[INFO] [stdout] test math::ray::test::intersection_result_from_set ... ok
[INFO] [stdout] test math::ray::test::intersection_result_from_slice ... ok
[INFO] [stdout] test math::ray::test::intersection_result_merge ... ok
[INFO] [stdout] test math::ray::test::intersection_result_merge_slice ... ok
[INFO] [stdout] test math::ray::test::ray_aabb_intersection ... ok
[INFO] [stdout] test math::ray::test::ray_aabb_intersection_points ... ok
[INFO] [stdout] test math::ray::test::ray_box_intersection ... ok
[INFO] [stdout] test math::ray::test::ray_box_intersection_points ... ok
[INFO] [stdout] test math::ray::test::ray_capsule_intersection ... ok
[INFO] [stdout] test math::ray::test::ray_cylinder_intersection ... ok
[INFO] [stdout] test math::ray::test::ray_get_point ... ok
[INFO] [stdout] test math::ray::test::ray_is_intersect_sphere ... ok
[INFO] [stdout] test math::ray::test::ray_new ... ok
[INFO] [stdout] test math::ray::test::ray_plane_intersection ... ok
[INFO] [stdout] test math::ray::test::ray_plane_intersection_point ... ok
[INFO] [stdout] test math::ray::test::ray_project_point ... ok
[INFO] [stdout] test math::ray::test::ray_sphere_intersection ... ok
[INFO] [stdout] test math::ray::test::ray_sphere_intersection_points ... ok
[INFO] [stdout] test math::ray::test::ray_transform ... ok
[INFO] [stdout] test math::ray::test::ray_triangle_intersection ... ok
[INFO] [stdout] test math::ray::test::ray_triangle_intersection_point ... ok
[INFO] [stdout] test math::ray::test::ray_try_eval_points ... ok
[INFO] [stdout] test math::frustum::test::test_frustum_from_view_projection_matrix ... ok
[INFO] [stdout] test math::test::as_mut_for_triangle_definition ... ok
[INFO] [stdout] test math::frustum::test::test_frustum_is_contains_point ... ok
[INFO] [stdout] test math::plane::test::test_plane_distance ... ok
[INFO] [stdout] test math::plane::test::test_plane_dot ... ok
[INFO] [stdout] test math::plane::test::test_plane_from_abcd ... ok
[INFO] [stdout] test math::test::matrix3_ext_for_matrix3 ... ok
[INFO] [stdout] test math::test::as_ref_for_triangle_definition ... ok
[INFO] [stdout] test math::test::matrix4_ext_for_matrix4 ... ok
[INFO] [stdout] test math::test::default_for_smooth_angle ... ok
[INFO] [stdout] test math::test::index_for_triangle_definition ... ok
[INFO] [stdout] test math::test::default_for_rect ... ok
[INFO] [stdout] test math::test::position_provider_for_vector3 ... ok
[INFO] [stdout] test math::test::rect_contains ... ok
[INFO] [stdout] test math::test::rect_extend_to_contain ... ok
[INFO] [stdout] test math::test::rect_getters ... ok
[INFO] [stdout] test math::test::rect_inflate ... ok
[INFO] [stdout] test math::test::rect_intersects_circle ... ok
[INFO] [stdout] test math::test::rect_push ... ok
[INFO] [stdout] test math::test::rect_transform ... ok
[INFO] [stdout] test math::test::rect_translate ... ok
[INFO] [stdout] test math::test::rect_with_position ... ok
[INFO] [stdout] test math::test::rect_with_size ... ok
[INFO] [stdout] test math::test::smooth_angle ... ok
[INFO] [stdout] test math::test::smooth_angle_setters ... ok
[INFO] [stdout] test math::test::smooth_angle_turn_direction ... ok
[INFO] [stdout] test math::test::test_barycentric_is_inside ... ok
[INFO] [stdout] test math::test::test_barycentric_to_world ... ok
[INFO] [stdout] test math::test::test_cubicf_derivative ... ok
[INFO] [stdout] test math::test::test_get_barycentric_coords ... ok
[INFO] [stdout] test math::test::test_get_barycentric_coords_2d ... ok
[INFO] [stdout] test math::test::test_get_closest_point ... ok
[INFO] [stdout] test math::test::test_get_closest_point_triangle_set ... ok
[INFO] [stdout] test math::test::test_get_closest_point_triangles ... ok
[INFO] [stdout] test math::test::test_get_farthest_point ... ok
[INFO] [stdout] test math::test::test_get_signed_triangle_area ... ok
[INFO] [stdout] test math::test::test_ieee_remainder ... ok
[INFO] [stdout] test math::test::test_inf_sup_cubicf ... ok
[INFO] [stdout] test math::test::test_m4x4_approx_eq ... ok
[INFO] [stdout] test math::test::test_quat_from_euler ... ok
[INFO] [stdout] test math::test::test_round_to_step ... ok
[INFO] [stdout] test math::test::test_spherical_to_cartesian ... ok
[INFO] [stdout] test math::test::test_triangle_area ... ok
[INFO] [stdout] test math::test::test_wrap_angle ... ok
[INFO] [stdout] test math::test::test_wrapf ... ok
[INFO] [stdout] test math::test::triangle_definition_edges ... ok
[INFO] [stdout] test math::test::triangle_definition_indices ... ok
[INFO] [stdout] test math::test::triangle_definition_indices_mut ... ok
[INFO] [stdout] test math::test::vector2_ext_for_vector2 ... ok
[INFO] [stdout] test math::test::vector3_ext_for_vector3 ... ok
[INFO] [stdout] test math::test::visit_for_rect ... ok
[INFO] [stdout] test math::test::visit_for_triangle_definition ... ok
[INFO] [stdout] test math::test::index_mut_for_triangle_definition ... ok
[INFO] [stdout] test math::test::partial_eq_for_triangle_edge ... ok
[INFO] [stdout] test math::test::rect_deflate ... ok
[INFO] [stdout] test math::frustum::test::test_default_for_frustum ... ok
[INFO] [stdout] test math::test::rect_center ... ok
[INFO] [stdout] test math::test::rect_clip_by ... ok
[INFO] [stdout] test math::triangulator::test::ear_clip_test ... ok
[INFO] [stdout] test math::test::ray_rect_intersection ... ok
[INFO] [stdout] test math::triangulator::test::quadrilaterals_triangulation_non_concave ... ok
[INFO] [stdout] test math::triangulator::test::quadrilaterals_triangulation_concave ... ok
[INFO] [stdout] test math::triangulator::test::test_debug_for_polygon ... ok
[INFO] [stdout] test math::triangulator::test::triangle_triangulation ... ok
[INFO] [stdout] test numeric_range::test::test_clamp_value ... ok
[INFO] [stdout] test numeric_range::test::test_random ... ok
[INFO] [stdout] test octree::test::octree_new ... ok
[INFO] [stdout] test octree::test::octree_sphere_query ... ok
[INFO] [stdout] test octree::test::octree_point_query ... ok
[INFO] [stdout] test octree::test::default_for_octree ... ok
[INFO] [stdout] test octree::test::octree_ray_query ... ok
[INFO] [stdout] test pool::test::erased_handle_generation ... ok
[INFO] [stdout] test pool::test::default_for_handle ... ok
[INFO] [stdout] test octree::test::octree_aabb_query ... ok
[INFO] [stdout] test pool::test::erased_handle_is_none ... ok
[INFO] [stdout] test octree::test::octree_ray_query_static ... ok
[INFO] [stdout] test pool::test::erased_handle_index ... ok
[INFO] [stdout] test pool::test::erased_handle_none ... ok
[INFO] [stdout] test pool::test::handle_from_erased_handle ... ok
[INFO] [stdout] test pool::test::handle_getters ... ok
[INFO] [stdout] test pool::test::handle_of ... ok
[INFO] [stdout] test pool::test::erased_handle_is_some ... ok
[INFO] [stdout] test pool::test::default_for_erased_handle ... ok
[INFO] [stdout] test pool::test::erased_handle_from_handle ... ok
[INFO] [stdout] test pool::test::erased_handle_new ... ok
[INFO] [stdout] test pool::test::default_for_pool ... ok
[INFO] [stdout] test pool::test::pool_at ... ok
[INFO] [stdout] test pool::test::pool_at_mut ... ok
[INFO] [stdout] test pool::test::pool_borrow_four_mut ... ok
[INFO] [stdout] test pool::test::pool_clear ... ok
[INFO] [stdout] test pool::test::pool_forget_ticket ... ok
[INFO] [stdout] test pool::test::handle_transmute ... ok
[INFO] [stdout] test pool::test::pool_borrow_three_mut ... ok
[INFO] [stdout] test pool::test::index_for_pool ... ok
[INFO] [stdout] test pool::test::pool_borrow_two_mut ... ok
[INFO] [stdout] test pool::test::pool_get_capacity ... ok
[INFO] [stdout] test pool::test::index_mut_for_pool ... ok
[INFO] [stdout] test pool::test::pool_alive_count ... ok
[INFO] [stdout] test pool::test::pool_pair_iter ... ok
[INFO] [stdout] test pool::test::pool_put_back ... ok
[INFO] [stdout] test pool::test::pool_iterator_mut_test ... ok
[INFO] [stdout] test pool::test::pool_handle_from_index ... ok
[INFO] [stdout] test pool::test::pool_replace ... ok
[INFO] [stdout] test pool::test::pool_sanity_tests ... ok
[INFO] [stdout] test pool::test::pool_pair_iter_mut ... ok
[INFO] [stdout] test pool::test::pool_take_reserve ... ok
[INFO] [stdout] test pool::test::pool_try_take_reserve ... ok
[INFO] [stdout] test pool::test::test_handle_u128_encode_decode ... ok
[INFO] [stdout] test pool::test::pool_test_try_free ... ok
[INFO] [stdout] test pool::test::test_debug_for_handle ... ok
[INFO] [stdout] test pool::test::test_multi_borrow_context ... ok
[INFO] [stdout] test pool::test::pool_with_capacity ... ok
[INFO] [stdout] test pool::test::pool_total_count ... ok
[INFO] [stdout] test pool::test::visit_for_handle ... ok
[INFO] [stdout] test pool::test::visit_for_pool ... ok
[INFO] [stdout] test pool::test::pool_try_borrow ... ok
[INFO] [stdout] test pool::test::visit_for_pool_record ... ok
[INFO] [stdout] test pool::test::pool_test_spawn_at ... ok
[INFO] [stdout] test pool::test::pool_try_borrow_dependant_mut ... ok
[INFO] [stdout] test profiler::test::default_for_profiler ... ok
[INFO] [stdout] test profiler::test::default_for_sample ... ok
[INFO] [stdout] test profiler::test::test_type_name_of ... ok
[INFO] [stdout] test profiler::test::sample_collect ... ok
[INFO] [stdout] test profiler::test::profiler_enter_scope ... ok
[INFO] [stdout] test quadtree::test::default_for_quad_tree ... ok
[INFO] [stdout] test profiler::test::profiler_leave_scope ... ok
[INFO] [stdout] test quadtree::test::quad_tree_point_query ... ok
[INFO] [stdout] test quadtree::test::quad_tree_split_threshold ... ok
[INFO] [stdout] test quadtree::test::query_storage_for_array_vec ... ok
[INFO] [stdout] test quadtree::test::query_storage_for_vec ... ok
[INFO] [stdout] test rectpack::test::rect_pack_node_new ... ok
[INFO] [stdout] test rectpack::test::rect_packer_clear ... ok
[INFO] [stdout] test rectpack::test::rect_packer_find_free ... ok
[INFO] [stdout] test rectpack::test::rect_packer_new ... ok
[INFO] [stdout] test quadtree::test::test_quad_tree ... ok
[INFO] [stdout] test sparse::test::atomic_index_set ... ok
[INFO] [stdout] test sparse::test::atomic_index_unassigned ... ok
[INFO] [stdout] test reflect::test::enumerate_fields_recursively ... ok
[INFO] [stdout] test sparse::test::atomic_index_new ... ok
[INFO] [stdout] test sparse::test::clone_for_atomic_index ... ok
[INFO] [stdout] test sparse::test::atomic_index_get ... ok
[INFO] [stdout] test sparse::test::sparse_buffer_clear ... ok
[INFO] [stdout] test sparse::test::default_for_atomic_index ... ok
[INFO] [stdout] test sparse::test::clone_for_sparse_buffer ... ok
[INFO] [stdout] test sparse::test::default_for_sparse_buffer ... ok
[INFO] [stdout] test sparse::test::sparse_buffer_filled ... ok
[INFO] [stdout] test sparse::test::sparse_buffer_free ... ok
[INFO] [stdout] test sparse::test::sparse_buffer_free_raw ... ok
[INFO] [stdout] test sparse::test::sparse_buffer_get_raw ... ok
[INFO] [stdout] test sparse::test::sparse_buffer_is_empty ... ok
[INFO] [stdout] test sparse::test::sparse_buffer_is_index_valid ... ok
[INFO] [stdout] test sparse::test::sparse_buffer_iter ... ok
[INFO] [stdout] test sparse::test::sparse_buffer_len ... ok
[INFO] [stdout] test sparse::test::sparse_buffer_spawn ... ok
[INFO] [stdout] test sparse::test::sparse_buffer_iter_mut ... ok
[INFO] [stdout] test sparse::test::sparse_buffer_with_capacity ... ok
[INFO] [stdout] test sparse::test::sparse_buffer_get_mut ... ok
[INFO] [stdout] test sstorage::test::default_for_immutable_string ... ok
[INFO] [stdout] test sstorage::test::eq_for_immutable_string ... ok
[INFO] [stdout] test sstorage::test::deref_for_immutable_string ... ok
[INFO] [stdout] test sstorage::test::immutable_string_to_mutable ... ok
[INFO] [stdout] test sstorage::test::test_immutable_string_uniqueness ... ok
[INFO] [stdout] test sstorage::test::visit_for_immutable_string ... ok
[INFO] [stdout] test test::bi_dir_hash_map_contains_key ... ok
[INFO] [stdout] test test::bi_dir_hash_map_contains_value ... ok
[INFO] [stdout] test test::bi_dir_hash_map_getters ... ok
[INFO] [stdout] test test::bi_dir_hash_map_insert ... ok
[INFO] [stdout] test test::bi_dir_hash_map_into_inner ... ok
[INFO] [stdout] test sparse::test::sparse_buffer_get ... ok
[INFO] [stdout] test sparse::test::sparse_buffer_get_mut_raw ... ok
[INFO] [stdout] test sstorage::test::debug_for_immutable_string ... ok
[INFO] [stdout] test test::bi_dir_hash_map_key_of ... ok
[INFO] [stdout] test test::bi_dir_hash_map_remove_by_value ... ok
[INFO] [stdout] test test::bi_dir_hash_map_remove_by_key ... ok
[INFO] [stdout] test test::bi_dir_hash_map_value_of ... ok
[INFO] [stdout] test test::from_fx_hash_map_for_bi_dir_hash_map ... ok
[INFO] [stdout] test test::from_iter_for_bi_dir_hash_map ... ok
[INFO] [stdout] test test::test_append_extension ... ok
[INFO] [stdout] test test::test_make_relative_path ... ok
[INFO] [stdout] test variable::test::default_for_inheritable_variable ... ok
[INFO] [stdout] test test::test_visit_for_bi_dir_hash_map ... ok
[INFO] [stdout] test variable::test::deref_mut_for_inheritable_variable ... ok
[INFO] [stdout] test test::test_hash_combine ... ok
[INFO] [stdout] test variable::test::inheritable_variable_from_t ... ok
[INFO] [stdout] test variable::test::inheritable_variable_flags ... ok
[INFO] [stdout] test variable::test::inheritable_variable_get_value_mut_and_mark_modified ... ok
[INFO] [stdout] test variable::test::inheritable_variable_clone_inner ... ok
[INFO] [stdout] test variable::test::inheritable_variable_doc ... ok
[INFO] [stdout] test variable::test::inheritable_variable_get_value_mut_silent ... ok
[INFO] [stdout] test variable::test::inheritable_variable_get_value_ref ... ok
[INFO] [stdout] test variable::test::inheritable_variable_new_with_flags ... ok
[INFO] [stdout] test variable::test::inheritable_variable_is_modified ... ok
[INFO] [stdout] test variable::test::inheritable_variable_set_flags ... ok
[INFO] [stdout] test variable::test::inheritable_variable_need_sync ... ok
[INFO] [stdout] test variable::test::inheritable_variable_mark_modified ... ok
[INFO] [stdout] test variable::test::inheritable_variable_set_value_silent ... ok
[INFO] [stdout] test variable::test::inheritable_variable_take ... ok
[INFO] [stdout] test variable::test::inheritable_variable_set_value_with_flags ... ok
[INFO] [stdout] test variable::test::test_compound_inheritance ... ok
[INFO] [stdout] test variable::test::inheritable_variable_try_sync_model ... ok
[INFO] [stdout] test variable::test::test_collection_inheritance ... ok
[INFO] [stdout] test variable::test::inheritable_variable_type_name ... ok
[INFO] [stdout] test variable::test::test_enum_inheritance_struct ... ok
[INFO] [stdout] test variable::test::test_enum_inheritance_tuple ... ok
[INFO] [stdout] test visitor::test::field_kind_as_string ... ok
[INFO] [stdout] test variable::test::test_inheritable_variable_equality ... ok
[INFO] [stdout] test variable::test::test_property_inheritance_via_reflection ... ok
[INFO] [stdout] test visitor::test::pod_vec_view_from_pod_vec ... ok
[INFO] [stdout] test variable::test::visit_for_inheritable_variable ... ok
[INFO] [stdout] test visitor::test::visitor_test ... FAILED
[INFO] [stdout] test profiler::test::profiler_print_hot_path ... ok
[INFO] [stdout] test profiler::test::profiler_print ... ok
[INFO] [stdout] test profiler::test::test_scope_perf ... ok
[INFO] [stdout] 
[INFO] [stdout] failures:
[INFO] [stdout] 
[INFO] [stdout] ---- visitor::test::visitor_test stdout ----
[INFO] [stdout] thread 'visitor::test::visitor_test' panicked at src/visitor.rs:1965:39:
[INFO] [stdout] called `Result::unwrap()` on an `Err` value: Io(Os { code: 30, kind: ReadOnlyFilesystem, message: "Read-only file system" })
[INFO] [stdout] stack backtrace:
[INFO] [stdout]    0:     0x55f280b16d06 - std::backtrace_rs::backtrace::libunwind::trace::h261606ad26a499c1
[INFO] [stdout]                                at /rustc/0e09125c6c3c2fd70d7de961bcf0e51575235fad/library/std/src/../../backtrace/src/backtrace/libunwind.rs:104:5
[INFO] [stdout]    1:     0x55f280b16d06 - std::backtrace_rs::backtrace::trace_unsynchronized::hd183f0625477fb28
[INFO] [stdout]                                at /rustc/0e09125c6c3c2fd70d7de961bcf0e51575235fad/library/std/src/../../backtrace/src/backtrace/mod.rs:66:5
[INFO] [stdout]    2:     0x55f280b16d06 - std::sys_common::backtrace::_print_fmt::hd7f8fef21b4eda67
[INFO] [stdout]                                at /rustc/0e09125c6c3c2fd70d7de961bcf0e51575235fad/library/std/src/sys_common/backtrace.rs:68:5
[INFO] [stdout]    3:     0x55f280b16d06 - <std::sys_common::backtrace::_print::DisplayBacktrace as core::fmt::Display>::fmt::h623d9b51f2f453f1
[INFO] [stdout]                                at /rustc/0e09125c6c3c2fd70d7de961bcf0e51575235fad/library/std/src/sys_common/backtrace.rs:44:22
[INFO] [stdout]    4:     0x55f280b40cd0 - core::fmt::rt::Argument::fmt::h9f417ac76a86f368
[INFO] [stdout]                                at /rustc/0e09125c6c3c2fd70d7de961bcf0e51575235fad/library/core/src/fmt/rt.rs:142:9
[INFO] [stdout]    5:     0x55f280b40cd0 - core::fmt::write::hc9b6faf4ac2aeff7
[INFO] [stdout]                                at /rustc/0e09125c6c3c2fd70d7de961bcf0e51575235fad/library/core/src/fmt/mod.rs:1120:17
[INFO] [stdout]    6:     0x55f280b1473f - std::io::Write::write_fmt::he04625a3a989fec3
[INFO] [stdout]                                at /rustc/0e09125c6c3c2fd70d7de961bcf0e51575235fad/library/std/src/io/mod.rs:1810:15
[INFO] [stdout]    7:     0x55f280b16ae4 - std::sys_common::backtrace::_print::hd5d66399c7df88a2
[INFO] [stdout]                                at /rustc/0e09125c6c3c2fd70d7de961bcf0e51575235fad/library/std/src/sys_common/backtrace.rs:47:5
[INFO] [stdout]    8:     0x55f280b16ae4 - std::sys_common::backtrace::print::he81ed2da642d37e5
[INFO] [stdout]                                at /rustc/0e09125c6c3c2fd70d7de961bcf0e51575235fad/library/std/src/sys_common/backtrace.rs:34:9
[INFO] [stdout]    9:     0x55f280b18857 - std::panicking::default_hook::{{closure}}::h85773f4fa117163d
[INFO] [stdout]   10:     0x55f280b1853d - std::panicking::default_hook::h6a1694a91d09b278
[INFO] [stdout]                                at /rustc/0e09125c6c3c2fd70d7de961bcf0e51575235fad/library/std/src/panicking.rs:289:9
[INFO] [stdout]   11:     0x55f280a496c7 - <alloc::boxed::Box<F,A> as core::ops::function::Fn<Args>>::call::h616ac37fa3cd6c8f
[INFO] [stdout]                                at /rustc/0e09125c6c3c2fd70d7de961bcf0e51575235fad/library/alloc/src/boxed.rs:2029:9
[INFO] [stdout]   12:     0x55f280a496c7 - test::test_main::{{closure}}::h00d84697cefdcbb6
[INFO] [stdout]                                at /rustc/0e09125c6c3c2fd70d7de961bcf0e51575235fad/library/test/src/lib.rs:138:21
[INFO] [stdout]   13:     0x55f280b18e76 - <alloc::boxed::Box<F,A> as core::ops::function::Fn<Args>>::call::hcb3fe3b9bb537ba8
[INFO] [stdout]                                at /rustc/0e09125c6c3c2fd70d7de961bcf0e51575235fad/library/alloc/src/boxed.rs:2029:9
[INFO] [stdout]   14:     0x55f280b18e76 - std::panicking::rust_panic_with_hook::h0a7ad96e90f7145b
[INFO] [stdout]                                at /rustc/0e09125c6c3c2fd70d7de961bcf0e51575235fad/library/std/src/panicking.rs:783:13
[INFO] [stdout]   15:     0x55f280b18bc2 - std::panicking::begin_panic_handler::{{closure}}::h7919090525c6485e
[INFO] [stdout]                                at /rustc/0e09125c6c3c2fd70d7de961bcf0e51575235fad/library/std/src/panicking.rs:657:13
[INFO] [stdout]   16:     0x55f280b17206 - std::sys_common::backtrace::__rust_end_short_backtrace::hf3289479464f7dfe
[INFO] [stdout]                                at /rustc/0e09125c6c3c2fd70d7de961bcf0e51575235fad/library/std/src/sys_common/backtrace.rs:171:18
[INFO] [stdout]   17:     0x55f280b18920 - rust_begin_unwind
[INFO] [stdout]                                at /rustc/0e09125c6c3c2fd70d7de961bcf0e51575235fad/library/std/src/panicking.rs:645:5
[INFO] [stdout]   18:     0x55f2808ab1b5 - core::panicking::panic_fmt::hcc9f77c5c132af55
[INFO] [stdout]                                at /rustc/0e09125c6c3c2fd70d7de961bcf0e51575235fad/library/core/src/panicking.rs:72:14
[INFO] [stdout]   19:     0x55f2808ab753 - core::result::unwrap_failed::hbe14f498be1452f9
[INFO] [stdout]                                at /rustc/0e09125c6c3c2fd70d7de961bcf0e51575235fad/library/core/src/result.rs:1649:5
[INFO] [stdout]   20:     0x55f2809d3b01 - core::result::Result<T,E>::unwrap::hf5c0ede3436fb17d
[INFO] [stdout]                                at /rustc/0e09125c6c3c2fd70d7de961bcf0e51575235fad/library/core/src/result.rs:1073:23
[INFO] [stdout]   21:     0x55f2809f7379 - fyrox_core::visitor::test::visitor_test::h225da121648a3212
[INFO] [stdout]                                at /opt/rustwide/workdir/src/visitor.rs:1965:13
[INFO] [stdout]   22:     0x55f2809f7007 - fyrox_core::visitor::test::visitor_test::{{closure}}::h5569de85aafa072a
[INFO] [stdout]                                at /opt/rustwide/workdir/src/visitor.rs:1952:22
[INFO] [stdout]   23:     0x55f28096a306 - core::ops::function::FnOnce::call_once::h77197d6b1af278c5
[INFO] [stdout]                                at /rustc/0e09125c6c3c2fd70d7de961bcf0e51575235fad/library/core/src/ops/function.rs:250:5
[INFO] [stdout]   24:     0x55f280a4ef9f - core::ops::function::FnOnce::call_once::hd64d26f405258157
[INFO] [stdout]                                at /rustc/0e09125c6c3c2fd70d7de961bcf0e51575235fad/library/core/src/ops/function.rs:250:5
[INFO] [stdout]   25:     0x55f280a4ef9f - test::__rust_begin_short_backtrace::he21b0b7a6d731bf9
[INFO] [stdout]                                at /rustc/0e09125c6c3c2fd70d7de961bcf0e51575235fad/library/test/src/lib.rs:627:18
[INFO] [stdout]   26:     0x55f280a4dd21 - test::run_test_in_process::{{closure}}::hf5c73986d7bdfde2
[INFO] [stdout]                                at /rustc/0e09125c6c3c2fd70d7de961bcf0e51575235fad/library/test/src/lib.rs:650:60
[INFO] [stdout]   27:     0x55f280a4dd21 - <core::panic::unwind_safe::AssertUnwindSafe<F> as core::ops::function::FnOnce<()>>::call_once::h330011ad032aadc0
[INFO] [stdout]                                at /rustc/0e09125c6c3c2fd70d7de961bcf0e51575235fad/library/core/src/panic/unwind_safe.rs:272:9
[INFO] [stdout]   28:     0x55f280a4dd21 - std::panicking::try::do_call::he61b0a958b795a41
[INFO] [stdout]                                at /rustc/0e09125c6c3c2fd70d7de961bcf0e51575235fad/library/std/src/panicking.rs:552:40
[INFO] [stdout]   29:     0x55f280a4dd21 - std::panicking::try::h7309da130f906eb7
[INFO] [stdout]                                at /rustc/0e09125c6c3c2fd70d7de961bcf0e51575235fad/library/std/src/panicking.rs:516:19
[INFO] [stdout]   30:     0x55f280a4dd21 - std::panic::catch_unwind::hc5c3a06fdaf0a92a
[INFO] [stdout]                                at /rustc/0e09125c6c3c2fd70d7de961bcf0e51575235fad/library/std/src/panic.rs:142:14
[INFO] [stdout]   31:     0x55f280a4dd21 - test::run_test_in_process::h7e7b7c71c3324e0f
[INFO] [stdout]                                at /rustc/0e09125c6c3c2fd70d7de961bcf0e51575235fad/library/test/src/lib.rs:650:27
[INFO] [stdout]   32:     0x55f280a4dd21 - test::run_test::{{closure}}::h1f509f28f5cf20b1
[INFO] [stdout]                                at /rustc/0e09125c6c3c2fd70d7de961bcf0e51575235fad/library/test/src/lib.rs:573:43
[INFO] [stdout]   33:     0x55f280a15056 - test::run_test::{{closure}}::h1754218abf443f6d
[INFO] [stdout]                                at /rustc/0e09125c6c3c2fd70d7de961bcf0e51575235fad/library/test/src/lib.rs:601:41
[INFO] [stdout]   34:     0x55f280a15056 - std::sys_common::backtrace::__rust_begin_short_backtrace::h2ee174b9d5954948
[INFO] [stdout]                                at /rustc/0e09125c6c3c2fd70d7de961bcf0e51575235fad/library/std/src/sys_common/backtrace.rs:155:18
[INFO] [stdout]   35:     0x55f280a1a0b7 - std::thread::Builder::spawn_unchecked_::{{closure}}::{{closure}}::hf60bee9c1a17ef09
[INFO] [stdout]                                at /rustc/0e09125c6c3c2fd70d7de961bcf0e51575235fad/library/std/src/thread/mod.rs:529:17
[INFO] [stdout]   36:     0x55f280a1a0b7 - <core::panic::unwind_safe::AssertUnwindSafe<F> as core::ops::function::FnOnce<()>>::call_once::h33d0dddec5216160
[INFO] [stdout]                                at /rustc/0e09125c6c3c2fd70d7de961bcf0e51575235fad/library/core/src/panic/unwind_safe.rs:272:9
[INFO] [stdout]   37:     0x55f280a1a0b7 - std::panicking::try::do_call::h144b3048b546f835
[INFO] [stdout]                                at /rustc/0e09125c6c3c2fd70d7de961bcf0e51575235fad/library/std/src/panicking.rs:552:40
[INFO] [stdout]   38:     0x55f280a1a0b7 - std::panicking::try::h978244d04646189f
[INFO] [stdout]                                at /rustc/0e09125c6c3c2fd70d7de961bcf0e51575235fad/library/std/src/panicking.rs:516:19
[INFO] [stdout]   39:     0x55f280a1a0b7 - std::panic::catch_unwind::hdf436369d188fe86
[INFO] [stdout]                                at /rustc/0e09125c6c3c2fd70d7de961bcf0e51575235fad/library/std/src/panic.rs:142:14
[INFO] [stdout]   40:     0x55f280a1a0b7 - std::thread::Builder::spawn_unchecked_::{{closure}}::h87329cbdd33c79ec
[INFO] [stdout]                                at /rustc/0e09125c6c3c2fd70d7de961bcf0e51575235fad/library/std/src/thread/mod.rs:528:30
[INFO] [stdout]   41:     0x55f280a1a0b7 - core::ops::function::FnOnce::call_once{{vtable.shim}}::h401abbe67897d450
[INFO] [stdout]                                at /rustc/0e09125c6c3c2fd70d7de961bcf0e51575235fad/library/core/src/ops/function.rs:250:5
[INFO] [stdout]   42:     0x55f280b1da05 - <alloc::boxed::Box<F,A> as core::ops::function::FnOnce<Args>>::call_once::h5d7c8f150ab9c84c
[INFO] [stdout]                                at /rustc/0e09125c6c3c2fd70d7de961bcf0e51575235fad/library/alloc/src/boxed.rs:2015:9
[INFO] [stdout]   43:     0x55f280b1da05 - <alloc::boxed::Box<F,A> as core::ops::function::FnOnce<Args>>::call_once::h570d5b005c242c15
[INFO] [stdout]                                at /rustc/0e09125c6c3c2fd70d7de961bcf0e51575235fad/library/alloc/src/boxed.rs:2015:9
[INFO] [stdout]   44:     0x55f280b1da05 - std::sys::unix::thread::Thread::new::thread_start::h36b0a20c0b2361ad
[INFO] [stdout]                                at /rustc/0e09125c6c3c2fd70d7de961bcf0e51575235fad/library/std/src/sys/unix/thread.rs:108:17
[INFO] [stdout]   45:     0x7fdeb48caac3 - <unknown>
[INFO] [stdout]   46:     0x7fdeb495bbf4 - __clone
[INFO] [stdout]   47:                0x0 - <unknown>
[INFO] [stdout] 
[INFO] [stdout] 
[INFO] [stdout] failures:
[INFO] [stdout]     visitor::test::visitor_test
[INFO] [stdout] 
[INFO] [stdout] test result: FAILED. 290 passed; 1 failed; 0 ignored; 0 measured; 0 filtered out; finished in 3.12s
[INFO] [stdout] 
[INFO] [stderr] error: test failed, to rerun pass `--lib`
[INFO] running `Command { std: "docker" "inspect" "cedbc91926686d6cf0abd4abcc3e6b8b4e736318fd812e2610ee3553bf2fae98", kill_on_drop: false }`
[INFO] running `Command { std: "docker" "rm" "-f" "cedbc91926686d6cf0abd4abcc3e6b8b4e736318fd812e2610ee3553bf2fae98", kill_on_drop: false }`
[INFO] [stdout] cedbc91926686d6cf0abd4abcc3e6b8b4e736318fd812e2610ee3553bf2fae98
