[INFO] fetching crate futures-await-synom 0.12.0...
[INFO] testing futures-await-synom-0.12.0 against 1.75.0 for beta-1.76-1
[INFO] extracting crate futures-await-synom 0.12.0 into /workspace/builds/worker-2-tc1/source
[INFO] validating manifest of crates.io crate futures-await-synom 0.12.0 on toolchain 1.75.0
[INFO] running `Command { std: CARGO_HOME="/workspace/cargo-home" RUSTUP_HOME="/workspace/rustup-home" "/workspace/cargo-home/bin/cargo" "+1.75.0" "metadata" "--manifest-path" "Cargo.toml" "--no-deps", kill_on_drop: false }`
[INFO] started tweaking crates.io crate futures-await-synom 0.12.0
[INFO] finished tweaking crates.io crate futures-await-synom 0.12.0
[INFO] tweaked toml for crates.io crate futures-await-synom 0.12.0 written to /workspace/builds/worker-2-tc1/source/Cargo.toml
[INFO] running `Command { std: CARGO_HOME="/workspace/cargo-home" RUSTUP_HOME="/workspace/rustup-home" "/workspace/cargo-home/bin/cargo" "+1.75.0" "generate-lockfile" "--manifest-path" "Cargo.toml", kill_on_drop: false }`
[INFO] [stderr]     Updating crates.io index
[INFO] running `Command { std: CARGO_HOME="/workspace/cargo-home" RUSTUP_HOME="/workspace/rustup-home" "/workspace/cargo-home/bin/cargo" "+1.75.0" "fetch" "--manifest-path" "Cargo.toml", kill_on_drop: false }`
[INFO] [stderr]  Downloading crates ...
[INFO] [stderr]   Downloaded futures-await-quote v0.4.0
[INFO] running `Command { std: "docker" "create" "-v" "/var/lib/crater-agent-workspace/builds/worker-2-tc1/target:/opt/rustwide/target:rw,Z" "-v" "/var/lib/crater-agent-workspace/builds/worker-2-tc1/source:/opt/rustwide/workdir:ro,Z" "-v" "/var/lib/crater-agent-workspace/cargo-home:/opt/rustwide/cargo-home:ro,Z" "-v" "/var/lib/crater-agent-workspace/rustup-home:/opt/rustwide/rustup-home:ro,Z" "-e" "SOURCE_DIR=/opt/rustwide/workdir" "-e" "CARGO_TARGET_DIR=/opt/rustwide/target" "-e" "CARGO_HOME=/opt/rustwide/cargo-home" "-e" "RUSTUP_HOME=/opt/rustwide/rustup-home" "-w" "/opt/rustwide/workdir" "-m" "1610612736" "--user" "0:0" "--network" "none" "ghcr.io/rust-lang/crates-build-env/linux@sha256:2788e3201cd34a07e3172128adcd8b3090168a8e3bcc40d7c032b9dda1df7d1c" "/opt/rustwide/cargo-home/bin/cargo" "+1.75.0" "metadata" "--no-deps" "--format-version=1", kill_on_drop: false }`
[INFO] [stdout] d9001207f7d634032d10c5649dcd8a165b4ab1ffa3f2f4864fa328347b623dac
[INFO] running `Command { std: "docker" "start" "-a" "d9001207f7d634032d10c5649dcd8a165b4ab1ffa3f2f4864fa328347b623dac", kill_on_drop: false }`
[INFO] running `Command { std: "docker" "inspect" "d9001207f7d634032d10c5649dcd8a165b4ab1ffa3f2f4864fa328347b623dac", kill_on_drop: false }`
[INFO] running `Command { std: "docker" "rm" "-f" "d9001207f7d634032d10c5649dcd8a165b4ab1ffa3f2f4864fa328347b623dac", kill_on_drop: false }`
[INFO] [stdout] d9001207f7d634032d10c5649dcd8a165b4ab1ffa3f2f4864fa328347b623dac
[INFO] running `Command { std: "docker" "create" "-v" "/var/lib/crater-agent-workspace/builds/worker-2-tc1/target:/opt/rustwide/target:rw,Z" "-v" "/var/lib/crater-agent-workspace/builds/worker-2-tc1/source:/opt/rustwide/workdir:ro,Z" "-v" "/var/lib/crater-agent-workspace/cargo-home:/opt/rustwide/cargo-home:ro,Z" "-v" "/var/lib/crater-agent-workspace/rustup-home:/opt/rustwide/rustup-home:ro,Z" "-e" "SOURCE_DIR=/opt/rustwide/workdir" "-e" "CARGO_TARGET_DIR=/opt/rustwide/target" "-e" "CARGO_INCREMENTAL=0" "-e" "RUST_BACKTRACE=full" "-e" "RUSTFLAGS=--cap-lints=warn" "-e" "RUSTDOCFLAGS=--cap-lints=warn" "-e" "CARGO_HOME=/opt/rustwide/cargo-home" "-e" "RUSTUP_HOME=/opt/rustwide/rustup-home" "-w" "/opt/rustwide/workdir" "-m" "1610612736" "--user" "0:0" "--network" "none" "ghcr.io/rust-lang/crates-build-env/linux@sha256:2788e3201cd34a07e3172128adcd8b3090168a8e3bcc40d7c032b9dda1df7d1c" "/opt/rustwide/cargo-home/bin/cargo" "+1.75.0" "build" "--frozen" "--message-format=json", kill_on_drop: false }`
[INFO] [stdout] 4b1af0af9b49a029ef42e606259b22a084167643d0a1ff99c5121b555c6cf14c
[INFO] running `Command { std: "docker" "start" "-a" "4b1af0af9b49a029ef42e606259b22a084167643d0a1ff99c5121b555c6cf14c", kill_on_drop: false }`
[INFO] [stderr]    Compiling unicode-xid v0.1.0
[INFO] [stderr]    Compiling proc-macro2 v0.1.10
[INFO] [stderr]    Compiling futures-await-synom v0.12.0 (/opt/rustwide/workdir)
[INFO] [stdout] warning: use of deprecated method `std::error::Error::description`: use the Display impl or to_string()
[INFO] [stdout]   --> src/lib.rs:80:41
[INFO] [stdout]    |
[INFO] [stdout] 80 |         <str as fmt::Display>::fmt(self.description(), f)
[INFO] [stdout]    |                                         ^^^^^^^^^^^
[INFO] [stdout]    |
[INFO] [stdout]    = note: `#[warn(deprecated)]` on by default
[INFO] [stdout] 
[INFO] [stdout] 
[INFO] [stdout] warning: 1 warning emitted
[INFO] [stdout] 
[INFO] [stdout] 
[INFO] [stderr]     Finished dev [unoptimized + debuginfo] target(s) in 0.42s
[INFO] running `Command { std: "docker" "inspect" "4b1af0af9b49a029ef42e606259b22a084167643d0a1ff99c5121b555c6cf14c", kill_on_drop: false }`
[INFO] running `Command { std: "docker" "rm" "-f" "4b1af0af9b49a029ef42e606259b22a084167643d0a1ff99c5121b555c6cf14c", kill_on_drop: false }`
[INFO] [stdout] 4b1af0af9b49a029ef42e606259b22a084167643d0a1ff99c5121b555c6cf14c
[INFO] running `Command { std: "docker" "create" "-v" "/var/lib/crater-agent-workspace/builds/worker-2-tc1/target:/opt/rustwide/target:rw,Z" "-v" "/var/lib/crater-agent-workspace/builds/worker-2-tc1/source:/opt/rustwide/workdir:ro,Z" "-v" "/var/lib/crater-agent-workspace/cargo-home:/opt/rustwide/cargo-home:ro,Z" "-v" "/var/lib/crater-agent-workspace/rustup-home:/opt/rustwide/rustup-home:ro,Z" "-e" "SOURCE_DIR=/opt/rustwide/workdir" "-e" "CARGO_TARGET_DIR=/opt/rustwide/target" "-e" "CARGO_INCREMENTAL=0" "-e" "RUST_BACKTRACE=full" "-e" "RUSTFLAGS=--cap-lints=warn" "-e" "RUSTDOCFLAGS=--cap-lints=warn" "-e" "CARGO_HOME=/opt/rustwide/cargo-home" "-e" "RUSTUP_HOME=/opt/rustwide/rustup-home" "-w" "/opt/rustwide/workdir" "-m" "1610612736" "--user" "0:0" "--network" "none" "ghcr.io/rust-lang/crates-build-env/linux@sha256:2788e3201cd34a07e3172128adcd8b3090168a8e3bcc40d7c032b9dda1df7d1c" "/opt/rustwide/cargo-home/bin/cargo" "+1.75.0" "test" "--frozen" "--no-run" "--message-format=json", kill_on_drop: false }`
[INFO] [stdout] 86501228ccad25ada83b77ce432c8b7283c08c845063e0f2bd832f05a24c0b4a
[INFO] running `Command { std: "docker" "start" "-a" "86501228ccad25ada83b77ce432c8b7283c08c845063e0f2bd832f05a24c0b4a", kill_on_drop: false }`
[INFO] [stderr]    Compiling futures-await-synom v0.12.0 (/opt/rustwide/workdir)
[INFO] [stdout] warning: use of deprecated method `std::error::Error::description`: use the Display impl or to_string()
[INFO] [stdout]   --> src/lib.rs:80:41
[INFO] [stdout]    |
[INFO] [stdout] 80 |         <str as fmt::Display>::fmt(self.description(), f)
[INFO] [stdout]    |                                         ^^^^^^^^^^^
[INFO] [stdout]    |
[INFO] [stdout]    = note: `#[warn(deprecated)]` on by default
[INFO] [stdout] 
[INFO] [stdout] 
[INFO] [stdout] warning: 1 warning emitted
[INFO] [stdout] 
[INFO] [stdout] 
[INFO] [stdout] warning: use of deprecated method `std::error::Error::description`: use the Display impl or to_string()
[INFO] [stdout]   --> src/lib.rs:80:41
[INFO] [stdout]    |
[INFO] [stdout] 80 |         <str as fmt::Display>::fmt(self.description(), f)
[INFO] [stdout]    |                                         ^^^^^^^^^^^
[INFO] [stdout]    |
[INFO] [stdout]    = note: `#[warn(deprecated)]` on by default
[INFO] [stdout] 
[INFO] [stdout] 
[INFO] [stdout] warning: 1 warning emitted
[INFO] [stdout] 
[INFO] [stdout] 
[INFO] [stderr]     Finished test [unoptimized + debuginfo] target(s) in 0.32s
[INFO] running `Command { std: "docker" "inspect" "86501228ccad25ada83b77ce432c8b7283c08c845063e0f2bd832f05a24c0b4a", kill_on_drop: false }`
[INFO] running `Command { std: "docker" "rm" "-f" "86501228ccad25ada83b77ce432c8b7283c08c845063e0f2bd832f05a24c0b4a", kill_on_drop: false }`
[INFO] [stdout] 86501228ccad25ada83b77ce432c8b7283c08c845063e0f2bd832f05a24c0b4a
[INFO] running `Command { std: "docker" "create" "-v" "/var/lib/crater-agent-workspace/builds/worker-2-tc1/target:/opt/rustwide/target:rw,Z" "-v" "/var/lib/crater-agent-workspace/builds/worker-2-tc1/source:/opt/rustwide/workdir:ro,Z" "-v" "/var/lib/crater-agent-workspace/cargo-home:/opt/rustwide/cargo-home:ro,Z" "-v" "/var/lib/crater-agent-workspace/rustup-home:/opt/rustwide/rustup-home:ro,Z" "-e" "SOURCE_DIR=/opt/rustwide/workdir" "-e" "CARGO_TARGET_DIR=/opt/rustwide/target" "-e" "CARGO_INCREMENTAL=0" "-e" "RUST_BACKTRACE=full" "-e" "RUSTFLAGS=--cap-lints=warn" "-e" "RUSTDOCFLAGS=--cap-lints=warn" "-e" "CARGO_HOME=/opt/rustwide/cargo-home" "-e" "RUSTUP_HOME=/opt/rustwide/rustup-home" "-w" "/opt/rustwide/workdir" "-m" "1610612736" "--user" "0:0" "--network" "none" "ghcr.io/rust-lang/crates-build-env/linux@sha256:2788e3201cd34a07e3172128adcd8b3090168a8e3bcc40d7c032b9dda1df7d1c" "/opt/rustwide/cargo-home/bin/cargo" "+1.75.0" "test" "--frozen", kill_on_drop: false }`
[INFO] [stdout] d7f72586b63d632a1166e6f9356f1a2a748bc06f9de316f0b54b790c54c755f3
[INFO] running `Command { std: "docker" "start" "-a" "d7f72586b63d632a1166e6f9356f1a2a748bc06f9de316f0b54b790c54c755f3", kill_on_drop: false }`
[INFO] [stderr] warning: use of deprecated method `std::error::Error::description`: use the Display impl or to_string()
[INFO] [stderr]   --> src/lib.rs:80:41
[INFO] [stderr]    |
[INFO] [stderr] 80 |         <str as fmt::Display>::fmt(self.description(), f)
[INFO] [stderr]    |                                         ^^^^^^^^^^^
[INFO] [stderr]    |
[INFO] [stderr]    = note: `#[warn(deprecated)]` on by default
[INFO] [stderr] 
[INFO] [stderr] warning: `futures-await-synom` (lib) generated 1 warning
[INFO] [stderr] warning: `futures-await-synom` (lib test) generated 1 warning (1 duplicate)
[INFO] [stderr]     Finished test [unoptimized + debuginfo] target(s) in 0.00s
[INFO] [stderr]      Running unittests src/lib.rs (/opt/rustwide/target/debug/deps/futures_await_synom-8f0243dda3a40345)
[INFO] [stdout] 
[INFO] [stdout] running 0 tests
[INFO] [stdout] 
[INFO] [stdout] test result: ok. 0 passed; 0 failed; 0 ignored; 0 measured; 0 filtered out; finished in 0.00s
[INFO] [stdout] 
[INFO] [stderr]    Doc-tests futures-await-synom
[INFO] [stdout] 
[INFO] [stdout] running 10 tests
[INFO] [stdout] test src/lib.rs - named (line 114) ... FAILED
[INFO] [stdout] test src/lib.rs - peek (line 418) ... FAILED
[INFO] [stdout] test src/lib.rs - many0 (line 335) ... FAILED
[INFO] [stdout] test src/lib.rs - alt (line 651) ... FAILED
[INFO] [stdout] test src/lib.rs - do_parse (line 724) ... FAILED
[INFO] [stdout] test src/lib.rs - terminated (line 286) ... FAILED
[INFO] [stdout] test src/lib.rs - tuple (line 578) ... FAILED
[INFO] [stdout] test src/lib.rs - switch (line 450) ... FAILED
[INFO] [stdout] test src/lib.rs - value (line 519) ... FAILED
[INFO] [stdout] test src/lib.rs - map (line 173) ... FAILED
[INFO] [stdout] 
[INFO] [stdout] failures:
[INFO] [stdout] 
[INFO] [stdout] ---- src/lib.rs - named (line 114) stdout ----
[INFO] [stdout] error[E0463]: can't find crate for `syn`
[INFO] [stdout]  --> src/lib.rs:115:1
[INFO] [stdout]   |
[INFO] [stdout] 2 | extern crate syn;
[INFO] [stdout]   | ^^^^^^^^^^^^^^^^^ can't find crate
[INFO] [stdout] 
[INFO] [stdout] error[E0463]: can't find crate for `synom`
[INFO] [stdout]  --> src/lib.rs:116:14
[INFO] [stdout]   |
[INFO] [stdout] 3 | #[macro_use] extern crate synom;
[INFO] [stdout]   |              ^^^^^^^^^^^^^^^^^^^ can't find crate
[INFO] [stdout] 
[INFO] [stdout] error: cannot find macro `named` in this scope
[INFO] [stdout]  --> src/lib.rs:121:1
[INFO] [stdout]   |
[INFO] [stdout] 8 | named!(pub comma_separated_types -> Delimited<Ty, Comma>,
[INFO] [stdout]   | ^^^^^
[INFO] [stdout] 
[INFO] [stdout] error: aborting due to 3 previous errors
[INFO] [stdout] 
[INFO] [stdout] For more information about this error, try `rustc --explain E0463`.
[INFO] [stdout] Couldn't compile the test.
[INFO] [stdout] ---- src/lib.rs - peek (line 418) stdout ----
[INFO] [stdout] error[E0463]: can't find crate for `syn`
[INFO] [stdout]  --> src/lib.rs:419:1
[INFO] [stdout]   |
[INFO] [stdout] 2 | extern crate syn;
[INFO] [stdout]   | ^^^^^^^^^^^^^^^^^ can't find crate
[INFO] [stdout] 
[INFO] [stdout] error[E0463]: can't find crate for `synom`
[INFO] [stdout]  --> src/lib.rs:420:14
[INFO] [stdout]   |
[INFO] [stdout] 3 | #[macro_use] extern crate synom;
[INFO] [stdout]   |              ^^^^^^^^^^^^^^^^^^^ can't find crate
[INFO] [stdout] 
[INFO] [stdout] error: cannot find macro `named` in this scope
[INFO] [stdout]  --> src/lib.rs:425:1
[INFO] [stdout]   |
[INFO] [stdout] 8 | named!(ident_expr -> (Ident, Expr),
[INFO] [stdout]   | ^^^^^
[INFO] [stdout] 
[INFO] [stdout] error: aborting due to 3 previous errors
[INFO] [stdout] 
[INFO] [stdout] For more information about this error, try `rustc --explain E0463`.
[INFO] [stdout] Couldn't compile the test.
[INFO] [stdout] ---- src/lib.rs - many0 (line 335) stdout ----
[INFO] [stdout] error[E0463]: can't find crate for `syn`
[INFO] [stdout]  --> src/lib.rs:336:1
[INFO] [stdout]   |
[INFO] [stdout] 2 | extern crate syn;
[INFO] [stdout]   | ^^^^^^^^^^^^^^^^^ can't find crate
[INFO] [stdout] 
[INFO] [stdout] error[E0463]: can't find crate for `synom`
[INFO] [stdout]  --> src/lib.rs:337:14
[INFO] [stdout]   |
[INFO] [stdout] 3 | #[macro_use] extern crate synom;
[INFO] [stdout]   |              ^^^^^^^^^^^^^^^^^^^ can't find crate
[INFO] [stdout] 
[INFO] [stdout] error: cannot find macro `named` in this scope
[INFO] [stdout]  --> src/lib.rs:341:1
[INFO] [stdout]   |
[INFO] [stdout] 7 | named!(items -> Vec<Item>, many0!(syn!(Item)));
[INFO] [stdout]   | ^^^^^
[INFO] [stdout] 
[INFO] [stdout] error: aborting due to 3 previous errors
[INFO] [stdout] 
[INFO] [stdout] For more information about this error, try `rustc --explain E0463`.
[INFO] [stdout] Couldn't compile the test.
[INFO] [stdout] ---- src/lib.rs - alt (line 651) stdout ----
[INFO] [stdout] error[E0463]: can't find crate for `syn`
[INFO] [stdout]  --> src/lib.rs:652:1
[INFO] [stdout]   |
[INFO] [stdout] 2 | extern crate syn;
[INFO] [stdout]   | ^^^^^^^^^^^^^^^^^ can't find crate
[INFO] [stdout] 
[INFO] [stdout] error[E0463]: can't find crate for `synom`
[INFO] [stdout]  --> src/lib.rs:653:14
[INFO] [stdout]   |
[INFO] [stdout] 3 | #[macro_use] extern crate synom;
[INFO] [stdout]   |              ^^^^^^^^^^^^^^^^^^^ can't find crate
[INFO] [stdout] 
[INFO] [stdout] error: cannot find macro `named` in this scope
[INFO] [stdout]  --> src/lib.rs:658:1
[INFO] [stdout]   |
[INFO] [stdout] 8 | named!(ident_or_bang -> Ident,
[INFO] [stdout]   | ^^^^^
[INFO] [stdout] 
[INFO] [stdout] error: aborting due to 3 previous errors
[INFO] [stdout] 
[INFO] [stdout] For more information about this error, try `rustc --explain E0463`.
[INFO] [stdout] Couldn't compile the test.
[INFO] [stdout] ---- src/lib.rs - do_parse (line 724) stdout ----
[INFO] [stdout] error[E0463]: can't find crate for `syn`
[INFO] [stdout]  --> src/lib.rs:725:1
[INFO] [stdout]   |
[INFO] [stdout] 2 | extern crate syn;
[INFO] [stdout]   | ^^^^^^^^^^^^^^^^^ can't find crate
[INFO] [stdout] 
[INFO] [stdout] error[E0463]: can't find crate for `synom`
[INFO] [stdout]  --> src/lib.rs:726:14
[INFO] [stdout]   |
[INFO] [stdout] 3 | #[macro_use] extern crate synom;
[INFO] [stdout]   |              ^^^^^^^^^^^^^^^^^^^ can't find crate
[INFO] [stdout] 
[INFO] [stdout] error: cannot find macro `named` in this scope
[INFO] [stdout]   --> src/lib.rs:734:1
[INFO] [stdout]    |
[INFO] [stdout] 11 | named!(simple_mac -> (Ident, (TokenStream, Paren)), do_parse!(
[INFO] [stdout]    | ^^^^^
[INFO] [stdout] 
[INFO] [stdout] error: aborting due to 3 previous errors
[INFO] [stdout] 
[INFO] [stdout] For more information about this error, try `rustc --explain E0463`.
[INFO] [stdout] Couldn't compile the test.
[INFO] [stdout] ---- src/lib.rs - terminated (line 286) stdout ----
[INFO] [stdout] error[E0463]: can't find crate for `syn`
[INFO] [stdout]  --> src/lib.rs:287:1
[INFO] [stdout]   |
[INFO] [stdout] 2 | extern crate syn;
[INFO] [stdout]   | ^^^^^^^^^^^^^^^^^ can't find crate
[INFO] [stdout] 
[INFO] [stdout] error[E0463]: can't find crate for `synom`
[INFO] [stdout]  --> src/lib.rs:288:14
[INFO] [stdout]   |
[INFO] [stdout] 3 | #[macro_use] extern crate synom;
[INFO] [stdout]   |              ^^^^^^^^^^^^^^^^^^^ can't find crate
[INFO] [stdout] 
[INFO] [stdout] error: cannot find macro `named` in this scope
[INFO] [stdout]  --> src/lib.rs:294:1
[INFO] [stdout]   |
[INFO] [stdout] 9 | named!(expr_pound_pound -> Expr,
[INFO] [stdout]   | ^^^^^
[INFO] [stdout] 
[INFO] [stdout] error: aborting due to 3 previous errors
[INFO] [stdout] 
[INFO] [stdout] For more information about this error, try `rustc --explain E0463`.
[INFO] [stdout] Couldn't compile the test.
[INFO] [stdout] ---- src/lib.rs - tuple (line 578) stdout ----
[INFO] [stdout] error[E0463]: can't find crate for `syn`
[INFO] [stdout]  --> src/lib.rs:579:1
[INFO] [stdout]   |
[INFO] [stdout] 2 | extern crate syn;
[INFO] [stdout]   | ^^^^^^^^^^^^^^^^^ can't find crate
[INFO] [stdout] 
[INFO] [stdout] error[E0463]: can't find crate for `synom`
[INFO] [stdout]  --> src/lib.rs:580:14
[INFO] [stdout]   |
[INFO] [stdout] 3 | #[macro_use] extern crate synom;
[INFO] [stdout]   |              ^^^^^^^^^^^^^^^^^^^ can't find crate
[INFO] [stdout] 
[INFO] [stdout] error: cannot find macro `named` in this scope
[INFO] [stdout]  --> src/lib.rs:584:1
[INFO] [stdout]   |
[INFO] [stdout] 7 | named!(two_types -> (Ty, Ty), tuple!(syn!(Ty), syn!(Ty)));
[INFO] [stdout]   | ^^^^^
[INFO] [stdout] 
[INFO] [stdout] error: aborting due to 3 previous errors
[INFO] [stdout] 
[INFO] [stdout] For more information about this error, try `rustc --explain E0463`.
[INFO] [stdout] Couldn't compile the test.
[INFO] [stdout] ---- src/lib.rs - switch (line 450) stdout ----
[INFO] [stdout] error[E0463]: can't find crate for `syn`
[INFO] [stdout]  --> src/lib.rs:451:1
[INFO] [stdout]   |
[INFO] [stdout] 2 | extern crate syn;
[INFO] [stdout]   | ^^^^^^^^^^^^^^^^^ can't find crate
[INFO] [stdout] 
[INFO] [stdout] error[E0463]: can't find crate for `synom`
[INFO] [stdout]  --> src/lib.rs:452:14
[INFO] [stdout]   |
[INFO] [stdout] 3 | #[macro_use] extern crate synom;
[INFO] [stdout]   |              ^^^^^^^^^^^^^^^^^^^ can't find crate
[INFO] [stdout] 
[INFO] [stdout] error: cannot find macro `named` in this scope
[INFO] [stdout]   --> src/lib.rs:469:1
[INFO] [stdout]    |
[INFO] [stdout] 20 | named!(unit_type -> UnitType, do_parse!(
[INFO] [stdout]    | ^^^^^
[INFO] [stdout] 
[INFO] [stdout] error: aborting due to 3 previous errors
[INFO] [stdout] 
[INFO] [stdout] For more information about this error, try `rustc --explain E0463`.
[INFO] [stdout] Couldn't compile the test.
[INFO] [stdout] ---- src/lib.rs - value (line 519) stdout ----
[INFO] [stdout] error[E0463]: can't find crate for `syn`
[INFO] [stdout]  --> src/lib.rs:520:1
[INFO] [stdout]   |
[INFO] [stdout] 2 | extern crate syn;
[INFO] [stdout]   | ^^^^^^^^^^^^^^^^^ can't find crate
[INFO] [stdout] 
[INFO] [stdout] error[E0463]: can't find crate for `synom`
[INFO] [stdout]  --> src/lib.rs:521:14
[INFO] [stdout]   |
[INFO] [stdout] 3 | #[macro_use] extern crate synom;
[INFO] [stdout]   |              ^^^^^^^^^^^^^^^^^^^ can't find crate
[INFO] [stdout] 
[INFO] [stdout] error: cannot find macro `named` in this scope
[INFO] [stdout]   --> src/lib.rs:538:1
[INFO] [stdout]    |
[INFO] [stdout] 20 | named!(unit_type -> UnitType, do_parse!(
[INFO] [stdout]    | ^^^^^
[INFO] [stdout] 
[INFO] [stdout] error: aborting due to 3 previous errors
[INFO] [stdout] 
[INFO] [stdout] For more information about this error, try `rustc --explain E0463`.
[INFO] [stdout] Couldn't compile the test.
[INFO] [stdout] ---- src/lib.rs - map (line 173) stdout ----
[INFO] [stdout] error[E0463]: can't find crate for `syn`
[INFO] [stdout]  --> src/lib.rs:174:1
[INFO] [stdout]   |
[INFO] [stdout] 2 | extern crate syn;
[INFO] [stdout]   | ^^^^^^^^^^^^^^^^^ can't find crate
[INFO] [stdout] 
[INFO] [stdout] error[E0463]: can't find crate for `synom`
[INFO] [stdout]  --> src/lib.rs:175:14
[INFO] [stdout]   |
[INFO] [stdout] 3 | #[macro_use] extern crate synom;
[INFO] [stdout]   |              ^^^^^^^^^^^^^^^^^^^ can't find crate
[INFO] [stdout] 
[INFO] [stdout] error: cannot find macro `named` in this scope
[INFO] [stdout]   --> src/lib.rs:189:1
[INFO] [stdout]    |
[INFO] [stdout] 17 | named!(if_condition2 -> Expr,
[INFO] [stdout]    | ^^^^^
[INFO] [stdout] 
[INFO] [stdout] error: cannot find macro `named` in this scope
[INFO] [stdout]   --> src/lib.rs:184:1
[INFO] [stdout]    |
[INFO] [stdout] 12 | named!(if_condition -> Expr,
[INFO] [stdout]    | ^^^^^
[INFO] [stdout] 
[INFO] [stdout] error: aborting due to 4 previous errors
[INFO] [stdout] 
[INFO] [stdout] For more information about this error, try `rustc --explain E0463`.
[INFO] [stdout] Couldn't compile the test.
[INFO] [stdout] 
[INFO] [stdout] failures:
[INFO] [stdout]     src/lib.rs - alt (line 651)
[INFO] [stdout]     src/lib.rs - do_parse (line 724)
[INFO] [stdout]     src/lib.rs - many0 (line 335)
[INFO] [stdout]     src/lib.rs - map (line 173)
[INFO] [stdout]     src/lib.rs - named (line 114)
[INFO] [stdout]     src/lib.rs - peek (line 418)
[INFO] [stdout]     src/lib.rs - switch (line 450)
[INFO] [stdout]     src/lib.rs - terminated (line 286)
[INFO] [stdout]     src/lib.rs - tuple (line 578)
[INFO] [stdout]     src/lib.rs - value (line 519)
[INFO] [stdout] 
[INFO] [stdout] test result: FAILED. 0 passed; 10 failed; 0 ignored; 0 measured; 0 filtered out; finished in 0.06s
[INFO] [stdout] 
[INFO] [stderr] error: doctest failed, to rerun pass `--doc`
[INFO] running `Command { std: "docker" "inspect" "d7f72586b63d632a1166e6f9356f1a2a748bc06f9de316f0b54b790c54c755f3", kill_on_drop: false }`
[INFO] running `Command { std: "docker" "rm" "-f" "d7f72586b63d632a1166e6f9356f1a2a748bc06f9de316f0b54b790c54c755f3", kill_on_drop: false }`
[INFO] [stdout] d7f72586b63d632a1166e6f9356f1a2a748bc06f9de316f0b54b790c54c755f3
[INFO] testing futures-await-synom-0.12.0 against beta-2023-12-22 for beta-1.76-1
[INFO] extracting crate futures-await-synom 0.12.0 into /workspace/builds/worker-2-tc2/source
[INFO] validating manifest of crates.io crate futures-await-synom 0.12.0 on toolchain beta-2023-12-22
[INFO] running `Command { std: CARGO_HOME="/workspace/cargo-home" RUSTUP_HOME="/workspace/rustup-home" "/workspace/cargo-home/bin/cargo" "+beta-2023-12-22" "metadata" "--manifest-path" "Cargo.toml" "--no-deps", kill_on_drop: false }`
[INFO] started tweaking crates.io crate futures-await-synom 0.12.0
[INFO] finished tweaking crates.io crate futures-await-synom 0.12.0
[INFO] tweaked toml for crates.io crate futures-await-synom 0.12.0 written to /workspace/builds/worker-2-tc2/source/Cargo.toml
[INFO] running `Command { std: CARGO_HOME="/workspace/cargo-home" RUSTUP_HOME="/workspace/rustup-home" "/workspace/cargo-home/bin/cargo" "+beta-2023-12-22" "generate-lockfile" "--manifest-path" "Cargo.toml", kill_on_drop: false }`
[INFO] [stderr]     Updating crates.io index
[INFO] running `Command { std: CARGO_HOME="/workspace/cargo-home" RUSTUP_HOME="/workspace/rustup-home" "/workspace/cargo-home/bin/cargo" "+beta-2023-12-22" "fetch" "--manifest-path" "Cargo.toml", kill_on_drop: false }`
[INFO] running `Command { std: "docker" "create" "-v" "/var/lib/crater-agent-workspace/builds/worker-2-tc2/target:/opt/rustwide/target:rw,Z" "-v" "/var/lib/crater-agent-workspace/builds/worker-2-tc2/source:/opt/rustwide/workdir:ro,Z" "-v" "/var/lib/crater-agent-workspace/cargo-home:/opt/rustwide/cargo-home:ro,Z" "-v" "/var/lib/crater-agent-workspace/rustup-home:/opt/rustwide/rustup-home:ro,Z" "-e" "SOURCE_DIR=/opt/rustwide/workdir" "-e" "CARGO_TARGET_DIR=/opt/rustwide/target" "-e" "CARGO_HOME=/opt/rustwide/cargo-home" "-e" "RUSTUP_HOME=/opt/rustwide/rustup-home" "-w" "/opt/rustwide/workdir" "-m" "1610612736" "--user" "0:0" "--network" "none" "ghcr.io/rust-lang/crates-build-env/linux@sha256:2788e3201cd34a07e3172128adcd8b3090168a8e3bcc40d7c032b9dda1df7d1c" "/opt/rustwide/cargo-home/bin/cargo" "+beta-2023-12-22" "metadata" "--no-deps" "--format-version=1", kill_on_drop: false }`
[INFO] [stdout] 179950d62a110704557f6171e3c10da28a9172f2a29b49a5d10f832d9721b704
[INFO] running `Command { std: "docker" "start" "-a" "179950d62a110704557f6171e3c10da28a9172f2a29b49a5d10f832d9721b704", kill_on_drop: false }`
[INFO] running `Command { std: "docker" "inspect" "179950d62a110704557f6171e3c10da28a9172f2a29b49a5d10f832d9721b704", kill_on_drop: false }`
[INFO] running `Command { std: "docker" "rm" "-f" "179950d62a110704557f6171e3c10da28a9172f2a29b49a5d10f832d9721b704", kill_on_drop: false }`
[INFO] [stdout] 179950d62a110704557f6171e3c10da28a9172f2a29b49a5d10f832d9721b704
[INFO] running `Command { std: "docker" "create" "-v" "/var/lib/crater-agent-workspace/builds/worker-2-tc2/target:/opt/rustwide/target:rw,Z" "-v" "/var/lib/crater-agent-workspace/builds/worker-2-tc2/source:/opt/rustwide/workdir:ro,Z" "-v" "/var/lib/crater-agent-workspace/cargo-home:/opt/rustwide/cargo-home:ro,Z" "-v" "/var/lib/crater-agent-workspace/rustup-home:/opt/rustwide/rustup-home:ro,Z" "-e" "SOURCE_DIR=/opt/rustwide/workdir" "-e" "CARGO_TARGET_DIR=/opt/rustwide/target" "-e" "CARGO_INCREMENTAL=0" "-e" "RUST_BACKTRACE=full" "-e" "RUSTFLAGS=--cap-lints=warn" "-e" "RUSTDOCFLAGS=--cap-lints=warn" "-e" "CARGO_HOME=/opt/rustwide/cargo-home" "-e" "RUSTUP_HOME=/opt/rustwide/rustup-home" "-w" "/opt/rustwide/workdir" "-m" "1610612736" "--user" "0:0" "--network" "none" "ghcr.io/rust-lang/crates-build-env/linux@sha256:2788e3201cd34a07e3172128adcd8b3090168a8e3bcc40d7c032b9dda1df7d1c" "/opt/rustwide/cargo-home/bin/cargo" "+beta-2023-12-22" "build" "--frozen" "--message-format=json", kill_on_drop: false }`
[INFO] [stdout] 3beeec280bac41f9b4641c70c862575a5437e012dfa74ace3e784acde7e38551
[INFO] running `Command { std: "docker" "start" "-a" "3beeec280bac41f9b4641c70c862575a5437e012dfa74ace3e784acde7e38551", kill_on_drop: false }`
[INFO] [stderr]    Compiling unicode-xid v0.1.0
[INFO] [stderr]    Compiling proc-macro2 v0.1.10
[INFO] [stderr]    Compiling futures-await-synom v0.12.0 (/opt/rustwide/workdir)
[INFO] [stdout] warning: use of deprecated method `std::error::Error::description`: use the Display impl or to_string()
[INFO] [stdout]   --> src/lib.rs:80:41
[INFO] [stdout]    |
[INFO] [stdout] 80 |         <str as fmt::Display>::fmt(self.description(), f)
[INFO] [stdout]    |                                         ^^^^^^^^^^^
[INFO] [stdout]    |
[INFO] [stdout]    = note: `#[warn(deprecated)]` on by default
[INFO] [stdout] 
[INFO] [stdout] 
[INFO] [stdout] warning: 1 warning emitted
[INFO] [stdout] 
[INFO] [stdout] 
[INFO] [stderr]     Finished dev [unoptimized + debuginfo] target(s) in 0.48s
[INFO] running `Command { std: "docker" "inspect" "3beeec280bac41f9b4641c70c862575a5437e012dfa74ace3e784acde7e38551", kill_on_drop: false }`
[INFO] running `Command { std: "docker" "rm" "-f" "3beeec280bac41f9b4641c70c862575a5437e012dfa74ace3e784acde7e38551", kill_on_drop: false }`
[INFO] [stdout] 3beeec280bac41f9b4641c70c862575a5437e012dfa74ace3e784acde7e38551
[INFO] running `Command { std: "docker" "create" "-v" "/var/lib/crater-agent-workspace/builds/worker-2-tc2/target:/opt/rustwide/target:rw,Z" "-v" "/var/lib/crater-agent-workspace/builds/worker-2-tc2/source:/opt/rustwide/workdir:ro,Z" "-v" "/var/lib/crater-agent-workspace/cargo-home:/opt/rustwide/cargo-home:ro,Z" "-v" "/var/lib/crater-agent-workspace/rustup-home:/opt/rustwide/rustup-home:ro,Z" "-e" "SOURCE_DIR=/opt/rustwide/workdir" "-e" "CARGO_TARGET_DIR=/opt/rustwide/target" "-e" "CARGO_INCREMENTAL=0" "-e" "RUST_BACKTRACE=full" "-e" "RUSTFLAGS=--cap-lints=warn" "-e" "RUSTDOCFLAGS=--cap-lints=warn" "-e" "CARGO_HOME=/opt/rustwide/cargo-home" "-e" "RUSTUP_HOME=/opt/rustwide/rustup-home" "-w" "/opt/rustwide/workdir" "-m" "1610612736" "--user" "0:0" "--network" "none" "ghcr.io/rust-lang/crates-build-env/linux@sha256:2788e3201cd34a07e3172128adcd8b3090168a8e3bcc40d7c032b9dda1df7d1c" "/opt/rustwide/cargo-home/bin/cargo" "+beta-2023-12-22" "test" "--frozen" "--no-run" "--message-format=json", kill_on_drop: false }`
[INFO] [stdout] 4a2495b41f1fd9caee6c5a77743711c3a1acefbc34a206b6946353100be75243
[INFO] running `Command { std: "docker" "start" "-a" "4a2495b41f1fd9caee6c5a77743711c3a1acefbc34a206b6946353100be75243", kill_on_drop: false }`
[INFO] [stderr]    Compiling futures-await-synom v0.12.0 (/opt/rustwide/workdir)
[INFO] [stdout] warning: use of deprecated method `std::error::Error::description`: use the Display impl or to_string()
[INFO] [stdout]   --> src/lib.rs:80:41
[INFO] [stdout]    |
[INFO] [stdout] 80 |         <str as fmt::Display>::fmt(self.description(), f)
[INFO] [stdout]    |                                         ^^^^^^^^^^^
[INFO] [stdout]    |
[INFO] [stdout]    = note: `#[warn(deprecated)]` on by default
[INFO] [stdout] 
[INFO] [stdout] 
[INFO] [stdout] warning: 1 warning emitted
[INFO] [stdout] 
[INFO] [stdout] 
[INFO] [stdout] warning: use of deprecated method `std::error::Error::description`: use the Display impl or to_string()
[INFO] [stdout]   --> src/lib.rs:80:41
[INFO] [stdout]    |
[INFO] [stdout] 80 |         <str as fmt::Display>::fmt(self.description(), f)
[INFO] [stdout]    |                                         ^^^^^^^^^^^
[INFO] [stdout]    |
[INFO] [stdout]    = note: `#[warn(deprecated)]` on by default
[INFO] [stdout] 
[INFO] [stdout] 
[INFO] [stdout] warning: 1 warning emitted
[INFO] [stdout] 
[INFO] [stdout] 
[INFO] [stderr]     Finished test [unoptimized + debuginfo] target(s) in 0.35s
[INFO] running `Command { std: "docker" "inspect" "4a2495b41f1fd9caee6c5a77743711c3a1acefbc34a206b6946353100be75243", kill_on_drop: false }`
[INFO] running `Command { std: "docker" "rm" "-f" "4a2495b41f1fd9caee6c5a77743711c3a1acefbc34a206b6946353100be75243", kill_on_drop: false }`
[INFO] [stdout] 4a2495b41f1fd9caee6c5a77743711c3a1acefbc34a206b6946353100be75243
[INFO] running `Command { std: "docker" "create" "-v" "/var/lib/crater-agent-workspace/builds/worker-2-tc2/target:/opt/rustwide/target:rw,Z" "-v" "/var/lib/crater-agent-workspace/builds/worker-2-tc2/source:/opt/rustwide/workdir:ro,Z" "-v" "/var/lib/crater-agent-workspace/cargo-home:/opt/rustwide/cargo-home:ro,Z" "-v" "/var/lib/crater-agent-workspace/rustup-home:/opt/rustwide/rustup-home:ro,Z" "-e" "SOURCE_DIR=/opt/rustwide/workdir" "-e" "CARGO_TARGET_DIR=/opt/rustwide/target" "-e" "CARGO_INCREMENTAL=0" "-e" "RUST_BACKTRACE=full" "-e" "RUSTFLAGS=--cap-lints=warn" "-e" "RUSTDOCFLAGS=--cap-lints=warn" "-e" "CARGO_HOME=/opt/rustwide/cargo-home" "-e" "RUSTUP_HOME=/opt/rustwide/rustup-home" "-w" "/opt/rustwide/workdir" "-m" "1610612736" "--user" "0:0" "--network" "none" "ghcr.io/rust-lang/crates-build-env/linux@sha256:2788e3201cd34a07e3172128adcd8b3090168a8e3bcc40d7c032b9dda1df7d1c" "/opt/rustwide/cargo-home/bin/cargo" "+beta-2023-12-22" "test" "--frozen", kill_on_drop: false }`
[INFO] [stdout] 9e34c5e48eb8ee15c99fa4fe4325d920cd84dc34c35e88e66990ff4fbb0f2652
[INFO] running `Command { std: "docker" "start" "-a" "9e34c5e48eb8ee15c99fa4fe4325d920cd84dc34c35e88e66990ff4fbb0f2652", kill_on_drop: false }`
[INFO] [stderr] warning: use of deprecated method `std::error::Error::description`: use the Display impl or to_string()
[INFO] [stderr]   --> src/lib.rs:80:41
[INFO] [stderr]    |
[INFO] [stderr] 80 |         <str as fmt::Display>::fmt(self.description(), f)
[INFO] [stderr]    |                                         ^^^^^^^^^^^
[INFO] [stderr]    |
[INFO] [stderr]    = note: `#[warn(deprecated)]` on by default
[INFO] [stderr] 
[INFO] [stderr] warning: `futures-await-synom` (lib) generated 1 warning
[INFO] [stderr] warning: `futures-await-synom` (lib test) generated 1 warning (1 duplicate)
[INFO] [stderr]     Finished test [unoptimized + debuginfo] target(s) in 0.01s
[INFO] [stderr]      Running unittests src/lib.rs (/opt/rustwide/target/debug/deps/futures_await_synom-cd95c74200c29962)
[INFO] [stdout] 
[INFO] [stdout] running 0 tests
[INFO] [stdout] 
[INFO] [stdout] test result: ok. 0 passed; 0 failed; 0 ignored; 0 measured; 0 filtered out; finished in 0.00s
[INFO] [stdout] 
[INFO] [stderr]    Doc-tests futures-await-synom
[INFO] [stdout] 
[INFO] [stdout] running 10 tests
[INFO] [stdout] test src/lib.rs - alt (line 651) ... FAILED
[INFO] [stdout] test src/lib.rs - peek (line 418) ... FAILED
[INFO] [stdout] test src/lib.rs - do_parse (line 724) ... FAILED
[INFO] [stdout] test src/lib.rs - many0 (line 335) ... FAILED
[INFO] [stdout] test src/lib.rs - terminated (line 286) ... FAILED
[INFO] [stdout] test src/lib.rs - tuple (line 578) ... FAILED
[INFO] [stdout] test src/lib.rs - value (line 519) ... FAILED
[INFO] [stdout] test src/lib.rs - switch (line 450) ... FAILED
[INFO] [stdout] test src/lib.rs - map (line 173) ... FAILED
[INFO] [stdout] test src/lib.rs - named (line 114) ... FAILED
[INFO] [stdout] 
[INFO] [stdout] failures:
[INFO] [stdout] 
[INFO] [stdout] ---- src/lib.rs - alt (line 651) stdout ----
[INFO] [stdout] error[E0463]: can't find crate for `syn`
[INFO] [stdout]  --> src/lib.rs:652:1
[INFO] [stdout]   |
[INFO] [stdout] 2 | extern crate syn;
[INFO] [stdout]   | ^^^^^^^^^^^^^^^^^ can't find crate
[INFO] [stdout] 
[INFO] [stdout] error[E0463]: can't find crate for `synom`
[INFO] [stdout]  --> src/lib.rs:653:14
[INFO] [stdout]   |
[INFO] [stdout] 3 | #[macro_use] extern crate synom;
[INFO] [stdout]   |              ^^^^^^^^^^^^^^^^^^^ can't find crate
[INFO] [stdout] 
[INFO] [stdout] error: cannot find macro `named` in this scope
[INFO] [stdout]  --> src/lib.rs:658:1
[INFO] [stdout]   |
[INFO] [stdout] 8 | named!(ident_or_bang -> Ident,
[INFO] [stdout]   | ^^^^^
[INFO] [stdout] 
[INFO] [stdout] error: aborting due to 3 previous errors
[INFO] [stdout] 
[INFO] [stdout] For more information about this error, try `rustc --explain E0463`.
[INFO] [stdout] Couldn't compile the test.
[INFO] [stdout] ---- src/lib.rs - peek (line 418) stdout ----
[INFO] [stdout] error[E0463]: can't find crate for `syn`
[INFO] [stdout]  --> src/lib.rs:419:1
[INFO] [stdout]   |
[INFO] [stdout] 2 | extern crate syn;
[INFO] [stdout]   | ^^^^^^^^^^^^^^^^^ can't find crate
[INFO] [stdout] 
[INFO] [stdout] error[E0463]: can't find crate for `synom`
[INFO] [stdout]  --> src/lib.rs:420:14
[INFO] [stdout]   |
[INFO] [stdout] 3 | #[macro_use] extern crate synom;
[INFO] [stdout]   |              ^^^^^^^^^^^^^^^^^^^ can't find crate
[INFO] [stdout] 
[INFO] [stdout] error: cannot find macro `named` in this scope
[INFO] [stdout]  --> src/lib.rs:425:1
[INFO] [stdout]   |
[INFO] [stdout] 8 | named!(ident_expr -> (Ident, Expr),
[INFO] [stdout]   | ^^^^^
[INFO] [stdout] 
[INFO] [stdout] error: aborting due to 3 previous errors
[INFO] [stdout] 
[INFO] [stdout] For more information about this error, try `rustc --explain E0463`.
[INFO] [stdout] Couldn't compile the test.
[INFO] [stdout] ---- src/lib.rs - do_parse (line 724) stdout ----
[INFO] [stdout] error[E0463]: can't find crate for `syn`
[INFO] [stdout]  --> src/lib.rs:725:1
[INFO] [stdout]   |
[INFO] [stdout] 2 | extern crate syn;
[INFO] [stdout]   | ^^^^^^^^^^^^^^^^^ can't find crate
[INFO] [stdout] 
[INFO] [stdout] error[E0463]: can't find crate for `synom`
[INFO] [stdout]  --> src/lib.rs:726:14
[INFO] [stdout]   |
[INFO] [stdout] 3 | #[macro_use] extern crate synom;
[INFO] [stdout]   |              ^^^^^^^^^^^^^^^^^^^ can't find crate
[INFO] [stdout] 
[INFO] [stdout] error: cannot find macro `named` in this scope
[INFO] [stdout]   --> src/lib.rs:734:1
[INFO] [stdout]    |
[INFO] [stdout] 11 | named!(simple_mac -> (Ident, (TokenStream, Paren)), do_parse!(
[INFO] [stdout]    | ^^^^^
[INFO] [stdout] 
[INFO] [stdout] error: aborting due to 3 previous errors
[INFO] [stdout] 
[INFO] [stdout] For more information about this error, try `rustc --explain E0463`.
[INFO] [stdout] Couldn't compile the test.
[INFO] [stdout] ---- src/lib.rs - many0 (line 335) stdout ----
[INFO] [stdout] error[E0463]: can't find crate for `syn`
[INFO] [stdout]  --> src/lib.rs:336:1
[INFO] [stdout]   |
[INFO] [stdout] 2 | extern crate syn;
[INFO] [stdout]   | ^^^^^^^^^^^^^^^^^ can't find crate
[INFO] [stdout] 
[INFO] [stdout] error[E0463]: can't find crate for `synom`
[INFO] [stdout]  --> src/lib.rs:337:14
[INFO] [stdout]   |
[INFO] [stdout] 3 | #[macro_use] extern crate synom;
[INFO] [stdout]   |              ^^^^^^^^^^^^^^^^^^^ can't find crate
[INFO] [stdout] 
[INFO] [stdout] error: cannot find macro `named` in this scope
[INFO] [stdout]  --> src/lib.rs:341:1
[INFO] [stdout]   |
[INFO] [stdout] 7 | named!(items -> Vec<Item>, many0!(syn!(Item)));
[INFO] [stdout]   | ^^^^^
[INFO] [stdout] 
[INFO] [stdout] error: aborting due to 3 previous errors
[INFO] [stdout] 
[INFO] [stdout] For more information about this error, try `rustc --explain E0463`.
[INFO] [stdout] Couldn't compile the test.
[INFO] [stdout] ---- src/lib.rs - terminated (line 286) stdout ----
[INFO] [stdout] error[E0463]: can't find crate for `syn`
[INFO] [stdout]  --> src/lib.rs:287:1
[INFO] [stdout]   |
[INFO] [stdout] 2 | extern crate syn;
[INFO] [stdout]   | ^^^^^^^^^^^^^^^^^ can't find crate
[INFO] [stdout] 
[INFO] [stdout] error[E0463]: can't find crate for `synom`
[INFO] [stdout]  --> src/lib.rs:288:14
[INFO] [stdout]   |
[INFO] [stdout] 3 | #[macro_use] extern crate synom;
[INFO] [stdout]   |              ^^^^^^^^^^^^^^^^^^^ can't find crate
[INFO] [stdout] 
[INFO] [stdout] error: cannot find macro `named` in this scope
[INFO] [stdout]  --> src/lib.rs:294:1
[INFO] [stdout]   |
[INFO] [stdout] 9 | named!(expr_pound_pound -> Expr,
[INFO] [stdout]   | ^^^^^
[INFO] [stdout] 
[INFO] [stdout] error: aborting due to 3 previous errors
[INFO] [stdout] 
[INFO] [stdout] For more information about this error, try `rustc --explain E0463`.
[INFO] [stdout] Couldn't compile the test.
[INFO] [stdout] ---- src/lib.rs - tuple (line 578) stdout ----
[INFO] [stdout] error[E0463]: can't find crate for `syn`
[INFO] [stdout]  --> src/lib.rs:579:1
[INFO] [stdout]   |
[INFO] [stdout] 2 | extern crate syn;
[INFO] [stdout]   | ^^^^^^^^^^^^^^^^^ can't find crate
[INFO] [stdout] 
[INFO] [stdout] error[E0463]: can't find crate for `synom`
[INFO] [stdout]  --> src/lib.rs:580:14
[INFO] [stdout]   |
[INFO] [stdout] 3 | #[macro_use] extern crate synom;
[INFO] [stdout]   |              ^^^^^^^^^^^^^^^^^^^ can't find crate
[INFO] [stdout] 
[INFO] [stdout] error: cannot find macro `named` in this scope
[INFO] [stdout]  --> src/lib.rs:584:1
[INFO] [stdout]   |
[INFO] [stdout] 7 | named!(two_types -> (Ty, Ty), tuple!(syn!(Ty), syn!(Ty)));
[INFO] [stdout]   | ^^^^^
[INFO] [stdout] 
[INFO] [stdout] error: aborting due to 3 previous errors
[INFO] [stdout] 
[INFO] [stdout] For more information about this error, try `rustc --explain E0463`.
[INFO] [stdout] Couldn't compile the test.
[INFO] [stdout] ---- src/lib.rs - value (line 519) stdout ----
[INFO] [stdout] error[E0463]: can't find crate for `syn`
[INFO] [stdout]  --> src/lib.rs:520:1
[INFO] [stdout]   |
[INFO] [stdout] 2 | extern crate syn;
[INFO] [stdout]   | ^^^^^^^^^^^^^^^^^ can't find crate
[INFO] [stdout] 
[INFO] [stdout] error[E0463]: can't find crate for `synom`
[INFO] [stdout]  --> src/lib.rs:521:14
[INFO] [stdout]   |
[INFO] [stdout] 3 | #[macro_use] extern crate synom;
[INFO] [stdout]   |              ^^^^^^^^^^^^^^^^^^^ can't find crate
[INFO] [stdout] 
[INFO] [stdout] error: cannot find macro `named` in this scope
[INFO] [stdout]   --> src/lib.rs:538:1
[INFO] [stdout]    |
[INFO] [stdout] 20 | named!(unit_type -> UnitType, do_parse!(
[INFO] [stdout]    | ^^^^^
[INFO] [stdout] 
[INFO] [stdout] error: aborting due to 3 previous errors
[INFO] [stdout] 
[INFO] [stdout] For more information about this error, try `rustc --explain E0463`.
[INFO] [stdout] Couldn't compile the test.
[INFO] [stdout] ---- src/lib.rs - switch (line 450) stdout ----
[INFO] [stdout] error[E0463]: can't find crate for `syn`
[INFO] [stdout]  --> src/lib.rs:451:1
[INFO] [stdout]   |
[INFO] [stdout] 2 | extern crate syn;
[INFO] [stdout]   | ^^^^^^^^^^^^^^^^^ can't find crate
[INFO] [stdout] 
[INFO] [stdout] error[E0463]: can't find crate for `synom`
[INFO] [stdout]  --> src/lib.rs:452:14
[INFO] [stdout]   |
[INFO] [stdout] 3 | #[macro_use] extern crate synom;
[INFO] [stdout]   |              ^^^^^^^^^^^^^^^^^^^ can't find crate
[INFO] [stdout] 
[INFO] [stdout] error: cannot find macro `named` in this scope
[INFO] [stdout]   --> src/lib.rs:469:1
[INFO] [stdout]    |
[INFO] [stdout] 20 | named!(unit_type -> UnitType, do_parse!(
[INFO] [stdout]    | ^^^^^
[INFO] [stdout] 
[INFO] [stdout] error: aborting due to 3 previous errors
[INFO] [stdout] 
[INFO] [stdout] For more information about this error, try `rustc --explain E0463`.
[INFO] [stdout] Couldn't compile the test.
[INFO] [stdout] ---- src/lib.rs - map (line 173) stdout ----
[INFO] [stdout] error[E0463]: can't find crate for `syn`
[INFO] [stdout]  --> src/lib.rs:174:1
[INFO] [stdout]   |
[INFO] [stdout] 2 | extern crate syn;
[INFO] [stdout]   | ^^^^^^^^^^^^^^^^^ can't find crate
[INFO] [stdout] 
[INFO] [stdout] error[E0463]: can't find crate for `synom`
[INFO] [stdout]  --> src/lib.rs:175:14
[INFO] [stdout]   |
[INFO] [stdout] 3 | #[macro_use] extern crate synom;
[INFO] [stdout]   |              ^^^^^^^^^^^^^^^^^^^ can't find crate
[INFO] [stdout] 
[INFO] [stdout] error: cannot find macro `named` in this scope
[INFO] [stdout]   --> src/lib.rs:189:1
[INFO] [stdout]    |
[INFO] [stdout] 17 | named!(if_condition2 -> Expr,
[INFO] [stdout]    | ^^^^^
[INFO] [stdout] 
[INFO] [stdout] error: cannot find macro `named` in this scope
[INFO] [stdout]   --> src/lib.rs:184:1
[INFO] [stdout]    |
[INFO] [stdout] 12 | named!(if_condition -> Expr,
[INFO] [stdout]    | ^^^^^
[INFO] [stdout] 
[INFO] [stdout] error: aborting due to 4 previous errors
[INFO] [stdout] 
[INFO] [stdout] For more information about this error, try `rustc --explain E0463`.
[INFO] [stdout] Couldn't compile the test.
[INFO] [stdout] ---- src/lib.rs - named (line 114) stdout ----
[INFO] [stdout] error[E0463]: can't find crate for `syn`
[INFO] [stdout]  --> src/lib.rs:115:1
[INFO] [stdout]   |
[INFO] [stdout] 2 | extern crate syn;
[INFO] [stdout]   | ^^^^^^^^^^^^^^^^^ can't find crate
[INFO] [stdout] 
[INFO] [stdout] error[E0463]: can't find crate for `synom`
[INFO] [stdout]  --> src/lib.rs:116:14
[INFO] [stdout]   |
[INFO] [stdout] 3 | #[macro_use] extern crate synom;
[INFO] [stdout]   |              ^^^^^^^^^^^^^^^^^^^ can't find crate
[INFO] [stdout] 
[INFO] [stdout] error: cannot find macro `named` in this scope
[INFO] [stdout]  --> src/lib.rs:121:1
[INFO] [stdout]   |
[INFO] [stdout] 8 | named!(pub comma_separated_types -> Delimited<Ty, Comma>,
[INFO] [stdout]   | ^^^^^
[INFO] [stdout] 
[INFO] [stdout] error: aborting due to 3 previous errors
[INFO] [stdout] 
[INFO] [stdout] For more information about this error, try `rustc --explain E0463`.
[INFO] [stdout] Couldn't compile the test.
[INFO] [stdout] 
[INFO] [stdout] failures:
[INFO] [stdout]     src/lib.rs - alt (line 651)
[INFO] [stdout]     src/lib.rs - do_parse (line 724)
[INFO] [stdout]     src/lib.rs - many0 (line 335)
[INFO] [stdout]     src/lib.rs - map (line 173)
[INFO] [stdout]     src/lib.rs - named (line 114)
[INFO] [stdout]     src/lib.rs - peek (line 418)
[INFO] [stdout]     src/lib.rs - switch (line 450)
[INFO] [stdout]     src/lib.rs - terminated (line 286)
[INFO] [stdout]     src/lib.rs - tuple (line 578)
[INFO] [stdout]     src/lib.rs - value (line 519)
[INFO] [stdout] 
[INFO] [stdout] test result: FAILED. 0 passed; 10 failed; 0 ignored; 0 measured; 0 filtered out; finished in 0.10s
[INFO] [stdout] 
[INFO] [stderr] error: doctest failed, to rerun pass `--doc`
[INFO] running `Command { std: "docker" "inspect" "9e34c5e48eb8ee15c99fa4fe4325d920cd84dc34c35e88e66990ff4fbb0f2652", kill_on_drop: false }`
[INFO] running `Command { std: "docker" "rm" "-f" "9e34c5e48eb8ee15c99fa4fe4325d920cd84dc34c35e88e66990ff4fbb0f2652", kill_on_drop: false }`
[INFO] [stdout] 9e34c5e48eb8ee15c99fa4fe4325d920cd84dc34c35e88e66990ff4fbb0f2652
