[INFO] fetching crate fut-compat 0.1.0...
[INFO] testing fut-compat-0.1.0 against 1.75.0 for beta-1.76-1
[INFO] extracting crate fut-compat 0.1.0 into /workspace/builds/worker-3-tc1/source
[INFO] validating manifest of crates.io crate fut-compat 0.1.0 on toolchain 1.75.0
[INFO] running `Command { std: CARGO_HOME="/workspace/cargo-home" RUSTUP_HOME="/workspace/rustup-home" "/workspace/cargo-home/bin/cargo" "+1.75.0" "metadata" "--manifest-path" "Cargo.toml" "--no-deps", kill_on_drop: false }`
[INFO] started tweaking crates.io crate fut-compat 0.1.0
[INFO] finished tweaking crates.io crate fut-compat 0.1.0
[INFO] tweaked toml for crates.io crate fut-compat 0.1.0 written to /workspace/builds/worker-3-tc1/source/Cargo.toml
[INFO] running `Command { std: CARGO_HOME="/workspace/cargo-home" RUSTUP_HOME="/workspace/rustup-home" "/workspace/cargo-home/bin/cargo" "+1.75.0" "generate-lockfile" "--manifest-path" "Cargo.toml", kill_on_drop: false }`
[INFO] [stderr]     Updating crates.io index
[INFO] running `Command { std: CARGO_HOME="/workspace/cargo-home" RUSTUP_HOME="/workspace/rustup-home" "/workspace/cargo-home/bin/cargo" "+1.75.0" "fetch" "--manifest-path" "Cargo.toml", kill_on_drop: false }`
[INFO] running `Command { std: "docker" "create" "-v" "/var/lib/crater-agent-workspace/builds/worker-3-tc1/target:/opt/rustwide/target:rw,Z" "-v" "/var/lib/crater-agent-workspace/builds/worker-3-tc1/source:/opt/rustwide/workdir:ro,Z" "-v" "/var/lib/crater-agent-workspace/cargo-home:/opt/rustwide/cargo-home:ro,Z" "-v" "/var/lib/crater-agent-workspace/rustup-home:/opt/rustwide/rustup-home:ro,Z" "-e" "SOURCE_DIR=/opt/rustwide/workdir" "-e" "CARGO_TARGET_DIR=/opt/rustwide/target" "-e" "CARGO_HOME=/opt/rustwide/cargo-home" "-e" "RUSTUP_HOME=/opt/rustwide/rustup-home" "-w" "/opt/rustwide/workdir" "-m" "1610612736" "--user" "0:0" "--network" "none" "ghcr.io/rust-lang/crates-build-env/linux@sha256:2788e3201cd34a07e3172128adcd8b3090168a8e3bcc40d7c032b9dda1df7d1c" "/opt/rustwide/cargo-home/bin/cargo" "+1.75.0" "metadata" "--no-deps" "--format-version=1", kill_on_drop: false }`
[INFO] [stdout] b671ce270ac7a3e360f4f9bfd7c076889e29c91338c8a4abc9426726755da520
[INFO] running `Command { std: "docker" "start" "-a" "b671ce270ac7a3e360f4f9bfd7c076889e29c91338c8a4abc9426726755da520", kill_on_drop: false }`
[INFO] running `Command { std: "docker" "inspect" "b671ce270ac7a3e360f4f9bfd7c076889e29c91338c8a4abc9426726755da520", kill_on_drop: false }`
[INFO] running `Command { std: "docker" "rm" "-f" "b671ce270ac7a3e360f4f9bfd7c076889e29c91338c8a4abc9426726755da520", kill_on_drop: false }`
[INFO] [stdout] b671ce270ac7a3e360f4f9bfd7c076889e29c91338c8a4abc9426726755da520
[INFO] running `Command { std: "docker" "create" "-v" "/var/lib/crater-agent-workspace/builds/worker-3-tc1/target:/opt/rustwide/target:rw,Z" "-v" "/var/lib/crater-agent-workspace/builds/worker-3-tc1/source:/opt/rustwide/workdir:ro,Z" "-v" "/var/lib/crater-agent-workspace/cargo-home:/opt/rustwide/cargo-home:ro,Z" "-v" "/var/lib/crater-agent-workspace/rustup-home:/opt/rustwide/rustup-home:ro,Z" "-e" "SOURCE_DIR=/opt/rustwide/workdir" "-e" "CARGO_TARGET_DIR=/opt/rustwide/target" "-e" "CARGO_INCREMENTAL=0" "-e" "RUST_BACKTRACE=full" "-e" "RUSTFLAGS=--cap-lints=warn" "-e" "RUSTDOCFLAGS=--cap-lints=warn" "-e" "CARGO_HOME=/opt/rustwide/cargo-home" "-e" "RUSTUP_HOME=/opt/rustwide/rustup-home" "-w" "/opt/rustwide/workdir" "-m" "1610612736" "--user" "0:0" "--network" "none" "ghcr.io/rust-lang/crates-build-env/linux@sha256:2788e3201cd34a07e3172128adcd8b3090168a8e3bcc40d7c032b9dda1df7d1c" "/opt/rustwide/cargo-home/bin/cargo" "+1.75.0" "build" "--frozen" "--message-format=json", kill_on_drop: false }`
[INFO] [stdout] 2867de4a5151a90912eda8a8d5e9ec82412b31dd8ec941ae4a4561c3b4583ae0
[INFO] running `Command { std: "docker" "start" "-a" "2867de4a5151a90912eda8a8d5e9ec82412b31dd8ec941ae4a4561c3b4583ae0", kill_on_drop: false }`
[INFO] [stderr]    Compiling futures-core v0.3.30
[INFO] [stderr]    Compiling futures-sink v0.3.30
[INFO] [stderr]    Compiling syn v2.0.48
[INFO] [stderr]    Compiling futures-channel v0.3.30
[INFO] [stderr]    Compiling futures-macro v0.3.30
[INFO] [stderr]    Compiling async-trait v0.1.77
[INFO] [stderr]    Compiling futures-util v0.3.30
[INFO] [stderr]    Compiling futures-executor v0.3.30
[INFO] [stderr]    Compiling futures v0.3.30
[INFO] [stderr]    Compiling fut-compat v0.1.0 (/opt/rustwide/workdir)
[INFO] [stderr]     Finished dev [unoptimized + debuginfo] target(s) in 6.64s
[INFO] running `Command { std: "docker" "inspect" "2867de4a5151a90912eda8a8d5e9ec82412b31dd8ec941ae4a4561c3b4583ae0", kill_on_drop: false }`
[INFO] running `Command { std: "docker" "rm" "-f" "2867de4a5151a90912eda8a8d5e9ec82412b31dd8ec941ae4a4561c3b4583ae0", kill_on_drop: false }`
[INFO] [stdout] 2867de4a5151a90912eda8a8d5e9ec82412b31dd8ec941ae4a4561c3b4583ae0
[INFO] running `Command { std: "docker" "create" "-v" "/var/lib/crater-agent-workspace/builds/worker-3-tc1/target:/opt/rustwide/target:rw,Z" "-v" "/var/lib/crater-agent-workspace/builds/worker-3-tc1/source:/opt/rustwide/workdir:ro,Z" "-v" "/var/lib/crater-agent-workspace/cargo-home:/opt/rustwide/cargo-home:ro,Z" "-v" "/var/lib/crater-agent-workspace/rustup-home:/opt/rustwide/rustup-home:ro,Z" "-e" "SOURCE_DIR=/opt/rustwide/workdir" "-e" "CARGO_TARGET_DIR=/opt/rustwide/target" "-e" "CARGO_INCREMENTAL=0" "-e" "RUST_BACKTRACE=full" "-e" "RUSTFLAGS=--cap-lints=warn" "-e" "RUSTDOCFLAGS=--cap-lints=warn" "-e" "CARGO_HOME=/opt/rustwide/cargo-home" "-e" "RUSTUP_HOME=/opt/rustwide/rustup-home" "-w" "/opt/rustwide/workdir" "-m" "1610612736" "--user" "0:0" "--network" "none" "ghcr.io/rust-lang/crates-build-env/linux@sha256:2788e3201cd34a07e3172128adcd8b3090168a8e3bcc40d7c032b9dda1df7d1c" "/opt/rustwide/cargo-home/bin/cargo" "+1.75.0" "test" "--frozen" "--no-run" "--message-format=json", kill_on_drop: false }`
[INFO] [stdout] 1b9d4194b3e98b62b699a82a7cc5ec3074eb70842b93782d0d39e3c554870434
[INFO] running `Command { std: "docker" "start" "-a" "1b9d4194b3e98b62b699a82a7cc5ec3074eb70842b93782d0d39e3c554870434", kill_on_drop: false }`
[INFO] [stderr]    Compiling tracing-core v0.1.32
[INFO] [stderr]    Compiling rustix v0.38.28
[INFO] [stderr]    Compiling futures-channel v0.3.30
[INFO] [stderr]    Compiling signal-hook-registry v1.4.1
[INFO] [stderr]    Compiling tokio-macros v2.2.0
[INFO] [stderr]    Compiling futures-util v0.3.30
[INFO] [stderr]    Compiling tracing v0.1.40
[INFO] [stderr]    Compiling blocking v1.5.1
[INFO] [stderr]    Compiling tokio v1.35.1
[INFO] [stderr]    Compiling futures-executor v0.3.30
[INFO] [stderr]    Compiling futures v0.3.30
[INFO] [stderr]    Compiling fut-compat v0.1.0 (/opt/rustwide/workdir)
[INFO] [stderr]    Compiling polling v3.3.1
[INFO] [stderr]    Compiling async-io v2.2.2
[INFO] [stderr]    Compiling async-signal v0.2.5
[INFO] [stderr]    Compiling async-global-executor v2.4.1
[INFO] [stderr]    Compiling async-process v1.8.1
[INFO] [stderr]    Compiling async-std v1.12.0
[INFO] [stderr]     Finished test [unoptimized + debuginfo] target(s) in 10.61s
[INFO] running `Command { std: "docker" "inspect" "1b9d4194b3e98b62b699a82a7cc5ec3074eb70842b93782d0d39e3c554870434", kill_on_drop: false }`
[INFO] running `Command { std: "docker" "rm" "-f" "1b9d4194b3e98b62b699a82a7cc5ec3074eb70842b93782d0d39e3c554870434", kill_on_drop: false }`
[INFO] [stdout] 1b9d4194b3e98b62b699a82a7cc5ec3074eb70842b93782d0d39e3c554870434
[INFO] running `Command { std: "docker" "create" "-v" "/var/lib/crater-agent-workspace/builds/worker-3-tc1/target:/opt/rustwide/target:rw,Z" "-v" "/var/lib/crater-agent-workspace/builds/worker-3-tc1/source:/opt/rustwide/workdir:ro,Z" "-v" "/var/lib/crater-agent-workspace/cargo-home:/opt/rustwide/cargo-home:ro,Z" "-v" "/var/lib/crater-agent-workspace/rustup-home:/opt/rustwide/rustup-home:ro,Z" "-e" "SOURCE_DIR=/opt/rustwide/workdir" "-e" "CARGO_TARGET_DIR=/opt/rustwide/target" "-e" "CARGO_INCREMENTAL=0" "-e" "RUST_BACKTRACE=full" "-e" "RUSTFLAGS=--cap-lints=warn" "-e" "RUSTDOCFLAGS=--cap-lints=warn" "-e" "CARGO_HOME=/opt/rustwide/cargo-home" "-e" "RUSTUP_HOME=/opt/rustwide/rustup-home" "-w" "/opt/rustwide/workdir" "-m" "1610612736" "--user" "0:0" "--network" "none" "ghcr.io/rust-lang/crates-build-env/linux@sha256:2788e3201cd34a07e3172128adcd8b3090168a8e3bcc40d7c032b9dda1df7d1c" "/opt/rustwide/cargo-home/bin/cargo" "+1.75.0" "test" "--frozen", kill_on_drop: false }`
[INFO] [stdout] 2b8674c6608d9b64e036fc3ee2d8526a73f1b6ba8ba48218a03b8aa34d788a2e
[INFO] running `Command { std: "docker" "start" "-a" "2b8674c6608d9b64e036fc3ee2d8526a73f1b6ba8ba48218a03b8aa34d788a2e", kill_on_drop: false }`
[INFO] [stderr]     Finished test [unoptimized + debuginfo] target(s) in 0.07s
[INFO] [stderr]      Running unittests src/lib.rs (/opt/rustwide/target/debug/deps/fut_compat-7e7d91484c6bee11)
[INFO] [stdout] 
[INFO] [stdout] running 0 tests
[INFO] [stdout] 
[INFO] [stdout] test result: ok. 0 passed; 0 failed; 0 ignored; 0 measured; 0 filtered out; finished in 0.00s
[INFO] [stdout] 
[INFO] [stderr]    Doc-tests fut-compat
[INFO] [stdout] 
[INFO] [stdout] running 47 tests
[INFO] [stdout] test src/fs/mod.rs - fs::Filesystem::create_dir (line 180) - compile ... FAILED
[INFO] [stdout] test src/fs/mod.rs - fs::Filesystem::copy (line 127) - compile ... FAILED
[INFO] [stdout] test src/fs/mod.rs - fs::Filesystem::create_dir (line 165) - compile ... FAILED
[INFO] [stdout] test src/fs/mod.rs - fs::DirEntry::file_name (line 970) - compile ... FAILED
[INFO] [stdout] test src/fs/mod.rs - fs::Filesystem::copy (line 112) - compile ... FAILED
[INFO] [stdout] test src/fs/mod.rs - fs::DirEntry::file_name (line 949) - compile ... FAILED
[INFO] [stdout] test src/fs/mod.rs - fs::Filesystem::canonicalize (line 71) - compile ... FAILED
[INFO] [stdout] test src/fs/mod.rs - fs::DirEntry::metadata (line 1009) - compile ... FAILED
[INFO] [stdout] test src/fs/mod.rs - fs::DirEntry::metadata (line 1030) - compile ... FAILED
[INFO] [stdout] test src/fs/mod.rs - fs::Filesystem::create_dir_all (line 210) - compile ... FAILED
[INFO] [stdout] test src/fs/mod.rs - fs::DirEntry::path (line 904) - compile ... FAILED
[INFO] [stdout] test src/fs/mod.rs - fs::DirEntry::path (line 925) - compile ... FAILED
[INFO] [stdout] test src/fs/mod.rs - fs::DirEntry::file_type (line 1089) - compile ... FAILED
[INFO] [stdout] test src/fs/mod.rs - fs::Filesystem::canonicalize (line 56) - compile ... FAILED
[INFO] [stdout] test src/fs/mod.rs - fs::DirEntry::file_type (line 1068) - compile ... FAILED
[INFO] [stdout] test src/fs/mod.rs - fs::Filesystem::create_dir_all (line 225) - compile ... FAILED
[INFO] [stdout] test src/fs/mod.rs - fs::Filesystem::hard_link (line 272) - compile ... FAILED
[INFO] [stdout] test src/fs/mod.rs - fs::Filesystem::read_link (line 468) - compile ... FAILED
[INFO] [stdout] test src/fs/mod.rs - fs::Filesystem::hard_link (line 257) - compile ... FAILED
[INFO] [stdout] test src/fs/mod.rs - fs::Filesystem::read_to_string (line 521) - compile ... FAILED
[INFO] [stdout] test src/fs/mod.rs - fs::Filesystem::remove_dir (line 566) - compile ... FAILED
[INFO] [stdout] test src/fs/mod.rs - fs::Filesystem::read (line 362) - compile ... FAILED
[INFO] [stdout] test src/fs/mod.rs - fs::Filesystem::remove_dir (line 581) - compile ... FAILED
[INFO] [stdout] test src/fs/mod.rs - fs::Filesystem::metadata (line 325) - compile ... FAILED
[INFO] [stdout] test src/fs/mod.rs - fs::Filesystem::read (line 377) - compile ... FAILED
[INFO] [stdout] test src/fs/mod.rs - fs::Filesystem::read_dir (line 433) - compile ... FAILED
[INFO] [stdout] test src/fs/mod.rs - fs::Filesystem::read_dir (line 412) - compile ... FAILED
[INFO] [stdout] test src/fs/mod.rs - fs::Filesystem::read_link (line 483) - compile ... FAILED
[INFO] [stdout] test src/fs/mod.rs - fs::Filesystem::metadata (line 310) - compile ... FAILED
[INFO] [stdout] test src/fs/mod.rs - fs::Filesystem::read_to_string (line 536) - compile ... FAILED
[INFO] [stdout] test src/fs/mod.rs - fs::Filesystem::remove_dir_all (line 611) - compile ... FAILED
[INFO] [stdout] test src/fs/mod.rs - fs::Filesystem::rename (line 720) - compile ... FAILED
[INFO] [stdout] test src/fs/mod.rs - fs::OpenOptions (line 1217) - compile ... FAILED
[INFO] [stdout] test src/fs/mod.rs - fs::Filesystem::remove_file (line 671) - compile ... FAILED
[INFO] [stdout] test src/fs/mod.rs - fs::Filesystem::set_permissions (line 770) - compile ... FAILED
[INFO] [stdout] test src/fs/mod.rs - fs::Filesystem::remove_file (line 656) - compile ... FAILED
[INFO] [stdout] test src/fs/mod.rs - fs::OpenOptions (line 1250) - compile ... FAILED
[INFO] [stdout] test src/fs/mod.rs - fs::OpenOptions (line 1234) - compile ... ok
[INFO] [stdout] test src/fs/mod.rs - fs::Filesystem::write (line 857) - compile ... FAILED
[INFO] [stdout] test src/fs/mod.rs - fs::Filesystem::remove_dir_all (line 626) - compile ... FAILED
[INFO] [stdout] test src/fs/mod.rs - fs::Filesystem::write (line 872) - compile ... FAILED
[INFO] [stdout] test src/fs/mod.rs - fs::OpenOptions (line 1270) - compile ... ok
[INFO] [stdout] test src/fs/mod.rs - fs::Filesystem::set_permissions (line 753) - compile ... FAILED
[INFO] [stdout] test src/fs/mod.rs - fs::Filesystem::rename (line 705) - compile ... FAILED
[INFO] [stdout] test src/fs/mod.rs - fs::Filesystem::symlink_metadata (line 809) - compile ... FAILED
[INFO] [stdout] test src/fs/mod.rs - fs::Filesystem::symlink_metadata (line 824) - compile ... FAILED
[INFO] [stdout] test src/lib.rs - (line 22) ... FAILED
[INFO] [stdout] 
[INFO] [stdout] failures:
[INFO] [stdout] 
[INFO] [stdout] ---- src/fs/mod.rs - fs::Filesystem::create_dir (line 180) stdout ----
[INFO] [stdout] error[E0432]: unresolved import `fut_compat::fs::AsyncStdFs`
[INFO] [stdout]  --> src/fs/mod.rs:185:5
[INFO] [stdout]   |
[INFO] [stdout] 7 | use fut_compat::fs::AsyncStdFs;
[INFO] [stdout]   |     ^^^^^^^^^^^^^^^^^^^^^^^^^^ no `AsyncStdFs` in `fs`
[INFO] [stdout] 
[INFO] [stdout] error: aborting due to previous error
[INFO] [stdout] 
[INFO] [stdout] For more information about this error, try `rustc --explain E0432`.
[INFO] [stdout] Couldn't compile the test.
[INFO] [stdout] ---- src/fs/mod.rs - fs::Filesystem::copy (line 127) stdout ----
[INFO] [stdout] error[E0432]: unresolved import `fut_compat::fs::AsyncStdFs`
[INFO] [stdout]  --> src/fs/mod.rs:132:5
[INFO] [stdout]   |
[INFO] [stdout] 7 | use fut_compat::fs::AsyncStdFs;
[INFO] [stdout]   |     ^^^^^^^^^^^^^^^^^^^^^^^^^^ no `AsyncStdFs` in `fs`
[INFO] [stdout] 
[INFO] [stdout] error: aborting due to previous error
[INFO] [stdout] 
[INFO] [stdout] For more information about this error, try `rustc --explain E0432`.
[INFO] [stdout] Couldn't compile the test.
[INFO] [stdout] ---- src/fs/mod.rs - fs::Filesystem::create_dir (line 165) stdout ----
[INFO] [stdout] error[E0432]: unresolved import `fut_compat::fs::TokioFs`
[INFO] [stdout]  --> src/fs/mod.rs:171:5
[INFO] [stdout]   |
[INFO] [stdout] 8 | use fut_compat::fs::TokioFs;
[INFO] [stdout]   |     ^^^^^^^^^^^^^^^^^^^^^^^ no `TokioFs` in `fs`
[INFO] [stdout] 
[INFO] [stdout] error: aborting due to previous error
[INFO] [stdout] 
[INFO] [stdout] For more information about this error, try `rustc --explain E0432`.
[INFO] [stdout] Couldn't compile the test.
[INFO] [stdout] ---- src/fs/mod.rs - fs::DirEntry::file_name (line 970) stdout ----
[INFO] [stdout] error[E0432]: unresolved import `fut_compat::fs::AsyncStdFs`
[INFO] [stdout]  --> src/fs/mod.rs:976:5
[INFO] [stdout]   |
[INFO] [stdout] 8 | use fut_compat::fs::AsyncStdFs;
[INFO] [stdout]   |     ^^^^^^^^^^^^^^^^^^^^^^^^^^ no `AsyncStdFs` in `fs`
[INFO] [stdout] 
[INFO] [stdout] error: aborting due to previous error
[INFO] [stdout] 
[INFO] [stdout] For more information about this error, try `rustc --explain E0432`.
[INFO] [stdout] Couldn't compile the test.
[INFO] [stdout] ---- src/fs/mod.rs - fs::Filesystem::copy (line 112) stdout ----
[INFO] [stdout] error[E0432]: unresolved import `fut_compat::fs::TokioFs`
[INFO] [stdout]  --> src/fs/mod.rs:118:5
[INFO] [stdout]   |
[INFO] [stdout] 8 | use fut_compat::fs::TokioFs;
[INFO] [stdout]   |     ^^^^^^^^^^^^^^^^^^^^^^^ no `TokioFs` in `fs`
[INFO] [stdout] 
[INFO] [stdout] error: aborting due to previous error
[INFO] [stdout] 
[INFO] [stdout] For more information about this error, try `rustc --explain E0432`.
[INFO] [stdout] Couldn't compile the test.
[INFO] [stdout] ---- src/fs/mod.rs - fs::DirEntry::file_name (line 949) stdout ----
[INFO] [stdout] error[E0432]: unresolved import `fut_compat::fs::TokioFs`
[INFO] [stdout]  --> src/fs/mod.rs:956:5
[INFO] [stdout]   |
[INFO] [stdout] 9 | use fut_compat::fs::TokioFs;
[INFO] [stdout]   |     ^^^^^^^^^^^^^^^^^^^^^^^ no `TokioFs` in `fs`
[INFO] [stdout] 
[INFO] [stdout] error: aborting due to previous error
[INFO] [stdout] 
[INFO] [stdout] For more information about this error, try `rustc --explain E0432`.
[INFO] [stdout] Couldn't compile the test.
[INFO] [stdout] ---- src/fs/mod.rs - fs::Filesystem::canonicalize (line 71) stdout ----
[INFO] [stdout] error[E0432]: unresolved import `fut_compat::fs::AsyncStdFs`
[INFO] [stdout]  --> src/fs/mod.rs:76:5
[INFO] [stdout]   |
[INFO] [stdout] 7 | use fut_compat::fs::AsyncStdFs;
[INFO] [stdout]   |     ^^^^^^^^^^^^^^^^^^^^^^^^^^ no `AsyncStdFs` in `fs`
[INFO] [stdout] 
[INFO] [stdout] error: aborting due to previous error
[INFO] [stdout] 
[INFO] [stdout] For more information about this error, try `rustc --explain E0432`.
[INFO] [stdout] Couldn't compile the test.
[INFO] [stdout] ---- src/fs/mod.rs - fs::DirEntry::metadata (line 1009) stdout ----
[INFO] [stdout] error[E0432]: unresolved import `fut_compat::fs::TokioFs`
[INFO] [stdout]  --> src/fs/mod.rs:1016:5
[INFO] [stdout]   |
[INFO] [stdout] 9 | use fut_compat::fs::TokioFs;
[INFO] [stdout]   |     ^^^^^^^^^^^^^^^^^^^^^^^ no `TokioFs` in `fs`
[INFO] [stdout] 
[INFO] [stdout] error: aborting due to previous error
[INFO] [stdout] 
[INFO] [stdout] For more information about this error, try `rustc --explain E0432`.
[INFO] [stdout] Couldn't compile the test.
[INFO] [stdout] ---- src/fs/mod.rs - fs::DirEntry::metadata (line 1030) stdout ----
[INFO] [stdout] error[E0432]: unresolved import `fut_compat::fs::AsyncStdFs`
[INFO] [stdout]  --> src/fs/mod.rs:1036:5
[INFO] [stdout]   |
[INFO] [stdout] 8 | use fut_compat::fs::AsyncStdFs;
[INFO] [stdout]   |     ^^^^^^^^^^^^^^^^^^^^^^^^^^ no `AsyncStdFs` in `fs`
[INFO] [stdout] 
[INFO] [stdout] error: aborting due to previous error
[INFO] [stdout] 
[INFO] [stdout] For more information about this error, try `rustc --explain E0432`.
[INFO] [stdout] Couldn't compile the test.
[INFO] [stdout] ---- src/fs/mod.rs - fs::Filesystem::create_dir_all (line 210) stdout ----
[INFO] [stdout] error[E0432]: unresolved import `fut_compat::fs::TokioFs`
[INFO] [stdout]  --> src/fs/mod.rs:216:5
[INFO] [stdout]   |
[INFO] [stdout] 8 | use fut_compat::fs::TokioFs;
[INFO] [stdout]   |     ^^^^^^^^^^^^^^^^^^^^^^^ no `TokioFs` in `fs`
[INFO] [stdout] 
[INFO] [stdout] error: aborting due to previous error
[INFO] [stdout] 
[INFO] [stdout] For more information about this error, try `rustc --explain E0432`.
[INFO] [stdout] Couldn't compile the test.
[INFO] [stdout] ---- src/fs/mod.rs - fs::DirEntry::path (line 904) stdout ----
[INFO] [stdout] error[E0432]: unresolved import `fut_compat::fs::TokioFs`
[INFO] [stdout]  --> src/fs/mod.rs:911:5
[INFO] [stdout]   |
[INFO] [stdout] 9 | use fut_compat::fs::TokioFs;
[INFO] [stdout]   |     ^^^^^^^^^^^^^^^^^^^^^^^ no `TokioFs` in `fs`
[INFO] [stdout] 
[INFO] [stdout] error: aborting due to previous error
[INFO] [stdout] 
[INFO] [stdout] For more information about this error, try `rustc --explain E0432`.
[INFO] [stdout] Couldn't compile the test.
[INFO] [stdout] ---- src/fs/mod.rs - fs::DirEntry::path (line 925) stdout ----
[INFO] [stdout] error[E0432]: unresolved import `fut_compat::fs::AsyncStdFs`
[INFO] [stdout]  --> src/fs/mod.rs:931:5
[INFO] [stdout]   |
[INFO] [stdout] 8 | use fut_compat::fs::AsyncStdFs;
[INFO] [stdout]   |     ^^^^^^^^^^^^^^^^^^^^^^^^^^ no `AsyncStdFs` in `fs`
[INFO] [stdout] 
[INFO] [stdout] error: aborting due to previous error
[INFO] [stdout] 
[INFO] [stdout] For more information about this error, try `rustc --explain E0432`.
[INFO] [stdout] Couldn't compile the test.
[INFO] [stdout] ---- src/fs/mod.rs - fs::DirEntry::file_type (line 1089) stdout ----
[INFO] [stdout] error[E0432]: unresolved import `fut_compat::fs::AsyncStdFs`
[INFO] [stdout]  --> src/fs/mod.rs:1095:5
[INFO] [stdout]   |
[INFO] [stdout] 8 | use fut_compat::fs::AsyncStdFs;
[INFO] [stdout]   |     ^^^^^^^^^^^^^^^^^^^^^^^^^^ no `AsyncStdFs` in `fs`
[INFO] [stdout] 
[INFO] [stdout] error: aborting due to previous error
[INFO] [stdout] 
[INFO] [stdout] For more information about this error, try `rustc --explain E0432`.
[INFO] [stdout] Couldn't compile the test.
[INFO] [stdout] ---- src/fs/mod.rs - fs::Filesystem::canonicalize (line 56) stdout ----
[INFO] [stdout] error[E0432]: unresolved import `fut_compat::fs::TokioFs`
[INFO] [stdout]  --> src/fs/mod.rs:62:5
[INFO] [stdout]   |
[INFO] [stdout] 8 | use fut_compat::fs::TokioFs;
[INFO] [stdout]   |     ^^^^^^^^^^^^^^^^^^^^^^^ no `TokioFs` in `fs`
[INFO] [stdout] 
[INFO] [stdout] error: aborting due to previous error
[INFO] [stdout] 
[INFO] [stdout] For more information about this error, try `rustc --explain E0432`.
[INFO] [stdout] Couldn't compile the test.
[INFO] [stdout] ---- src/fs/mod.rs - fs::DirEntry::file_type (line 1068) stdout ----
[INFO] [stdout] error[E0432]: unresolved import `fut_compat::fs::TokioFs`
[INFO] [stdout]  --> src/fs/mod.rs:1075:5
[INFO] [stdout]   |
[INFO] [stdout] 9 | use fut_compat::fs::TokioFs;
[INFO] [stdout]   |     ^^^^^^^^^^^^^^^^^^^^^^^ no `TokioFs` in `fs`
[INFO] [stdout] 
[INFO] [stdout] error: aborting due to previous error
[INFO] [stdout] 
[INFO] [stdout] For more information about this error, try `rustc --explain E0432`.
[INFO] [stdout] Couldn't compile the test.
[INFO] [stdout] ---- src/fs/mod.rs - fs::Filesystem::create_dir_all (line 225) stdout ----
[INFO] [stdout] error[E0432]: unresolved import `fut_compat::fs::AsyncStdFs`
[INFO] [stdout]  --> src/fs/mod.rs:230:5
[INFO] [stdout]   |
[INFO] [stdout] 7 | use fut_compat::fs::AsyncStdFs;
[INFO] [stdout]   |     ^^^^^^^^^^^^^^^^^^^^^^^^^^ no `AsyncStdFs` in `fs`
[INFO] [stdout] 
[INFO] [stdout] error: aborting due to previous error
[INFO] [stdout] 
[INFO] [stdout] For more information about this error, try `rustc --explain E0432`.
[INFO] [stdout] Couldn't compile the test.
[INFO] [stdout] ---- src/fs/mod.rs - fs::Filesystem::hard_link (line 272) stdout ----
[INFO] [stdout] error[E0432]: unresolved import `fut_compat::fs::AsyncStdFs`
[INFO] [stdout]  --> src/fs/mod.rs:277:5
[INFO] [stdout]   |
[INFO] [stdout] 7 | use fut_compat::fs::AsyncStdFs;
[INFO] [stdout]   |     ^^^^^^^^^^^^^^^^^^^^^^^^^^ no `AsyncStdFs` in `fs`
[INFO] [stdout] 
[INFO] [stdout] error: aborting due to previous error
[INFO] [stdout] 
[INFO] [stdout] For more information about this error, try `rustc --explain E0432`.
[INFO] [stdout] Couldn't compile the test.
[INFO] [stdout] ---- src/fs/mod.rs - fs::Filesystem::read_link (line 468) stdout ----
[INFO] [stdout] error[E0432]: unresolved import `fut_compat::fs::TokioFs`
[INFO] [stdout]  --> src/fs/mod.rs:474:5
[INFO] [stdout]   |
[INFO] [stdout] 8 | use fut_compat::fs::TokioFs;
[INFO] [stdout]   |     ^^^^^^^^^^^^^^^^^^^^^^^ no `TokioFs` in `fs`
[INFO] [stdout] 
[INFO] [stdout] error: aborting due to previous error
[INFO] [stdout] 
[INFO] [stdout] For more information about this error, try `rustc --explain E0432`.
[INFO] [stdout] Couldn't compile the test.
[INFO] [stdout] ---- src/fs/mod.rs - fs::Filesystem::hard_link (line 257) stdout ----
[INFO] [stdout] error[E0432]: unresolved import `fut_compat::fs::TokioFs`
[INFO] [stdout]  --> src/fs/mod.rs:263:5
[INFO] [stdout]   |
[INFO] [stdout] 8 | use fut_compat::fs::TokioFs;
[INFO] [stdout]   |     ^^^^^^^^^^^^^^^^^^^^^^^ no `TokioFs` in `fs`
[INFO] [stdout] 
[INFO] [stdout] error: aborting due to previous error
[INFO] [stdout] 
[INFO] [stdout] For more information about this error, try `rustc --explain E0432`.
[INFO] [stdout] Couldn't compile the test.
[INFO] [stdout] ---- src/fs/mod.rs - fs::Filesystem::read_to_string (line 521) stdout ----
[INFO] [stdout] error[E0432]: unresolved import `fut_compat::fs::TokioFs`
[INFO] [stdout]  --> src/fs/mod.rs:527:5
[INFO] [stdout]   |
[INFO] [stdout] 8 | use fut_compat::fs::TokioFs;
[INFO] [stdout]   |     ^^^^^^^^^^^^^^^^^^^^^^^ no `TokioFs` in `fs`
[INFO] [stdout] 
[INFO] [stdout] error: aborting due to previous error
[INFO] [stdout] 
[INFO] [stdout] For more information about this error, try `rustc --explain E0432`.
[INFO] [stdout] Couldn't compile the test.
[INFO] [stdout] ---- src/fs/mod.rs - fs::Filesystem::remove_dir (line 566) stdout ----
[INFO] [stdout] error[E0432]: unresolved import `fut_compat::fs::TokioFs`
[INFO] [stdout]  --> src/fs/mod.rs:572:5
[INFO] [stdout]   |
[INFO] [stdout] 8 | use fut_compat::fs::TokioFs;
[INFO] [stdout]   |     ^^^^^^^^^^^^^^^^^^^^^^^ no `TokioFs` in `fs`
[INFO] [stdout] 
[INFO] [stdout] error: aborting due to previous error
[INFO] [stdout] 
[INFO] [stdout] For more information about this error, try `rustc --explain E0432`.
[INFO] [stdout] Couldn't compile the test.
[INFO] [stdout] ---- src/fs/mod.rs - fs::Filesystem::read (line 362) stdout ----
[INFO] [stdout] error[E0432]: unresolved import `fut_compat::fs::TokioFs`
[INFO] [stdout]  --> src/fs/mod.rs:368:5
[INFO] [stdout]   |
[INFO] [stdout] 8 | use fut_compat::fs::TokioFs;
[INFO] [stdout]   |     ^^^^^^^^^^^^^^^^^^^^^^^ no `TokioFs` in `fs`
[INFO] [stdout] 
[INFO] [stdout] error: aborting due to previous error
[INFO] [stdout] 
[INFO] [stdout] For more information about this error, try `rustc --explain E0432`.
[INFO] [stdout] Couldn't compile the test.
[INFO] [stdout] ---- src/fs/mod.rs - fs::Filesystem::remove_dir (line 581) stdout ----
[INFO] [stdout] error[E0432]: unresolved import `fut_compat::fs::AsyncStdFs`
[INFO] [stdout]  --> src/fs/mod.rs:586:5
[INFO] [stdout]   |
[INFO] [stdout] 7 | use fut_compat::fs::AsyncStdFs;
[INFO] [stdout]   |     ^^^^^^^^^^^^^^^^^^^^^^^^^^ no `AsyncStdFs` in `fs`
[INFO] [stdout] 
[INFO] [stdout] error: aborting due to previous error
[INFO] [stdout] 
[INFO] [stdout] For more information about this error, try `rustc --explain E0432`.
[INFO] [stdout] Couldn't compile the test.
[INFO] [stdout] ---- src/fs/mod.rs - fs::Filesystem::metadata (line 325) stdout ----
[INFO] [stdout] error[E0432]: unresolved import `fut_compat::fs::AsyncStdFs`
[INFO] [stdout]  --> src/fs/mod.rs:330:5
[INFO] [stdout]   |
[INFO] [stdout] 7 | use fut_compat::fs::AsyncStdFs;
[INFO] [stdout]   |     ^^^^^^^^^^^^^^^^^^^^^^^^^^ no `AsyncStdFs` in `fs`
[INFO] [stdout] 
[INFO] [stdout] error: aborting due to previous error
[INFO] [stdout] 
[INFO] [stdout] For more information about this error, try `rustc --explain E0432`.
[INFO] [stdout] Couldn't compile the test.
[INFO] [stdout] ---- src/fs/mod.rs - fs::Filesystem::read (line 377) stdout ----
[INFO] [stdout] error[E0432]: unresolved import `fut_compat::fs::AsyncStdFs`
[INFO] [stdout]  --> src/fs/mod.rs:382:5
[INFO] [stdout]   |
[INFO] [stdout] 7 | use fut_compat::fs::AsyncStdFs;
[INFO] [stdout]   |     ^^^^^^^^^^^^^^^^^^^^^^^^^^ no `AsyncStdFs` in `fs`
[INFO] [stdout] 
[INFO] [stdout] error: aborting due to previous error
[INFO] [stdout] 
[INFO] [stdout] For more information about this error, try `rustc --explain E0432`.
[INFO] [stdout] Couldn't compile the test.
[INFO] [stdout] ---- src/fs/mod.rs - fs::Filesystem::read_dir (line 433) stdout ----
[INFO] [stdout] error[E0432]: unresolved import `fut_compat::fs::AsyncStdFs`
[INFO] [stdout]  --> src/fs/mod.rs:439:5
[INFO] [stdout]   |
[INFO] [stdout] 8 | use fut_compat::fs::AsyncStdFs;
[INFO] [stdout]   |     ^^^^^^^^^^^^^^^^^^^^^^^^^^ no `AsyncStdFs` in `fs`
[INFO] [stdout] 
[INFO] [stdout] error: aborting due to previous error
[INFO] [stdout] 
[INFO] [stdout] For more information about this error, try `rustc --explain E0432`.
[INFO] [stdout] Couldn't compile the test.
[INFO] [stdout] ---- src/fs/mod.rs - fs::Filesystem::read_dir (line 412) stdout ----
[INFO] [stdout] error[E0432]: unresolved import `fut_compat::fs::TokioFs`
[INFO] [stdout]  --> src/fs/mod.rs:419:5
[INFO] [stdout]   |
[INFO] [stdout] 9 | use fut_compat::fs::TokioFs;
[INFO] [stdout]   |     ^^^^^^^^^^^^^^^^^^^^^^^ no `TokioFs` in `fs`
[INFO] [stdout] 
[INFO] [stdout] error: aborting due to previous error
[INFO] [stdout] 
[INFO] [stdout] For more information about this error, try `rustc --explain E0432`.
[INFO] [stdout] Couldn't compile the test.
[INFO] [stdout] ---- src/fs/mod.rs - fs::Filesystem::read_link (line 483) stdout ----
[INFO] [stdout] error[E0432]: unresolved import `fut_compat::fs::AsyncStdFs`
[INFO] [stdout]  --> src/fs/mod.rs:488:5
[INFO] [stdout]   |
[INFO] [stdout] 7 | use fut_compat::fs::AsyncStdFs;
[INFO] [stdout]   |     ^^^^^^^^^^^^^^^^^^^^^^^^^^ no `AsyncStdFs` in `fs`
[INFO] [stdout] 
[INFO] [stdout] error: aborting due to previous error
[INFO] [stdout] 
[INFO] [stdout] For more information about this error, try `rustc --explain E0432`.
[INFO] [stdout] Couldn't compile the test.
[INFO] [stdout] ---- src/fs/mod.rs - fs::Filesystem::metadata (line 310) stdout ----
[INFO] [stdout] error[E0432]: unresolved import `fut_compat::fs::TokioFs`
[INFO] [stdout]  --> src/fs/mod.rs:316:5
[INFO] [stdout]   |
[INFO] [stdout] 8 | use fut_compat::fs::TokioFs;
[INFO] [stdout]   |     ^^^^^^^^^^^^^^^^^^^^^^^ no `TokioFs` in `fs`
[INFO] [stdout] 
[INFO] [stdout] error: aborting due to previous error
[INFO] [stdout] 
[INFO] [stdout] For more information about this error, try `rustc --explain E0432`.
[INFO] [stdout] Couldn't compile the test.
[INFO] [stdout] ---- src/fs/mod.rs - fs::Filesystem::read_to_string (line 536) stdout ----
[INFO] [stdout] error[E0432]: unresolved import `fut_compat::fs::AsyncStdFs`
[INFO] [stdout]  --> src/fs/mod.rs:541:5
[INFO] [stdout]   |
[INFO] [stdout] 7 | use fut_compat::fs::AsyncStdFs;
[INFO] [stdout]   |     ^^^^^^^^^^^^^^^^^^^^^^^^^^ no `AsyncStdFs` in `fs`
[INFO] [stdout] 
[INFO] [stdout] error: aborting due to previous error
[INFO] [stdout] 
[INFO] [stdout] For more information about this error, try `rustc --explain E0432`.
[INFO] [stdout] Couldn't compile the test.
[INFO] [stdout] ---- src/fs/mod.rs - fs::Filesystem::remove_dir_all (line 611) stdout ----
[INFO] [stdout] error[E0432]: unresolved import `fut_compat::fs::TokioFs`
[INFO] [stdout]  --> src/fs/mod.rs:617:5
[INFO] [stdout]   |
[INFO] [stdout] 8 | use fut_compat::fs::TokioFs;
[INFO] [stdout]   |     ^^^^^^^^^^^^^^^^^^^^^^^ no `TokioFs` in `fs`
[INFO] [stdout] 
[INFO] [stdout] error: aborting due to previous error
[INFO] [stdout] 
[INFO] [stdout] For more information about this error, try `rustc --explain E0432`.
[INFO] [stdout] Couldn't compile the test.
[INFO] [stdout] ---- src/fs/mod.rs - fs::Filesystem::rename (line 720) stdout ----
[INFO] [stdout] error[E0432]: unresolved import `fut_compat::fs::AsyncStdFs`
[INFO] [stdout]  --> src/fs/mod.rs:725:5
[INFO] [stdout]   |
[INFO] [stdout] 7 | use fut_compat::fs::AsyncStdFs;
[INFO] [stdout]   |     ^^^^^^^^^^^^^^^^^^^^^^^^^^ no `AsyncStdFs` in `fs`
[INFO] [stdout] 
[INFO] [stdout] error: aborting due to previous error
[INFO] [stdout] 
[INFO] [stdout] For more information about this error, try `rustc --explain E0432`.
[INFO] [stdout] Couldn't compile the test.
[INFO] [stdout] ---- src/fs/mod.rs - fs::OpenOptions (line 1217) stdout ----
[INFO] [stdout] error[E0432]: unresolved import `tokio::fs`
[INFO] [stdout]  --> src/fs/mod.rs:1221:12
[INFO] [stdout]   |
[INFO] [stdout] 5 | use tokio::fs::OpenOptions;
[INFO] [stdout]   |            ^^ could not find `fs` in `tokio`
[INFO] [stdout] 
[INFO] [stdout] error: aborting due to previous error
[INFO] [stdout] 
[INFO] [stdout] For more information about this error, try `rustc --explain E0432`.
[INFO] [stdout] Couldn't compile the test.
[INFO] [stdout] ---- src/fs/mod.rs - fs::Filesystem::remove_file (line 671) stdout ----
[INFO] [stdout] error[E0432]: unresolved import `fut_compat::fs::AsyncStdFs`
[INFO] [stdout]  --> src/fs/mod.rs:676:5
[INFO] [stdout]   |
[INFO] [stdout] 7 | use fut_compat::fs::AsyncStdFs;
[INFO] [stdout]   |     ^^^^^^^^^^^^^^^^^^^^^^^^^^ no `AsyncStdFs` in `fs`
[INFO] [stdout] 
[INFO] [stdout] error: aborting due to previous error
[INFO] [stdout] 
[INFO] [stdout] For more information about this error, try `rustc --explain E0432`.
[INFO] [stdout] Couldn't compile the test.
[INFO] [stdout] ---- src/fs/mod.rs - fs::Filesystem::set_permissions (line 770) stdout ----
[INFO] [stdout] error[E0432]: unresolved import `fut_compat::fs::AsyncStdFs`
[INFO] [stdout]  --> src/fs/mod.rs:775:5
[INFO] [stdout]   |
[INFO] [stdout] 7 | use fut_compat::fs::AsyncStdFs;
[INFO] [stdout]   |     ^^^^^^^^^^^^^^^^^^^^^^^^^^ no `AsyncStdFs` in `fs`
[INFO] [stdout] 
[INFO] [stdout] error: aborting due to previous error
[INFO] [stdout] 
[INFO] [stdout] For more information about this error, try `rustc --explain E0432`.
[INFO] [stdout] Couldn't compile the test.
[INFO] [stdout] ---- src/fs/mod.rs - fs::Filesystem::remove_file (line 656) stdout ----
[INFO] [stdout] error[E0432]: unresolved import `fut_compat::fs::TokioFs`
[INFO] [stdout]  --> src/fs/mod.rs:662:5
[INFO] [stdout]   |
[INFO] [stdout] 8 | use fut_compat::fs::TokioFs;
[INFO] [stdout]   |     ^^^^^^^^^^^^^^^^^^^^^^^ no `TokioFs` in `fs`
[INFO] [stdout] 
[INFO] [stdout] error: aborting due to previous error
[INFO] [stdout] 
[INFO] [stdout] For more information about this error, try `rustc --explain E0432`.
[INFO] [stdout] Couldn't compile the test.
[INFO] [stdout] ---- src/fs/mod.rs - fs::OpenOptions (line 1250) stdout ----
[INFO] [stdout] error[E0432]: unresolved import `tokio::fs`
[INFO] [stdout]  --> src/fs/mod.rs:1254:12
[INFO] [stdout]   |
[INFO] [stdout] 5 | use tokio::fs::OpenOptions;
[INFO] [stdout]   |            ^^ could not find `fs` in `tokio`
[INFO] [stdout] 
[INFO] [stdout] error: aborting due to previous error
[INFO] [stdout] 
[INFO] [stdout] For more information about this error, try `rustc --explain E0432`.
[INFO] [stdout] Couldn't compile the test.
[INFO] [stdout] ---- src/fs/mod.rs - fs::Filesystem::write (line 857) stdout ----
[INFO] [stdout] error[E0432]: unresolved import `fut_compat::fs::TokioFs`
[INFO] [stdout]  --> src/fs/mod.rs:863:5
[INFO] [stdout]   |
[INFO] [stdout] 8 | use fut_compat::fs::TokioFs;
[INFO] [stdout]   |     ^^^^^^^^^^^^^^^^^^^^^^^ no `TokioFs` in `fs`
[INFO] [stdout] 
[INFO] [stdout] error: aborting due to previous error
[INFO] [stdout] 
[INFO] [stdout] For more information about this error, try `rustc --explain E0432`.
[INFO] [stdout] Couldn't compile the test.
[INFO] [stdout] ---- src/fs/mod.rs - fs::Filesystem::remove_dir_all (line 626) stdout ----
[INFO] [stdout] error[E0432]: unresolved import `fut_compat::fs::AsyncStdFs`
[INFO] [stdout]  --> src/fs/mod.rs:631:5
[INFO] [stdout]   |
[INFO] [stdout] 7 | use fut_compat::fs::AsyncStdFs;
[INFO] [stdout]   |     ^^^^^^^^^^^^^^^^^^^^^^^^^^ no `AsyncStdFs` in `fs`
[INFO] [stdout] 
[INFO] [stdout] error: aborting due to previous error
[INFO] [stdout] 
[INFO] [stdout] For more information about this error, try `rustc --explain E0432`.
[INFO] [stdout] Couldn't compile the test.
[INFO] [stdout] ---- src/fs/mod.rs - fs::Filesystem::write (line 872) stdout ----
[INFO] [stdout] error[E0432]: unresolved import `fut_compat::fs::AsyncStdFs`
[INFO] [stdout]  --> src/fs/mod.rs:877:5
[INFO] [stdout]   |
[INFO] [stdout] 7 | use fut_compat::fs::AsyncStdFs;
[INFO] [stdout]   |     ^^^^^^^^^^^^^^^^^^^^^^^^^^ no `AsyncStdFs` in `fs`
[INFO] [stdout] 
[INFO] [stdout] error: aborting due to previous error
[INFO] [stdout] 
[INFO] [stdout] For more information about this error, try `rustc --explain E0432`.
[INFO] [stdout] Couldn't compile the test.
[INFO] [stdout] ---- src/fs/mod.rs - fs::Filesystem::set_permissions (line 753) stdout ----
[INFO] [stdout] error[E0432]: unresolved import `fut_compat::fs::TokioFs`
[INFO] [stdout]  --> src/fs/mod.rs:759:5
[INFO] [stdout]   |
[INFO] [stdout] 8 | use fut_compat::fs::TokioFs;
[INFO] [stdout]   |     ^^^^^^^^^^^^^^^^^^^^^^^ no `TokioFs` in `fs`
[INFO] [stdout] 
[INFO] [stdout] error: aborting due to previous error
[INFO] [stdout] 
[INFO] [stdout] For more information about this error, try `rustc --explain E0432`.
[INFO] [stdout] Couldn't compile the test.
[INFO] [stdout] ---- src/fs/mod.rs - fs::Filesystem::rename (line 705) stdout ----
[INFO] [stdout] error[E0432]: unresolved import `fut_compat::fs::TokioFs`
[INFO] [stdout]  --> src/fs/mod.rs:711:5
[INFO] [stdout]   |
[INFO] [stdout] 8 | use fut_compat::fs::TokioFs;
[INFO] [stdout]   |     ^^^^^^^^^^^^^^^^^^^^^^^ no `TokioFs` in `fs`
[INFO] [stdout] 
[INFO] [stdout] error: aborting due to previous error
[INFO] [stdout] 
[INFO] [stdout] For more information about this error, try `rustc --explain E0432`.
[INFO] [stdout] Couldn't compile the test.
[INFO] [stdout] ---- src/fs/mod.rs - fs::Filesystem::symlink_metadata (line 809) stdout ----
[INFO] [stdout] error[E0432]: unresolved import `fut_compat::fs::TokioFs`
[INFO] [stdout]  --> src/fs/mod.rs:815:5
[INFO] [stdout]   |
[INFO] [stdout] 8 | use fut_compat::fs::TokioFs;
[INFO] [stdout]   |     ^^^^^^^^^^^^^^^^^^^^^^^ no `TokioFs` in `fs`
[INFO] [stdout] 
[INFO] [stdout] error: aborting due to previous error
[INFO] [stdout] 
[INFO] [stdout] For more information about this error, try `rustc --explain E0432`.
[INFO] [stdout] Couldn't compile the test.
[INFO] [stdout] ---- src/fs/mod.rs - fs::Filesystem::symlink_metadata (line 824) stdout ----
[INFO] [stdout] error[E0432]: unresolved import `fut_compat::fs::AsyncStdFs`
[INFO] [stdout]  --> src/fs/mod.rs:829:5
[INFO] [stdout]   |
[INFO] [stdout] 7 | use fut_compat::fs::AsyncStdFs;
[INFO] [stdout]   |     ^^^^^^^^^^^^^^^^^^^^^^^^^^ no `AsyncStdFs` in `fs`
[INFO] [stdout] 
[INFO] [stdout] error: aborting due to previous error
[INFO] [stdout] 
[INFO] [stdout] For more information about this error, try `rustc --explain E0432`.
[INFO] [stdout] Couldn't compile the test.
[INFO] [stdout] ---- src/lib.rs - (line 22) stdout ----
[INFO] [stdout] error[E0432]: unresolved import `fut_compat::task::TokioExecutor`
[INFO] [stdout]  --> src/lib.rs:26:5
[INFO] [stdout]   |
[INFO] [stdout] 6 | use fut_compat::task::TokioExecutor;
[INFO] [stdout]   |     ^^^^^^^^^^^^^^^^^^^^^^^^^^^^^^^ no `TokioExecutor` in `task`
[INFO] [stdout] 
[INFO] [stdout] error: aborting due to previous error
[INFO] [stdout] 
[INFO] [stdout] For more information about this error, try `rustc --explain E0432`.
[INFO] [stdout] Couldn't compile the test.
[INFO] [stdout] 
[INFO] [stdout] failures:
[INFO] [stdout]     src/fs/mod.rs - fs::DirEntry::file_name (line 949)
[INFO] [stdout]     src/fs/mod.rs - fs::DirEntry::file_name (line 970)
[INFO] [stdout]     src/fs/mod.rs - fs::DirEntry::file_type (line 1068)
[INFO] [stdout]     src/fs/mod.rs - fs::DirEntry::file_type (line 1089)
[INFO] [stdout]     src/fs/mod.rs - fs::DirEntry::metadata (line 1009)
[INFO] [stdout]     src/fs/mod.rs - fs::DirEntry::metadata (line 1030)
[INFO] [stdout]     src/fs/mod.rs - fs::DirEntry::path (line 904)
[INFO] [stdout]     src/fs/mod.rs - fs::DirEntry::path (line 925)
[INFO] [stdout]     src/fs/mod.rs - fs::Filesystem::canonicalize (line 56)
[INFO] [stdout]     src/fs/mod.rs - fs::Filesystem::canonicalize (line 71)
[INFO] [stdout]     src/fs/mod.rs - fs::Filesystem::copy (line 112)
[INFO] [stdout]     src/fs/mod.rs - fs::Filesystem::copy (line 127)
[INFO] [stdout]     src/fs/mod.rs - fs::Filesystem::create_dir (line 165)
[INFO] [stdout]     src/fs/mod.rs - fs::Filesystem::create_dir (line 180)
[INFO] [stdout]     src/fs/mod.rs - fs::Filesystem::create_dir_all (line 210)
[INFO] [stdout]     src/fs/mod.rs - fs::Filesystem::create_dir_all (line 225)
[INFO] [stdout]     src/fs/mod.rs - fs::Filesystem::hard_link (line 257)
[INFO] [stdout]     src/fs/mod.rs - fs::Filesystem::hard_link (line 272)
[INFO] [stdout]     src/fs/mod.rs - fs::Filesystem::metadata (line 310)
[INFO] [stdout]     src/fs/mod.rs - fs::Filesystem::metadata (line 325)
[INFO] [stdout]     src/fs/mod.rs - fs::Filesystem::read (line 362)
[INFO] [stdout]     src/fs/mod.rs - fs::Filesystem::read (line 377)
[INFO] [stdout]     src/fs/mod.rs - fs::Filesystem::read_dir (line 412)
[INFO] [stdout]     src/fs/mod.rs - fs::Filesystem::read_dir (line 433)
[INFO] [stdout]     src/fs/mod.rs - fs::Filesystem::read_link (line 468)
[INFO] [stdout]     src/fs/mod.rs - fs::Filesystem::read_link (line 483)
[INFO] [stdout]     src/fs/mod.rs - fs::Filesystem::read_to_string (line 521)
[INFO] [stdout]     src/fs/mod.rs - fs::Filesystem::read_to_string (line 536)
[INFO] [stdout]     src/fs/mod.rs - fs::Filesystem::remove_dir (line 566)
[INFO] [stdout]     src/fs/mod.rs - fs::Filesystem::remove_dir (line 581)
[INFO] [stdout]     src/fs/mod.rs - fs::Filesystem::remove_dir_all (line 611)
[INFO] [stdout]     src/fs/mod.rs - fs::Filesystem::remove_dir_all (line 626)
[INFO] [stdout]     src/fs/mod.rs - fs::Filesystem::remove_file (line 656)
[INFO] [stdout]     src/fs/mod.rs - fs::Filesystem::remove_file (line 671)
[INFO] [stdout]     src/fs/mod.rs - fs::Filesystem::rename (line 705)
[INFO] [stdout]     src/fs/mod.rs - fs::Filesystem::rename (line 720)
[INFO] [stdout]     src/fs/mod.rs - fs::Filesystem::set_permissions (line 753)
[INFO] [stdout]     src/fs/mod.rs - fs::Filesystem::set_permissions (line 770)
[INFO] [stdout]     src/fs/mod.rs - fs::Filesystem::symlink_metadata (line 809)
[INFO] [stdout]     src/fs/mod.rs - fs::Filesystem::symlink_metadata (line 824)
[INFO] [stdout]     src/fs/mod.rs - fs::Filesystem::write (line 857)
[INFO] [stdout]     src/fs/mod.rs - fs::Filesystem::write (line 872)
[INFO] [stdout]     src/fs/mod.rs - fs::OpenOptions (line 1217)
[INFO] [stdout]     src/fs/mod.rs - fs::OpenOptions (line 1250)
[INFO] [stdout]     src/lib.rs - (line 22)
[INFO] [stdout] 
[INFO] [stdout] test result: FAILED. 2 passed; 45 failed; 0 ignored; 0 measured; 0 filtered out; finished in 0.39s
[INFO] [stdout] 
[INFO] [stderr] error: doctest failed, to rerun pass `--doc`
[INFO] running `Command { std: "docker" "inspect" "2b8674c6608d9b64e036fc3ee2d8526a73f1b6ba8ba48218a03b8aa34d788a2e", kill_on_drop: false }`
[INFO] running `Command { std: "docker" "rm" "-f" "2b8674c6608d9b64e036fc3ee2d8526a73f1b6ba8ba48218a03b8aa34d788a2e", kill_on_drop: false }`
[INFO] [stdout] 2b8674c6608d9b64e036fc3ee2d8526a73f1b6ba8ba48218a03b8aa34d788a2e
