[INFO] fetching crate fuels-test-helpers 0.53.0...
[INFO] testing fuels-test-helpers-0.53.0 against 1.75.0 for beta-1.76-1
[INFO] extracting crate fuels-test-helpers 0.53.0 into /workspace/builds/worker-2-tc1/source
[INFO] validating manifest of crates.io crate fuels-test-helpers 0.53.0 on toolchain 1.75.0
[INFO] running `Command { std: CARGO_HOME="/workspace/cargo-home" RUSTUP_HOME="/workspace/rustup-home" "/workspace/cargo-home/bin/cargo" "+1.75.0" "metadata" "--manifest-path" "Cargo.toml" "--no-deps", kill_on_drop: false }`
[INFO] started tweaking crates.io crate fuels-test-helpers 0.53.0
[INFO] finished tweaking crates.io crate fuels-test-helpers 0.53.0
[INFO] tweaked toml for crates.io crate fuels-test-helpers 0.53.0 written to /workspace/builds/worker-2-tc1/source/Cargo.toml
[INFO] running `Command { std: CARGO_HOME="/workspace/cargo-home" RUSTUP_HOME="/workspace/rustup-home" "/workspace/cargo-home/bin/cargo" "+1.75.0" "generate-lockfile" "--manifest-path" "Cargo.toml", kill_on_drop: false }`
[INFO] [stderr]     Updating crates.io index
[INFO] running `Command { std: CARGO_HOME="/workspace/cargo-home" RUSTUP_HOME="/workspace/rustup-home" "/workspace/cargo-home/bin/cargo" "+1.75.0" "fetch" "--manifest-path" "Cargo.toml", kill_on_drop: false }`
[INFO] [stderr]  Downloading crates ...
[INFO] [stderr]   Downloaded fuel-core-services v0.21.0
[INFO] [stderr]   Downloaded fuels-accounts v0.53.0
[INFO] [stderr]   Downloaded fuel-types v0.43.2
[INFO] [stderr]   Downloaded cynic-codegen v2.2.8
[INFO] [stderr]   Downloaded graphql-parser v0.4.0
[INFO] [stderr]   Downloaded fuel-core-metrics v0.21.0
[INFO] [stderr]   Downloaded fuel-core-storage v0.21.0
[INFO] [stderr]   Downloaded fuel-core-chain-config v0.21.0
[INFO] [stderr]   Downloaded counter v0.5.7
[INFO] [stderr]   Downloaded fuel-core-types v0.21.0
[INFO] [stderr]   Downloaded prometheus-client v0.18.1
[INFO] [stderr]   Downloaded eventsource-client v0.10.2
[INFO] [stderr]   Downloaded fuel-vm v0.43.2
[INFO] [stderr]   Downloaded axum v0.5.17
[INFO] [stderr]   Downloaded async-graphql v4.0.16
[INFO] [stderr]   Downloaded fuel-core-client v0.21.0
[INFO] [stderr]   Downloaded fuels-core v0.53.0
[INFO] [stderr]   Downloaded cynic v2.2.8
[INFO] [stderr]   Downloaded fuel-merkle v0.43.2
[INFO] [stderr]   Downloaded fuel-tx v0.43.2
[INFO] [stderr]   Downloaded async-graphql-parser v4.0.16
[INFO] [stderr]   Downloaded tower-http v0.3.5
[INFO] [stderr]   Downloaded fuel-core v0.21.0
[INFO] [stderr]   Downloaded fuel-crypto v0.43.2
[INFO] [stderr]   Downloaded fuel-storage v0.43.2
[INFO] [stderr]   Downloaded fuel-derive v0.43.2
[INFO] [stderr]   Downloaded portpicker v0.1.1
[INFO] [stderr]   Downloaded fuel-core-producer v0.21.0
[INFO] [stderr]   Downloaded tokio-rayon v2.1.0
[INFO] [stderr]   Downloaded fuel-core-txpool v0.21.0
[INFO] [stderr]   Downloaded matchit v0.5.0
[INFO] [stderr]   Downloaded prometheus-client-derive-text-encode v0.3.0
[INFO] [stderr]   Downloaded async-graphql-derive v4.0.16
[INFO] [stderr]   Downloaded async-graphql-value v4.0.16
[INFO] [stderr]   Downloaded fuel-core-database v0.21.0
[INFO] [stderr]   Downloaded schemafy_core v0.5.2
[INFO] [stderr]   Downloaded schemafy_lib v0.5.2
[INFO] [stderr]   Downloaded synstructure v0.13.0
[INFO] [stderr]   Downloaded fuel-core-importer v0.21.0
[INFO] [stderr]   Downloaded fuels-macros v0.53.0
[INFO] [stderr]   Downloaded fuel-core-consensus-module v0.21.0
[INFO] [stderr]   Downloaded fuel-core-executor v0.21.0
[INFO] [stderr]   Downloaded axum-core v0.2.9
[INFO] [stderr]   Downloaded enum-iterator-derive v1.2.1
[INFO] [stderr]   Downloaded enum-iterator v1.4.1
[INFO] [stderr]   Downloaded fuel-core-poa v0.21.0
[INFO] [stderr]   Downloaded cynic-proc-macros v2.2.8
[INFO] [stderr]   Downloaded fuel-asm v0.43.2
[INFO] [stderr]   Downloaded fuels-code-gen v0.53.0
[INFO] running `Command { std: "docker" "create" "-v" "/var/lib/crater-agent-workspace/builds/worker-2-tc1/target:/opt/rustwide/target:rw,Z" "-v" "/var/lib/crater-agent-workspace/builds/worker-2-tc1/source:/opt/rustwide/workdir:ro,Z" "-v" "/var/lib/crater-agent-workspace/cargo-home:/opt/rustwide/cargo-home:ro,Z" "-v" "/var/lib/crater-agent-workspace/rustup-home:/opt/rustwide/rustup-home:ro,Z" "-e" "SOURCE_DIR=/opt/rustwide/workdir" "-e" "CARGO_TARGET_DIR=/opt/rustwide/target" "-e" "CARGO_HOME=/opt/rustwide/cargo-home" "-e" "RUSTUP_HOME=/opt/rustwide/rustup-home" "-w" "/opt/rustwide/workdir" "-m" "1610612736" "--user" "0:0" "--network" "none" "ghcr.io/rust-lang/crates-build-env/linux@sha256:2788e3201cd34a07e3172128adcd8b3090168a8e3bcc40d7c032b9dda1df7d1c" "/opt/rustwide/cargo-home/bin/cargo" "+1.75.0" "metadata" "--no-deps" "--format-version=1", kill_on_drop: false }`
[INFO] [stdout] f388079b386ab8e6ae27363e51bae84a7fda3860029bb1037942b1e69692dba2
[INFO] running `Command { std: "docker" "start" "-a" "f388079b386ab8e6ae27363e51bae84a7fda3860029bb1037942b1e69692dba2", kill_on_drop: false }`
[INFO] running `Command { std: "docker" "inspect" "f388079b386ab8e6ae27363e51bae84a7fda3860029bb1037942b1e69692dba2", kill_on_drop: false }`
[INFO] running `Command { std: "docker" "rm" "-f" "f388079b386ab8e6ae27363e51bae84a7fda3860029bb1037942b1e69692dba2", kill_on_drop: false }`
[INFO] [stdout] f388079b386ab8e6ae27363e51bae84a7fda3860029bb1037942b1e69692dba2
[INFO] running `Command { std: "docker" "create" "-v" "/var/lib/crater-agent-workspace/builds/worker-2-tc1/target:/opt/rustwide/target:rw,Z" "-v" "/var/lib/crater-agent-workspace/builds/worker-2-tc1/source:/opt/rustwide/workdir:ro,Z" "-v" "/var/lib/crater-agent-workspace/cargo-home:/opt/rustwide/cargo-home:ro,Z" "-v" "/var/lib/crater-agent-workspace/rustup-home:/opt/rustwide/rustup-home:ro,Z" "-e" "SOURCE_DIR=/opt/rustwide/workdir" "-e" "CARGO_TARGET_DIR=/opt/rustwide/target" "-e" "CARGO_INCREMENTAL=0" "-e" "RUST_BACKTRACE=full" "-e" "RUSTFLAGS=--cap-lints=warn" "-e" "RUSTDOCFLAGS=--cap-lints=warn" "-e" "CARGO_HOME=/opt/rustwide/cargo-home" "-e" "RUSTUP_HOME=/opt/rustwide/rustup-home" "-w" "/opt/rustwide/workdir" "-m" "1610612736" "--user" "0:0" "--network" "none" "ghcr.io/rust-lang/crates-build-env/linux@sha256:2788e3201cd34a07e3172128adcd8b3090168a8e3bcc40d7c032b9dda1df7d1c" "/opt/rustwide/cargo-home/bin/cargo" "+1.75.0" "build" "--frozen" "--message-format=json", kill_on_drop: false }`
[INFO] [stdout] 49b7301e8256338f33bf71e5ef47eb62bbea3f351e27c78f6547a401ed2811e0
[INFO] running `Command { std: "docker" "start" "-a" "49b7301e8256338f33bf71e5ef47eb62bbea3f351e27c78f6547a401ed2811e0", kill_on_drop: false }`
[INFO] [stderr]    Compiling proc-macro2 v1.0.75
[INFO] [stderr]    Compiling unicode-ident v1.0.12
[INFO] [stderr]    Compiling cfg-if v1.0.0
[INFO] [stderr]    Compiling version_check v0.9.4
[INFO] [stderr]    Compiling serde v1.0.194
[INFO] [stderr]    Compiling typenum v1.17.0
[INFO] [stderr]    Compiling libc v0.2.151
[INFO] [stderr]    Compiling itoa v1.0.10
[INFO] [stderr]    Compiling getrandom v0.2.11
[INFO] [stderr]    Compiling subtle v2.5.0
[INFO] [stderr]    Compiling const-oid v0.9.6
[INFO] [stderr]    Compiling lock_api v0.4.11
[INFO] [stderr]    Compiling scopeguard v1.2.0
[INFO] [stderr]    Compiling syn v1.0.109
[INFO] [stderr]    Compiling rand_core v0.6.4
[INFO] [stderr]    Compiling pin-project-lite v0.2.13
[INFO] [stderr]    Compiling parking_lot_core v0.9.9
[INFO] [stderr]    Compiling generic-array v0.14.7
[INFO] [stderr]    Compiling smallvec v1.11.2
[INFO] [stderr]    Compiling ryu v1.0.16
[INFO] [stderr]    Compiling quote v1.0.35
[INFO] [stderr]    Compiling fnv v1.0.7
[INFO] [stderr]    Compiling ahash v0.8.7
[INFO] [stderr]    Compiling bytes v1.5.0
[INFO] [stderr]    Compiling log v0.4.20
[INFO] [stderr]    Compiling syn v2.0.48
[INFO] [stderr]    Compiling cc v1.0.83
[INFO] [stderr]    Compiling parking_lot v0.12.1
[INFO] [stderr]    Compiling zerocopy v0.7.32
[INFO] [stderr]    Compiling thiserror v1.0.56
[INFO] [stderr]    Compiling futures-core v0.3.30
[INFO] [stderr]    Compiling signal-hook-registry v1.4.1
[INFO] [stderr]    Compiling num_cpus v1.16.0
[INFO] [stderr]    Compiling mio v0.8.10
[INFO] [stderr]    Compiling socket2 v0.5.5
[INFO] [stderr]    Compiling slab v0.4.9
[INFO] [stderr]    Compiling futures-sink v0.3.30
[INFO] [stderr]    Compiling cpufeatures v0.2.12
[INFO] [stderr]    Compiling allocator-api2 v0.2.16
[INFO] [stderr]    Compiling futures-channel v0.3.30
[INFO] [stderr]    Compiling futures-task v0.3.30
[INFO] [stderr]    Compiling semver v1.0.21
[INFO] [stderr]    Compiling pin-utils v0.1.0
[INFO] [stderr]    Compiling futures-io v0.3.30
[INFO] [stderr]    Compiling tracing-core v0.1.32
[INFO] [stderr]    Compiling serde_json v1.0.111
[INFO] [stderr]    Compiling http v0.2.11
[INFO] [stderr]    Compiling ff v0.13.0
[INFO] [stderr]    Compiling base64 v0.21.5
[INFO] [stderr]    Compiling base16ct v0.2.0
[INFO] [stderr]    Compiling memchr v2.7.1
[INFO] [stderr]    Compiling ppv-lite86 v0.2.17
[INFO] [stderr]    Compiling rustc_version v0.4.0
[INFO] [stderr]    Compiling percent-encoding v2.3.1
[INFO] [stderr]    Compiling lazy_static v1.4.0
[INFO] [stderr]    Compiling group v0.13.0
[INFO] [stderr]    Compiling tower-service v0.3.2
[INFO] [stderr]    Compiling rand_chacha v0.3.1
[INFO] [stderr]    Compiling httparse v1.8.0
[INFO] [stderr]    Compiling equivalent v1.0.1
[INFO] [stderr]    Compiling spin v0.9.8
[INFO] [stderr]    Compiling try-lock v0.2.5
[INFO] [stderr]    Compiling keccak v0.1.4
[INFO] [stderr]    Compiling want v0.3.1
[INFO] [stderr]    Compiling http-body v0.4.6
[INFO] [stderr]    Compiling rand v0.8.5
[INFO] [stderr]    Compiling httpdate v1.0.3
[INFO] [stderr]    Compiling unicode-xid v0.2.4
[INFO] [stderr]    Compiling async-trait v0.1.77
[INFO] [stderr]    Compiling rustversion v1.0.14
[INFO] [stderr]    Compiling radium v0.7.0
[INFO] [stderr]    Compiling platforms v3.3.0
[INFO] [stderr]    Compiling secp256k1-sys v0.8.1
[INFO] [stderr]    Compiling ring v0.17.7
[INFO] [stderr]    Compiling curve25519-dalek v4.1.1
[INFO] [stderr]    Compiling ring v0.16.20
[INFO] [stderr]    Compiling either v1.9.0
[INFO] [stderr]    Compiling byteorder v1.5.0
[INFO] [stderr]    Compiling strsim v0.10.0
[INFO] [stderr]    Compiling ident_case v1.0.1
[INFO] [stderr]    Compiling bech32 v0.9.1
[INFO] [stderr]    Compiling tap v1.0.1
[INFO] [stderr]    Compiling wyz v0.5.1
[INFO] [stderr]    Compiling synstructure v0.13.0
[INFO] [stderr]    Compiling form_urlencoded v1.2.1
[INFO] [stderr]    Compiling aho-corasick v1.1.2
[INFO] [stderr]    Compiling darling_core v0.13.4
[INFO] [stderr]    Compiling untrusted v0.7.1
[INFO] [stderr]    Compiling spin v0.5.2
[INFO] [stderr]    Compiling heck v0.4.1
[INFO] [stderr]    Compiling crunchy v0.2.2
[INFO] [stderr]    Compiling funty v2.0.0
[INFO] [stderr]    Compiling static_assertions v1.1.0
[INFO] [stderr]    Compiling bitvec v1.0.1
[INFO] [stderr]    Compiling regex-automata v0.4.3
[INFO] [stderr]    Compiling unicode-bidi v0.3.14
[INFO] [stderr]    Compiling serde_derive v1.0.194
[INFO] [stderr]    Compiling zeroize_derive v1.4.2
[INFO] [stderr]    Compiling tokio-macros v2.2.0
[INFO] [stderr]    Compiling thiserror-impl v1.0.56
[INFO] [stderr]    Compiling futures-macro v0.3.30
[INFO] [stderr]    Compiling zeroize v1.7.0
[INFO] [stderr]    Compiling der v0.7.8
[INFO] [stderr]    Compiling tokio v1.35.1
[INFO] [stderr]    Compiling crypto-common v0.1.6
[INFO] [stderr]    Compiling block-buffer v0.10.4
[INFO] [stderr]    Compiling digest v0.10.7
[INFO] [stderr]    Compiling tracing-attributes v0.1.27
[INFO] [stderr]    Compiling futures-util v0.3.30
[INFO] [stderr]    Compiling sha2 v0.10.8
[INFO] [stderr]    Compiling hmac v0.12.1
[INFO] [stderr]    Compiling spki v0.7.3
[INFO] [stderr]    Compiling sec1 v0.7.3
[INFO] [stderr]    Compiling pkcs8 v0.10.2
[INFO] [stderr]    Compiling signature v2.2.0
[INFO] [stderr]    Compiling crypto-bigint v0.5.5
[INFO] [stderr]    Compiling rfc6979 v0.4.0
[INFO] [stderr]    Compiling sha3 v0.10.8
[INFO] [stderr]    Compiling bs58 v0.5.0
[INFO] [stderr]    Compiling ripemd v0.1.3
[INFO] [stderr]    Compiling fuel-derive v0.43.2
[INFO] [stderr]    Compiling tracing v0.1.40
[INFO] [stderr]    Compiling curve25519-dalek-derive v0.1.1
[INFO] [stderr]    Compiling elliptic-curve v0.13.8
[INFO] [stderr]    Compiling ed25519 v2.2.3
[INFO] [stderr]    Compiling pbkdf2 v0.12.2
[INFO] [stderr]    Compiling ecdsa v0.16.9
[INFO] [stderr]    Compiling primeorder v0.13.6
[INFO] [stderr]    Compiling strum_macros v0.24.3
[INFO] [stderr]    Compiling darling_macro v0.13.4
[INFO] [stderr]    Compiling k256 v0.13.2
[INFO] [stderr]    Compiling pin-project-internal v1.1.3
[INFO] [stderr]    Compiling tokio-util v0.7.10
[INFO] [stderr]    Compiling untrusted v0.9.0
[INFO] [stderr]    Compiling convert_case v0.4.0
[INFO] [stderr]    Compiling derive_more v0.99.17
[INFO] [stderr]    Compiling darling v0.13.4
[INFO] [stderr]    Compiling ed25519-dalek v2.1.0
[INFO] [stderr]    Compiling pin-project v1.1.3
[INFO] [stderr]    Compiling p256 v0.13.2
[INFO] [stderr]    Compiling regex v1.10.2
[INFO] [stderr]    Compiling hashbrown v0.14.3
[INFO] [stderr]    Compiling hex v0.4.3
[INFO] [stderr]    Compiling bitflags v2.4.1
[INFO] [stderr]    Compiling coins-core v0.8.7
[INFO] [stderr]    Compiling fuel-types v0.43.2
[INFO] [stderr]    Compiling indexmap v2.1.0
[INFO] [stderr]    Compiling coins-bip32 v0.8.7
[INFO] [stderr]    Compiling strum v0.24.1
[INFO] [stderr]    Compiling secp256k1 v0.26.0
[INFO] [stderr]    Compiling h2 v0.3.22
[INFO] [stderr]    Compiling coins-bip39 v0.8.7
[INFO] [stderr]    Compiling itertools v0.10.5
[INFO] [stderr]    Compiling hashbrown v0.13.2
[INFO] [stderr]    Compiling mime v0.3.17
[INFO] [stderr]    Compiling fuel-storage v0.43.2
[INFO] [stderr]    Compiling anyhow v1.0.79
[INFO] [stderr]    Compiling openssl-probe v0.1.5
[INFO] [stderr]    Compiling paste v1.0.14
[INFO] [stderr]    Compiling libm v0.2.8
[INFO] [stderr]    Compiling fuel-crypto v0.43.2
[INFO] [stderr]    Compiling uint v0.9.5
[INFO] [stderr]    Compiling fuel-asm v0.43.2
[INFO] [stderr]    Compiling serde_urlencoded v0.7.1
[INFO] [stderr]    Compiling derivative v2.2.0
[INFO] [stderr]    Compiling sct v0.6.1
[INFO] [stderr]    Compiling fixed-hash v0.8.0
[INFO] [stderr]    Compiling num-traits v0.2.17
[INFO] [stderr]    Compiling time-core v0.1.2
[INFO] [stderr]    Compiling void v1.0.2
[INFO] [stderr]    Compiling powerfmt v0.2.0
[INFO] [stderr]    Compiling rustls v0.21.10
[INFO] [stderr]    Compiling deranged v0.3.11
[INFO] [stderr]    Compiling unreachable v1.0.0
[INFO] [stderr]    Compiling time-macros v0.2.16
[INFO] [stderr]    Compiling primitive-types v0.12.2
[INFO] [stderr]    Compiling fuel-merkle v0.43.2
[INFO] [stderr]    Compiling sct v0.7.1
[INFO] [stderr]    Compiling rustls-webpki v0.101.7
[INFO] [stderr]    Compiling Inflector v0.11.4
[INFO] [stderr]    Compiling tai64 v4.0.0
[INFO] [stderr]    Compiling webpki v0.21.4
[INFO] [stderr]    Compiling cookie v0.16.2
[INFO] [stderr]    Compiling ascii v0.9.3
[INFO] [stderr]    Compiling ethnum v1.5.0
[INFO] [stderr]    Compiling hyper v0.14.28
[INFO] [stderr]    Compiling fuel-tx v0.43.2
[INFO] [stderr]    Compiling base64 v0.13.1
[INFO] [stderr]    Compiling rustls v0.19.1
[INFO] [stderr]    Compiling time v0.3.31
[INFO] [stderr]    Compiling combine v3.8.1
[INFO] [stderr]    Compiling futures-executor v0.3.30
[INFO] [stderr]    Compiling inout v0.1.3
[INFO] [stderr]    Compiling secrecy v0.8.0
[INFO] [stderr]    Compiling idna v0.5.0
[INFO] [stderr]    Compiling idna v0.3.0
[INFO] [stderr]    Compiling heapless v0.7.17
[INFO] [stderr]    Compiling rustls-pemfile v1.0.4
[INFO] [stderr]    Compiling matches v0.1.10
[INFO] [stderr]    Compiling psl-types v2.0.11
[INFO] [stderr]    Compiling tower-layer v0.3.2
[INFO] [stderr]    Compiling publicsuffix v2.2.3
[INFO] [stderr]    Compiling idna v0.2.3
[INFO] [stderr]    Compiling graphql-parser v0.4.0
[INFO] [stderr]    Compiling fuel-vm v0.43.2
[INFO] [stderr]    Compiling rustls-native-certs v0.6.3
[INFO] [stderr]    Compiling url v2.5.0
[INFO] [stderr]    Compiling tokio-rustls v0.24.1
[INFO] [stderr]    Compiling cipher v0.4.4
[INFO] [stderr]    Compiling futures v0.3.30
[INFO] [stderr]    Compiling counter v0.5.7
[INFO] [stderr]    Compiling schemafy_core v0.5.2
[INFO] [stderr]    Compiling hash32 v0.2.1
[INFO] [stderr]    Compiling stable_deref_trait v1.2.0
[INFO] [stderr]    Compiling webpki-roots v0.25.3
[INFO] [stderr]    Compiling hyper-rustls v0.24.2
[INFO] [stderr]    Compiling cynic-codegen v2.2.8
[INFO] [stderr]    Compiling schemafy_lib v0.5.2
[INFO] [stderr]    Compiling cookie_store v0.16.2
[INFO] [stderr]    Compiling tower v0.4.13
[INFO] [stderr]    Compiling tokio-rustls v0.22.0
[INFO] [stderr]    Compiling rustls-native-certs v0.5.0
[INFO] [stderr]    Compiling ct-logs v0.8.0
[INFO] [stderr]    Compiling serde_with_macros v1.5.2
[INFO] [stderr]    Compiling tokio-io-timeout v1.2.0
[INFO] [stderr]    Compiling encoding_rs v0.8.33
[INFO] [stderr]    Compiling fuel-core-types v0.21.0
[INFO] [stderr]    Compiling ipnet v2.9.0
[INFO] [stderr]    Compiling prometheus-client v0.20.0
[INFO] [stderr]    Compiling bitflags v1.3.2
[INFO] [stderr]    Compiling embedded-io v0.4.0
[INFO] [stderr]    Compiling http-range-header v0.3.1
[INFO] [stderr]    Compiling cobs v0.2.3
[INFO] [stderr]    Compiling dtoa v1.0.9
[INFO] [stderr]    Compiling postcard v1.0.8
[INFO] [stderr]    Compiling tower-http v0.3.5
[INFO] [stderr]    Compiling reqwest v0.11.23
[INFO] [stderr]    Compiling fuel-abi-types v0.3.0
[INFO] [stderr]    Compiling fuel-core-storage v0.21.0
[INFO] [stderr]    Compiling serde_with v1.14.0
[INFO] [stderr]    Compiling fuel-core-client v0.21.0
[INFO] [stderr]    Compiling hyper-timeout v0.4.1
[INFO] [stderr]    Compiling hyper-rustls v0.22.1
[INFO] [stderr]    Compiling axum-core v0.2.9
[INFO] [stderr]    Compiling prometheus-client-derive-text-encode v0.3.0
[INFO] [stderr]    Compiling prometheus-client-derive-encode v0.4.2
[INFO] [stderr]    Compiling itertools v0.12.0
[INFO] [stderr]    Compiling matchit v0.5.0
[INFO] [stderr]    Compiling rustix v0.38.28
[INFO] [stderr]    Compiling sync_wrapper v0.1.2
[INFO] [stderr]    Compiling prometheus-client v0.18.1
[INFO] [stderr]    Compiling fuel-core-chain-config v0.21.0
[INFO] [stderr]    Compiling eventsource-client v0.10.2
[INFO] [stderr]    Compiling axum v0.5.17
[INFO] [stderr]    Compiling salsa20 v0.10.2
[INFO] [stderr]    Compiling pbkdf2 v0.11.0
[INFO] [stderr]    Compiling fuels-code-gen v0.53.0
[INFO] [stderr]    Compiling linux-raw-sys v0.4.12
[INFO] [stderr]    Compiling iana-time-zone v0.1.59
[INFO] [stderr]    Compiling chrono v0.4.31
[INFO] [stderr]    Compiling cynic-proc-macros v2.2.8
[INFO] [stderr]    Compiling fuels-macros v0.53.0
[INFO] [stderr]    Compiling scrypt v0.10.0
[INFO] [stderr]    Compiling cynic v2.2.8
[INFO] [stderr]    Compiling fuel-core-metrics v0.21.0
[INFO] [stderr]    Compiling aes v0.8.3
[INFO] [stderr]    Compiling ctr v0.9.2
[INFO] [stderr]    Compiling uuid v0.8.2
[INFO] [stderr]    Compiling fuel-core-services v0.21.0
[INFO] [stderr]    Compiling eth-keystore v0.5.0
[INFO] [stderr]    Compiling tokio-stream v0.1.14
[INFO] [stderr]    Compiling fastrand v2.0.1
[INFO] [stderr]    Compiling home v0.5.9
[INFO] [stderr]    Compiling tempfile v3.9.0
[INFO] [stderr]    Compiling fuel-core-poa v0.21.0
[INFO] [stderr]    Compiling which v5.0.0
[INFO] [stderr]    Compiling serde_with v3.4.0
[INFO] [stderr]    Compiling portpicker v0.1.1
[INFO] [stderr]    Compiling fuels-core v0.53.0
[INFO] [stderr]    Compiling fuels-accounts v0.53.0
[INFO] [stderr]    Compiling fuels-test-helpers v0.53.0 (/opt/rustwide/workdir)
[INFO] [stderr]     Finished dev [unoptimized + debuginfo] target(s) in 2m 52s
[INFO] running `Command { std: "docker" "inspect" "49b7301e8256338f33bf71e5ef47eb62bbea3f351e27c78f6547a401ed2811e0", kill_on_drop: false }`
[INFO] running `Command { std: "docker" "rm" "-f" "49b7301e8256338f33bf71e5ef47eb62bbea3f351e27c78f6547a401ed2811e0", kill_on_drop: false }`
[INFO] [stdout] 49b7301e8256338f33bf71e5ef47eb62bbea3f351e27c78f6547a401ed2811e0
[INFO] running `Command { std: "docker" "create" "-v" "/var/lib/crater-agent-workspace/builds/worker-2-tc1/target:/opt/rustwide/target:rw,Z" "-v" "/var/lib/crater-agent-workspace/builds/worker-2-tc1/source:/opt/rustwide/workdir:ro,Z" "-v" "/var/lib/crater-agent-workspace/cargo-home:/opt/rustwide/cargo-home:ro,Z" "-v" "/var/lib/crater-agent-workspace/rustup-home:/opt/rustwide/rustup-home:ro,Z" "-e" "SOURCE_DIR=/opt/rustwide/workdir" "-e" "CARGO_TARGET_DIR=/opt/rustwide/target" "-e" "CARGO_INCREMENTAL=0" "-e" "RUST_BACKTRACE=full" "-e" "RUSTFLAGS=--cap-lints=warn" "-e" "RUSTDOCFLAGS=--cap-lints=warn" "-e" "CARGO_HOME=/opt/rustwide/cargo-home" "-e" "RUSTUP_HOME=/opt/rustwide/rustup-home" "-w" "/opt/rustwide/workdir" "-m" "1610612736" "--user" "0:0" "--network" "none" "ghcr.io/rust-lang/crates-build-env/linux@sha256:2788e3201cd34a07e3172128adcd8b3090168a8e3bcc40d7c032b9dda1df7d1c" "/opt/rustwide/cargo-home/bin/cargo" "+1.75.0" "test" "--frozen" "--no-run" "--message-format=json", kill_on_drop: false }`
[INFO] [stdout] 64ea55a2fb3495a9ce0885a5f5ba2dac49a6ec79435370a6788bfc9fdbc3ad1a
[INFO] running `Command { std: "docker" "start" "-a" "64ea55a2fb3495a9ce0885a5f5ba2dac49a6ec79435370a6788bfc9fdbc3ad1a", kill_on_drop: false }`
[INFO] [stderr]    Compiling fuels-test-helpers v0.53.0 (/opt/rustwide/workdir)
[INFO] [stderr]     Finished test [unoptimized + debuginfo] target(s) in 12.68s
[INFO] running `Command { std: "docker" "inspect" "64ea55a2fb3495a9ce0885a5f5ba2dac49a6ec79435370a6788bfc9fdbc3ad1a", kill_on_drop: false }`
[INFO] running `Command { std: "docker" "rm" "-f" "64ea55a2fb3495a9ce0885a5f5ba2dac49a6ec79435370a6788bfc9fdbc3ad1a", kill_on_drop: false }`
[INFO] [stdout] 64ea55a2fb3495a9ce0885a5f5ba2dac49a6ec79435370a6788bfc9fdbc3ad1a
[INFO] running `Command { std: "docker" "create" "-v" "/var/lib/crater-agent-workspace/builds/worker-2-tc1/target:/opt/rustwide/target:rw,Z" "-v" "/var/lib/crater-agent-workspace/builds/worker-2-tc1/source:/opt/rustwide/workdir:ro,Z" "-v" "/var/lib/crater-agent-workspace/cargo-home:/opt/rustwide/cargo-home:ro,Z" "-v" "/var/lib/crater-agent-workspace/rustup-home:/opt/rustwide/rustup-home:ro,Z" "-e" "SOURCE_DIR=/opt/rustwide/workdir" "-e" "CARGO_TARGET_DIR=/opt/rustwide/target" "-e" "CARGO_INCREMENTAL=0" "-e" "RUST_BACKTRACE=full" "-e" "RUSTFLAGS=--cap-lints=warn" "-e" "RUSTDOCFLAGS=--cap-lints=warn" "-e" "CARGO_HOME=/opt/rustwide/cargo-home" "-e" "RUSTUP_HOME=/opt/rustwide/rustup-home" "-w" "/opt/rustwide/workdir" "-m" "1610612736" "--user" "0:0" "--network" "none" "ghcr.io/rust-lang/crates-build-env/linux@sha256:2788e3201cd34a07e3172128adcd8b3090168a8e3bcc40d7c032b9dda1df7d1c" "/opt/rustwide/cargo-home/bin/cargo" "+1.75.0" "test" "--frozen", kill_on_drop: false }`
[INFO] [stdout] 39f721a5f67e27eb7a58bde595c5a72e7fce89c2c9c2663d79e461148b0c656a
[INFO] running `Command { std: "docker" "start" "-a" "39f721a5f67e27eb7a58bde595c5a72e7fce89c2c9c2663d79e461148b0c656a", kill_on_drop: false }`
[INFO] [stderr]     Finished test [unoptimized + debuginfo] target(s) in 0.57s
[INFO] [stderr]      Running unittests src/lib.rs (/opt/rustwide/target/debug/deps/fuels_test_helpers-9684374b0f28ddf3)
[INFO] [stdout] 
[INFO] [stdout] running 10 tests
[INFO] [stdout] test accounts::tests::test_wallet_config ... FAILED
[INFO] [stdout] test tests::test_setup_multiple_assets_coins ... ok
[INFO] [stdout] test accounts::tests::test_wallet_config_multiple_assets ... FAILED
[INFO] [stdout] test accounts::tests::generated_wallets_with_custom_chain_config ... FAILED
[INFO] [stdout] test tests::test_setup_custom_assets_coins ... ok
[INFO] [stdout] test tests::test_setup_single_asset_coins ... ok
[INFO] [stdout] test tests::test_setup_test_client_consensus_parameters_config ... FAILED
[INFO] [stdout] test tests::test_setup_test_provider_custom_config ... FAILED
[INFO] [stdout] test tests::test_chain_config_and_consensus_parameters ... FAILED
[INFO] [stdout] test accounts::tests::generated_wallets_are_deterministic ... FAILED
[INFO] [stdout] 
[INFO] [stdout] failures:
[INFO] [stdout] 
[INFO] [stdout] ---- accounts::tests::test_wallet_config stdout ----
[INFO] [stdout] Error: InfrastructureError("Infrastructure error: no 'fuel-core' in PATH")
[INFO] [stdout] 
[INFO] [stdout] ---- accounts::tests::test_wallet_config_multiple_assets stdout ----
[INFO] [stdout] Error: InfrastructureError("Infrastructure error: no 'fuel-core' in PATH")
[INFO] [stdout] 
[INFO] [stdout] ---- accounts::tests::generated_wallets_with_custom_chain_config stdout ----
[INFO] [stdout] Error: InfrastructureError("Infrastructure error: no 'fuel-core' in PATH")
[INFO] [stdout] 
[INFO] [stdout] ---- tests::test_setup_test_client_consensus_parameters_config stdout ----
[INFO] [stdout] Error: InfrastructureError("Infrastructure error: no 'fuel-core' in PATH")
[INFO] [stdout] 
[INFO] [stdout] ---- tests::test_setup_test_provider_custom_config stdout ----
[INFO] [stdout] Error: InfrastructureError("Infrastructure error: no 'fuel-core' in PATH")
[INFO] [stdout] 
[INFO] [stdout] ---- tests::test_chain_config_and_consensus_parameters stdout ----
[INFO] [stdout] Error: InfrastructureError("Infrastructure error: no 'fuel-core' in PATH")
[INFO] [stdout] 
[INFO] [stdout] ---- accounts::tests::generated_wallets_are_deterministic stdout ----
[INFO] [stdout] Error: InfrastructureError("Infrastructure error: no 'fuel-core' in PATH")
[INFO] [stdout] 
[INFO] [stdout] 
[INFO] [stdout] failures:
[INFO] [stdout]     accounts::tests::generated_wallets_are_deterministic
[INFO] [stdout]     accounts::tests::generated_wallets_with_custom_chain_config
[INFO] [stdout]     accounts::tests::test_wallet_config
[INFO] [stdout]     accounts::tests::test_wallet_config_multiple_assets
[INFO] [stdout]     tests::test_chain_config_and_consensus_parameters
[INFO] [stdout]     tests::test_setup_test_client_consensus_parameters_config
[INFO] [stdout]     tests::test_setup_test_provider_custom_config
[INFO] [stdout] 
[INFO] [stdout] test result: FAILED. 3 passed; 7 failed; 0 ignored; 0 measured; 0 filtered out; finished in 0.14s
[INFO] [stdout] 
[INFO] [stderr] error: test failed, to rerun pass `--lib`
[INFO] running `Command { std: "docker" "inspect" "39f721a5f67e27eb7a58bde595c5a72e7fce89c2c9c2663d79e461148b0c656a", kill_on_drop: false }`
[INFO] running `Command { std: "docker" "rm" "-f" "39f721a5f67e27eb7a58bde595c5a72e7fce89c2c9c2663d79e461148b0c656a", kill_on_drop: false }`
[INFO] [stdout] 39f721a5f67e27eb7a58bde595c5a72e7fce89c2c9c2663d79e461148b0c656a
