[INFO] fetching crate fuel-indexer-graphql-parser 0.11.2...
[INFO] testing fuel-indexer-graphql-parser-0.11.2 against 1.75.0 for beta-1.76-1
[INFO] extracting crate fuel-indexer-graphql-parser 0.11.2 into /workspace/builds/worker-7-tc1/source
[INFO] validating manifest of crates.io crate fuel-indexer-graphql-parser 0.11.2 on toolchain 1.75.0
[INFO] running `Command { std: CARGO_HOME="/workspace/cargo-home" RUSTUP_HOME="/workspace/rustup-home" "/workspace/cargo-home/bin/cargo" "+1.75.0" "metadata" "--manifest-path" "Cargo.toml" "--no-deps", kill_on_drop: false }`
[INFO] started tweaking crates.io crate fuel-indexer-graphql-parser 0.11.2
[INFO] finished tweaking crates.io crate fuel-indexer-graphql-parser 0.11.2
[INFO] tweaked toml for crates.io crate fuel-indexer-graphql-parser 0.11.2 written to /workspace/builds/worker-7-tc1/source/Cargo.toml
[INFO] running `Command { std: CARGO_HOME="/workspace/cargo-home" RUSTUP_HOME="/workspace/rustup-home" "/workspace/cargo-home/bin/cargo" "+1.75.0" "generate-lockfile" "--manifest-path" "Cargo.toml", kill_on_drop: false }`
[INFO] [stderr]     Updating crates.io index
[INFO] running `Command { std: CARGO_HOME="/workspace/cargo-home" RUSTUP_HOME="/workspace/rustup-home" "/workspace/cargo-home/bin/cargo" "+1.75.0" "fetch" "--manifest-path" "Cargo.toml", kill_on_drop: false }`
[INFO] [stderr]  Downloading crates ...
[INFO] [stderr]   Downloaded ascii v0.9.3
[INFO] [stderr]   Downloaded pretty_assertions v0.5.1
[INFO] [stderr]   Downloaded unreachable v1.0.0
[INFO] [stderr]   Downloaded combine v3.8.1
[INFO] running `Command { std: "docker" "create" "-v" "/var/lib/crater-agent-workspace/builds/worker-7-tc1/target:/opt/rustwide/target:rw,Z" "-v" "/var/lib/crater-agent-workspace/builds/worker-7-tc1/source:/opt/rustwide/workdir:ro,Z" "-v" "/var/lib/crater-agent-workspace/cargo-home:/opt/rustwide/cargo-home:ro,Z" "-v" "/var/lib/crater-agent-workspace/rustup-home:/opt/rustwide/rustup-home:ro,Z" "-e" "SOURCE_DIR=/opt/rustwide/workdir" "-e" "CARGO_TARGET_DIR=/opt/rustwide/target" "-e" "CARGO_HOME=/opt/rustwide/cargo-home" "-e" "RUSTUP_HOME=/opt/rustwide/rustup-home" "-w" "/opt/rustwide/workdir" "-m" "1610612736" "--user" "0:0" "--network" "none" "ghcr.io/rust-lang/crates-build-env/linux@sha256:2788e3201cd34a07e3172128adcd8b3090168a8e3bcc40d7c032b9dda1df7d1c" "/opt/rustwide/cargo-home/bin/cargo" "+1.75.0" "metadata" "--no-deps" "--format-version=1", kill_on_drop: false }`
[INFO] [stdout] 21f119f622c67e73c2df2399606a49d43b684d8e3f88fe665798db6ab29d5b16
[INFO] running `Command { std: "docker" "start" "-a" "21f119f622c67e73c2df2399606a49d43b684d8e3f88fe665798db6ab29d5b16", kill_on_drop: false }`
[INFO] running `Command { std: "docker" "inspect" "21f119f622c67e73c2df2399606a49d43b684d8e3f88fe665798db6ab29d5b16", kill_on_drop: false }`
[INFO] running `Command { std: "docker" "rm" "-f" "21f119f622c67e73c2df2399606a49d43b684d8e3f88fe665798db6ab29d5b16", kill_on_drop: false }`
[INFO] [stdout] 21f119f622c67e73c2df2399606a49d43b684d8e3f88fe665798db6ab29d5b16
[INFO] running `Command { std: "docker" "create" "-v" "/var/lib/crater-agent-workspace/builds/worker-7-tc1/target:/opt/rustwide/target:rw,Z" "-v" "/var/lib/crater-agent-workspace/builds/worker-7-tc1/source:/opt/rustwide/workdir:ro,Z" "-v" "/var/lib/crater-agent-workspace/cargo-home:/opt/rustwide/cargo-home:ro,Z" "-v" "/var/lib/crater-agent-workspace/rustup-home:/opt/rustwide/rustup-home:ro,Z" "-e" "SOURCE_DIR=/opt/rustwide/workdir" "-e" "CARGO_TARGET_DIR=/opt/rustwide/target" "-e" "CARGO_INCREMENTAL=0" "-e" "RUST_BACKTRACE=full" "-e" "RUSTFLAGS=--cap-lints=warn" "-e" "RUSTDOCFLAGS=--cap-lints=warn" "-e" "CARGO_HOME=/opt/rustwide/cargo-home" "-e" "RUSTUP_HOME=/opt/rustwide/rustup-home" "-w" "/opt/rustwide/workdir" "-m" "1610612736" "--user" "0:0" "--network" "none" "ghcr.io/rust-lang/crates-build-env/linux@sha256:2788e3201cd34a07e3172128adcd8b3090168a8e3bcc40d7c032b9dda1df7d1c" "/opt/rustwide/cargo-home/bin/cargo" "+1.75.0" "build" "--frozen" "--message-format=json", kill_on_drop: false }`
[INFO] [stdout] 0e0f550e663984e1d2afa667bb2bb0972b02338c5d021a11f257de686f4887d7
[INFO] running `Command { std: "docker" "start" "-a" "0e0f550e663984e1d2afa667bb2bb0972b02338c5d021a11f257de686f4887d7", kill_on_drop: false }`
[INFO] [stderr]    Compiling void v1.0.2
[INFO] [stderr]    Compiling either v1.9.0
[INFO] [stderr]    Compiling memchr v2.7.1
[INFO] [stderr]    Compiling ascii v0.9.3
[INFO] [stderr]    Compiling syn v2.0.48
[INFO] [stderr]    Compiling unreachable v1.0.0
[INFO] [stderr]    Compiling combine v3.8.1
[INFO] [stderr]    Compiling thiserror-impl v1.0.56
[INFO] [stderr]    Compiling thiserror v1.0.56
[INFO] [stderr]    Compiling fuel-indexer-graphql-parser v0.11.2 (/opt/rustwide/workdir)
[INFO] [stderr]     Finished dev [unoptimized + debuginfo] target(s) in 5.29s
[INFO] running `Command { std: "docker" "inspect" "0e0f550e663984e1d2afa667bb2bb0972b02338c5d021a11f257de686f4887d7", kill_on_drop: false }`
[INFO] running `Command { std: "docker" "rm" "-f" "0e0f550e663984e1d2afa667bb2bb0972b02338c5d021a11f257de686f4887d7", kill_on_drop: false }`
[INFO] [stdout] 0e0f550e663984e1d2afa667bb2bb0972b02338c5d021a11f257de686f4887d7
[INFO] running `Command { std: "docker" "create" "-v" "/var/lib/crater-agent-workspace/builds/worker-7-tc1/target:/opt/rustwide/target:rw,Z" "-v" "/var/lib/crater-agent-workspace/builds/worker-7-tc1/source:/opt/rustwide/workdir:ro,Z" "-v" "/var/lib/crater-agent-workspace/cargo-home:/opt/rustwide/cargo-home:ro,Z" "-v" "/var/lib/crater-agent-workspace/rustup-home:/opt/rustwide/rustup-home:ro,Z" "-e" "SOURCE_DIR=/opt/rustwide/workdir" "-e" "CARGO_TARGET_DIR=/opt/rustwide/target" "-e" "CARGO_INCREMENTAL=0" "-e" "RUST_BACKTRACE=full" "-e" "RUSTFLAGS=--cap-lints=warn" "-e" "RUSTDOCFLAGS=--cap-lints=warn" "-e" "CARGO_HOME=/opt/rustwide/cargo-home" "-e" "RUSTUP_HOME=/opt/rustwide/rustup-home" "-w" "/opt/rustwide/workdir" "-m" "1610612736" "--user" "0:0" "--network" "none" "ghcr.io/rust-lang/crates-build-env/linux@sha256:2788e3201cd34a07e3172128adcd8b3090168a8e3bcc40d7c032b9dda1df7d1c" "/opt/rustwide/cargo-home/bin/cargo" "+1.75.0" "test" "--frozen" "--no-run" "--message-format=json", kill_on_drop: false }`
[INFO] [stdout] 579921f437fe472cf828dee5f268264ac52b84b5802a84fef7dee6f0c02b9958
[INFO] running `Command { std: "docker" "start" "-a" "579921f437fe472cf828dee5f268264ac52b84b5802a84fef7dee6f0c02b9958", kill_on_drop: false }`
[INFO] [stderr]    Compiling difference v2.0.0
[INFO] [stderr]    Compiling ansi_term v0.11.0
[INFO] [stderr]    Compiling pretty_assertions v0.5.1
[INFO] [stderr]    Compiling fuel-indexer-graphql-parser v0.11.2 (/opt/rustwide/workdir)
[INFO] [stderr]     Finished test [unoptimized + debuginfo] target(s) in 8.72s
[INFO] running `Command { std: "docker" "inspect" "579921f437fe472cf828dee5f268264ac52b84b5802a84fef7dee6f0c02b9958", kill_on_drop: false }`
[INFO] running `Command { std: "docker" "rm" "-f" "579921f437fe472cf828dee5f268264ac52b84b5802a84fef7dee6f0c02b9958", kill_on_drop: false }`
[INFO] [stdout] 579921f437fe472cf828dee5f268264ac52b84b5802a84fef7dee6f0c02b9958
[INFO] running `Command { std: "docker" "create" "-v" "/var/lib/crater-agent-workspace/builds/worker-7-tc1/target:/opt/rustwide/target:rw,Z" "-v" "/var/lib/crater-agent-workspace/builds/worker-7-tc1/source:/opt/rustwide/workdir:ro,Z" "-v" "/var/lib/crater-agent-workspace/cargo-home:/opt/rustwide/cargo-home:ro,Z" "-v" "/var/lib/crater-agent-workspace/rustup-home:/opt/rustwide/rustup-home:ro,Z" "-e" "SOURCE_DIR=/opt/rustwide/workdir" "-e" "CARGO_TARGET_DIR=/opt/rustwide/target" "-e" "CARGO_INCREMENTAL=0" "-e" "RUST_BACKTRACE=full" "-e" "RUSTFLAGS=--cap-lints=warn" "-e" "RUSTDOCFLAGS=--cap-lints=warn" "-e" "CARGO_HOME=/opt/rustwide/cargo-home" "-e" "RUSTUP_HOME=/opt/rustwide/rustup-home" "-w" "/opt/rustwide/workdir" "-m" "1610612736" "--user" "0:0" "--network" "none" "ghcr.io/rust-lang/crates-build-env/linux@sha256:2788e3201cd34a07e3172128adcd8b3090168a8e3bcc40d7c032b9dda1df7d1c" "/opt/rustwide/cargo-home/bin/cargo" "+1.75.0" "test" "--frozen", kill_on_drop: false }`
[INFO] [stdout] a707ed7c5548da4fe90556e866eb808e2af798e3aa0542e981c4a2019b821940
[INFO] running `Command { std: "docker" "start" "-a" "a707ed7c5548da4fe90556e866eb808e2af798e3aa0542e981c4a2019b821940", kill_on_drop: false }`
[INFO] [stderr]     Finished test [unoptimized + debuginfo] target(s) in 0.02s
[INFO] [stderr]      Running unittests src/lib.rs (/opt/rustwide/target/debug/deps/fuel_indexer_graphql_parser-0895634ff01307a9)
[INFO] [stdout] 
[INFO] [stdout] running 40 tests
[INFO] [stdout] test common::tests::unquote_unicode_string ... ok
[INFO] [stdout] test query::grammar::test::consume_full_text ... ok
[INFO] [stdout] test query::grammar::test::builtin_values ... ok
[INFO] [stdout] test query::grammar::test::consume_fails_without_operation ... ok
[INFO] [stdout] test query::grammar::test::consume_single_query ... ok
[INFO] [stdout] test query::grammar::test::consume_single_query_preceding_non_graphql ... ok
[INFO] [stdout] test query::minify::tests::strip_ignored_characters ... ok
[INFO] [stdout] test schema::grammar::test::one_field ... ok
[INFO] [stdout] test query::grammar::test::one_field_roundtrip ... ok
[INFO] [stdout] test tokenizer::test::comments_and_commas ... ok
[INFO] [stdout] test tokenizer::test::block_string ... ok
[INFO] [stdout] test query::grammar::test::one_field ... ok
[INFO] [stdout] test tokenizer::test::float ... ok
[INFO] [stdout] test tokenizer::test::fragment ... ok
[INFO] [stdout] test query::minify::tests::unexpected_token ... ok
[INFO] [stdout] test query::grammar::test::recursion_too_deep ... ok
[INFO] [stdout] test tokenizer::test::int ... ok
[INFO] [stdout] test query::grammar::test::large_integer - should panic ... ok
[INFO] [stdout] test tokenizer::test::letters_float2 - should panic ... ok
[INFO] [stdout] test tokenizer::test::letters_float - should panic ... ok
[INFO] [stdout] test tokenizer::test::letters_int - should panic ... ok
[INFO] [stdout] test tokenizer::test::letters_float3 - should panic ... ok
[INFO] [stdout] test tokenizer::test::minus_float - should panic ... ok
[INFO] [stdout] test tokenizer::test::extra_unterminated_string - should panic ... ok
[INFO] [stdout] test tokenizer::test::minus_zero_float4 - should panic ... ok
[INFO] [stdout] test tokenizer::test::minus_zero_int - should panic ... ok
[INFO] [stdout] test tokenizer::test::minus_int - should panic ... ok
[INFO] [stdout] test tokenizer::test::minus_zero_float - should panic ... ok
[INFO] [stdout] test tokenizer::test::minus_zero_int4 - should panic ... ok
[INFO] [stdout] test tokenizer::test::no_exp_sign_float - should panic ... ok
[INFO] [stdout] test tokenizer::test::no_int_float - should panic ... ok
[INFO] [stdout] test tokenizer::test::no_int_float1 - should panic ... ok
[INFO] [stdout] test tokenizer::test::query ... ok
[INFO] [stdout] test tokenizer::test::simple ... ok
[INFO] [stdout] test tokenizer::test::string ... ok
[INFO] [stdout] test tokenizer::test::unterminated_string - should panic ... ok
[INFO] [stdout] test tokenizer::test::zero_float - should panic ... ok
[INFO] [stdout] test tokenizer::test::zero_float4 - should panic ... ok
[INFO] [stdout] test tokenizer::test::zero_int - should panic ... ok
[INFO] [stdout] test tokenizer::test::zero_int4 - should panic ... ok
[INFO] [stdout] 
[INFO] [stdout] test result: ok. 40 passed; 0 failed; 0 ignored; 0 measured; 0 filtered out; finished in 0.04s
[INFO] [stdout] 
[INFO] [stderr]      Running tests/query_errors.rs (/opt/rustwide/target/debug/deps/query_errors-b7a5cee295bc9c75)
[INFO] [stdout] 
[INFO] [stdout] running 2 tests
[INFO] [stdout] test invalid_curly_brace ... ok
[INFO] [stdout] test bad_args ... ok
[INFO] [stdout] 
[INFO] [stdout] test result: ok. 2 passed; 0 failed; 0 ignored; 0 measured; 0 filtered out; finished in 0.00s
[INFO] [stdout] 
[INFO] [stderr]      Running tests/query_roundtrips.rs (/opt/rustwide/target/debug/deps/query_roundtrips-08b450747a5a0873)
[INFO] [stdout] 
[INFO] [stdout] running 33 tests
[INFO] [stdout] test fragment_spread ... ok
[INFO] [stdout] test inline_fragment ... ok
[INFO] [stdout] test directive_args ... ok
[INFO] [stdout] test fragment ... ok
[INFO] [stdout] test inline_fragment_dir ... ok
[INFO] [stdout] test minimal ... ok
[INFO] [stdout] test minimal_query ... ok
[INFO] [stdout] test directive_args_multiline ... ok
[INFO] [stdout] test mutation_nameless_vars ... ok
[INFO] [stdout] test minimal_mutation ... ok
[INFO] [stdout] test query_aliases ... ok
[INFO] [stdout] test query_arguments_multiline ... ok
[INFO] [stdout] test query_arguments ... ok
[INFO] [stdout] test named_query ... ok
[INFO] [stdout] test kitchen_sink ... ok
[INFO] [stdout] test mutation_directive ... ok
[INFO] [stdout] test query_directive ... ok
[INFO] [stdout] test nested_selection ... ok
[INFO] [stdout] test query_array_arg_multiline ... ok
[INFO] [stdout] test query_object_arg ... ok
[INFO] [stdout] test query_list_arg ... ok
[INFO] [stdout] test query_object_arg_multiline ... ok
[INFO] [stdout] test query_nameless_vars_multiple_fields ... ok
[INFO] [stdout] test query_nameless_vars ... ok
[INFO] [stdout] test query_var_defaults1 ... ok
[INFO] [stdout] test query_var_defaults3 ... ok
[INFO] [stdout] test subscription_directive ... ok
[INFO] [stdout] test query_vars ... ok
[INFO] [stdout] test query_var_defaults2 ... ok
[INFO] [stdout] test string_literal ... ok
[INFO] [stdout] test query_var_defaults ... ok
[INFO] [stdout] test triple_quoted_literal ... ok
[INFO] [stdout] test query_var_defaults4 ... ok
[INFO] [stdout] 
[INFO] [stdout] test result: ok. 33 passed; 0 failed; 0 ignored; 0 measured; 0 filtered out; finished in 0.01s
[INFO] [stdout] 
[INFO] [stderr]      Running tests/schema_roundtrips.rs (/opt/rustwide/target/debug/deps/schema_roundtrips-5178631dc9dc3877)
[INFO] [stdout] 
[INFO] [stdout] running 23 tests
[INFO] [stdout] test directive_variable_definition ... ok
[INFO] [stdout] test extend_enum ... ok
[INFO] [stdout] test enum_type ... ok
[INFO] [stdout] test directive ... ok
[INFO] [stdout] test extend_input ... ok
[INFO] [stdout] test directive_descriptions ... ok
[INFO] [stdout] test empty_union ... ok
[INFO] [stdout] test implements_interface ... ok
[INFO] [stdout] test implements ... ok
[INFO] [stdout] test implements_amp ... ok
[INFO] [stdout] test interface ... ok
[INFO] [stdout] test extend_scalar ... ok
[INFO] [stdout] test extend_object ... ok
[INFO] [stdout] test extend_interface ... ok
[INFO] [stdout] test minimal ... ok
[INFO] [stdout] test minimal_type ... ok
[INFO] [stdout] test union ... ok
[INFO] [stdout] test union_extension ... ok
[INFO] [stdout] test input_type ... ok
[INFO] [stdout] test simple_object ... ok
[INFO] [stdout] test repeatable ... ok
[INFO] [stdout] test scalar_type ... ok
[INFO] [stdout] test kitchen_sink ... ok
[INFO] [stdout] 
[INFO] [stdout] test result: ok. 23 passed; 0 failed; 0 ignored; 0 measured; 0 filtered out; finished in 0.01s
[INFO] [stdout] 
[INFO] [stderr]    Doc-tests fuel-indexer-graphql-parser
[INFO] [stdout] 
[INFO] [stdout] running 2 tests
[INFO] [stdout] test src/lib.rs - (line 45) ... FAILED
[INFO] [stdout] test src/lib.rs - (line 22) ... FAILED
[INFO] [stdout] 
[INFO] [stdout] failures:
[INFO] [stdout] 
[INFO] [stdout] ---- src/lib.rs - (line 45) stdout ----
[INFO] [stdout] error[E0463]: can't find crate for `graphql_parser`
[INFO] [stdout]  --> src/lib.rs:46:1
[INFO] [stdout]   |
[INFO] [stdout] 2 | extern crate graphql_parser;
[INFO] [stdout]   | ^^^^^^^^^^^^^^^^^^^^^^^^^^^^ can't find crate
[INFO] [stdout] 
[INFO] [stdout] error: aborting due to previous error
[INFO] [stdout] 
[INFO] [stdout] For more information about this error, try `rustc --explain E0463`.
[INFO] [stdout] Couldn't compile the test.
[INFO] [stdout] ---- src/lib.rs - (line 22) stdout ----
[INFO] [stdout] error[E0463]: can't find crate for `graphql_parser`
[INFO] [stdout]  --> src/lib.rs:23:1
[INFO] [stdout]   |
[INFO] [stdout] 2 | extern crate graphql_parser;
[INFO] [stdout]   | ^^^^^^^^^^^^^^^^^^^^^^^^^^^^ can't find crate
[INFO] [stdout] 
[INFO] [stdout] error: aborting due to previous error
[INFO] [stdout] 
[INFO] [stdout] For more information about this error, try `rustc --explain E0463`.
[INFO] [stdout] Couldn't compile the test.
[INFO] [stdout] 
[INFO] [stdout] failures:
[INFO] [stdout]     src/lib.rs - (line 22)
[INFO] [stdout]     src/lib.rs - (line 45)
[INFO] [stdout] 
[INFO] [stdout] test result: FAILED. 0 passed; 2 failed; 0 ignored; 0 measured; 0 filtered out; finished in 0.04s
[INFO] [stdout] 
[INFO] [stderr] error: doctest failed, to rerun pass `--doc`
[INFO] running `Command { std: "docker" "inspect" "a707ed7c5548da4fe90556e866eb808e2af798e3aa0542e981c4a2019b821940", kill_on_drop: false }`
[INFO] running `Command { std: "docker" "rm" "-f" "a707ed7c5548da4fe90556e866eb808e2af798e3aa0542e981c4a2019b821940", kill_on_drop: false }`
[INFO] [stdout] a707ed7c5548da4fe90556e866eb808e2af798e3aa0542e981c4a2019b821940
[INFO] testing fuel-indexer-graphql-parser-0.11.2 against beta-2023-12-22 for beta-1.76-1
[INFO] extracting crate fuel-indexer-graphql-parser 0.11.2 into /workspace/builds/worker-7-tc2/source
[INFO] validating manifest of crates.io crate fuel-indexer-graphql-parser 0.11.2 on toolchain beta-2023-12-22
[INFO] running `Command { std: CARGO_HOME="/workspace/cargo-home" RUSTUP_HOME="/workspace/rustup-home" "/workspace/cargo-home/bin/cargo" "+beta-2023-12-22" "metadata" "--manifest-path" "Cargo.toml" "--no-deps", kill_on_drop: false }`
[INFO] started tweaking crates.io crate fuel-indexer-graphql-parser 0.11.2
[INFO] finished tweaking crates.io crate fuel-indexer-graphql-parser 0.11.2
[INFO] tweaked toml for crates.io crate fuel-indexer-graphql-parser 0.11.2 written to /workspace/builds/worker-7-tc2/source/Cargo.toml
[INFO] running `Command { std: CARGO_HOME="/workspace/cargo-home" RUSTUP_HOME="/workspace/rustup-home" "/workspace/cargo-home/bin/cargo" "+beta-2023-12-22" "generate-lockfile" "--manifest-path" "Cargo.toml", kill_on_drop: false }`
[INFO] [stderr]     Updating crates.io index
[INFO] running `Command { std: CARGO_HOME="/workspace/cargo-home" RUSTUP_HOME="/workspace/rustup-home" "/workspace/cargo-home/bin/cargo" "+beta-2023-12-22" "fetch" "--manifest-path" "Cargo.toml", kill_on_drop: false }`
[INFO] running `Command { std: "docker" "create" "-v" "/var/lib/crater-agent-workspace/builds/worker-7-tc2/target:/opt/rustwide/target:rw,Z" "-v" "/var/lib/crater-agent-workspace/builds/worker-7-tc2/source:/opt/rustwide/workdir:ro,Z" "-v" "/var/lib/crater-agent-workspace/cargo-home:/opt/rustwide/cargo-home:ro,Z" "-v" "/var/lib/crater-agent-workspace/rustup-home:/opt/rustwide/rustup-home:ro,Z" "-e" "SOURCE_DIR=/opt/rustwide/workdir" "-e" "CARGO_TARGET_DIR=/opt/rustwide/target" "-e" "CARGO_HOME=/opt/rustwide/cargo-home" "-e" "RUSTUP_HOME=/opt/rustwide/rustup-home" "-w" "/opt/rustwide/workdir" "-m" "1610612736" "--user" "0:0" "--network" "none" "ghcr.io/rust-lang/crates-build-env/linux@sha256:2788e3201cd34a07e3172128adcd8b3090168a8e3bcc40d7c032b9dda1df7d1c" "/opt/rustwide/cargo-home/bin/cargo" "+beta-2023-12-22" "metadata" "--no-deps" "--format-version=1", kill_on_drop: false }`
[INFO] [stdout] d0c99b1a1501caeeb46be1f6dba01665aaf32b06df3397b99792a607282014ae
[INFO] running `Command { std: "docker" "start" "-a" "d0c99b1a1501caeeb46be1f6dba01665aaf32b06df3397b99792a607282014ae", kill_on_drop: false }`
[INFO] running `Command { std: "docker" "inspect" "d0c99b1a1501caeeb46be1f6dba01665aaf32b06df3397b99792a607282014ae", kill_on_drop: false }`
[INFO] running `Command { std: "docker" "rm" "-f" "d0c99b1a1501caeeb46be1f6dba01665aaf32b06df3397b99792a607282014ae", kill_on_drop: false }`
[INFO] [stdout] d0c99b1a1501caeeb46be1f6dba01665aaf32b06df3397b99792a607282014ae
[INFO] running `Command { std: "docker" "create" "-v" "/var/lib/crater-agent-workspace/builds/worker-7-tc2/target:/opt/rustwide/target:rw,Z" "-v" "/var/lib/crater-agent-workspace/builds/worker-7-tc2/source:/opt/rustwide/workdir:ro,Z" "-v" "/var/lib/crater-agent-workspace/cargo-home:/opt/rustwide/cargo-home:ro,Z" "-v" "/var/lib/crater-agent-workspace/rustup-home:/opt/rustwide/rustup-home:ro,Z" "-e" "SOURCE_DIR=/opt/rustwide/workdir" "-e" "CARGO_TARGET_DIR=/opt/rustwide/target" "-e" "CARGO_INCREMENTAL=0" "-e" "RUST_BACKTRACE=full" "-e" "RUSTFLAGS=--cap-lints=warn" "-e" "RUSTDOCFLAGS=--cap-lints=warn" "-e" "CARGO_HOME=/opt/rustwide/cargo-home" "-e" "RUSTUP_HOME=/opt/rustwide/rustup-home" "-w" "/opt/rustwide/workdir" "-m" "1610612736" "--user" "0:0" "--network" "none" "ghcr.io/rust-lang/crates-build-env/linux@sha256:2788e3201cd34a07e3172128adcd8b3090168a8e3bcc40d7c032b9dda1df7d1c" "/opt/rustwide/cargo-home/bin/cargo" "+beta-2023-12-22" "build" "--frozen" "--message-format=json", kill_on_drop: false }`
[INFO] [stdout] b706f75b792ae622cf84eb97818d4eeaaa716cf80f4801c5fbdbb1109c1f0544
[INFO] running `Command { std: "docker" "start" "-a" "b706f75b792ae622cf84eb97818d4eeaaa716cf80f4801c5fbdbb1109c1f0544", kill_on_drop: false }`
[INFO] [stderr]    Compiling void v1.0.2
[INFO] [stderr]    Compiling memchr v2.7.1
[INFO] [stderr]    Compiling ascii v0.9.3
[INFO] [stderr]    Compiling either v1.9.0
[INFO] [stderr]    Compiling syn v2.0.48
[INFO] [stderr]    Compiling unreachable v1.0.0
[INFO] [stderr]    Compiling combine v3.8.1
[INFO] [stderr]    Compiling thiserror-impl v1.0.56
[INFO] [stderr]    Compiling thiserror v1.0.56
[INFO] [stderr]    Compiling fuel-indexer-graphql-parser v0.11.2 (/opt/rustwide/workdir)
[INFO] [stderr]     Finished dev [unoptimized + debuginfo] target(s) in 4.09s
[INFO] running `Command { std: "docker" "inspect" "b706f75b792ae622cf84eb97818d4eeaaa716cf80f4801c5fbdbb1109c1f0544", kill_on_drop: false }`
[INFO] running `Command { std: "docker" "rm" "-f" "b706f75b792ae622cf84eb97818d4eeaaa716cf80f4801c5fbdbb1109c1f0544", kill_on_drop: false }`
[INFO] [stdout] b706f75b792ae622cf84eb97818d4eeaaa716cf80f4801c5fbdbb1109c1f0544
[INFO] running `Command { std: "docker" "create" "-v" "/var/lib/crater-agent-workspace/builds/worker-7-tc2/target:/opt/rustwide/target:rw,Z" "-v" "/var/lib/crater-agent-workspace/builds/worker-7-tc2/source:/opt/rustwide/workdir:ro,Z" "-v" "/var/lib/crater-agent-workspace/cargo-home:/opt/rustwide/cargo-home:ro,Z" "-v" "/var/lib/crater-agent-workspace/rustup-home:/opt/rustwide/rustup-home:ro,Z" "-e" "SOURCE_DIR=/opt/rustwide/workdir" "-e" "CARGO_TARGET_DIR=/opt/rustwide/target" "-e" "CARGO_INCREMENTAL=0" "-e" "RUST_BACKTRACE=full" "-e" "RUSTFLAGS=--cap-lints=warn" "-e" "RUSTDOCFLAGS=--cap-lints=warn" "-e" "CARGO_HOME=/opt/rustwide/cargo-home" "-e" "RUSTUP_HOME=/opt/rustwide/rustup-home" "-w" "/opt/rustwide/workdir" "-m" "1610612736" "--user" "0:0" "--network" "none" "ghcr.io/rust-lang/crates-build-env/linux@sha256:2788e3201cd34a07e3172128adcd8b3090168a8e3bcc40d7c032b9dda1df7d1c" "/opt/rustwide/cargo-home/bin/cargo" "+beta-2023-12-22" "test" "--frozen" "--no-run" "--message-format=json", kill_on_drop: false }`
[INFO] [stdout] ed2189ec0526046a4e7dfba1951342dbf7b758d0dd70066e3e2743b5b4009949
[INFO] running `Command { std: "docker" "start" "-a" "ed2189ec0526046a4e7dfba1951342dbf7b758d0dd70066e3e2743b5b4009949", kill_on_drop: false }`
[INFO] [stderr]    Compiling difference v2.0.0
[INFO] [stderr]    Compiling ansi_term v0.11.0
[INFO] [stderr]    Compiling pretty_assertions v0.5.1
[INFO] [stderr]    Compiling fuel-indexer-graphql-parser v0.11.2 (/opt/rustwide/workdir)
[INFO] [stderr]     Finished test [unoptimized + debuginfo] target(s) in 5.64s
[INFO] running `Command { std: "docker" "inspect" "ed2189ec0526046a4e7dfba1951342dbf7b758d0dd70066e3e2743b5b4009949", kill_on_drop: false }`
[INFO] running `Command { std: "docker" "rm" "-f" "ed2189ec0526046a4e7dfba1951342dbf7b758d0dd70066e3e2743b5b4009949", kill_on_drop: false }`
[INFO] [stdout] ed2189ec0526046a4e7dfba1951342dbf7b758d0dd70066e3e2743b5b4009949
[INFO] running `Command { std: "docker" "create" "-v" "/var/lib/crater-agent-workspace/builds/worker-7-tc2/target:/opt/rustwide/target:rw,Z" "-v" "/var/lib/crater-agent-workspace/builds/worker-7-tc2/source:/opt/rustwide/workdir:ro,Z" "-v" "/var/lib/crater-agent-workspace/cargo-home:/opt/rustwide/cargo-home:ro,Z" "-v" "/var/lib/crater-agent-workspace/rustup-home:/opt/rustwide/rustup-home:ro,Z" "-e" "SOURCE_DIR=/opt/rustwide/workdir" "-e" "CARGO_TARGET_DIR=/opt/rustwide/target" "-e" "CARGO_INCREMENTAL=0" "-e" "RUST_BACKTRACE=full" "-e" "RUSTFLAGS=--cap-lints=warn" "-e" "RUSTDOCFLAGS=--cap-lints=warn" "-e" "CARGO_HOME=/opt/rustwide/cargo-home" "-e" "RUSTUP_HOME=/opt/rustwide/rustup-home" "-w" "/opt/rustwide/workdir" "-m" "1610612736" "--user" "0:0" "--network" "none" "ghcr.io/rust-lang/crates-build-env/linux@sha256:2788e3201cd34a07e3172128adcd8b3090168a8e3bcc40d7c032b9dda1df7d1c" "/opt/rustwide/cargo-home/bin/cargo" "+beta-2023-12-22" "test" "--frozen", kill_on_drop: false }`
[INFO] [stdout] 5ad17fb26db0a5815d27ec1dec944bc1f0a10f59a70ea40eba258e66f0d8c6d5
[INFO] running `Command { std: "docker" "start" "-a" "5ad17fb26db0a5815d27ec1dec944bc1f0a10f59a70ea40eba258e66f0d8c6d5", kill_on_drop: false }`
[INFO] [stderr]     Finished test [unoptimized + debuginfo] target(s) in 0.01s
[INFO] [stderr]      Running unittests src/lib.rs (/opt/rustwide/target/debug/deps/fuel_indexer_graphql_parser-1ae31452f2a93a2d)
[INFO] [stdout] 
[INFO] [stdout] running 40 tests
[INFO] [stdout] test common::tests::unquote_unicode_string ... ok
[INFO] [stdout] test query::grammar::test::consume_fails_without_operation ... ok
[INFO] [stdout] test query::grammar::test::consume_full_text ... ok
[INFO] [stdout] test query::minify::tests::strip_ignored_characters ... ok
[INFO] [stdout] test query::grammar::test::one_field ... ok
[INFO] [stdout] test query::grammar::test::consume_single_query_preceding_non_graphql ... ok
[INFO] [stdout] test query::grammar::test::consume_single_query ... ok
[INFO] [stdout] test query::minify::tests::unexpected_token ... ok
[INFO] [stdout] test query::grammar::test::one_field_roundtrip ... ok
[INFO] [stdout] test query::grammar::test::builtin_values ... ok
[INFO] [stdout] test tokenizer::test::comments_and_commas ... ok
[INFO] [stdout] test tokenizer::test::block_string ... ok
[INFO] [stdout] test tokenizer::test::fragment ... ok
[INFO] [stdout] test tokenizer::test::int ... ok
[INFO] [stdout] test schema::grammar::test::one_field ... ok
[INFO] [stdout] test tokenizer::test::float ... ok
[INFO] [stdout] test query::grammar::test::recursion_too_deep ... ok
[INFO] [stdout] test tokenizer::test::extra_unterminated_string - should panic ... ok
[INFO] [stdout] test query::grammar::test::large_integer - should panic ... ok
[INFO] [stdout] test tokenizer::test::letters_float - should panic ... ok
[INFO] [stdout] test tokenizer::test::letters_int - should panic ... ok
[INFO] [stdout] test tokenizer::test::minus_float - should panic ... ok
[INFO] [stdout] test tokenizer::test::letters_float3 - should panic ... ok
[INFO] [stdout] test tokenizer::test::letters_float2 - should panic ... ok
[INFO] [stdout] test tokenizer::test::minus_int - should panic ... ok
[INFO] [stdout] test tokenizer::test::minus_zero_float - should panic ... ok
[INFO] [stdout] test tokenizer::test::query ... ok
[INFO] [stdout] test tokenizer::test::minus_zero_int - should panic ... ok
[INFO] [stdout] test tokenizer::test::simple ... ok
[INFO] [stdout] test tokenizer::test::minus_zero_float4 - should panic ... ok
[INFO] [stdout] test tokenizer::test::zero_float - should panic ... ok
[INFO] [stdout] test tokenizer::test::no_exp_sign_float - should panic ... ok
[INFO] [stdout] test tokenizer::test::string ... ok
[INFO] [stdout] test tokenizer::test::no_int_float - should panic ... ok
[INFO] [stdout] test tokenizer::test::no_int_float1 - should panic ... ok
[INFO] [stdout] test tokenizer::test::minus_zero_int4 - should panic ... ok
[INFO] [stdout] test tokenizer::test::unterminated_string - should panic ... ok
[INFO] [stdout] test tokenizer::test::zero_float4 - should panic ... ok
[INFO] [stdout] test tokenizer::test::zero_int - should panic ... ok
[INFO] [stdout] test tokenizer::test::zero_int4 - should panic ... ok
[INFO] [stdout] 
[INFO] [stdout] test result: ok. 40 passed; 0 failed; 0 ignored; 0 measured; 0 filtered out; finished in 0.02s
[INFO] [stdout] 
[INFO] [stderr]      Running tests/query_errors.rs (/opt/rustwide/target/debug/deps/query_errors-4082a4cae07e1f53)
[INFO] [stdout] 
[INFO] [stdout] running 2 tests
[INFO] [stdout] test invalid_curly_brace ... ok
[INFO] [stdout] test bad_args ... ok
[INFO] [stdout] 
[INFO] [stdout] test result: ok. 2 passed; 0 failed; 0 ignored; 0 measured; 0 filtered out; finished in 0.00s
[INFO] [stdout] 
[INFO] [stderr]      Running tests/query_roundtrips.rs (/opt/rustwide/target/debug/deps/query_roundtrips-1f1f8da6c9ec9333)
[INFO] [stdout] 
[INFO] [stdout] running 33 tests
[INFO] [stdout] test fragment ... ok
[INFO] [stdout] test directive_args ... ok
[INFO] [stdout] test fragment_spread ... ok
[INFO] [stdout] test minimal ... ok
[INFO] [stdout] test directive_args_multiline ... ok
[INFO] [stdout] test inline_fragment ... ok
[INFO] [stdout] test inline_fragment_dir ... ok
[INFO] [stdout] test named_query ... ok
[INFO] [stdout] test mutation_directive ... ok
[INFO] [stdout] test minimal_query ... ok
[INFO] [stdout] test mutation_nameless_vars ... ok
[INFO] [stdout] test minimal_mutation ... ok
[INFO] [stdout] test query_arguments ... ok
[INFO] [stdout] test nested_selection ... ok
[INFO] [stdout] test query_arguments_multiline ... ok
[INFO] [stdout] test kitchen_sink ... ok
[INFO] [stdout] test query_directive ... ok
[INFO] [stdout] test query_object_arg ... ok
[INFO] [stdout] test query_object_arg_multiline ... ok
[INFO] [stdout] test query_array_arg_multiline ... ok
[INFO] [stdout] test query_aliases ... ok
[INFO] [stdout] test query_list_arg ... ok
[INFO] [stdout] test query_nameless_vars_multiple_fields ... ok
[INFO] [stdout] test query_nameless_vars ... ok
[INFO] [stdout] test string_literal ... ok
[INFO] [stdout] test query_var_defaults1 ... ok
[INFO] [stdout] test query_var_defaults4 ... ok
[INFO] [stdout] test subscription_directive ... ok
[INFO] [stdout] test query_var_defaults2 ... ok
[INFO] [stdout] test triple_quoted_literal ... ok
[INFO] [stdout] test query_var_defaults3 ... ok
[INFO] [stdout] test query_var_defaults ... ok
[INFO] [stdout] test query_vars ... ok
[INFO] [stdout] 
[INFO] [stdout] test result: ok. 33 passed; 0 failed; 0 ignored; 0 measured; 0 filtered out; finished in 0.01s
[INFO] [stdout] 
[INFO] [stderr]      Running tests/schema_roundtrips.rs (/opt/rustwide/target/debug/deps/schema_roundtrips-0e7337e752ead690)
[INFO] [stdout] 
[INFO] [stdout] running 23 tests
[INFO] [stdout] test empty_union ... ok
[INFO] [stdout] test directive_variable_definition ... ok
[INFO] [stdout] test directive ... ok
[INFO] [stdout] test extend_input ... ok
[INFO] [stdout] test directive_descriptions ... ok
[INFO] [stdout] test enum_type ... ok
[INFO] [stdout] test extend_enum ... ok
[INFO] [stdout] test extend_scalar ... ok
[INFO] [stdout] test implements_amp ... ok
[INFO] [stdout] test extend_object ... ok
[INFO] [stdout] test implements ... ok
[INFO] [stdout] test extend_interface ... ok
[INFO] [stdout] test implements_interface ... ok
[INFO] [stdout] test interface ... ok
[INFO] [stdout] test input_type ... ok
[INFO] [stdout] test minimal_type ... ok
[INFO] [stdout] test simple_object ... ok
[INFO] [stdout] test union_extension ... ok
[INFO] [stdout] test repeatable ... ok
[INFO] [stderr]    Doc-tests fuel-indexer-graphql-parser
[INFO] [stdout] test minimal ... ok
[INFO] [stdout] test scalar_type ... ok
[INFO] [stdout] test union ... ok
[INFO] [stdout] test kitchen_sink ... ok
[INFO] [stdout] 
[INFO] [stdout] test result: ok. 23 passed; 0 failed; 0 ignored; 0 measured; 0 filtered out; finished in 0.01s
[INFO] [stdout] 
[INFO] [stdout] 
[INFO] [stdout] running 2 tests
[INFO] [stdout] test src/lib.rs - (line 22) ... FAILED
[INFO] [stdout] test src/lib.rs - (line 45) ... FAILED
[INFO] [stdout] 
[INFO] [stdout] failures:
[INFO] [stdout] 
[INFO] [stdout] ---- src/lib.rs - (line 22) stdout ----
[INFO] [stdout] error[E0463]: can't find crate for `graphql_parser`
[INFO] [stdout]  --> src/lib.rs:23:1
[INFO] [stdout]   |
[INFO] [stdout] 2 | extern crate graphql_parser;
[INFO] [stdout]   | ^^^^^^^^^^^^^^^^^^^^^^^^^^^^ can't find crate
[INFO] [stdout] 
[INFO] [stdout] error: aborting due to 1 previous error
[INFO] [stdout] 
[INFO] [stdout] For more information about this error, try `rustc --explain E0463`.
[INFO] [stdout] Couldn't compile the test.
[INFO] [stdout] ---- src/lib.rs - (line 45) stdout ----
[INFO] [stdout] error[E0463]: can't find crate for `graphql_parser`
[INFO] [stdout]  --> src/lib.rs:46:1
[INFO] [stdout]   |
[INFO] [stdout] 2 | extern crate graphql_parser;
[INFO] [stdout]   | ^^^^^^^^^^^^^^^^^^^^^^^^^^^^ can't find crate
[INFO] [stdout] 
[INFO] [stdout] error: aborting due to 1 previous error
[INFO] [stdout] 
[INFO] [stdout] For more information about this error, try `rustc --explain E0463`.
[INFO] [stdout] Couldn't compile the test.
[INFO] [stdout] 
[INFO] [stdout] failures:
[INFO] [stdout]     src/lib.rs - (line 22)
[INFO] [stdout]     src/lib.rs - (line 45)
[INFO] [stdout] 
[INFO] [stdout] test result: FAILED. 0 passed; 2 failed; 0 ignored; 0 measured; 0 filtered out; finished in 0.06s
[INFO] [stdout] 
[INFO] [stderr] error: doctest failed, to rerun pass `--doc`
[INFO] running `Command { std: "docker" "inspect" "5ad17fb26db0a5815d27ec1dec944bc1f0a10f59a70ea40eba258e66f0d8c6d5", kill_on_drop: false }`
[INFO] running `Command { std: "docker" "rm" "-f" "5ad17fb26db0a5815d27ec1dec944bc1f0a10f59a70ea40eba258e66f0d8c6d5", kill_on_drop: false }`
[INFO] [stdout] 5ad17fb26db0a5815d27ec1dec944bc1f0a10f59a70ea40eba258e66f0d8c6d5
