[INFO] fetching crate fudd 0.1.9...
[INFO] testing fudd-0.1.9 against 1.75.0 for beta-1.76-1
[INFO] extracting crate fudd 0.1.9 into /workspace/builds/worker-6-tc1/source
[INFO] validating manifest of crates.io crate fudd 0.1.9 on toolchain 1.75.0
[INFO] running `Command { std: CARGO_HOME="/workspace/cargo-home" RUSTUP_HOME="/workspace/rustup-home" "/workspace/cargo-home/bin/cargo" "+1.75.0" "metadata" "--manifest-path" "Cargo.toml" "--no-deps", kill_on_drop: false }`
[INFO] started tweaking crates.io crate fudd 0.1.9
[INFO] finished tweaking crates.io crate fudd 0.1.9
[INFO] tweaked toml for crates.io crate fudd 0.1.9 written to /workspace/builds/worker-6-tc1/source/Cargo.toml
[INFO] crate crates.io crate fudd 0.1.9 already has a lockfile, it will not be regenerated
[INFO] running `Command { std: CARGO_HOME="/workspace/cargo-home" RUSTUP_HOME="/workspace/rustup-home" "/workspace/cargo-home/bin/cargo" "+1.75.0" "fetch" "--manifest-path" "Cargo.toml", kill_on_drop: false }`
[INFO] [stderr]     Updating crates.io index
[INFO] [stderr]  Downloading crates ...
[INFO] [stderr]   Downloaded tinystr v0.7.1
[INFO] [stderr]   Downloaded unic-langid-macros-impl v0.9.1
[INFO] [stderr]   Downloaded is-terminal v0.4.8
[INFO] [stderr]   Downloaded unic-langid-macros v0.9.1
[INFO] [stderr]   Downloaded pin-project-internal v1.1.2
[INFO] [stderr]   Downloaded self_cell v0.10.2
[INFO] [stderr]   Downloaded fluent-templates v0.8.0
[INFO] [stderr]   Downloaded wyz v0.6.1
[INFO] [stderr]   Downloaded term-table v1.3.2
[INFO] [stderr]   Downloaded unic-langid-impl v0.9.1
[INFO] [stderr]   Downloaded clap v4.3.10
[INFO] [stderr]   Downloaded rustix v0.38.2
[INFO] [stderr]   Downloaded clap_builder v4.3.10
[INFO] [stderr]   Downloaded syn v2.0.23
[INFO] [stderr]   Downloaded bstr v1.5.0
[INFO] [stderr]   Downloaded proc-macro2 v1.0.63
[INFO] [stderr]   Downloaded time v0.3.22
[INFO] [stderr]   Downloaded pin-project v1.1.2
[INFO] [stderr]   Downloaded ckc-rs v0.1.14
[INFO] [stderr]   Downloaded serde_yaml v0.9.22
[INFO] [stderr]   Downloaded thousands v0.2.0
[INFO] [stderr]   Downloaded unic-langid v0.9.1
[INFO] [stderr]   Downloaded fluent-template-macros v0.8.0
[INFO] [stderr]   Downloaded wincounter v0.1.1
[INFO] [stderr]   Downloaded serde_test v1.0.164
[INFO] [stderr]   Downloaded cardpack v0.4.19
[INFO] running `Command { std: "docker" "create" "-v" "/var/lib/crater-agent-workspace/builds/worker-6-tc1/target:/opt/rustwide/target:rw,Z" "-v" "/var/lib/crater-agent-workspace/builds/worker-6-tc1/source:/opt/rustwide/workdir:ro,Z" "-v" "/var/lib/crater-agent-workspace/cargo-home:/opt/rustwide/cargo-home:ro,Z" "-v" "/var/lib/crater-agent-workspace/rustup-home:/opt/rustwide/rustup-home:ro,Z" "-e" "SOURCE_DIR=/opt/rustwide/workdir" "-e" "CARGO_TARGET_DIR=/opt/rustwide/target" "-e" "CARGO_HOME=/opt/rustwide/cargo-home" "-e" "RUSTUP_HOME=/opt/rustwide/rustup-home" "-w" "/opt/rustwide/workdir" "-m" "1610612736" "--user" "0:0" "--network" "none" "ghcr.io/rust-lang/crates-build-env/linux@sha256:2788e3201cd34a07e3172128adcd8b3090168a8e3bcc40d7c032b9dda1df7d1c" "/opt/rustwide/cargo-home/bin/cargo" "+1.75.0" "metadata" "--no-deps" "--format-version=1", kill_on_drop: false }`
[INFO] [stdout] f1a0b182673821fbf2d75cf943c95eef8cbaf09156d257f467c4590628a8f5e8
[INFO] running `Command { std: "docker" "start" "-a" "f1a0b182673821fbf2d75cf943c95eef8cbaf09156d257f467c4590628a8f5e8", kill_on_drop: false }`
[INFO] running `Command { std: "docker" "inspect" "f1a0b182673821fbf2d75cf943c95eef8cbaf09156d257f467c4590628a8f5e8", kill_on_drop: false }`
[INFO] running `Command { std: "docker" "rm" "-f" "f1a0b182673821fbf2d75cf943c95eef8cbaf09156d257f467c4590628a8f5e8", kill_on_drop: false }`
[INFO] [stdout] f1a0b182673821fbf2d75cf943c95eef8cbaf09156d257f467c4590628a8f5e8
[INFO] running `Command { std: "docker" "create" "-v" "/var/lib/crater-agent-workspace/builds/worker-6-tc1/target:/opt/rustwide/target:rw,Z" "-v" "/var/lib/crater-agent-workspace/builds/worker-6-tc1/source:/opt/rustwide/workdir:ro,Z" "-v" "/var/lib/crater-agent-workspace/cargo-home:/opt/rustwide/cargo-home:ro,Z" "-v" "/var/lib/crater-agent-workspace/rustup-home:/opt/rustwide/rustup-home:ro,Z" "-e" "SOURCE_DIR=/opt/rustwide/workdir" "-e" "CARGO_TARGET_DIR=/opt/rustwide/target" "-e" "CARGO_INCREMENTAL=0" "-e" "RUST_BACKTRACE=full" "-e" "RUSTFLAGS=--cap-lints=warn" "-e" "RUSTDOCFLAGS=--cap-lints=warn" "-e" "CARGO_HOME=/opt/rustwide/cargo-home" "-e" "RUSTUP_HOME=/opt/rustwide/rustup-home" "-w" "/opt/rustwide/workdir" "-m" "1610612736" "--user" "0:0" "--network" "none" "ghcr.io/rust-lang/crates-build-env/linux@sha256:2788e3201cd34a07e3172128adcd8b3090168a8e3bcc40d7c032b9dda1df7d1c" "/opt/rustwide/cargo-home/bin/cargo" "+1.75.0" "build" "--frozen" "--message-format=json", kill_on_drop: false }`
[INFO] [stdout] 1e49cb83b80cd2b71c959b790fd9bc0ad33644ff67e4cda7c4f853c8f557c4ca
[INFO] running `Command { std: "docker" "start" "-a" "1e49cb83b80cd2b71c959b790fd9bc0ad33644ff67e4cda7c4f853c8f557c4ca", kill_on_drop: false }`
[INFO] [stderr]    Compiling proc-macro2 v1.0.63
[INFO] [stderr]    Compiling quote v1.0.29
[INFO] [stderr]    Compiling unicode-ident v1.0.9
[INFO] [stderr]    Compiling syn v1.0.109
[INFO] [stderr]    Compiling libc v0.2.147
[INFO] [stderr]    Compiling memchr v2.5.0
[INFO] [stderr]    Compiling proc-macro-hack v0.5.20+deprecated
[INFO] [stderr]    Compiling serde v1.0.164
[INFO] [stderr]    Compiling regex-syntax v0.7.2
[INFO] [stderr]    Compiling crossbeam-utils v0.8.16
[INFO] [stderr]    Compiling heck v0.4.1
[INFO] [stderr]    Compiling thiserror v1.0.40
[INFO] [stderr]    Compiling lock_api v0.4.10
[INFO] [stderr]    Compiling memoffset v0.9.0
[INFO] [stderr]    Compiling log v0.4.19
[INFO] [stderr]    Compiling rustc-hash v1.1.0
[INFO] [stderr]    Compiling crossbeam-epoch v0.9.15
[INFO] [stderr]    Compiling type-map v0.4.0
[INFO] [stderr]    Compiling same-file v1.0.6
[INFO] [stderr]    Compiling rustversion v1.0.12
[INFO] [stderr]    Compiling futures-core v0.3.28
[INFO] [stderr]    Compiling doc-comment v0.3.3
[INFO] [stderr]    Compiling walkdir v2.3.3
[INFO] [stderr]    Compiling self_cell v0.10.2
[INFO] [stderr]    Compiling serde_json v1.0.99
[INFO] [stderr]    Compiling ryu v1.0.13
[INFO] [stderr]    Compiling smallvec v1.10.0
[INFO] [stderr]    Compiling itoa v1.0.6
[INFO] [stderr]    Compiling futures-sink v0.3.28
[INFO] [stderr]    Compiling rayon-core v1.11.0
[INFO] [stderr]    Compiling spin v0.9.8
[INFO] [stderr]    Compiling arc-swap v1.6.0
[INFO] [stderr]    Compiling either v1.8.1
[INFO] [stderr]    Compiling unicode-width v0.1.10
[INFO] [stderr]    Compiling wyz v0.6.1
[INFO] [stderr]    Compiling flume v0.10.14
[INFO] [stderr]    Compiling crossbeam-channel v0.5.8
[INFO] [stderr]    Compiling itertools v0.10.5
[INFO] [stderr]    Compiling aho-corasick v1.0.2
[INFO] [stderr]    Compiling bstr v1.5.0
[INFO] [stderr]    Compiling aho-corasick v0.7.20
[INFO] [stderr]    Compiling csv-core v0.1.10
[INFO] [stderr]    Compiling syn v2.0.23
[INFO] [stderr]    Compiling getrandom v0.2.10
[INFO] [stderr]    Compiling num_cpus v1.16.0
[INFO] [stderr]    Compiling atty v0.2.14
[INFO] [stderr]    Compiling crossbeam-deque v0.8.3
[INFO] [stderr]    Compiling colored v2.0.0
[INFO] [stderr]    Compiling rand_core v0.6.4
[INFO] [stderr]    Compiling nanorand v0.7.0
[INFO] [stderr]    Compiling rand_chacha v0.3.1
[INFO] [stderr]    Compiling rand v0.8.5
[INFO] [stderr]    Compiling rayon v1.7.0
[INFO] [stderr]    Compiling regex v1.8.4
[INFO] [stderr]    Compiling globset v0.4.10
[INFO] [stderr]    Compiling term-table v1.3.2
[INFO] [stderr]    Compiling ignore v0.4.20
[INFO] [stderr]    Compiling displaydoc v0.2.4
[INFO] [stderr]    Compiling serde_derive v1.0.164
[INFO] [stderr]    Compiling thiserror-impl v1.0.40
[INFO] [stderr]    Compiling pin-project-internal v1.1.2
[INFO] [stderr]    Compiling tinystr v0.7.1
[INFO] [stderr]    Compiling unic-langid-impl v0.9.1
[INFO] [stderr]    Compiling snafu-derive v0.7.4
[INFO] [stderr]    Compiling strum_macros v0.24.3
[INFO] [stderr]    Compiling unic-langid v0.9.1
[INFO] [stderr]    Compiling pin-project v1.1.2
[INFO] [stderr]    Compiling fluent-syntax v0.11.0
[INFO] [stderr]    Compiling unic-langid-macros-impl v0.9.1
[INFO] [stderr]    Compiling fluent-template-macros v0.8.0
[INFO] [stderr]    Compiling unic-langid-macros v0.9.1
[INFO] [stderr]    Compiling intl_pluralrules v7.0.2
[INFO] [stderr]    Compiling intl-memoizer v0.5.1
[INFO] [stderr]    Compiling fluent-langneg v0.13.0
[INFO] [stderr]    Compiling fluent-bundle v0.15.2
[INFO] [stderr]    Compiling strum v0.24.1
[INFO] [stderr]    Compiling fluent v0.16.0
[INFO] [stderr]    Compiling snafu v0.7.4
[INFO] [stderr]    Compiling ckc-rs v0.1.14
[INFO] [stderr]    Compiling wincounter v0.1.1
[INFO] [stderr]    Compiling csv v1.2.2
[INFO] [stderr]    Compiling fluent-templates v0.8.0
[INFO] [stderr]    Compiling cardpack v0.4.19
[INFO] [stderr]    Compiling fudd v0.1.9 (/opt/rustwide/workdir)
[INFO] [stderr]     Finished dev [unoptimized + debuginfo] target(s) in 12.92s
[INFO] running `Command { std: "docker" "inspect" "1e49cb83b80cd2b71c959b790fd9bc0ad33644ff67e4cda7c4f853c8f557c4ca", kill_on_drop: false }`
[INFO] running `Command { std: "docker" "rm" "-f" "1e49cb83b80cd2b71c959b790fd9bc0ad33644ff67e4cda7c4f853c8f557c4ca", kill_on_drop: false }`
[INFO] [stdout] 1e49cb83b80cd2b71c959b790fd9bc0ad33644ff67e4cda7c4f853c8f557c4ca
[INFO] running `Command { std: "docker" "create" "-v" "/var/lib/crater-agent-workspace/builds/worker-6-tc1/target:/opt/rustwide/target:rw,Z" "-v" "/var/lib/crater-agent-workspace/builds/worker-6-tc1/source:/opt/rustwide/workdir:ro,Z" "-v" "/var/lib/crater-agent-workspace/cargo-home:/opt/rustwide/cargo-home:ro,Z" "-v" "/var/lib/crater-agent-workspace/rustup-home:/opt/rustwide/rustup-home:ro,Z" "-e" "SOURCE_DIR=/opt/rustwide/workdir" "-e" "CARGO_TARGET_DIR=/opt/rustwide/target" "-e" "CARGO_INCREMENTAL=0" "-e" "RUST_BACKTRACE=full" "-e" "RUSTFLAGS=--cap-lints=warn" "-e" "RUSTDOCFLAGS=--cap-lints=warn" "-e" "CARGO_HOME=/opt/rustwide/cargo-home" "-e" "RUSTUP_HOME=/opt/rustwide/rustup-home" "-w" "/opt/rustwide/workdir" "-m" "1610612736" "--user" "0:0" "--network" "none" "ghcr.io/rust-lang/crates-build-env/linux@sha256:2788e3201cd34a07e3172128adcd8b3090168a8e3bcc40d7c032b9dda1df7d1c" "/opt/rustwide/cargo-home/bin/cargo" "+1.75.0" "test" "--frozen" "--no-run" "--message-format=json", kill_on_drop: false }`
[INFO] [stdout] ec7dc87026a25346266cdd696ffb6c6e35ca9ae6d2a2e5971df9f2a1c5c606f1
[INFO] running `Command { std: "docker" "start" "-a" "ec7dc87026a25346266cdd696ffb6c6e35ca9ae6d2a2e5971df9f2a1c5c606f1", kill_on_drop: false }`
[INFO] [stderr]    Compiling serde v1.0.164
[INFO] [stderr]    Compiling futures-core v0.3.28
[INFO] [stderr]    Compiling log v0.4.19
[INFO] [stderr]    Compiling futures-sink v0.3.28
[INFO] [stderr]    Compiling crossbeam-epoch v0.9.15
[INFO] [stderr]    Compiling rustix v0.38.2
[INFO] [stderr]    Compiling syn v1.0.109
[INFO] [stderr]    Compiling semver v1.0.17
[INFO] [stderr]    Compiling bitflags v2.3.3
[INFO] [stderr]    Compiling linux-raw-sys v0.4.3
[INFO] [stderr]    Compiling slab v0.4.8
[INFO] [stderr]    Compiling futures-task v0.3.28
[INFO] [stderr]    Compiling futures-channel v0.3.28
[INFO] [stderr]    Compiling unicase v2.6.0
[INFO] [stderr]    Compiling utf8parse v0.2.1
[INFO] [stderr]    Compiling futures-util v0.3.28
[INFO] [stderr]    Compiling globset v0.4.10
[INFO] [stderr]    Compiling anstyle-parse v0.2.1
[INFO] [stderr]    Compiling futures-macro v0.3.28
[INFO] [stderr]    Compiling num-traits v0.2.15
[INFO] [stderr]    Compiling anstyle v1.0.1
[INFO] [stderr]    Compiling parking_lot_core v0.8.6
[INFO] [stderr]    Compiling colorchoice v1.0.0
[INFO] [stderr]    Compiling ignore v0.4.20
[INFO] [stderr]    Compiling futures-io v0.3.28
[INFO] [stderr]    Compiling anstyle-query v1.0.0
[INFO] [stderr]    Compiling pin-project-lite v0.2.10
[INFO] [stderr]    Compiling crossbeam-deque v0.8.3
[INFO] [stderr]    Compiling rustc_version v0.4.0
[INFO] [stderr]    Compiling flume v0.10.14
[INFO] [stderr]    Compiling instant v0.1.12
[INFO] [stderr]    Compiling half v1.8.2
[INFO] [stderr]    Compiling clap_lex v0.5.0
[INFO] [stderr]    Compiling time-core v0.1.1
[INFO] [stderr]    Compiling ciborium-io v0.2.1
[INFO] [stderr]    Compiling rayon-core v1.11.0
[INFO] [stderr]    Compiling plotters-backend v0.3.5
[INFO] [stderr]    Compiling time-macros v0.2.9
[INFO] [stderr]    Compiling rstest_macros v0.17.0
[INFO] [stderr]    Compiling is-terminal v0.4.8
[INFO] [stderr]    Compiling plotters-svg v0.3.5
[INFO] [stderr]    Compiling anstream v0.3.2
[INFO] [stderr]    Compiling ciborium-ll v0.2.1
[INFO] [stderr]    Compiling rayon v1.7.0
[INFO] [stderr]    Compiling clap_derive v4.3.2
[INFO] [stderr]    Compiling serde_test v1.0.164
[INFO] [stderr]    Compiling num_threads v0.1.6
[INFO] [stderr]    Compiling clap_builder v4.3.10
[INFO] [stderr]    Compiling hashbrown v0.14.0
[INFO] [stderr]    Compiling termcolor v1.1.3
[INFO] [stderr]    Compiling equivalent v1.0.0
[INFO] [stderr]    Compiling cast v0.3.0
[INFO] [stderr]    Compiling fxhash v0.2.1
[INFO] [stderr]    Compiling parking_lot v0.11.2
[INFO] [stderr]    Compiling fs2 v0.4.3
[INFO] [stderr]    Compiling criterion-plot v0.5.0
[INFO] [stderr]    Compiling plotters v0.3.5
[INFO] [stderr]    Compiling futures-timer v3.0.2
[INFO] [stderr]    Compiling oorandom v11.1.3
[INFO] [stderr]    Compiling indexmap v2.0.0
[INFO] [stderr]    Compiling arrayvec v0.7.4
[INFO] [stderr]    Compiling humantime v2.1.0
[INFO] [stderr]    Compiling anes v0.1.6
[INFO] [stderr]    Compiling paris v1.5.15
[INFO] [stderr]    Compiling unsafe-libyaml v0.2.8
[INFO] [stderr]    Compiling env_logger v0.10.0
[INFO] [stderr]    Compiling num-format v0.4.4
[INFO] [stderr]    Compiling sled v0.34.7
[INFO] [stderr]    Compiling text_io v0.1.12
[INFO] [stderr]    Compiling thousands v0.2.0
[INFO] [stderr]    Compiling time v0.3.22
[INFO] [stderr]    Compiling serde_json v1.0.99
[INFO] [stderr]    Compiling csv v1.2.2
[INFO] [stderr]    Compiling ciborium v0.2.1
[INFO] [stderr]    Compiling wincounter v0.1.1
[INFO] [stderr]    Compiling clap v4.3.10
[INFO] [stderr]    Compiling serde_yaml v0.9.22
[INFO] [stderr]    Compiling simplelog v0.12.1
[INFO] [stderr]    Compiling tinytemplate v1.2.1
[INFO] [stderr]    Compiling criterion v0.5.1
[INFO] [stderr]    Compiling futures-executor v0.3.28
[INFO] [stderr]    Compiling unic-langid-macros-impl v0.9.1
[INFO] [stderr]    Compiling snafu-derive v0.7.4
[INFO] [stderr]    Compiling fluent-template-macros v0.8.0
[INFO] [stderr]    Compiling strum_macros v0.24.3
[INFO] [stderr]    Compiling futures v0.3.28
[INFO] [stderr]    Compiling unic-langid-macros v0.9.1
[INFO] [stderr]    Compiling unic-langid v0.9.1
[INFO] [stderr]    Compiling intl-memoizer v0.5.1
[INFO] [stderr]    Compiling fluent-langneg v0.13.0
[INFO] [stderr]    Compiling intl_pluralrules v7.0.2
[INFO] [stderr]    Compiling fluent-bundle v0.15.2
[INFO] [stderr]    Compiling fluent v0.16.0
[INFO] [stderr]    Compiling strum v0.24.1
[INFO] [stderr]    Compiling ckc-rs v0.1.14
[INFO] [stderr]    Compiling snafu v0.7.4
[INFO] [stderr]    Compiling fluent-templates v0.8.0
[INFO] [stderr]    Compiling rstest v0.17.0
[INFO] [stderr]    Compiling cardpack v0.4.19
[INFO] [stderr]    Compiling fudd v0.1.9 (/opt/rustwide/workdir)
[INFO] [stderr]     Finished test [unoptimized + debuginfo] target(s) in 22.58s
[INFO] running `Command { std: "docker" "inspect" "ec7dc87026a25346266cdd696ffb6c6e35ca9ae6d2a2e5971df9f2a1c5c606f1", kill_on_drop: false }`
[INFO] running `Command { std: "docker" "rm" "-f" "ec7dc87026a25346266cdd696ffb6c6e35ca9ae6d2a2e5971df9f2a1c5c606f1", kill_on_drop: false }`
[INFO] [stdout] ec7dc87026a25346266cdd696ffb6c6e35ca9ae6d2a2e5971df9f2a1c5c606f1
[INFO] running `Command { std: "docker" "create" "-v" "/var/lib/crater-agent-workspace/builds/worker-6-tc1/target:/opt/rustwide/target:rw,Z" "-v" "/var/lib/crater-agent-workspace/builds/worker-6-tc1/source:/opt/rustwide/workdir:ro,Z" "-v" "/var/lib/crater-agent-workspace/cargo-home:/opt/rustwide/cargo-home:ro,Z" "-v" "/var/lib/crater-agent-workspace/rustup-home:/opt/rustwide/rustup-home:ro,Z" "-e" "SOURCE_DIR=/opt/rustwide/workdir" "-e" "CARGO_TARGET_DIR=/opt/rustwide/target" "-e" "CARGO_INCREMENTAL=0" "-e" "RUST_BACKTRACE=full" "-e" "RUSTFLAGS=--cap-lints=warn" "-e" "RUSTDOCFLAGS=--cap-lints=warn" "-e" "CARGO_HOME=/opt/rustwide/cargo-home" "-e" "RUSTUP_HOME=/opt/rustwide/rustup-home" "-w" "/opt/rustwide/workdir" "-m" "1610612736" "--user" "0:0" "--network" "none" "ghcr.io/rust-lang/crates-build-env/linux@sha256:2788e3201cd34a07e3172128adcd8b3090168a8e3bcc40d7c032b9dda1df7d1c" "/opt/rustwide/cargo-home/bin/cargo" "+1.75.0" "test" "--frozen", kill_on_drop: false }`
[INFO] [stdout] cac503d44c8a712f94ff8c9ad82653bbadaa7661670a5b8af92b862e0d5e25bf
[INFO] running `Command { std: "docker" "start" "-a" "cac503d44c8a712f94ff8c9ad82653bbadaa7661670a5b8af92b862e0d5e25bf", kill_on_drop: false }`
[INFO] [stderr]     Finished test [unoptimized + debuginfo] target(s) in 0.18s
[INFO] [stderr]      Running unittests src/lib.rs (/opt/rustwide/target/debug/deps/fudd-50a54e70cb0e9a34)
[INFO] [stdout] 
[INFO] [stdout] running 308 tests
[INFO] [stdout] test analysis::chances::eval_chances_tests::get ... ok
[INFO] [stdout] test analysis::chances::eval_chances_tests::total_percentage ... ok
[INFO] [stdout] test analysis::count::eval_count_tests::decrement ... ok
[INFO] [stdout] test analysis::chances::eval_chances_tests::total_percentage_100 ... ok
[INFO] [stdout] test analysis::chances::eval_chances_tests::total_percentage_125 ... ok
[INFO] [stdout] test analysis::count::eval_count_tests::decrement__overflow ... ok
[INFO] [stdout] test analysis::count::eval_count_tests::default ... ok
[INFO] [stdout] test analysis::count::eval_count_tests::equal ... ok
[INFO] [stdout] test analysis::count::eval_count_tests::greater ... ok
[INFO] [stdout] test analysis::count::eval_count_tests::increment ... ok
[INFO] [stdout] test analysis::count::eval_count_tests::lesser ... ok
[INFO] [stdout] test analysis::count::eval_count_tests::minus ... ok
[INFO] [stdout] test analysis::count::eval_count_tests::minus__overflow ... ok
[INFO] [stdout] test analysis::count::eval_count_tests::plus ... ok
[INFO] [stdout] test analysis::eval::eval_tests::sort_many::case_01 ... ok
[INFO] [stdout] test analysis::eval::eval_tests::sort_many::case_07 ... ok
[INFO] [stdout] test analysis::eval::eval_tests::sort_many::case_02 ... ok
[INFO] [stdout] test analysis::eval::eval_tests::sort_many::case_06 ... ok
[INFO] [stdout] test analysis::eval::eval_tests::from__poker_card_array ... ok
[INFO] [stdout] test analysis::eval::eval_tests::sort_many::case_05 ... ok
[INFO] [stdout] test analysis::eval::eval_tests::sort_many::case_11 ... ok
[INFO] [stdout] test analysis::eval::eval_tests::sort_many::case_09 ... ok
[INFO] [stdout] test analysis::eval::eval_tests::sort ... ok
[INFO] [stdout] test analysis::eval::eval_tests::sort_many::case_04 ... ok
[INFO] [stdout] test analysis::eval::eval_tests::from__five_cards ... ok
[INFO] [stdout] test analysis::eval::eval_tests::display ... ok
[INFO] [stdout] test analysis::eval::eval_tests::sort_many::case_08 ... ok
[INFO] [stdout] test analysis::eval::eval_tests::sort_many::case_10 ... ok
[INFO] [stdout] test analysis::eval::eval_tests::sort_many::case_12 ... ok
[INFO] [stdout] test analysis::eval::eval_tests::sort_many::case_03 ... ok
[INFO] [stdout] test analysis::eval::eval_tests::sort_many::case_14 ... ok
[INFO] [stdout] test analysis::eval::eval_tests::sort_many::case_20 ... ok
[INFO] [stdout] test analysis::eval::eval_tests::sort_many::case_25 ... ok
[INFO] [stdout] test analysis::evaluate_tests::eval_on_all_possible_combinations ... ignored
[INFO] [stdout] test analysis::eval::eval_tests::sort_many::case_24 ... ok
[INFO] [stdout] test analysis::eval::eval_tests::sort_many::case_17 ... ok
[INFO] [stdout] test analysis::eval::eval_tests::sort_many::case_13 ... ok
[INFO] [stdout] test analysis::eval::eval_tests::sort_many::case_15 ... ok
[INFO] [stdout] test analysis::eval::eval_tests::sort_many::case_18 ... ok
[INFO] [stdout] test analysis::eval::eval_tests::sort_many::case_22 ... ok
[INFO] [stdout] test analysis::evaluate_tests::evaluate::case_02 ... ok
[INFO] [stdout] test analysis::eval::eval_tests::sort_many::case_21 ... ok
[INFO] [stdout] test analysis::evaluate_tests::evaluate::case_04 ... ok
[INFO] [stdout] test analysis::evaluate_tests::evaluate::case_01 ... ok
[INFO] [stdout] test analysis::eval::eval_tests::sort_many::case_23 ... ok
[INFO] [stdout] test analysis::eval::eval_tests::sort_many::case_26 ... ok
[INFO] [stdout] test analysis::evaluate_tests::evaluate::case_07 ... ok
[INFO] [stdout] test analysis::evaluate_tests::display ... ok
[INFO] [stdout] test analysis::eval::eval_tests::sort_many::case_16 ... ok
[INFO] [stdout] test analysis::evaluate_tests::evaluate::case_08 ... ok
[INFO] [stdout] test analysis::evaluate_tests::display__invalid ... ok
[INFO] [stdout] test analysis::eval::eval_tests::sort_many::case_19 ... ok
[INFO] [stdout] test analysis::evaluate_tests::evaluate::case_03 ... ok
[INFO] [stdout] test analysis::evaluate_tests::evaluate::case_06 ... ok
[INFO] [stdout] test analysis::evaluate_tests::evaluate::case_09 ... ok
[INFO] [stdout] test analysis::evaluate_tests::evaluate::case_10 ... ok
[INFO] [stdout] test analysis::evaluate_tests::evaluate::case_14 ... ok
[INFO] [stdout] test analysis::evaluate_tests::evaluate::case_05 ... ok
[INFO] [stdout] test analysis::evaluate_tests::evaluate::case_16 ... ok
[INFO] [stdout] test analysis::evaluate_tests::evaluate::case_17 ... ok
[INFO] [stdout] test analysis::evaluate_tests::percent ... ok
[INFO] [stdout] test analysis::evaluate_tests::percent__zero_denominator ... ok
[INFO] [stdout] test analysis::evaluate_tests::percent__zero_numerator ... ok
[INFO] [stdout] test analysis::evaluate_tests::evaluate::case_11 ... ok
[INFO] [stdout] test analysis::evaluate_tests::evaluate::case_18 ... ok
[INFO] [stdout] test analysis::evaluate_tests::evaluate::case_19 ... ok
[INFO] [stdout] test analysis::outs::eval_outs_tests::touch ... ok
[INFO] [stdout] test analysis::seat_calc::eval_seat_calc_tests::chances__50_50 ... ok
[INFO] [stdout] test analysis::evaluate_tests::evaluate::case_13 ... ok
[INFO] [stdout] test analysis::outs::eval_outs_tests::add ... ok
[INFO] [stdout] test analysis::evaluate_tests::evaluate::case_12 ... ok
[INFO] [stdout] test analysis::outs::eval_outs_tests::get_as_poker_cards ... ok
[INFO] [stdout] test analysis::evaluate_tests::evaluate::case_15 ... ok
[INFO] [stdout] test analysis::store::holdem::bcm::generic_tests::from_five ... ok
[INFO] [stdout] test analysis::outs::eval_outs_tests::fold ... ok
[INFO] [stdout] test analysis::seat_calc::eval_seat_calc_tests::percentage ... ok
[INFO] [stdout] test analysis::store::holdem::heads_up_odds::analysis_store_holdem_heads_up_odds::calculate ... ignored
[INFO] [stdout] test analysis::store::holdem::bcm::generic_tests::is_blank ... ok
[INFO] [stdout] test analysis::seat_calc::eval_seat_calc_tests::increment ... ok
[INFO] [stdout] test analysis::store::holdem::heads_up_odds::analysis_store_holdem_heads_up_odds::display ... ok
[INFO] [stdout] test analysis::store::holdem::bcm::generic_tests::from_five__default ... ok
[INFO] [stdout] test analysis::store::holdem::heads_up_odds::analysis_store_holdem_heads_up_odds::is_blank ... ok
[INFO] [stdout] test analysis::store::holdem::heads_up_odds::analysis_store_holdem_heads_up_odds::is_calculated ... ok
[INFO] [stdout] test analysis::store::holdem::heads_up_row::analysis_store_holdem_heads_up_row::display ... ok
[INFO] [stdout] test games::holdem::board::holdem_board_tests::fold ... ok
[INFO] [stdout] test games::holdem::board::holdem_board_tests::from_index__not_enough_cards ... ok
[INFO] [stdout] test games::holdem::board::holdem_board_tests::from_index ... ok
[INFO] [stdout] test games::holdem::board::holdem_board_tests::from_poker_cards ... ok
[INFO] [stdout] test games::holdem::board::holdem_board_tests::from_poker_cards__short ... ok
[INFO] [stdout] test games::holdem::board::holdem_board_tests::from_index__too_many_cards ... ok
[INFO] [stdout] test games::holdem::board::holdem_board_tests::from_index__invalid_card ... ok
[INFO] [stdout] test games::holdem::board::holdem_board_tests::eval_against_flop ... ok
[INFO] [stdout] test games::holdem::deal::holdem_deal_tests::preset ... ok
[INFO] [stdout] test games::holdem::deal::holdem_deal_tests::winner__player_folded ... ignored
[INFO] [stdout] test games::holdem::hand::types_hands_holdem_hand::as_two ... ok
[INFO] [stdout] test games::holdem::board::holdem_board_tests::is_empty ... ok
[INFO] [stdout] test games::holdem::hand::types_hands_holdem_hand::accessors ... ok
[INFO] [stdout] test games::holdem::hand::types_hands_holdem_hand::contains ... ok
[INFO] [stdout] test games::holdem::hand::types_hands_holdem_hand::is_blank ... ok
[INFO] [stdout] test games::holdem::hand::types_hands_holdem_hand::new ... ok
[INFO] [stdout] test games::holdem::hand::types_hands_holdem_hand::fmt__to_string ... ok
[INFO] [stdout] test games::holdem::hand::types_hands_holdem_hand::new__blank ... ok
[INFO] [stdout] test games::holdem::heads_up::games_holdem_heads_up_tests::display ... ok
[INFO] [stdout] test games::holdem::heads_up::games_holdem_heads_up_tests::has ... ok
[INFO] [stdout] test games::holdem::deal::holdem_deal_tests::flop ... ok
[INFO] [stdout] test games::holdem::deal::holdem_deal_tests::default ... ok
[INFO] [stdout] test games::holdem::deal::holdem_deal_tests::burn ... ok
[INFO] [stdout] test games::holdem::deal::holdem_deal_tests::deal ... ok
[INFO] [stdout] test games::holdem::deal::holdem_deal_tests::number_of_players ... ok
[INFO] [stdout] test games::holdem::hand::types_hands_holdem_hand::is_compatible ... ok
[INFO] [stdout] test games::holdem::deal::holdem_deal_tests::river ... ok
[INFO] [stdout] test games::holdem::heads_up::games_holdem_heads_up_tests::is_blank ... ok
[INFO] [stdout] test games::holdem::heads_up::games_holdem_heads_up_tests::new ... ok
[INFO] [stdout] test games::holdem::heads_up::games_holdem_heads_up_tests::odds_to_string ... ok
[INFO] [stdout] test games::holdem::deal::holdem_deal_tests::hand_by_seat ... ok
[INFO] [stdout] test games::holdem::heads_up::games_holdem_heads_up_tests::to_vec ... ok
[INFO] [stdout] test games::holdem::seat::holdem_seat_tests::default ... ok
[INFO] [stdout] test games::holdem::seats::holdem_players_tests::display ... ok
[INFO] [stdout] test games::holdem::seats::holdem_players_tests::display__blank ... ok
[INFO] [stdout] test games::holdem::seats::holdem_players_tests::from_index ... ok
[INFO] [stdout] test games::holdem::deal::holdem_deal_tests::winner__tie ... ok
[INFO] [stdout] test games::holdem::seats::holdem_players_tests::from_index__wrong_number_of_cards ... ok
[INFO] [stdout] test games::holdem::deal::holdem_deal_tests::turn ... ok
[INFO] [stdout] test games::holdem::seats::holdem_players_tests::from_index__invalid_card ... ok
[INFO] [stdout] test games::holdem::seat_eval::holdem_seat_eval_tests::display ... ok
[INFO] [stdout] test games::holdem::seats::holdem_players_tests::fold ... ok
[INFO] [stdout] test games::holdem::seats::holdem_players_tests::is_active ... ok
[INFO] [stdout] test games::holdem::seats::holdem_players_tests::seat ... ok
[INFO] [stdout] test games::holdem::seats::holdem_players_tests::take ... ok
[INFO] [stdout] test games::holdem::table::holdem_table_tests::from_index__invalid_card ... ok
[INFO] [stdout] test games::holdem::table::holdem_table_tests::from_index__invalid_card_count ... ok
[INFO] [stdout] test games::holdem::table::holdem_table_tests::playout_from_turn ... ignored
[INFO] [stdout] test games::holdem::table::holdem_table_tests::from_index__not_enough_cards ... ok
[INFO] [stdout] test games::holdem::table::holdem_table_tests::from_index ... ok
[INFO] [stdout] test games::holdem::seat_eval::holdem_seat_eval_tests::display_sort ... ok
[INFO] [stdout] test types::arrays::five_card::types_arrays_five_card_tests::from__array_poker_cards ... ok
[INFO] [stdout] test games::holdem::table::holdem_table_tests::display ... ok
[INFO] [stdout] test games::holdem::table::holdem_table_tests::take ... ok
[INFO] [stdout] test types::arrays::five_card::types_arrays_five_card_tests::display ... ok
[INFO] [stdout] test games::holdem::seats::holdem_players_tests::to_poker_cards ... ok
[INFO] [stdout] test types::arrays::five_card::types_arrays_five_card_tests::sort ... ok
[INFO] [stdout] test types::arrays::five_card::types_arrays_five_card_tests::try_from__index ... ok
[INFO] [stdout] test types::arrays::five_card::types_arrays_five_card_tests::try_from__index__not_enough_cards ... ok
[INFO] [stdout] test types::arrays::five_card::types_arrays_five_card_tests::from__array_playing_cards ... ok
[INFO] [stdout] test types::arrays::five_card::types_arrays_five_card_tests::try_from__index__invalid_card ... ok
[INFO] [stdout] test types::arrays::five_card::types_arrays_five_card_tests::try_from__poker_cards ... ok
[INFO] [stdout] test types::arrays::five_card::types_arrays_five_card_tests::try_from__vector_poker_cards__not_enough ... ok
[INFO] [stdout] test types::arrays::five_card::types_arrays_five_card_tests::try_from__vector_poker_cards__too_many ... ok
[INFO] [stdout] test types::arrays::five_card::types_arrays_five_card_tests::try_from__vector_poker_cards ... ok
[INFO] [stdout] test types::arrays::five_card::types_arrays_five_card_tests::vectorable__rank_count::case_01 ... ok
[INFO] [stdout] test types::arrays::five_card::types_arrays_five_card_tests::vectorable__rank_count::case_02 ... ok
[INFO] [stdout] test types::arrays::five_card::types_arrays_five_card_tests::vectorable__rank_count::case_04 ... ok
[INFO] [stdout] test types::arrays::five_card::types_arrays_five_card_tests::vectorable__rank_count::case_03 ... ok
[INFO] [stdout] test types::arrays::five_card::types_arrays_five_card_tests::vectorable__rank_count::case_11 ... ok
[INFO] [stdout] test types::arrays::five_card::types_arrays_five_card_tests::vectorable__rank_count::case_07 ... ok
[INFO] [stdout] test types::arrays::five_card::types_arrays_five_card_tests::vectorable__rank_count::case_08 ... ok
[INFO] [stdout] test types::arrays::five_card::types_arrays_five_card_tests::vectorable__rank_count::case_12 ... ok
[INFO] [stdout] test types::arrays::five_card::types_arrays_five_card_tests::vectorable__rank_count::case_10 ... ok
[INFO] [stdout] test types::arrays::five_card::types_arrays_five_card_tests::vectorable__rank_count::case_15 ... ok
[INFO] [stdout] test types::arrays::five_card::types_arrays_five_card_tests::vectorable__rank_count::case_16 ... ok
[INFO] [stdout] test types::arrays::five_card::types_arrays_five_card_tests::vectorable__rank_count::case_17 ... ok
[INFO] [stdout] test types::arrays::five_card::types_arrays_five_card_tests::vectorable__rank_count::case_09 ... ok
[INFO] [stdout] test types::arrays::five_card::types_arrays_five_card_tests::vectorable__rank_count::case_13 ... ok
[INFO] [stdout] test types::arrays::five_card::types_arrays_five_card_tests::vectorable__rank_count::case_18 ... ok
[INFO] [stdout] test types::arrays::five_card::types_arrays_five_card_tests::vectorable__rank_count::case_14 ... ok
[INFO] [stdout] test types::arrays::four_card::types_arrays_four_card_tests::is_double_suited ... ok
[INFO] [stdout] test types::arrays::four_card::types_arrays_four_card_tests::best_at_flop ... ok
[INFO] [stdout] test types::arrays::five_card::types_arrays_five_card_tests::vectorable__rank_count::case_06 ... ok
[INFO] [stdout] test types::arrays::four_card::types_arrays_four_card_tests::permutation ... ok
[INFO] [stdout] test types::arrays::seven_card::types_arrays_seven_card_tests::from__array ... ok
[INFO] [stdout] test types::arrays::seven_card::types_arrays_seven_card_tests::evaluable ... ok
[INFO] [stdout] test types::arrays::seven_card::types_arrays_seven_card_tests::try_from__poker_cards ... ok
[INFO] [stdout] test types::arrays::seven_card::types_arrays_seven_card_tests::display ... ok
[INFO] [stdout] test types::arrays::seven_card::types_arrays_seven_card_tests::try_from__vec_playing_card ... ok
[INFO] [stdout] test types::arrays::seven_card::types_arrays_seven_card_tests::try_from__playing_cards ... ok
[INFO] [stdout] test types::arrays::six_card::types_arrays_six_card_tests::eval ... ok
[INFO] [stdout] test types::arrays::seven_card::types_arrays_seven_card_tests::sort ... ok
[INFO] [stdout] test types::arrays::seven_card::types_arrays_seven_card_tests::sort_in_place ... ok
[INFO] [stdout] test types::arrays::five_card::types_arrays_five_card_tests::vectorable__rank_count::case_05 ... ok
[INFO] [stdout] test types::arrays::four_card::types_arrays_four_card_tests::remaining ... ok
[INFO] [stdout] test types::arrays::six_card::types_arrays_six_card_tests::eval__many::case_1 ... ok
[INFO] [stdout] test types::arrays::six_card::types_arrays_six_card_tests::eval__many::case_3 ... ok
[INFO] [stdout] test types::arrays::six_card::types_arrays_six_card_tests::try_from__poker_cards ... ok
[INFO] [stdout] test types::arrays::seven_card::types_arrays_seven_card_tests::eval ... ok
[INFO] [stdout] test types::arrays::two_card::arrays_two_card_tests::display ... ok
[INFO] [stdout] test types::arrays::two_card::arrays_two_card_tests::array ... ok
[INFO] [stdout] test types::arrays::two_card::arrays_two_card_tests::is_suited ... ok
[INFO] [stdout] test types::arrays::six_card::types_arrays_six_card_tests::eval__many::case_4 ... ok
[INFO] [stdout] test types::arrays::two_card::arrays_two_card_tests::new ... ok
[INFO] [stdout] test types::arrays::six_card::types_arrays_six_card_tests::eval__many::case_2 ... ok
[INFO] [stdout] test types::arrays::two_card::arrays_two_card_tests::try_from__index__sort ... ok
[INFO] [stdout] test types::arrays::two_card::arrays_two_card_tests::try_from__index ... ok
[INFO] [stdout] test types::playing_card::holdem_playing_card_tests::compare ... ok
[INFO] [stdout] test types::playing_card::holdem_playing_card_tests::display__blank ... ok
[INFO] [stdout] test types::arrays::two_card::arrays_two_card_tests::new__blank ... ok
[INFO] [stdout] test types::arrays::two_card::arrays_two_card_tests::new__duplicate ... ok
[INFO] [stdout] test types::playing_card::holdem_playing_card_tests::from__card_number ... ok
[INFO] [stdout] test types::playing_card::holdem_playing_card_tests::from__card ... ok
[INFO] [stdout] test types::playing_card::holdem_playing_card_tests::simple_index ... ok
[INFO] [stdout] test types::playing_card::holdem_playing_card_tests::from__card__invalid ... ok
[INFO] [stdout] test types::playing_card::holdem_playing_card_tests::from__card_number__invalid ... ok
[INFO] [stdout] test types::playing_card::holdem_playing_card_tests::serialize ... ok
[INFO] [stdout] test types::playing_card::holdem_playing_card_tests::from__index ... ok
[INFO] [stdout] test types::arrays::two_card::arrays_two_card_tests::try_from__index_duplicate ... ok
[INFO] [stdout] test types::playing_card::holdem_playing_card_tests::deck ... ok
[INFO] [stdout] test types::playing_cards::playing_cards_tests::contains ... ok
[INFO] [stdout] test types::playing_cards::playing_cards_tests::is_empty ... ok
[INFO] [stdout] test types::playing_cards::playing_cards_tests::draw ... ok
[INFO] [stdout] test types::playing_cards::playing_cards_tests::is_royal_flush__test ... ok
[INFO] [stdout] test types::playing_cards::playing_cards_tests::is_subset ... ok
[INFO] [stdout] test types::playing_cards::playing_cards_tests::display ... ok
[INFO] [stdout] test types::playing_cards::playing_cards_tests::deal_from_the_bottom ... ok
[INFO] [stdout] test types::playing_cards::playing_cards_tests::get ... ok
[INFO] [stdout] test types::playing_cards::playing_cards_tests::draw_one ... ok
[INFO] [stdout] test types::playing_card::holdem_playing_card_tests::from__index__invalid ... ok
[INFO] [stdout] test types::playing_card::holdem_playing_card_tests::display ... ok
[INFO] [stdout] test types::playing_cards::playing_cards_tests::from__pile ... ok
[INFO] [stdout] test types::playing_cards::playing_cards_tests::get_index ... ok
[INFO] [stdout] test types::playing_cards::playing_cards_tests::len ... ok
[INFO] [stdout] test types::arrays::two_card::arrays_two_card_tests::every_other ... ok
[INFO] [stdout] test types::playing_cards::playing_cards_tests::insert ... ok
[INFO] [stdout] test types::playing_cards::playing_cards_tests::try_from__two_cards ... ok
[INFO] [stdout] test types::playing_cards::playing_cards_tests::two_cards ... ok
[INFO] [stdout] test types::playing_cards::playing_cards_tests::is_disjoint ... ok
[INFO] [stdout] test types::poker_cards::poker_cards_tests::deal ... ok
[INFO] [stdout] test types::playing_cards::playing_cards_tests::shuffle_in_place ... ok
[INFO] [stdout] test types::playing_cards::playing_cards_tests::try_from__static_str ... ok
[INFO] [stdout] test types::playing_cards::playing_cards_tests::to_vec ... ok
[INFO] [stdout] test types::poker_cards::poker_cards_tests::contains ... ok
[INFO] [stdout] test types::poker_cards::poker_cards_tests::deal_from_the_bottom__none ... ok
[INFO] [stdout] test types::playing_cards::playing_cards_tests::try_from__two_cards__invalid ... ok
[INFO] [stdout] test types::poker_cards::poker_cards_tests::deal_from_the_bottom ... ok
[INFO] [stdout] test types::poker_cards::poker_cards_tests::pop__empty ... ok
[INFO] [stdout] test types::poker_cards::poker_cards_tests::sort ... ignored
[INFO] [stdout] test types::poker_cards::poker_cards_tests::pop ... ok
[INFO] [stdout] test types::poker_cards::poker_cards_tests::append ... ok
[INFO] [stdout] test types::playing_cards::playing_cards_tests::is_superset ... ok
[INFO] [stdout] test types::playing_cards::playing_cards_tests::reverse ... ok
[INFO] [stdout] test types::poker_cards::poker_cards_tests::filter_gt_on_rank ... ok
[INFO] [stdout] test types::poker_cards::poker_cards_tests::try_from__index_str__invalid ... ok
[INFO] [stdout] test types::poker_cards::poker_cards_tests::deal_from_the_bottom__some ... ok
[INFO] [stdout] test types::poker_cards::poker_cards_tests::is_valid ... ok
[INFO] [stdout] test types::poker_cards::poker_cards_tests::try_into_twos ... ok
[INFO] [stdout] test types::poker_cards::poker_cards_tests::deal_overflow ... ok
[INFO] [stdout] test types::poker_cards::poker_cards_tests::try_from__index_str ... ok
[INFO] [stdout] test types::poker_cards::poker_cards_tests::filter_blank ... ok
[INFO] [stdout] test types::poker_deck::poker_deck_tests::poker_cards ... ok
[INFO] [stdout] test types::ranges::two_cards::types_ranges_two_cards_vec_tests::position ... ok
[INFO] [stdout] test types::ranges::two_cards::types_ranges_two_cards_vec_tests::to_vec ... ok
[INFO] [stdout] test types::poker_cards::poker_cards_tests::try_into_twos__not_divisible_into_two ... ok
[INFO] [stdout] test types::ranges::two_cards_set::types_ranges_two_cards_set_tests::default ... ok
[INFO] [stdout] test types::ranges::two_cards_set::types_ranges_two_cards_set_tests::from__playing_cards__not_enough ... ok
[INFO] [stdout] test types::ranges::two_cards_set::types_ranges_two_cards_set_tests::from__playing_cards ... ok
[INFO] [stdout] test types::ranges::two_cards_set::types_ranges_two_cards_set_tests::difference ... ok
[INFO] [stdout] test types::poker_cards::poker_cards_tests::combine ... ok
[INFO] [stdout] test types::ranges::two_cards_set::types_ranges_two_cards_set_tests::insert ... ok
[INFO] [stdout] test types::ranges::two_cards_set::types_ranges_two_cards_set_tests::len ... ok
[INFO] [stdout] test types::ranges::two_cards_set::types_ranges_two_cards_set_tests::is_empty ... ok
[INFO] [stdout] test types::ranges::two_cards_set::types_ranges_two_cards_set_tests::sample__empty ... ok
[INFO] [stdout] test types::ranges::two_cards_set::types_ranges_two_cards_set_tests::sampler__empty ... ok
[INFO] [stdout] test types::ranges::chen_weighted::types_arrays_chen_weighted::sort ... ok
[INFO] [stdout] test types::slots::flop::holdem_flop_tests::default ... ok
[INFO] [stdout] test types::slots::flop::holdem_flop_tests::from_index ... ok
[INFO] [stdout] test types::slots::flop::holdem_flop_tests::from_index__invalid ... ok
[INFO] [stdout] test types::slots::flop::holdem_flop_tests::full_run ... ok
[INFO] [stdout] test types::ranges::two_cards_set::types_ranges_two_cards_set_tests::every ... ok
[INFO] [stdout] test types::slots::flop::holdem_flop_tests::to_array__default ... ok
[INFO] [stdout] test types::ranges::two_cards_set::types_ranges_two_cards_set_tests::pairs ... ok
[INFO] [stdout] test types::slots::hole_cards::holdem_hole_cards_tests::display ... ok
[INFO] [stdout] test types::slots::hole_cards::holdem_hole_cards_tests::display__one_card ... ok
[INFO] [stdout] test types::slots::flop::holdem_flop_tests::take_from_index ... ok
[INFO] [stdout] test types::slots::hole_cards::holdem_hole_cards_tests::display__only_second_card ... ok
[INFO] [stdout] test types::slots::hole_cards::holdem_hole_cards_tests::display__default ... ok
[INFO] [stdout] test types::slots::flop::holdem_flop_tests::to_array ... ok
[INFO] [stdout] test types::slots::hole_cards::holdem_hole_cards_tests::from_index__invalid ... ok
[INFO] [stdout] test types::slots::hole_cards::holdem_hole_cards_tests::is_dealt ... ok
[INFO] [stdout] test types::slots::hole_cards::holdem_hole_cards_tests::is_dealt__both_cards_dealt__true ... ok
[INFO] [stdout] test types::slots::hole_cards::holdem_hole_cards_tests::from_index ... ok
[INFO] [stdout] test types::slots::hole_cards::holdem_hole_cards_tests::is_dealt__first_card_dealt__false ... ok
[INFO] [stdout] test types::slots::hole_cards::holdem_hole_cards_tests::new ... ok
[INFO] [stdout] test types::slots::hole_cards::holdem_hole_cards_tests::to_array ... ok
[INFO] [stdout] test types::slots::hole_cards::holdem_hole_cards_tests::is_dealt__second_card_dealt__false ... ok
[INFO] [stdout] test types::slots::hole_cards::holdem_hole_cards_tests::to_array__default ... ok
[INFO] [stdout] test types::slots::hole_cards::holdem_hole_cards_tests::to_string ... ok
[INFO] [stdout] test types::slots::single_card::holdem_single_card_tests::default ... ok
[INFO] [stdout] test types::slots::omaha_hand::types_slots_omaha_hand_tests::from__four_cards ... ok
[INFO] [stdout] test types::slots::single_card::holdem_single_card_tests::from_index ... ok
[INFO] [stdout] test types::slots::single_card::holdem_single_card_tests::from_index__invalid ... ok
[INFO] [stdout] test types::slots::single_card::holdem_single_card_tests::full_run ... ok
[INFO] [stdout] test types::ranges::two_cards_set::types_ranges_two_cards_set_tests::remove ... ok
[INFO] [stdout] test types::slots::hole_cards::holdem_hole_cards_tests::default ... ok
[INFO] [stdout] test types::slots::single_card::holdem_single_card_tests::new ... ok
[INFO] [stdout] test types::slots::single_card::holdem_single_card_tests::get_playing_card ... ok
[INFO] [stdout] test types::slots::single_card::holdem_single_card_tests::take ... ok
[INFO] [stdout] test types::slots::single_card::holdem_single_card_tests::to_string ... ok
[INFO] [stdout] test types::slots::hole_cards::holdem_hole_cards_tests::from__two_cards ... ok
[INFO] [stdout] test types::ranges::two_cards_set::types_ranges_two_cards_set_tests::sample ... ok
[INFO] [stdout] test util::uci::util_uci_tests::create ... ok
[INFO] [stdout] test util::uci::util_uci_tests::parse ... ok
[INFO] [stdout] test types::ranges::two_cards_set::types_ranges_two_cards_set_tests::suited ... ok
[INFO] [stdout] test types::slots::flop::holdem_flop_tests::to_string ... ok
[INFO] [stdout] test types::slots::flop::holdem_flop_tests::is_the_nuts__false ... ok
[INFO] [stdout] test types::slots::flop::holdem_flop_tests::is_the_nuts ... ok
[INFO] [stdout] test types::slots::flop::holdem_flop_tests::the_nuts ... ok
[INFO] [stdout] test games::holdem::heads_up::games_holdem_heads_up_tests::vectorable__remaining ... ok
[INFO] [stdout] test games::holdem::table::holdem_table_tests::eval_from_flop ... ok
[INFO] [stdout] test types::playing_cards::playing_cards_tests::combinations ... ok
[INFO] [stdout] test types::poker_deck::poker_deck_tests::combinations ... ok
[INFO] [stdout] 
[INFO] [stdout] test result: ok. 303 passed; 0 failed; 5 ignored; 0 measured; 0 filtered out; finished in 1.19s
[INFO] [stdout] 
[INFO] [stderr]    Doc-tests fudd
[INFO] [stdout] 
[INFO] [stdout] running 16 tests
[INFO] [stdout] test src/analysis/eval.rs - analysis::eval::Eval (line 57) ... FAILED
[INFO] [stdout] test src/types/arrays/seven_card.rs - types::arrays::seven_card::SevenCard::try_from (line 186) ... FAILED
[INFO] [stdout] test src/types/arrays/five_card.rs - types::arrays::five_card::FiveCard::try_from (line 203) ... FAILED
[INFO] [stdout] test src/analysis/eval.rs - analysis::eval::Eval (line 40) ... FAILED
[INFO] [stdout] test src/types/arrays/six_card.rs - types::arrays::six_card::SixCard::try_from (line 181) ... FAILED
[INFO] [stdout] test src/types/arrays/seven_card.rs - types::arrays::seven_card::SevenCard::try_from (line 199) ... FAILED
[INFO] [stdout] test src/types/arrays/five_card.rs - types::arrays::five_card::FiveCard::try_from (line 188) ... FAILED
[INFO] [stdout] test src/types/arrays/seven_card.rs - types::arrays::seven_card::SevenCard::try_from (line 171) ... FAILED
[INFO] [stdout] test src/types/arrays/five_card.rs - types::arrays::five_card::FiveCard::try_from (line 229) ... ok
[INFO] [stdout] test src/types/arrays/five_card.rs - types::arrays::five_card::FiveCard::try_from (line 216) ... ok
[INFO] [stdout] test src/analysis/eval.rs - analysis::eval::Eval (line 73) ... ok
[INFO] [stdout] test src/types/arrays/six_card.rs - types::arrays::six_card::SixCard::try_from (line 155) ... ok
[INFO] [stdout] test src/types/arrays/six_card.rs - types::arrays::six_card::SixCard::try_from (line 168) ... ok
[INFO] [stdout] test src/types/arrays/seven_card.rs - types::arrays::seven_card::SevenCard::try_from (line 212) ... ok
[INFO] [stdout] test src/types/arrays/six_card.rs - types::arrays::six_card::SixCard::try_from (line 140) ... ok
[INFO] [stdout] test src/analysis/eval.rs - analysis::eval::Eval (line 22) ... ok
[INFO] [stdout] 
[INFO] [stdout] failures:
[INFO] [stdout] 
[INFO] [stdout] ---- src/analysis/eval.rs - analysis::eval::Eval (line 57) stdout ----
[INFO] [stdout] error: linking with `cc` failed: exit status: 1
[INFO] [stdout]   |
[INFO] [stdout]   = note: LC_ALL="C" PATH="/opt/rustwide/rustup-home/toolchains/1.75.0-x86_64-unknown-linux-gnu/lib/rustlib/x86_64-unknown-linux-gnu/bin:/opt/rustwide/cargo-home/bin:/usr/local/sbin:/usr/local/bin:/usr/sbin:/usr/bin:/sbin:/bin" VSLANG="1033" "cc" "-m64" "/tmp/rustcxC5irz/symbols.o" "/tmp/rustdoctestJmobE8/rust_out.rust_out.263fb70ac1c95110-cgu.0.rcgu.o" "/tmp/rustdoctestJmobE8/rust_out.2uel00cfmdh5ufit.rcgu.o" "-Wl,--as-needed" "-L" "/opt/rustwide/target/debug/deps" "-L" "/opt/rustwide/target/debug/deps" "-L" "/opt/rustwide/rustup-home/toolchains/1.75.0-x86_64-unknown-linux-gnu/lib/rustlib/x86_64-unknown-linux-gnu/lib" "-Wl,-Bstatic" "/opt/rustwide/target/debug/deps/libfudd-2c668a22cd3cbf01.rlib" "/opt/rustwide/target/debug/deps/libcsv-143a10b18cf1cc81.rlib" "/opt/rustwide/target/debug/deps/libryu-07c77bcabf6ee02b.rlib" "/opt/rustwide/target/debug/deps/libitoa-807e41d963466eb2.rlib" "/opt/rustwide/target/debug/deps/libcsv_core-d46ae02d5eddca46.rlib" "/opt/rustwide/target/debug/deps/librayon-c9c6092e26c540cc.rlib" "/opt/rustwide/target/debug/deps/librayon_core-4a2bafeb0db93329.rlib" "/opt/rustwide/target/debug/deps/libnum_cpus-eb4b767a7cbadf3d.rlib" "/opt/rustwide/target/debug/deps/libcrossbeam_deque-d2f2f2a96d90b677.rlib" "/opt/rustwide/target/debug/deps/libcrossbeam_epoch-669dc6bdd42c686b.rlib" "/opt/rustwide/target/debug/deps/libmemoffset-77b9fc6eaa51883f.rlib" "/opt/rustwide/target/debug/deps/libcrossbeam_channel-2239c0b69ce2d6a7.rlib" "/opt/rustwide/target/debug/deps/libcrossbeam_utils-c927984e5b3dbee5.rlib" "/opt/rustwide/target/debug/deps/libwincounter-99f6cb64eca7671b.rlib" "/opt/rustwide/target/debug/deps/libitertools-9e91ec966d2de8fa.rlib" "/opt/rustwide/target/debug/deps/libeither-e06209ef422c3674.rlib" "/opt/rustwide/target/debug/deps/libwyz-6548518b4e5efa79.rlib" "/opt/rustwide/target/debug/deps/libindexmap-7b2113ac7fccbab6.rlib" "/opt/rustwide/target/debug/deps/libhashbrown-567986452cb9bc94.rlib" "/opt/rustwide/target/debug/deps/libckc_rs-b295da695a6a90f1.rlib" "/opt/rustwide/target/debug/deps/libstrum-3c7517ee975e75f6.rlib" "/opt/rustwide/target/debug/deps/libcardpack-ef66981a1e493d7b.rlib" "/opt/rustwide/target/debug/deps/libfluent_templates-5343ed54efc94adf.rlib" "/opt/rustwide/target/debug/deps/libflume-c8fc16589ce25078.rlib" "/opt/rustwide/target/debug/deps/libspin-eec8a7ed728dc151.rlib" "/opt/rustwide/target/debug/deps/liblock_api-1d880aae03a79431.rlib" "/opt/rustwide/target/debug/deps/libscopeguard-b35f5c652940acc2.rlib" "/opt/rustwide/target/debug/deps/libpin_project-be717ca80d1f3033.rlib" "/opt/rustwide/target/debug/deps/libfutures_sink-2b0e95e5f1ef133b.rlib" "/opt/rustwide/target/debug/deps/libfutures_core-fb926675a71aa556.rlib" "/opt/rustwide/target/debug/deps/libnanorand-8ec68d88aa2fd002.rlib" "/opt/rustwide/target/debug/deps/libarc_swap-8b2fc6ed8a78f64a.rlib" "/opt/rustwide/target/debug/deps/libsnafu-591fa3a6a0b202e8.rlib" "/opt/rustwide/target/debug/deps/libdoc_comment-1f890cb6ccfe69bb.rlib" "/opt/rustwide/target/debug/deps/libignore-1ad8ac29436aaaa1.rlib" "/opt/rustwide/target/debug/deps/libwalkdir-1e1e3f79bb01416f.rlib" "/opt/rustwide/target/debug/deps/libsame_file-06a4c01142053b65.rlib" "/opt/rustwide/target/debug/deps/libthread_local-37974e86c33cb31d.rlib" "/opt/rustwide/target/debug/deps/libonce_cell-865e1c5018a0303a.rlib" "/opt/rustwide/target/debug/deps/libglobset-062c7a61c67a86f8.rlib" "/opt/rustwide/target/debug/deps/libfnv-18bf5144d055e772.rlib" "/opt/rustwide/target/debug/deps/liblog-66f39b7c9d94a93f.rlib" "/opt/rustwide/target/debug/deps/libbstr-966d49f1002d44be.rlib" "/opt/rustwide/target/debug/deps/libaho_corasick-fec14e281eb19588.rlib" "/opt/rustwide/target/debug/deps/libfluent_bundle-e019bbcbff495772.rlib" "/opt/rustwide/target/debug/deps/libsmallvec-75a5879a2c4c0c6c.rlib" "/opt/rustwide/target/debug/deps/libfluent_langneg-f28a6be8975d69f6.rlib" "/opt/rustwide/target/debug/deps/libintl_pluralrules-ebe1d5107707cc67.rlib" "/opt/rustwide/target/debug/deps/libself_cell-d540ed4dfaed2097.rlib" "/opt/rustwide/target/debug/deps/libintl_memoizer-58a46285b632f9ea.rlib" "/opt/rustwide/target/debug/deps/libtype_map-1b6476c20c8dcd50.rlib" "/opt/rustwide/target/debug/deps/libfluent_syntax-315d51c5d156be00.rlib" "/opt/rustwide/target/debug/deps/libthiserror-8aa4e762218008ab.rlib" "/opt/rustwide/target/debug/deps/librustc_hash-3fb13bc50a653a23.rlib" "/opt/rustwide/target/debug/deps/libterm_table-a06e1d2222897fbe.rlib" "/opt/rustwide/target/debug/deps/libregex-e18f9057ae9b65dd.rlib" "/opt/rustwide/target/debug/deps/libaho_corasick-60aa60e784174434.rlib" "/opt/rustwide/target/debug/deps/libmemchr-4fdcfd9ddfba30cb.rlib" "/opt/rustwide/target/debug/deps/libregex_syntax-9bf174677eb3a180.rlib" "/opt/rustwide/target/debug/deps/libunicode_width-aeff842d70fe38c8.rlib" "/opt/rustwide/target/debug/deps/libunic_langid-c791b26a012f254a.rlib" "/opt/rustwide/target/debug/deps/libunic_langid_macros-728a3ed71a84ad64.rlib" "/opt/rustwide/target/debug/deps/libunic_langid_impl-8d1cf0270d16b02f.rlib" "/opt/rustwide/target/debug/deps/libtinystr-1f3cfcea55f3027e.rlib" "/opt/rustwide/target/debug/deps/libcolored-915a787e194a6132.rlib" "/opt/rustwide/target/debug/deps/liblazy_static-591486ebcb9a7ead.rlib" "/opt/rustwide/target/debug/deps/libatty-084affaf104d49e2.rlib" "/opt/rustwide/target/debug/deps/librand-37ff01f37f664836.rlib" "/opt/rustwide/target/debug/deps/librand_chacha-8f86461880a945ae.rlib" "/opt/rustwide/target/debug/deps/libppv_lite86-9f808eb911999ef2.rlib" "/opt/rustwide/target/debug/deps/librand_core-afcfcbbfbf33efc0.rlib" "/opt/rustwide/target/debug/deps/libgetrandom-6d62d8b42fc74bb0.rlib" "/opt/rustwide/target/debug/deps/liblibc-80caa61b614001af.rlib" "/opt/rustwide/target/debug/deps/libcfg_if-61dc7a6799e72b18.rlib" "/opt/rustwide/target/debug/deps/libserde-72ff6c272ce0b09b.rlib" "/opt/rustwide/rustup-home/toolchains/1.75.0-x86_64-unknown-linux-gnu/lib/rustlib/x86_64-unknown-linux-gnu/lib/libstd-90f6ddbf82de36ec.rlib" "/opt/rustwide/rustup-home/toolchains/1.75.0-x86_64-unknown-linux-gnu/lib/rustlib/x86_64-unknown-linux-gnu/lib/libpanic_unwind-480c41e9d4e1f677.rlib" "/opt/rustwide/rustup-home/toolchains/1.75.0-x86_64-unknown-linux-gnu/lib/rustlib/x86_64-unknown-linux-gnu/lib/libobject-db744c0ca03eed1d.rlib" "/opt/rustwide/rustup-home/toolchains/1.75.0-x86_64-unknown-linux-gnu/lib/rustlib/x86_64-unknown-linux-gnu/lib/libmemchr-8ba652dc7d4b285a.rlib" "/opt/rustwide/rustup-home/toolchains/1.75.0-x86_64-unknown-linux-gnu/lib/rustlib/x86_64-unknown-linux-gnu/lib/libaddr2line-d5f4520a9ebc0d58.rlib" "/opt/rustwide/rustup-home/toolchains/1.75.0-x86_64-unknown-linux-gnu/lib/rustlib/x86_64-unknown-linux-gnu/lib/libgimli-4ad84de58f0cb463.rlib" "/opt/rustwide/rustup-home/toolchains/1.75.0-x86_64-unknown-linux-gnu/lib/rustlib/x86_64-unknown-linux-gnu/lib/librustc_demangle-0d10aae2e0f38735.rlib" "/opt/rustwide/rustup-home/toolchains/1.75.0-x86_64-unknown-linux-gnu/lib/rustlib/x86_64-unknown-linux-gnu/lib/libstd_detect-0c17cff739e6745b.rlib" "/opt/rustwide/rustup-home/toolchains/1.75.0-x86_64-unknown-linux-gnu/lib/rustlib/x86_64-unknown-linux-gnu/lib/libhashbrown-b29e17139dde1aa8.rlib" "/opt/rustwide/rustup-home/toolchains/1.75.0-x86_64-unknown-linux-gnu/lib/rustlib/x86_64-unknown-linux-gnu/lib/librustc_std_workspace_alloc-1f975299829cc7bd.rlib" "/opt/rustwide/rustup-home/toolchains/1.75.0-x86_64-unknown-linux-gnu/lib/rustlib/x86_64-unknown-linux-gnu/lib/libminiz_oxide-86bae3bc3079f89b.rlib" "/opt/rustwide/rustup-home/toolchains/1.75.0-x86_64-unknown-linux-gnu/lib/rustlib/x86_64-unknown-linux-gnu/lib/libadler-321b82c30dffdf5f.rlib" "/opt/rustwide/rustup-home/toolchains/1.75.0-x86_64-unknown-linux-gnu/lib/rustlib/x86_64-unknown-linux-gnu/lib/libunwind-3dd8a6810a0bdfef.rlib" "/opt/rustwide/rustup-home/toolchains/1.75.0-x86_64-unknown-linux-gnu/lib/rustlib/x86_64-unknown-linux-gnu/lib/libcfg_if-eb39a61c0c879984.rlib" "/opt/rustwide/rustup-home/toolchains/1.75.0-x86_64-unknown-linux-gnu/lib/rustlib/x86_64-unknown-linux-gnu/lib/liblibc-aa769569f91c3548.rlib" "/opt/rustwide/rustup-home/toolchains/1.75.0-x86_64-unknown-linux-gnu/lib/rustlib/x86_64-unknown-linux-gnu/lib/liballoc-510a192a50a983ed.rlib" "/opt/rustwide/rustup-home/toolchains/1.75.0-x86_64-unknown-linux-gnu/lib/rustlib/x86_64-unknown-linux-gnu/lib/librustc_std_workspace_core-0577018320f99037.rlib" "/opt/rustwide/rustup-home/toolchains/1.75.0-x86_64-unknown-linux-gnu/lib/rustlib/x86_64-unknown-linux-gnu/lib/libcore-193cf992125ccd4c.rlib" "/opt/rustwide/rustup-home/toolchains/1.75.0-x86_64-unknown-linux-gnu/lib/rustlib/x86_64-unknown-linux-gnu/lib/libcompiler_builtins-8e138eaf26ebb4a8.rlib" "-Wl,-Bdynamic" "-lgcc_s" "-lutil" "-lrt" "-lpthread" "-lm" "-ldl" "-lc" "-Wl,--eh-frame-hdr" "-Wl,-z,noexecstack" "-L" "/opt/rustwide/rustup-home/toolchains/1.75.0-x86_64-unknown-linux-gnu/lib/rustlib/x86_64-unknown-linux-gnu/lib" "-o" "/tmp/rustdoctestJmobE8/rust_out" "-Wl,--gc-sections" "-pie" "-Wl,-z,relro,-z,now" "-nodefaultlibs"
[INFO] [stdout]   = note: collect2: fatal error: ld terminated with signal 9 [Killed]
[INFO] [stdout]           compilation terminated.
[INFO] [stdout]           
[INFO] [stdout] 
[INFO] [stdout] error: aborting due to previous error
[INFO] [stdout] 
[INFO] [stdout] Couldn't compile the test.
[INFO] [stdout] ---- src/types/arrays/seven_card.rs - types::arrays::seven_card::SevenCard::try_from (line 186) stdout ----
[INFO] [stdout] error: linking with `cc` failed: exit status: 1
[INFO] [stdout]   |
[INFO] [stdout]   = note: LC_ALL="C" PATH="/opt/rustwide/rustup-home/toolchains/1.75.0-x86_64-unknown-linux-gnu/lib/rustlib/x86_64-unknown-linux-gnu/bin:/opt/rustwide/cargo-home/bin:/usr/local/sbin:/usr/local/bin:/usr/sbin:/usr/bin:/sbin:/bin" VSLANG="1033" "cc" "-m64" "/tmp/rustcRMstaD/symbols.o" "/tmp/rustdoctestipP0uC/rust_out.rust_out.263fb70ac1c95110-cgu.0.rcgu.o" "/tmp/rustdoctestipP0uC/rust_out.2uel00cfmdh5ufit.rcgu.o" "-Wl,--as-needed" "-L" "/opt/rustwide/target/debug/deps" "-L" "/opt/rustwide/target/debug/deps" "-L" "/opt/rustwide/rustup-home/toolchains/1.75.0-x86_64-unknown-linux-gnu/lib/rustlib/x86_64-unknown-linux-gnu/lib" "-Wl,-Bstatic" "/opt/rustwide/target/debug/deps/libfudd-2c668a22cd3cbf01.rlib" "/opt/rustwide/target/debug/deps/libcsv-143a10b18cf1cc81.rlib" "/opt/rustwide/target/debug/deps/libryu-07c77bcabf6ee02b.rlib" "/opt/rustwide/target/debug/deps/libitoa-807e41d963466eb2.rlib" "/opt/rustwide/target/debug/deps/libcsv_core-d46ae02d5eddca46.rlib" "/opt/rustwide/target/debug/deps/librayon-c9c6092e26c540cc.rlib" "/opt/rustwide/target/debug/deps/librayon_core-4a2bafeb0db93329.rlib" "/opt/rustwide/target/debug/deps/libnum_cpus-eb4b767a7cbadf3d.rlib" "/opt/rustwide/target/debug/deps/libcrossbeam_deque-d2f2f2a96d90b677.rlib" "/opt/rustwide/target/debug/deps/libcrossbeam_epoch-669dc6bdd42c686b.rlib" "/opt/rustwide/target/debug/deps/libmemoffset-77b9fc6eaa51883f.rlib" "/opt/rustwide/target/debug/deps/libcrossbeam_channel-2239c0b69ce2d6a7.rlib" "/opt/rustwide/target/debug/deps/libcrossbeam_utils-c927984e5b3dbee5.rlib" "/opt/rustwide/target/debug/deps/libwincounter-99f6cb64eca7671b.rlib" "/opt/rustwide/target/debug/deps/libitertools-9e91ec966d2de8fa.rlib" "/opt/rustwide/target/debug/deps/libeither-e06209ef422c3674.rlib" "/opt/rustwide/target/debug/deps/libwyz-6548518b4e5efa79.rlib" "/opt/rustwide/target/debug/deps/libindexmap-7b2113ac7fccbab6.rlib" "/opt/rustwide/target/debug/deps/libhashbrown-567986452cb9bc94.rlib" "/opt/rustwide/target/debug/deps/libckc_rs-b295da695a6a90f1.rlib" "/opt/rustwide/target/debug/deps/libstrum-3c7517ee975e75f6.rlib" "/opt/rustwide/target/debug/deps/libcardpack-ef66981a1e493d7b.rlib" "/opt/rustwide/target/debug/deps/libfluent_templates-5343ed54efc94adf.rlib" "/opt/rustwide/target/debug/deps/libflume-c8fc16589ce25078.rlib" "/opt/rustwide/target/debug/deps/libspin-eec8a7ed728dc151.rlib" "/opt/rustwide/target/debug/deps/liblock_api-1d880aae03a79431.rlib" "/opt/rustwide/target/debug/deps/libscopeguard-b35f5c652940acc2.rlib" "/opt/rustwide/target/debug/deps/libpin_project-be717ca80d1f3033.rlib" "/opt/rustwide/target/debug/deps/libfutures_sink-2b0e95e5f1ef133b.rlib" "/opt/rustwide/target/debug/deps/libfutures_core-fb926675a71aa556.rlib" "/opt/rustwide/target/debug/deps/libnanorand-8ec68d88aa2fd002.rlib" "/opt/rustwide/target/debug/deps/libarc_swap-8b2fc6ed8a78f64a.rlib" "/opt/rustwide/target/debug/deps/libsnafu-591fa3a6a0b202e8.rlib" "/opt/rustwide/target/debug/deps/libdoc_comment-1f890cb6ccfe69bb.rlib" "/opt/rustwide/target/debug/deps/libignore-1ad8ac29436aaaa1.rlib" "/opt/rustwide/target/debug/deps/libwalkdir-1e1e3f79bb01416f.rlib" "/opt/rustwide/target/debug/deps/libsame_file-06a4c01142053b65.rlib" "/opt/rustwide/target/debug/deps/libthread_local-37974e86c33cb31d.rlib" "/opt/rustwide/target/debug/deps/libonce_cell-865e1c5018a0303a.rlib" "/opt/rustwide/target/debug/deps/libglobset-062c7a61c67a86f8.rlib" "/opt/rustwide/target/debug/deps/libfnv-18bf5144d055e772.rlib" "/opt/rustwide/target/debug/deps/liblog-66f39b7c9d94a93f.rlib" "/opt/rustwide/target/debug/deps/libbstr-966d49f1002d44be.rlib" "/opt/rustwide/target/debug/deps/libaho_corasick-fec14e281eb19588.rlib" "/opt/rustwide/target/debug/deps/libfluent_bundle-e019bbcbff495772.rlib" "/opt/rustwide/target/debug/deps/libsmallvec-75a5879a2c4c0c6c.rlib" "/opt/rustwide/target/debug/deps/libfluent_langneg-f28a6be8975d69f6.rlib" "/opt/rustwide/target/debug/deps/libintl_pluralrules-ebe1d5107707cc67.rlib" "/opt/rustwide/target/debug/deps/libself_cell-d540ed4dfaed2097.rlib" "/opt/rustwide/target/debug/deps/libintl_memoizer-58a46285b632f9ea.rlib" "/opt/rustwide/target/debug/deps/libtype_map-1b6476c20c8dcd50.rlib" "/opt/rustwide/target/debug/deps/libfluent_syntax-315d51c5d156be00.rlib" "/opt/rustwide/target/debug/deps/libthiserror-8aa4e762218008ab.rlib" "/opt/rustwide/target/debug/deps/librustc_hash-3fb13bc50a653a23.rlib" "/opt/rustwide/target/debug/deps/libterm_table-a06e1d2222897fbe.rlib" "/opt/rustwide/target/debug/deps/libregex-e18f9057ae9b65dd.rlib" "/opt/rustwide/target/debug/deps/libaho_corasick-60aa60e784174434.rlib" "/opt/rustwide/target/debug/deps/libmemchr-4fdcfd9ddfba30cb.rlib" "/opt/rustwide/target/debug/deps/libregex_syntax-9bf174677eb3a180.rlib" "/opt/rustwide/target/debug/deps/libunicode_width-aeff842d70fe38c8.rlib" "/opt/rustwide/target/debug/deps/libunic_langid-c791b26a012f254a.rlib" "/opt/rustwide/target/debug/deps/libunic_langid_macros-728a3ed71a84ad64.rlib" "/opt/rustwide/target/debug/deps/libunic_langid_impl-8d1cf0270d16b02f.rlib" "/opt/rustwide/target/debug/deps/libtinystr-1f3cfcea55f3027e.rlib" "/opt/rustwide/target/debug/deps/libcolored-915a787e194a6132.rlib" "/opt/rustwide/target/debug/deps/liblazy_static-591486ebcb9a7ead.rlib" "/opt/rustwide/target/debug/deps/libatty-084affaf104d49e2.rlib" "/opt/rustwide/target/debug/deps/librand-37ff01f37f664836.rlib" "/opt/rustwide/target/debug/deps/librand_chacha-8f86461880a945ae.rlib" "/opt/rustwide/target/debug/deps/libppv_lite86-9f808eb911999ef2.rlib" "/opt/rustwide/target/debug/deps/librand_core-afcfcbbfbf33efc0.rlib" "/opt/rustwide/target/debug/deps/libgetrandom-6d62d8b42fc74bb0.rlib" "/opt/rustwide/target/debug/deps/liblibc-80caa61b614001af.rlib" "/opt/rustwide/target/debug/deps/libcfg_if-61dc7a6799e72b18.rlib" "/opt/rustwide/target/debug/deps/libserde-72ff6c272ce0b09b.rlib" "/opt/rustwide/rustup-home/toolchains/1.75.0-x86_64-unknown-linux-gnu/lib/rustlib/x86_64-unknown-linux-gnu/lib/libstd-90f6ddbf82de36ec.rlib" "/opt/rustwide/rustup-home/toolchains/1.75.0-x86_64-unknown-linux-gnu/lib/rustlib/x86_64-unknown-linux-gnu/lib/libpanic_unwind-480c41e9d4e1f677.rlib" "/opt/rustwide/rustup-home/toolchains/1.75.0-x86_64-unknown-linux-gnu/lib/rustlib/x86_64-unknown-linux-gnu/lib/libobject-db744c0ca03eed1d.rlib" "/opt/rustwide/rustup-home/toolchains/1.75.0-x86_64-unknown-linux-gnu/lib/rustlib/x86_64-unknown-linux-gnu/lib/libmemchr-8ba652dc7d4b285a.rlib" "/opt/rustwide/rustup-home/toolchains/1.75.0-x86_64-unknown-linux-gnu/lib/rustlib/x86_64-unknown-linux-gnu/lib/libaddr2line-d5f4520a9ebc0d58.rlib" "/opt/rustwide/rustup-home/toolchains/1.75.0-x86_64-unknown-linux-gnu/lib/rustlib/x86_64-unknown-linux-gnu/lib/libgimli-4ad84de58f0cb463.rlib" "/opt/rustwide/rustup-home/toolchains/1.75.0-x86_64-unknown-linux-gnu/lib/rustlib/x86_64-unknown-linux-gnu/lib/librustc_demangle-0d10aae2e0f38735.rlib" "/opt/rustwide/rustup-home/toolchains/1.75.0-x86_64-unknown-linux-gnu/lib/rustlib/x86_64-unknown-linux-gnu/lib/libstd_detect-0c17cff739e6745b.rlib" "/opt/rustwide/rustup-home/toolchains/1.75.0-x86_64-unknown-linux-gnu/lib/rustlib/x86_64-unknown-linux-gnu/lib/libhashbrown-b29e17139dde1aa8.rlib" "/opt/rustwide/rustup-home/toolchains/1.75.0-x86_64-unknown-linux-gnu/lib/rustlib/x86_64-unknown-linux-gnu/lib/librustc_std_workspace_alloc-1f975299829cc7bd.rlib" "/opt/rustwide/rustup-home/toolchains/1.75.0-x86_64-unknown-linux-gnu/lib/rustlib/x86_64-unknown-linux-gnu/lib/libminiz_oxide-86bae3bc3079f89b.rlib" "/opt/rustwide/rustup-home/toolchains/1.75.0-x86_64-unknown-linux-gnu/lib/rustlib/x86_64-unknown-linux-gnu/lib/libadler-321b82c30dffdf5f.rlib" "/opt/rustwide/rustup-home/toolchains/1.75.0-x86_64-unknown-linux-gnu/lib/rustlib/x86_64-unknown-linux-gnu/lib/libunwind-3dd8a6810a0bdfef.rlib" "/opt/rustwide/rustup-home/toolchains/1.75.0-x86_64-unknown-linux-gnu/lib/rustlib/x86_64-unknown-linux-gnu/lib/libcfg_if-eb39a61c0c879984.rlib" "/opt/rustwide/rustup-home/toolchains/1.75.0-x86_64-unknown-linux-gnu/lib/rustlib/x86_64-unknown-linux-gnu/lib/liblibc-aa769569f91c3548.rlib" "/opt/rustwide/rustup-home/toolchains/1.75.0-x86_64-unknown-linux-gnu/lib/rustlib/x86_64-unknown-linux-gnu/lib/liballoc-510a192a50a983ed.rlib" "/opt/rustwide/rustup-home/toolchains/1.75.0-x86_64-unknown-linux-gnu/lib/rustlib/x86_64-unknown-linux-gnu/lib/librustc_std_workspace_core-0577018320f99037.rlib" "/opt/rustwide/rustup-home/toolchains/1.75.0-x86_64-unknown-linux-gnu/lib/rustlib/x86_64-unknown-linux-gnu/lib/libcore-193cf992125ccd4c.rlib" "/opt/rustwide/rustup-home/toolchains/1.75.0-x86_64-unknown-linux-gnu/lib/rustlib/x86_64-unknown-linux-gnu/lib/libcompiler_builtins-8e138eaf26ebb4a8.rlib" "-Wl,-Bdynamic" "-lgcc_s" "-lutil" "-lrt" "-lpthread" "-lm" "-ldl" "-lc" "-Wl,--eh-frame-hdr" "-Wl,-z,noexecstack" "-L" "/opt/rustwide/rustup-home/toolchains/1.75.0-x86_64-unknown-linux-gnu/lib/rustlib/x86_64-unknown-linux-gnu/lib" "-o" "/tmp/rustdoctestipP0uC/rust_out" "-Wl,--gc-sections" "-pie" "-Wl,-z,relro,-z,now" "-nodefaultlibs"
[INFO] [stdout]   = note: collect2: fatal error: ld terminated with signal 9 [Killed]
[INFO] [stdout]           compilation terminated.
[INFO] [stdout]           
[INFO] [stdout] 
[INFO] [stdout] error: aborting due to previous error
[INFO] [stdout] 
[INFO] [stdout] Couldn't compile the test.
[INFO] [stdout] ---- src/types/arrays/five_card.rs - types::arrays::five_card::FiveCard::try_from (line 203) stdout ----
[INFO] [stdout] error: linking with `cc` failed: exit status: 1
[INFO] [stdout]   |
[INFO] [stdout]   = note: LC_ALL="C" PATH="/opt/rustwide/rustup-home/toolchains/1.75.0-x86_64-unknown-linux-gnu/lib/rustlib/x86_64-unknown-linux-gnu/bin:/opt/rustwide/cargo-home/bin:/usr/local/sbin:/usr/local/bin:/usr/sbin:/usr/bin:/sbin:/bin" VSLANG="1033" "cc" "-m64" "/tmp/rustcwYutTb/symbols.o" "/tmp/rustdoctest3QOqaL/rust_out.rust_out.263fb70ac1c95110-cgu.0.rcgu.o" "/tmp/rustdoctest3QOqaL/rust_out.2uel00cfmdh5ufit.rcgu.o" "-Wl,--as-needed" "-L" "/opt/rustwide/target/debug/deps" "-L" "/opt/rustwide/target/debug/deps" "-L" "/opt/rustwide/rustup-home/toolchains/1.75.0-x86_64-unknown-linux-gnu/lib/rustlib/x86_64-unknown-linux-gnu/lib" "-Wl,-Bstatic" "/opt/rustwide/target/debug/deps/libfudd-2c668a22cd3cbf01.rlib" "/opt/rustwide/target/debug/deps/libcsv-143a10b18cf1cc81.rlib" "/opt/rustwide/target/debug/deps/libryu-07c77bcabf6ee02b.rlib" "/opt/rustwide/target/debug/deps/libitoa-807e41d963466eb2.rlib" "/opt/rustwide/target/debug/deps/libcsv_core-d46ae02d5eddca46.rlib" "/opt/rustwide/target/debug/deps/librayon-c9c6092e26c540cc.rlib" "/opt/rustwide/target/debug/deps/librayon_core-4a2bafeb0db93329.rlib" "/opt/rustwide/target/debug/deps/libnum_cpus-eb4b767a7cbadf3d.rlib" "/opt/rustwide/target/debug/deps/libcrossbeam_deque-d2f2f2a96d90b677.rlib" "/opt/rustwide/target/debug/deps/libcrossbeam_epoch-669dc6bdd42c686b.rlib" "/opt/rustwide/target/debug/deps/libmemoffset-77b9fc6eaa51883f.rlib" "/opt/rustwide/target/debug/deps/libcrossbeam_channel-2239c0b69ce2d6a7.rlib" "/opt/rustwide/target/debug/deps/libcrossbeam_utils-c927984e5b3dbee5.rlib" "/opt/rustwide/target/debug/deps/libwincounter-99f6cb64eca7671b.rlib" "/opt/rustwide/target/debug/deps/libitertools-9e91ec966d2de8fa.rlib" "/opt/rustwide/target/debug/deps/libeither-e06209ef422c3674.rlib" "/opt/rustwide/target/debug/deps/libwyz-6548518b4e5efa79.rlib" "/opt/rustwide/target/debug/deps/libindexmap-7b2113ac7fccbab6.rlib" "/opt/rustwide/target/debug/deps/libhashbrown-567986452cb9bc94.rlib" "/opt/rustwide/target/debug/deps/libckc_rs-b295da695a6a90f1.rlib" "/opt/rustwide/target/debug/deps/libstrum-3c7517ee975e75f6.rlib" "/opt/rustwide/target/debug/deps/libcardpack-ef66981a1e493d7b.rlib" "/opt/rustwide/target/debug/deps/libfluent_templates-5343ed54efc94adf.rlib" "/opt/rustwide/target/debug/deps/libflume-c8fc16589ce25078.rlib" "/opt/rustwide/target/debug/deps/libspin-eec8a7ed728dc151.rlib" "/opt/rustwide/target/debug/deps/liblock_api-1d880aae03a79431.rlib" "/opt/rustwide/target/debug/deps/libscopeguard-b35f5c652940acc2.rlib" "/opt/rustwide/target/debug/deps/libpin_project-be717ca80d1f3033.rlib" "/opt/rustwide/target/debug/deps/libfutures_sink-2b0e95e5f1ef133b.rlib" "/opt/rustwide/target/debug/deps/libfutures_core-fb926675a71aa556.rlib" "/opt/rustwide/target/debug/deps/libnanorand-8ec68d88aa2fd002.rlib" "/opt/rustwide/target/debug/deps/libarc_swap-8b2fc6ed8a78f64a.rlib" "/opt/rustwide/target/debug/deps/libsnafu-591fa3a6a0b202e8.rlib" "/opt/rustwide/target/debug/deps/libdoc_comment-1f890cb6ccfe69bb.rlib" "/opt/rustwide/target/debug/deps/libignore-1ad8ac29436aaaa1.rlib" "/opt/rustwide/target/debug/deps/libwalkdir-1e1e3f79bb01416f.rlib" "/opt/rustwide/target/debug/deps/libsame_file-06a4c01142053b65.rlib" "/opt/rustwide/target/debug/deps/libthread_local-37974e86c33cb31d.rlib" "/opt/rustwide/target/debug/deps/libonce_cell-865e1c5018a0303a.rlib" "/opt/rustwide/target/debug/deps/libglobset-062c7a61c67a86f8.rlib" "/opt/rustwide/target/debug/deps/libfnv-18bf5144d055e772.rlib" "/opt/rustwide/target/debug/deps/liblog-66f39b7c9d94a93f.rlib" "/opt/rustwide/target/debug/deps/libbstr-966d49f1002d44be.rlib" "/opt/rustwide/target/debug/deps/libaho_corasick-fec14e281eb19588.rlib" "/opt/rustwide/target/debug/deps/libfluent_bundle-e019bbcbff495772.rlib" "/opt/rustwide/target/debug/deps/libsmallvec-75a5879a2c4c0c6c.rlib" "/opt/rustwide/target/debug/deps/libfluent_langneg-f28a6be8975d69f6.rlib" "/opt/rustwide/target/debug/deps/libintl_pluralrules-ebe1d5107707cc67.rlib" "/opt/rustwide/target/debug/deps/libself_cell-d540ed4dfaed2097.rlib" "/opt/rustwide/target/debug/deps/libintl_memoizer-58a46285b632f9ea.rlib" "/opt/rustwide/target/debug/deps/libtype_map-1b6476c20c8dcd50.rlib" "/opt/rustwide/target/debug/deps/libfluent_syntax-315d51c5d156be00.rlib" "/opt/rustwide/target/debug/deps/libthiserror-8aa4e762218008ab.rlib" "/opt/rustwide/target/debug/deps/librustc_hash-3fb13bc50a653a23.rlib" "/opt/rustwide/target/debug/deps/libterm_table-a06e1d2222897fbe.rlib" "/opt/rustwide/target/debug/deps/libregex-e18f9057ae9b65dd.rlib" "/opt/rustwide/target/debug/deps/libaho_corasick-60aa60e784174434.rlib" "/opt/rustwide/target/debug/deps/libmemchr-4fdcfd9ddfba30cb.rlib" "/opt/rustwide/target/debug/deps/libregex_syntax-9bf174677eb3a180.rlib" "/opt/rustwide/target/debug/deps/libunicode_width-aeff842d70fe38c8.rlib" "/opt/rustwide/target/debug/deps/libunic_langid-c791b26a012f254a.rlib" "/opt/rustwide/target/debug/deps/libunic_langid_macros-728a3ed71a84ad64.rlib" "/opt/rustwide/target/debug/deps/libunic_langid_impl-8d1cf0270d16b02f.rlib" "/opt/rustwide/target/debug/deps/libtinystr-1f3cfcea55f3027e.rlib" "/opt/rustwide/target/debug/deps/libcolored-915a787e194a6132.rlib" "/opt/rustwide/target/debug/deps/liblazy_static-591486ebcb9a7ead.rlib" "/opt/rustwide/target/debug/deps/libatty-084affaf104d49e2.rlib" "/opt/rustwide/target/debug/deps/librand-37ff01f37f664836.rlib" "/opt/rustwide/target/debug/deps/librand_chacha-8f86461880a945ae.rlib" "/opt/rustwide/target/debug/deps/libppv_lite86-9f808eb911999ef2.rlib" "/opt/rustwide/target/debug/deps/librand_core-afcfcbbfbf33efc0.rlib" "/opt/rustwide/target/debug/deps/libgetrandom-6d62d8b42fc74bb0.rlib" "/opt/rustwide/target/debug/deps/liblibc-80caa61b614001af.rlib" "/opt/rustwide/target/debug/deps/libcfg_if-61dc7a6799e72b18.rlib" "/opt/rustwide/target/debug/deps/libserde-72ff6c272ce0b09b.rlib" "/opt/rustwide/rustup-home/toolchains/1.75.0-x86_64-unknown-linux-gnu/lib/rustlib/x86_64-unknown-linux-gnu/lib/libstd-90f6ddbf82de36ec.rlib" "/opt/rustwide/rustup-home/toolchains/1.75.0-x86_64-unknown-linux-gnu/lib/rustlib/x86_64-unknown-linux-gnu/lib/libpanic_unwind-480c41e9d4e1f677.rlib" "/opt/rustwide/rustup-home/toolchains/1.75.0-x86_64-unknown-linux-gnu/lib/rustlib/x86_64-unknown-linux-gnu/lib/libobject-db744c0ca03eed1d.rlib" "/opt/rustwide/rustup-home/toolchains/1.75.0-x86_64-unknown-linux-gnu/lib/rustlib/x86_64-unknown-linux-gnu/lib/libmemchr-8ba652dc7d4b285a.rlib" "/opt/rustwide/rustup-home/toolchains/1.75.0-x86_64-unknown-linux-gnu/lib/rustlib/x86_64-unknown-linux-gnu/lib/libaddr2line-d5f4520a9ebc0d58.rlib" "/opt/rustwide/rustup-home/toolchains/1.75.0-x86_64-unknown-linux-gnu/lib/rustlib/x86_64-unknown-linux-gnu/lib/libgimli-4ad84de58f0cb463.rlib" "/opt/rustwide/rustup-home/toolchains/1.75.0-x86_64-unknown-linux-gnu/lib/rustlib/x86_64-unknown-linux-gnu/lib/librustc_demangle-0d10aae2e0f38735.rlib" "/opt/rustwide/rustup-home/toolchains/1.75.0-x86_64-unknown-linux-gnu/lib/rustlib/x86_64-unknown-linux-gnu/lib/libstd_detect-0c17cff739e6745b.rlib" "/opt/rustwide/rustup-home/toolchains/1.75.0-x86_64-unknown-linux-gnu/lib/rustlib/x86_64-unknown-linux-gnu/lib/libhashbrown-b29e17139dde1aa8.rlib" "/opt/rustwide/rustup-home/toolchains/1.75.0-x86_64-unknown-linux-gnu/lib/rustlib/x86_64-unknown-linux-gnu/lib/librustc_std_workspace_alloc-1f975299829cc7bd.rlib" "/opt/rustwide/rustup-home/toolchains/1.75.0-x86_64-unknown-linux-gnu/lib/rustlib/x86_64-unknown-linux-gnu/lib/libminiz_oxide-86bae3bc3079f89b.rlib" "/opt/rustwide/rustup-home/toolchains/1.75.0-x86_64-unknown-linux-gnu/lib/rustlib/x86_64-unknown-linux-gnu/lib/libadler-321b82c30dffdf5f.rlib" "/opt/rustwide/rustup-home/toolchains/1.75.0-x86_64-unknown-linux-gnu/lib/rustlib/x86_64-unknown-linux-gnu/lib/libunwind-3dd8a6810a0bdfef.rlib" "/opt/rustwide/rustup-home/toolchains/1.75.0-x86_64-unknown-linux-gnu/lib/rustlib/x86_64-unknown-linux-gnu/lib/libcfg_if-eb39a61c0c879984.rlib" "/opt/rustwide/rustup-home/toolchains/1.75.0-x86_64-unknown-linux-gnu/lib/rustlib/x86_64-unknown-linux-gnu/lib/liblibc-aa769569f91c3548.rlib" "/opt/rustwide/rustup-home/toolchains/1.75.0-x86_64-unknown-linux-gnu/lib/rustlib/x86_64-unknown-linux-gnu/lib/liballoc-510a192a50a983ed.rlib" "/opt/rustwide/rustup-home/toolchains/1.75.0-x86_64-unknown-linux-gnu/lib/rustlib/x86_64-unknown-linux-gnu/lib/librustc_std_workspace_core-0577018320f99037.rlib" "/opt/rustwide/rustup-home/toolchains/1.75.0-x86_64-unknown-linux-gnu/lib/rustlib/x86_64-unknown-linux-gnu/lib/libcore-193cf992125ccd4c.rlib" "/opt/rustwide/rustup-home/toolchains/1.75.0-x86_64-unknown-linux-gnu/lib/rustlib/x86_64-unknown-linux-gnu/lib/libcompiler_builtins-8e138eaf26ebb4a8.rlib" "-Wl,-Bdynamic" "-lgcc_s" "-lutil" "-lrt" "-lpthread" "-lm" "-ldl" "-lc" "-Wl,--eh-frame-hdr" "-Wl,-z,noexecstack" "-L" "/opt/rustwide/rustup-home/toolchains/1.75.0-x86_64-unknown-linux-gnu/lib/rustlib/x86_64-unknown-linux-gnu/lib" "-o" "/tmp/rustdoctest3QOqaL/rust_out" "-Wl,--gc-sections" "-pie" "-Wl,-z,relro,-z,now" "-nodefaultlibs"
[INFO] [stdout]   = note: collect2: fatal error: ld terminated with signal 9 [Killed]
[INFO] [stdout]           compilation terminated.
[INFO] [stdout]           
[INFO] [stdout] 
[INFO] [stdout] error: aborting due to previous error
[INFO] [stdout] 
[INFO] [stdout] Couldn't compile the test.
[INFO] [stdout] ---- src/analysis/eval.rs - analysis::eval::Eval (line 40) stdout ----
[INFO] [stdout] error: linking with `cc` failed: exit status: 1
[INFO] [stdout]   |
[INFO] [stdout]   = note: LC_ALL="C" PATH="/opt/rustwide/rustup-home/toolchains/1.75.0-x86_64-unknown-linux-gnu/lib/rustlib/x86_64-unknown-linux-gnu/bin:/opt/rustwide/cargo-home/bin:/usr/local/sbin:/usr/local/bin:/usr/sbin:/usr/bin:/sbin:/bin" VSLANG="1033" "cc" "-m64" "/tmp/rustclnBYOX/symbols.o" "/tmp/rustdoctest5SrzL9/rust_out.rust_out.263fb70ac1c95110-cgu.0.rcgu.o" "/tmp/rustdoctest5SrzL9/rust_out.2uel00cfmdh5ufit.rcgu.o" "-Wl,--as-needed" "-L" "/opt/rustwide/target/debug/deps" "-L" "/opt/rustwide/target/debug/deps" "-L" "/opt/rustwide/rustup-home/toolchains/1.75.0-x86_64-unknown-linux-gnu/lib/rustlib/x86_64-unknown-linux-gnu/lib" "-Wl,-Bstatic" "/opt/rustwide/target/debug/deps/libfudd-2c668a22cd3cbf01.rlib" "/opt/rustwide/target/debug/deps/libcsv-143a10b18cf1cc81.rlib" "/opt/rustwide/target/debug/deps/libryu-07c77bcabf6ee02b.rlib" "/opt/rustwide/target/debug/deps/libitoa-807e41d963466eb2.rlib" "/opt/rustwide/target/debug/deps/libcsv_core-d46ae02d5eddca46.rlib" "/opt/rustwide/target/debug/deps/librayon-c9c6092e26c540cc.rlib" "/opt/rustwide/target/debug/deps/librayon_core-4a2bafeb0db93329.rlib" "/opt/rustwide/target/debug/deps/libnum_cpus-eb4b767a7cbadf3d.rlib" "/opt/rustwide/target/debug/deps/libcrossbeam_deque-d2f2f2a96d90b677.rlib" "/opt/rustwide/target/debug/deps/libcrossbeam_epoch-669dc6bdd42c686b.rlib" "/opt/rustwide/target/debug/deps/libmemoffset-77b9fc6eaa51883f.rlib" "/opt/rustwide/target/debug/deps/libcrossbeam_channel-2239c0b69ce2d6a7.rlib" "/opt/rustwide/target/debug/deps/libcrossbeam_utils-c927984e5b3dbee5.rlib" "/opt/rustwide/target/debug/deps/libwincounter-99f6cb64eca7671b.rlib" "/opt/rustwide/target/debug/deps/libitertools-9e91ec966d2de8fa.rlib" "/opt/rustwide/target/debug/deps/libeither-e06209ef422c3674.rlib" "/opt/rustwide/target/debug/deps/libwyz-6548518b4e5efa79.rlib" "/opt/rustwide/target/debug/deps/libindexmap-7b2113ac7fccbab6.rlib" "/opt/rustwide/target/debug/deps/libhashbrown-567986452cb9bc94.rlib" "/opt/rustwide/target/debug/deps/libckc_rs-b295da695a6a90f1.rlib" "/opt/rustwide/target/debug/deps/libstrum-3c7517ee975e75f6.rlib" "/opt/rustwide/target/debug/deps/libcardpack-ef66981a1e493d7b.rlib" "/opt/rustwide/target/debug/deps/libfluent_templates-5343ed54efc94adf.rlib" "/opt/rustwide/target/debug/deps/libflume-c8fc16589ce25078.rlib" "/opt/rustwide/target/debug/deps/libspin-eec8a7ed728dc151.rlib" "/opt/rustwide/target/debug/deps/liblock_api-1d880aae03a79431.rlib" "/opt/rustwide/target/debug/deps/libscopeguard-b35f5c652940acc2.rlib" "/opt/rustwide/target/debug/deps/libpin_project-be717ca80d1f3033.rlib" "/opt/rustwide/target/debug/deps/libfutures_sink-2b0e95e5f1ef133b.rlib" "/opt/rustwide/target/debug/deps/libfutures_core-fb926675a71aa556.rlib" "/opt/rustwide/target/debug/deps/libnanorand-8ec68d88aa2fd002.rlib" "/opt/rustwide/target/debug/deps/libarc_swap-8b2fc6ed8a78f64a.rlib" "/opt/rustwide/target/debug/deps/libsnafu-591fa3a6a0b202e8.rlib" "/opt/rustwide/target/debug/deps/libdoc_comment-1f890cb6ccfe69bb.rlib" "/opt/rustwide/target/debug/deps/libignore-1ad8ac29436aaaa1.rlib" "/opt/rustwide/target/debug/deps/libwalkdir-1e1e3f79bb01416f.rlib" "/opt/rustwide/target/debug/deps/libsame_file-06a4c01142053b65.rlib" "/opt/rustwide/target/debug/deps/libthread_local-37974e86c33cb31d.rlib" "/opt/rustwide/target/debug/deps/libonce_cell-865e1c5018a0303a.rlib" "/opt/rustwide/target/debug/deps/libglobset-062c7a61c67a86f8.rlib" "/opt/rustwide/target/debug/deps/libfnv-18bf5144d055e772.rlib" "/opt/rustwide/target/debug/deps/liblog-66f39b7c9d94a93f.rlib" "/opt/rustwide/target/debug/deps/libbstr-966d49f1002d44be.rlib" "/opt/rustwide/target/debug/deps/libaho_corasick-fec14e281eb19588.rlib" "/opt/rustwide/target/debug/deps/libfluent_bundle-e019bbcbff495772.rlib" "/opt/rustwide/target/debug/deps/libsmallvec-75a5879a2c4c0c6c.rlib" "/opt/rustwide/target/debug/deps/libfluent_langneg-f28a6be8975d69f6.rlib" "/opt/rustwide/target/debug/deps/libintl_pluralrules-ebe1d5107707cc67.rlib" "/opt/rustwide/target/debug/deps/libself_cell-d540ed4dfaed2097.rlib" "/opt/rustwide/target/debug/deps/libintl_memoizer-58a46285b632f9ea.rlib" "/opt/rustwide/target/debug/deps/libtype_map-1b6476c20c8dcd50.rlib" "/opt/rustwide/target/debug/deps/libfluent_syntax-315d51c5d156be00.rlib" "/opt/rustwide/target/debug/deps/libthiserror-8aa4e762218008ab.rlib" "/opt/rustwide/target/debug/deps/librustc_hash-3fb13bc50a653a23.rlib" "/opt/rustwide/target/debug/deps/libterm_table-a06e1d2222897fbe.rlib" "/opt/rustwide/target/debug/deps/libregex-e18f9057ae9b65dd.rlib" "/opt/rustwide/target/debug/deps/libaho_corasick-60aa60e784174434.rlib" "/opt/rustwide/target/debug/deps/libmemchr-4fdcfd9ddfba30cb.rlib" "/opt/rustwide/target/debug/deps/libregex_syntax-9bf174677eb3a180.rlib" "/opt/rustwide/target/debug/deps/libunicode_width-aeff842d70fe38c8.rlib" "/opt/rustwide/target/debug/deps/libunic_langid-c791b26a012f254a.rlib" "/opt/rustwide/target/debug/deps/libunic_langid_macros-728a3ed71a84ad64.rlib" "/opt/rustwide/target/debug/deps/libunic_langid_impl-8d1cf0270d16b02f.rlib" "/opt/rustwide/target/debug/deps/libtinystr-1f3cfcea55f3027e.rlib" "/opt/rustwide/target/debug/deps/libcolored-915a787e194a6132.rlib" "/opt/rustwide/target/debug/deps/liblazy_static-591486ebcb9a7ead.rlib" "/opt/rustwide/target/debug/deps/libatty-084affaf104d49e2.rlib" "/opt/rustwide/target/debug/deps/librand-37ff01f37f664836.rlib" "/opt/rustwide/target/debug/deps/librand_chacha-8f86461880a945ae.rlib" "/opt/rustwide/target/debug/deps/libppv_lite86-9f808eb911999ef2.rlib" "/opt/rustwide/target/debug/deps/librand_core-afcfcbbfbf33efc0.rlib" "/opt/rustwide/target/debug/deps/libgetrandom-6d62d8b42fc74bb0.rlib" "/opt/rustwide/target/debug/deps/liblibc-80caa61b614001af.rlib" "/opt/rustwide/target/debug/deps/libcfg_if-61dc7a6799e72b18.rlib" "/opt/rustwide/target/debug/deps/libserde-72ff6c272ce0b09b.rlib" "/opt/rustwide/rustup-home/toolchains/1.75.0-x86_64-unknown-linux-gnu/lib/rustlib/x86_64-unknown-linux-gnu/lib/libstd-90f6ddbf82de36ec.rlib" "/opt/rustwide/rustup-home/toolchains/1.75.0-x86_64-unknown-linux-gnu/lib/rustlib/x86_64-unknown-linux-gnu/lib/libpanic_unwind-480c41e9d4e1f677.rlib" "/opt/rustwide/rustup-home/toolchains/1.75.0-x86_64-unknown-linux-gnu/lib/rustlib/x86_64-unknown-linux-gnu/lib/libobject-db744c0ca03eed1d.rlib" "/opt/rustwide/rustup-home/toolchains/1.75.0-x86_64-unknown-linux-gnu/lib/rustlib/x86_64-unknown-linux-gnu/lib/libmemchr-8ba652dc7d4b285a.rlib" "/opt/rustwide/rustup-home/toolchains/1.75.0-x86_64-unknown-linux-gnu/lib/rustlib/x86_64-unknown-linux-gnu/lib/libaddr2line-d5f4520a9ebc0d58.rlib" "/opt/rustwide/rustup-home/toolchains/1.75.0-x86_64-unknown-linux-gnu/lib/rustlib/x86_64-unknown-linux-gnu/lib/libgimli-4ad84de58f0cb463.rlib" "/opt/rustwide/rustup-home/toolchains/1.75.0-x86_64-unknown-linux-gnu/lib/rustlib/x86_64-unknown-linux-gnu/lib/librustc_demangle-0d10aae2e0f38735.rlib" "/opt/rustwide/rustup-home/toolchains/1.75.0-x86_64-unknown-linux-gnu/lib/rustlib/x86_64-unknown-linux-gnu/lib/libstd_detect-0c17cff739e6745b.rlib" "/opt/rustwide/rustup-home/toolchains/1.75.0-x86_64-unknown-linux-gnu/lib/rustlib/x86_64-unknown-linux-gnu/lib/libhashbrown-b29e17139dde1aa8.rlib" "/opt/rustwide/rustup-home/toolchains/1.75.0-x86_64-unknown-linux-gnu/lib/rustlib/x86_64-unknown-linux-gnu/lib/librustc_std_workspace_alloc-1f975299829cc7bd.rlib" "/opt/rustwide/rustup-home/toolchains/1.75.0-x86_64-unknown-linux-gnu/lib/rustlib/x86_64-unknown-linux-gnu/lib/libminiz_oxide-86bae3bc3079f89b.rlib" "/opt/rustwide/rustup-home/toolchains/1.75.0-x86_64-unknown-linux-gnu/lib/rustlib/x86_64-unknown-linux-gnu/lib/libadler-321b82c30dffdf5f.rlib" "/opt/rustwide/rustup-home/toolchains/1.75.0-x86_64-unknown-linux-gnu/lib/rustlib/x86_64-unknown-linux-gnu/lib/libunwind-3dd8a6810a0bdfef.rlib" "/opt/rustwide/rustup-home/toolchains/1.75.0-x86_64-unknown-linux-gnu/lib/rustlib/x86_64-unknown-linux-gnu/lib/libcfg_if-eb39a61c0c879984.rlib" "/opt/rustwide/rustup-home/toolchains/1.75.0-x86_64-unknown-linux-gnu/lib/rustlib/x86_64-unknown-linux-gnu/lib/liblibc-aa769569f91c3548.rlib" "/opt/rustwide/rustup-home/toolchains/1.75.0-x86_64-unknown-linux-gnu/lib/rustlib/x86_64-unknown-linux-gnu/lib/liballoc-510a192a50a983ed.rlib" "/opt/rustwide/rustup-home/toolchains/1.75.0-x86_64-unknown-linux-gnu/lib/rustlib/x86_64-unknown-linux-gnu/lib/librustc_std_workspace_core-0577018320f99037.rlib" "/opt/rustwide/rustup-home/toolchains/1.75.0-x86_64-unknown-linux-gnu/lib/rustlib/x86_64-unknown-linux-gnu/lib/libcore-193cf992125ccd4c.rlib" "/opt/rustwide/rustup-home/toolchains/1.75.0-x86_64-unknown-linux-gnu/lib/rustlib/x86_64-unknown-linux-gnu/lib/libcompiler_builtins-8e138eaf26ebb4a8.rlib" "-Wl,-Bdynamic" "-lgcc_s" "-lutil" "-lrt" "-lpthread" "-lm" "-ldl" "-lc" "-Wl,--eh-frame-hdr" "-Wl,-z,noexecstack" "-L" "/opt/rustwide/rustup-home/toolchains/1.75.0-x86_64-unknown-linux-gnu/lib/rustlib/x86_64-unknown-linux-gnu/lib" "-o" "/tmp/rustdoctest5SrzL9/rust_out" "-Wl,--gc-sections" "-pie" "-Wl,-z,relro,-z,now" "-nodefaultlibs"
[INFO] [stdout]   = note: collect2: fatal error: ld terminated with signal 9 [Killed]
[INFO] [stdout]           compilation terminated.
[INFO] [stdout]           
[INFO] [stdout] 
[INFO] [stdout] error: aborting due to previous error
[INFO] [stdout] 
[INFO] [stdout] Couldn't compile the test.
[INFO] [stdout] ---- src/types/arrays/six_card.rs - types::arrays::six_card::SixCard::try_from (line 181) stdout ----
[INFO] [stdout] error: linking with `cc` failed: exit status: 1
[INFO] [stdout]   |
[INFO] [stdout]   = note: LC_ALL="C" PATH="/opt/rustwide/rustup-home/toolchains/1.75.0-x86_64-unknown-linux-gnu/lib/rustlib/x86_64-unknown-linux-gnu/bin:/opt/rustwide/cargo-home/bin:/usr/local/sbin:/usr/local/bin:/usr/sbin:/usr/bin:/sbin:/bin" VSLANG="1033" "cc" "-m64" "/tmp/rustcqCcBhc/symbols.o" "/tmp/rustdoctest3Yk0VI/rust_out.rust_out.263fb70ac1c95110-cgu.0.rcgu.o" "/tmp/rustdoctest3Yk0VI/rust_out.2uel00cfmdh5ufit.rcgu.o" "-Wl,--as-needed" "-L" "/opt/rustwide/target/debug/deps" "-L" "/opt/rustwide/target/debug/deps" "-L" "/opt/rustwide/rustup-home/toolchains/1.75.0-x86_64-unknown-linux-gnu/lib/rustlib/x86_64-unknown-linux-gnu/lib" "-Wl,-Bstatic" "/opt/rustwide/target/debug/deps/libfudd-2c668a22cd3cbf01.rlib" "/opt/rustwide/target/debug/deps/libcsv-143a10b18cf1cc81.rlib" "/opt/rustwide/target/debug/deps/libryu-07c77bcabf6ee02b.rlib" "/opt/rustwide/target/debug/deps/libitoa-807e41d963466eb2.rlib" "/opt/rustwide/target/debug/deps/libcsv_core-d46ae02d5eddca46.rlib" "/opt/rustwide/target/debug/deps/librayon-c9c6092e26c540cc.rlib" "/opt/rustwide/target/debug/deps/librayon_core-4a2bafeb0db93329.rlib" "/opt/rustwide/target/debug/deps/libnum_cpus-eb4b767a7cbadf3d.rlib" "/opt/rustwide/target/debug/deps/libcrossbeam_deque-d2f2f2a96d90b677.rlib" "/opt/rustwide/target/debug/deps/libcrossbeam_epoch-669dc6bdd42c686b.rlib" "/opt/rustwide/target/debug/deps/libmemoffset-77b9fc6eaa51883f.rlib" "/opt/rustwide/target/debug/deps/libcrossbeam_channel-2239c0b69ce2d6a7.rlib" "/opt/rustwide/target/debug/deps/libcrossbeam_utils-c927984e5b3dbee5.rlib" "/opt/rustwide/target/debug/deps/libwincounter-99f6cb64eca7671b.rlib" "/opt/rustwide/target/debug/deps/libitertools-9e91ec966d2de8fa.rlib" "/opt/rustwide/target/debug/deps/libeither-e06209ef422c3674.rlib" "/opt/rustwide/target/debug/deps/libwyz-6548518b4e5efa79.rlib" "/opt/rustwide/target/debug/deps/libindexmap-7b2113ac7fccbab6.rlib" "/opt/rustwide/target/debug/deps/libhashbrown-567986452cb9bc94.rlib" "/opt/rustwide/target/debug/deps/libckc_rs-b295da695a6a90f1.rlib" "/opt/rustwide/target/debug/deps/libstrum-3c7517ee975e75f6.rlib" "/opt/rustwide/target/debug/deps/libcardpack-ef66981a1e493d7b.rlib" "/opt/rustwide/target/debug/deps/libfluent_templates-5343ed54efc94adf.rlib" "/opt/rustwide/target/debug/deps/libflume-c8fc16589ce25078.rlib" "/opt/rustwide/target/debug/deps/libspin-eec8a7ed728dc151.rlib" "/opt/rustwide/target/debug/deps/liblock_api-1d880aae03a79431.rlib" "/opt/rustwide/target/debug/deps/libscopeguard-b35f5c652940acc2.rlib" "/opt/rustwide/target/debug/deps/libpin_project-be717ca80d1f3033.rlib" "/opt/rustwide/target/debug/deps/libfutures_sink-2b0e95e5f1ef133b.rlib" "/opt/rustwide/target/debug/deps/libfutures_core-fb926675a71aa556.rlib" "/opt/rustwide/target/debug/deps/libnanorand-8ec68d88aa2fd002.rlib" "/opt/rustwide/target/debug/deps/libarc_swap-8b2fc6ed8a78f64a.rlib" "/opt/rustwide/target/debug/deps/libsnafu-591fa3a6a0b202e8.rlib" "/opt/rustwide/target/debug/deps/libdoc_comment-1f890cb6ccfe69bb.rlib" "/opt/rustwide/target/debug/deps/libignore-1ad8ac29436aaaa1.rlib" "/opt/rustwide/target/debug/deps/libwalkdir-1e1e3f79bb01416f.rlib" "/opt/rustwide/target/debug/deps/libsame_file-06a4c01142053b65.rlib" "/opt/rustwide/target/debug/deps/libthread_local-37974e86c33cb31d.rlib" "/opt/rustwide/target/debug/deps/libonce_cell-865e1c5018a0303a.rlib" "/opt/rustwide/target/debug/deps/libglobset-062c7a61c67a86f8.rlib" "/opt/rustwide/target/debug/deps/libfnv-18bf5144d055e772.rlib" "/opt/rustwide/target/debug/deps/liblog-66f39b7c9d94a93f.rlib" "/opt/rustwide/target/debug/deps/libbstr-966d49f1002d44be.rlib" "/opt/rustwide/target/debug/deps/libaho_corasick-fec14e281eb19588.rlib" "/opt/rustwide/target/debug/deps/libfluent_bundle-e019bbcbff495772.rlib" "/opt/rustwide/target/debug/deps/libsmallvec-75a5879a2c4c0c6c.rlib" "/opt/rustwide/target/debug/deps/libfluent_langneg-f28a6be8975d69f6.rlib" "/opt/rustwide/target/debug/deps/libintl_pluralrules-ebe1d5107707cc67.rlib" "/opt/rustwide/target/debug/deps/libself_cell-d540ed4dfaed2097.rlib" "/opt/rustwide/target/debug/deps/libintl_memoizer-58a46285b632f9ea.rlib" "/opt/rustwide/target/debug/deps/libtype_map-1b6476c20c8dcd50.rlib" "/opt/rustwide/target/debug/deps/libfluent_syntax-315d51c5d156be00.rlib" "/opt/rustwide/target/debug/deps/libthiserror-8aa4e762218008ab.rlib" "/opt/rustwide/target/debug/deps/librustc_hash-3fb13bc50a653a23.rlib" "/opt/rustwide/target/debug/deps/libterm_table-a06e1d2222897fbe.rlib" "/opt/rustwide/target/debug/deps/libregex-e18f9057ae9b65dd.rlib" "/opt/rustwide/target/debug/deps/libaho_corasick-60aa60e784174434.rlib" "/opt/rustwide/target/debug/deps/libmemchr-4fdcfd9ddfba30cb.rlib" "/opt/rustwide/target/debug/deps/libregex_syntax-9bf174677eb3a180.rlib" "/opt/rustwide/target/debug/deps/libunicode_width-aeff842d70fe38c8.rlib" "/opt/rustwide/target/debug/deps/libunic_langid-c791b26a012f254a.rlib" "/opt/rustwide/target/debug/deps/libunic_langid_macros-728a3ed71a84ad64.rlib" "/opt/rustwide/target/debug/deps/libunic_langid_impl-8d1cf0270d16b02f.rlib" "/opt/rustwide/target/debug/deps/libtinystr-1f3cfcea55f3027e.rlib" "/opt/rustwide/target/debug/deps/libcolored-915a787e194a6132.rlib" "/opt/rustwide/target/debug/deps/liblazy_static-591486ebcb9a7ead.rlib" "/opt/rustwide/target/debug/deps/libatty-084affaf104d49e2.rlib" "/opt/rustwide/target/debug/deps/librand-37ff01f37f664836.rlib" "/opt/rustwide/target/debug/deps/librand_chacha-8f86461880a945ae.rlib" "/opt/rustwide/target/debug/deps/libppv_lite86-9f808eb911999ef2.rlib" "/opt/rustwide/target/debug/deps/librand_core-afcfcbbfbf33efc0.rlib" "/opt/rustwide/target/debug/deps/libgetrandom-6d62d8b42fc74bb0.rlib" "/opt/rustwide/target/debug/deps/liblibc-80caa61b614001af.rlib" "/opt/rustwide/target/debug/deps/libcfg_if-61dc7a6799e72b18.rlib" "/opt/rustwide/target/debug/deps/libserde-72ff6c272ce0b09b.rlib" "/opt/rustwide/rustup-home/toolchains/1.75.0-x86_64-unknown-linux-gnu/lib/rustlib/x86_64-unknown-linux-gnu/lib/libstd-90f6ddbf82de36ec.rlib" "/opt/rustwide/rustup-home/toolchains/1.75.0-x86_64-unknown-linux-gnu/lib/rustlib/x86_64-unknown-linux-gnu/lib/libpanic_unwind-480c41e9d4e1f677.rlib" "/opt/rustwide/rustup-home/toolchains/1.75.0-x86_64-unknown-linux-gnu/lib/rustlib/x86_64-unknown-linux-gnu/lib/libobject-db744c0ca03eed1d.rlib" "/opt/rustwide/rustup-home/toolchains/1.75.0-x86_64-unknown-linux-gnu/lib/rustlib/x86_64-unknown-linux-gnu/lib/libmemchr-8ba652dc7d4b285a.rlib" "/opt/rustwide/rustup-home/toolchains/1.75.0-x86_64-unknown-linux-gnu/lib/rustlib/x86_64-unknown-linux-gnu/lib/libaddr2line-d5f4520a9ebc0d58.rlib" "/opt/rustwide/rustup-home/toolchains/1.75.0-x86_64-unknown-linux-gnu/lib/rustlib/x86_64-unknown-linux-gnu/lib/libgimli-4ad84de58f0cb463.rlib" "/opt/rustwide/rustup-home/toolchains/1.75.0-x86_64-unknown-linux-gnu/lib/rustlib/x86_64-unknown-linux-gnu/lib/librustc_demangle-0d10aae2e0f38735.rlib" "/opt/rustwide/rustup-home/toolchains/1.75.0-x86_64-unknown-linux-gnu/lib/rustlib/x86_64-unknown-linux-gnu/lib/libstd_detect-0c17cff739e6745b.rlib" "/opt/rustwide/rustup-home/toolchains/1.75.0-x86_64-unknown-linux-gnu/lib/rustlib/x86_64-unknown-linux-gnu/lib/libhashbrown-b29e17139dde1aa8.rlib" "/opt/rustwide/rustup-home/toolchains/1.75.0-x86_64-unknown-linux-gnu/lib/rustlib/x86_64-unknown-linux-gnu/lib/librustc_std_workspace_alloc-1f975299829cc7bd.rlib" "/opt/rustwide/rustup-home/toolchains/1.75.0-x86_64-unknown-linux-gnu/lib/rustlib/x86_64-unknown-linux-gnu/lib/libminiz_oxide-86bae3bc3079f89b.rlib" "/opt/rustwide/rustup-home/toolchains/1.75.0-x86_64-unknown-linux-gnu/lib/rustlib/x86_64-unknown-linux-gnu/lib/libadler-321b82c30dffdf5f.rlib" "/opt/rustwide/rustup-home/toolchains/1.75.0-x86_64-unknown-linux-gnu/lib/rustlib/x86_64-unknown-linux-gnu/lib/libunwind-3dd8a6810a0bdfef.rlib" "/opt/rustwide/rustup-home/toolchains/1.75.0-x86_64-unknown-linux-gnu/lib/rustlib/x86_64-unknown-linux-gnu/lib/libcfg_if-eb39a61c0c879984.rlib" "/opt/rustwide/rustup-home/toolchains/1.75.0-x86_64-unknown-linux-gnu/lib/rustlib/x86_64-unknown-linux-gnu/lib/liblibc-aa769569f91c3548.rlib" "/opt/rustwide/rustup-home/toolchains/1.75.0-x86_64-unknown-linux-gnu/lib/rustlib/x86_64-unknown-linux-gnu/lib/liballoc-510a192a50a983ed.rlib" "/opt/rustwide/rustup-home/toolchains/1.75.0-x86_64-unknown-linux-gnu/lib/rustlib/x86_64-unknown-linux-gnu/lib/librustc_std_workspace_core-0577018320f99037.rlib" "/opt/rustwide/rustup-home/toolchains/1.75.0-x86_64-unknown-linux-gnu/lib/rustlib/x86_64-unknown-linux-gnu/lib/libcore-193cf992125ccd4c.rlib" "/opt/rustwide/rustup-home/toolchains/1.75.0-x86_64-unknown-linux-gnu/lib/rustlib/x86_64-unknown-linux-gnu/lib/libcompiler_builtins-8e138eaf26ebb4a8.rlib" "-Wl,-Bdynamic" "-lgcc_s" "-lutil" "-lrt" "-lpthread" "-lm" "-ldl" "-lc" "-Wl,--eh-frame-hdr" "-Wl,-z,noexecstack" "-L" "/opt/rustwide/rustup-home/toolchains/1.75.0-x86_64-unknown-linux-gnu/lib/rustlib/x86_64-unknown-linux-gnu/lib" "-o" "/tmp/rustdoctest3Yk0VI/rust_out" "-Wl,--gc-sections" "-pie" "-Wl,-z,relro,-z,now" "-nodefaultlibs"
[INFO] [stdout]   = note: collect2: fatal error: ld terminated with signal 9 [Killed]
[INFO] [stdout]           compilation terminated.
[INFO] [stdout]           
[INFO] [stdout] 
[INFO] [stdout] error: aborting due to previous error
[INFO] [stdout] 
[INFO] [stdout] Couldn't compile the test.
[INFO] [stdout] ---- src/types/arrays/seven_card.rs - types::arrays::seven_card::SevenCard::try_from (line 199) stdout ----
[INFO] [stdout] error: linking with `cc` failed: exit status: 1
[INFO] [stdout]   |
[INFO] [stdout]   = note: LC_ALL="C" PATH="/opt/rustwide/rustup-home/toolchains/1.75.0-x86_64-unknown-linux-gnu/lib/rustlib/x86_64-unknown-linux-gnu/bin:/opt/rustwide/cargo-home/bin:/usr/local/sbin:/usr/local/bin:/usr/sbin:/usr/bin:/sbin:/bin" VSLANG="1033" "cc" "-m64" "/tmp/rustcybfAhc/symbols.o" "/tmp/rustdoctest6y5tHI/rust_out.rust_out.263fb70ac1c95110-cgu.0.rcgu.o" "/tmp/rustdoctest6y5tHI/rust_out.2uel00cfmdh5ufit.rcgu.o" "-Wl,--as-needed" "-L" "/opt/rustwide/target/debug/deps" "-L" "/opt/rustwide/target/debug/deps" "-L" "/opt/rustwide/rustup-home/toolchains/1.75.0-x86_64-unknown-linux-gnu/lib/rustlib/x86_64-unknown-linux-gnu/lib" "-Wl,-Bstatic" "/opt/rustwide/target/debug/deps/libfudd-2c668a22cd3cbf01.rlib" "/opt/rustwide/target/debug/deps/libcsv-143a10b18cf1cc81.rlib" "/opt/rustwide/target/debug/deps/libryu-07c77bcabf6ee02b.rlib" "/opt/rustwide/target/debug/deps/libitoa-807e41d963466eb2.rlib" "/opt/rustwide/target/debug/deps/libcsv_core-d46ae02d5eddca46.rlib" "/opt/rustwide/target/debug/deps/librayon-c9c6092e26c540cc.rlib" "/opt/rustwide/target/debug/deps/librayon_core-4a2bafeb0db93329.rlib" "/opt/rustwide/target/debug/deps/libnum_cpus-eb4b767a7cbadf3d.rlib" "/opt/rustwide/target/debug/deps/libcrossbeam_deque-d2f2f2a96d90b677.rlib" "/opt/rustwide/target/debug/deps/libcrossbeam_epoch-669dc6bdd42c686b.rlib" "/opt/rustwide/target/debug/deps/libmemoffset-77b9fc6eaa51883f.rlib" "/opt/rustwide/target/debug/deps/libcrossbeam_channel-2239c0b69ce2d6a7.rlib" "/opt/rustwide/target/debug/deps/libcrossbeam_utils-c927984e5b3dbee5.rlib" "/opt/rustwide/target/debug/deps/libwincounter-99f6cb64eca7671b.rlib" "/opt/rustwide/target/debug/deps/libitertools-9e91ec966d2de8fa.rlib" "/opt/rustwide/target/debug/deps/libeither-e06209ef422c3674.rlib" "/opt/rustwide/target/debug/deps/libwyz-6548518b4e5efa79.rlib" "/opt/rustwide/target/debug/deps/libindexmap-7b2113ac7fccbab6.rlib" "/opt/rustwide/target/debug/deps/libhashbrown-567986452cb9bc94.rlib" "/opt/rustwide/target/debug/deps/libckc_rs-b295da695a6a90f1.rlib" "/opt/rustwide/target/debug/deps/libstrum-3c7517ee975e75f6.rlib" "/opt/rustwide/target/debug/deps/libcardpack-ef66981a1e493d7b.rlib" "/opt/rustwide/target/debug/deps/libfluent_templates-5343ed54efc94adf.rlib" "/opt/rustwide/target/debug/deps/libflume-c8fc16589ce25078.rlib" "/opt/rustwide/target/debug/deps/libspin-eec8a7ed728dc151.rlib" "/opt/rustwide/target/debug/deps/liblock_api-1d880aae03a79431.rlib" "/opt/rustwide/target/debug/deps/libscopeguard-b35f5c652940acc2.rlib" "/opt/rustwide/target/debug/deps/libpin_project-be717ca80d1f3033.rlib" "/opt/rustwide/target/debug/deps/libfutures_sink-2b0e95e5f1ef133b.rlib" "/opt/rustwide/target/debug/deps/libfutures_core-fb926675a71aa556.rlib" "/opt/rustwide/target/debug/deps/libnanorand-8ec68d88aa2fd002.rlib" "/opt/rustwide/target/debug/deps/libarc_swap-8b2fc6ed8a78f64a.rlib" "/opt/rustwide/target/debug/deps/libsnafu-591fa3a6a0b202e8.rlib" "/opt/rustwide/target/debug/deps/libdoc_comment-1f890cb6ccfe69bb.rlib" "/opt/rustwide/target/debug/deps/libignore-1ad8ac29436aaaa1.rlib" "/opt/rustwide/target/debug/deps/libwalkdir-1e1e3f79bb01416f.rlib" "/opt/rustwide/target/debug/deps/libsame_file-06a4c01142053b65.rlib" "/opt/rustwide/target/debug/deps/libthread_local-37974e86c33cb31d.rlib" "/opt/rustwide/target/debug/deps/libonce_cell-865e1c5018a0303a.rlib" "/opt/rustwide/target/debug/deps/libglobset-062c7a61c67a86f8.rlib" "/opt/rustwide/target/debug/deps/libfnv-18bf5144d055e772.rlib" "/opt/rustwide/target/debug/deps/liblog-66f39b7c9d94a93f.rlib" "/opt/rustwide/target/debug/deps/libbstr-966d49f1002d44be.rlib" "/opt/rustwide/target/debug/deps/libaho_corasick-fec14e281eb19588.rlib" "/opt/rustwide/target/debug/deps/libfluent_bundle-e019bbcbff495772.rlib" "/opt/rustwide/target/debug/deps/libsmallvec-75a5879a2c4c0c6c.rlib" "/opt/rustwide/target/debug/deps/libfluent_langneg-f28a6be8975d69f6.rlib" "/opt/rustwide/target/debug/deps/libintl_pluralrules-ebe1d5107707cc67.rlib" "/opt/rustwide/target/debug/deps/libself_cell-d540ed4dfaed2097.rlib" "/opt/rustwide/target/debug/deps/libintl_memoizer-58a46285b632f9ea.rlib" "/opt/rustwide/target/debug/deps/libtype_map-1b6476c20c8dcd50.rlib" "/opt/rustwide/target/debug/deps/libfluent_syntax-315d51c5d156be00.rlib" "/opt/rustwide/target/debug/deps/libthiserror-8aa4e762218008ab.rlib" "/opt/rustwide/target/debug/deps/librustc_hash-3fb13bc50a653a23.rlib" "/opt/rustwide/target/debug/deps/libterm_table-a06e1d2222897fbe.rlib" "/opt/rustwide/target/debug/deps/libregex-e18f9057ae9b65dd.rlib" "/opt/rustwide/target/debug/deps/libaho_corasick-60aa60e784174434.rlib" "/opt/rustwide/target/debug/deps/libmemchr-4fdcfd9ddfba30cb.rlib" "/opt/rustwide/target/debug/deps/libregex_syntax-9bf174677eb3a180.rlib" "/opt/rustwide/target/debug/deps/libunicode_width-aeff842d70fe38c8.rlib" "/opt/rustwide/target/debug/deps/libunic_langid-c791b26a012f254a.rlib" "/opt/rustwide/target/debug/deps/libunic_langid_macros-728a3ed71a84ad64.rlib" "/opt/rustwide/target/debug/deps/libunic_langid_impl-8d1cf0270d16b02f.rlib" "/opt/rustwide/target/debug/deps/libtinystr-1f3cfcea55f3027e.rlib" "/opt/rustwide/target/debug/deps/libcolored-915a787e194a6132.rlib" "/opt/rustwide/target/debug/deps/liblazy_static-591486ebcb9a7ead.rlib" "/opt/rustwide/target/debug/deps/libatty-084affaf104d49e2.rlib" "/opt/rustwide/target/debug/deps/librand-37ff01f37f664836.rlib" "/opt/rustwide/target/debug/deps/librand_chacha-8f86461880a945ae.rlib" "/opt/rustwide/target/debug/deps/libppv_lite86-9f808eb911999ef2.rlib" "/opt/rustwide/target/debug/deps/librand_core-afcfcbbfbf33efc0.rlib" "/opt/rustwide/target/debug/deps/libgetrandom-6d62d8b42fc74bb0.rlib" "/opt/rustwide/target/debug/deps/liblibc-80caa61b614001af.rlib" "/opt/rustwide/target/debug/deps/libcfg_if-61dc7a6799e72b18.rlib" "/opt/rustwide/target/debug/deps/libserde-72ff6c272ce0b09b.rlib" "/opt/rustwide/rustup-home/toolchains/1.75.0-x86_64-unknown-linux-gnu/lib/rustlib/x86_64-unknown-linux-gnu/lib/libstd-90f6ddbf82de36ec.rlib" "/opt/rustwide/rustup-home/toolchains/1.75.0-x86_64-unknown-linux-gnu/lib/rustlib/x86_64-unknown-linux-gnu/lib/libpanic_unwind-480c41e9d4e1f677.rlib" "/opt/rustwide/rustup-home/toolchains/1.75.0-x86_64-unknown-linux-gnu/lib/rustlib/x86_64-unknown-linux-gnu/lib/libobject-db744c0ca03eed1d.rlib" "/opt/rustwide/rustup-home/toolchains/1.75.0-x86_64-unknown-linux-gnu/lib/rustlib/x86_64-unknown-linux-gnu/lib/libmemchr-8ba652dc7d4b285a.rlib" "/opt/rustwide/rustup-home/toolchains/1.75.0-x86_64-unknown-linux-gnu/lib/rustlib/x86_64-unknown-linux-gnu/lib/libaddr2line-d5f4520a9ebc0d58.rlib" "/opt/rustwide/rustup-home/toolchains/1.75.0-x86_64-unknown-linux-gnu/lib/rustlib/x86_64-unknown-linux-gnu/lib/libgimli-4ad84de58f0cb463.rlib" "/opt/rustwide/rustup-home/toolchains/1.75.0-x86_64-unknown-linux-gnu/lib/rustlib/x86_64-unknown-linux-gnu/lib/librustc_demangle-0d10aae2e0f38735.rlib" "/opt/rustwide/rustup-home/toolchains/1.75.0-x86_64-unknown-linux-gnu/lib/rustlib/x86_64-unknown-linux-gnu/lib/libstd_detect-0c17cff739e6745b.rlib" "/opt/rustwide/rustup-home/toolchains/1.75.0-x86_64-unknown-linux-gnu/lib/rustlib/x86_64-unknown-linux-gnu/lib/libhashbrown-b29e17139dde1aa8.rlib" "/opt/rustwide/rustup-home/toolchains/1.75.0-x86_64-unknown-linux-gnu/lib/rustlib/x86_64-unknown-linux-gnu/lib/librustc_std_workspace_alloc-1f975299829cc7bd.rlib" "/opt/rustwide/rustup-home/toolchains/1.75.0-x86_64-unknown-linux-gnu/lib/rustlib/x86_64-unknown-linux-gnu/lib/libminiz_oxide-86bae3bc3079f89b.rlib" "/opt/rustwide/rustup-home/toolchains/1.75.0-x86_64-unknown-linux-gnu/lib/rustlib/x86_64-unknown-linux-gnu/lib/libadler-321b82c30dffdf5f.rlib" "/opt/rustwide/rustup-home/toolchains/1.75.0-x86_64-unknown-linux-gnu/lib/rustlib/x86_64-unknown-linux-gnu/lib/libunwind-3dd8a6810a0bdfef.rlib" "/opt/rustwide/rustup-home/toolchains/1.75.0-x86_64-unknown-linux-gnu/lib/rustlib/x86_64-unknown-linux-gnu/lib/libcfg_if-eb39a61c0c879984.rlib" "/opt/rustwide/rustup-home/toolchains/1.75.0-x86_64-unknown-linux-gnu/lib/rustlib/x86_64-unknown-linux-gnu/lib/liblibc-aa769569f91c3548.rlib" "/opt/rustwide/rustup-home/toolchains/1.75.0-x86_64-unknown-linux-gnu/lib/rustlib/x86_64-unknown-linux-gnu/lib/liballoc-510a192a50a983ed.rlib" "/opt/rustwide/rustup-home/toolchains/1.75.0-x86_64-unknown-linux-gnu/lib/rustlib/x86_64-unknown-linux-gnu/lib/librustc_std_workspace_core-0577018320f99037.rlib" "/opt/rustwide/rustup-home/toolchains/1.75.0-x86_64-unknown-linux-gnu/lib/rustlib/x86_64-unknown-linux-gnu/lib/libcore-193cf992125ccd4c.rlib" "/opt/rustwide/rustup-home/toolchains/1.75.0-x86_64-unknown-linux-gnu/lib/rustlib/x86_64-unknown-linux-gnu/lib/libcompiler_builtins-8e138eaf26ebb4a8.rlib" "-Wl,-Bdynamic" "-lgcc_s" "-lutil" "-lrt" "-lpthread" "-lm" "-ldl" "-lc" "-Wl,--eh-frame-hdr" "-Wl,-z,noexecstack" "-L" "/opt/rustwide/rustup-home/toolchains/1.75.0-x86_64-unknown-linux-gnu/lib/rustlib/x86_64-unknown-linux-gnu/lib" "-o" "/tmp/rustdoctest6y5tHI/rust_out" "-Wl,--gc-sections" "-pie" "-Wl,-z,relro,-z,now" "-nodefaultlibs"
[INFO] [stdout]   = note: collect2: fatal error: ld terminated with signal 9 [Killed]
[INFO] [stdout]           compilation terminated.
[INFO] [stdout]           
[INFO] [stdout] 
[INFO] [stdout] error: aborting due to previous error
[INFO] [stdout] 
[INFO] [stdout] Couldn't compile the test.
[INFO] [stdout] ---- src/types/arrays/five_card.rs - types::arrays::five_card::FiveCard::try_from (line 188) stdout ----
[INFO] [stdout] error: linking with `cc` failed: exit status: 1
[INFO] [stdout]   |
[INFO] [stdout]   = note: LC_ALL="C" PATH="/opt/rustwide/rustup-home/toolchains/1.75.0-x86_64-unknown-linux-gnu/lib/rustlib/x86_64-unknown-linux-gnu/bin:/opt/rustwide/cargo-home/bin:/usr/local/sbin:/usr/local/bin:/usr/sbin:/usr/bin:/sbin:/bin" VSLANG="1033" "cc" "-m64" "/tmp/rustcqAiX1B/symbols.o" "/tmp/rustdoctestnG4FU1/rust_out.rust_out.263fb70ac1c95110-cgu.0.rcgu.o" "/tmp/rustdoctestnG4FU1/rust_out.2uel00cfmdh5ufit.rcgu.o" "-Wl,--as-needed" "-L" "/opt/rustwide/target/debug/deps" "-L" "/opt/rustwide/target/debug/deps" "-L" "/opt/rustwide/rustup-home/toolchains/1.75.0-x86_64-unknown-linux-gnu/lib/rustlib/x86_64-unknown-linux-gnu/lib" "-Wl,-Bstatic" "/opt/rustwide/target/debug/deps/libfudd-2c668a22cd3cbf01.rlib" "/opt/rustwide/target/debug/deps/libcsv-143a10b18cf1cc81.rlib" "/opt/rustwide/target/debug/deps/libryu-07c77bcabf6ee02b.rlib" "/opt/rustwide/target/debug/deps/libitoa-807e41d963466eb2.rlib" "/opt/rustwide/target/debug/deps/libcsv_core-d46ae02d5eddca46.rlib" "/opt/rustwide/target/debug/deps/librayon-c9c6092e26c540cc.rlib" "/opt/rustwide/target/debug/deps/librayon_core-4a2bafeb0db93329.rlib" "/opt/rustwide/target/debug/deps/libnum_cpus-eb4b767a7cbadf3d.rlib" "/opt/rustwide/target/debug/deps/libcrossbeam_deque-d2f2f2a96d90b677.rlib" "/opt/rustwide/target/debug/deps/libcrossbeam_epoch-669dc6bdd42c686b.rlib" "/opt/rustwide/target/debug/deps/libmemoffset-77b9fc6eaa51883f.rlib" "/opt/rustwide/target/debug/deps/libcrossbeam_channel-2239c0b69ce2d6a7.rlib" "/opt/rustwide/target/debug/deps/libcrossbeam_utils-c927984e5b3dbee5.rlib" "/opt/rustwide/target/debug/deps/libwincounter-99f6cb64eca7671b.rlib" "/opt/rustwide/target/debug/deps/libitertools-9e91ec966d2de8fa.rlib" "/opt/rustwide/target/debug/deps/libeither-e06209ef422c3674.rlib" "/opt/rustwide/target/debug/deps/libwyz-6548518b4e5efa79.rlib" "/opt/rustwide/target/debug/deps/libindexmap-7b2113ac7fccbab6.rlib" "/opt/rustwide/target/debug/deps/libhashbrown-567986452cb9bc94.rlib" "/opt/rustwide/target/debug/deps/libckc_rs-b295da695a6a90f1.rlib" "/opt/rustwide/target/debug/deps/libstrum-3c7517ee975e75f6.rlib" "/opt/rustwide/target/debug/deps/libcardpack-ef66981a1e493d7b.rlib" "/opt/rustwide/target/debug/deps/libfluent_templates-5343ed54efc94adf.rlib" "/opt/rustwide/target/debug/deps/libflume-c8fc16589ce25078.rlib" "/opt/rustwide/target/debug/deps/libspin-eec8a7ed728dc151.rlib" "/opt/rustwide/target/debug/deps/liblock_api-1d880aae03a79431.rlib" "/opt/rustwide/target/debug/deps/libscopeguard-b35f5c652940acc2.rlib" "/opt/rustwide/target/debug/deps/libpin_project-be717ca80d1f3033.rlib" "/opt/rustwide/target/debug/deps/libfutures_sink-2b0e95e5f1ef133b.rlib" "/opt/rustwide/target/debug/deps/libfutures_core-fb926675a71aa556.rlib" "/opt/rustwide/target/debug/deps/libnanorand-8ec68d88aa2fd002.rlib" "/opt/rustwide/target/debug/deps/libarc_swap-8b2fc6ed8a78f64a.rlib" "/opt/rustwide/target/debug/deps/libsnafu-591fa3a6a0b202e8.rlib" "/opt/rustwide/target/debug/deps/libdoc_comment-1f890cb6ccfe69bb.rlib" "/opt/rustwide/target/debug/deps/libignore-1ad8ac29436aaaa1.rlib" "/opt/rustwide/target/debug/deps/libwalkdir-1e1e3f79bb01416f.rlib" "/opt/rustwide/target/debug/deps/libsame_file-06a4c01142053b65.rlib" "/opt/rustwide/target/debug/deps/libthread_local-37974e86c33cb31d.rlib" "/opt/rustwide/target/debug/deps/libonce_cell-865e1c5018a0303a.rlib" "/opt/rustwide/target/debug/deps/libglobset-062c7a61c67a86f8.rlib" "/opt/rustwide/target/debug/deps/libfnv-18bf5144d055e772.rlib" "/opt/rustwide/target/debug/deps/liblog-66f39b7c9d94a93f.rlib" "/opt/rustwide/target/debug/deps/libbstr-966d49f1002d44be.rlib" "/opt/rustwide/target/debug/deps/libaho_corasick-fec14e281eb19588.rlib" "/opt/rustwide/target/debug/deps/libfluent_bundle-e019bbcbff495772.rlib" "/opt/rustwide/target/debug/deps/libsmallvec-75a5879a2c4c0c6c.rlib" "/opt/rustwide/target/debug/deps/libfluent_langneg-f28a6be8975d69f6.rlib" "/opt/rustwide/target/debug/deps/libintl_pluralrules-ebe1d5107707cc67.rlib" "/opt/rustwide/target/debug/deps/libself_cell-d540ed4dfaed2097.rlib" "/opt/rustwide/target/debug/deps/libintl_memoizer-58a46285b632f9ea.rlib" "/opt/rustwide/target/debug/deps/libtype_map-1b6476c20c8dcd50.rlib" "/opt/rustwide/target/debug/deps/libfluent_syntax-315d51c5d156be00.rlib" "/opt/rustwide/target/debug/deps/libthiserror-8aa4e762218008ab.rlib" "/opt/rustwide/target/debug/deps/librustc_hash-3fb13bc50a653a23.rlib" "/opt/rustwide/target/debug/deps/libterm_table-a06e1d2222897fbe.rlib" "/opt/rustwide/target/debug/deps/libregex-e18f9057ae9b65dd.rlib" "/opt/rustwide/target/debug/deps/libaho_corasick-60aa60e784174434.rlib" "/opt/rustwide/target/debug/deps/libmemchr-4fdcfd9ddfba30cb.rlib" "/opt/rustwide/target/debug/deps/libregex_syntax-9bf174677eb3a180.rlib" "/opt/rustwide/target/debug/deps/libunicode_width-aeff842d70fe38c8.rlib" "/opt/rustwide/target/debug/deps/libunic_langid-c791b26a012f254a.rlib" "/opt/rustwide/target/debug/deps/libunic_langid_macros-728a3ed71a84ad64.rlib" "/opt/rustwide/target/debug/deps/libunic_langid_impl-8d1cf0270d16b02f.rlib" "/opt/rustwide/target/debug/deps/libtinystr-1f3cfcea55f3027e.rlib" "/opt/rustwide/target/debug/deps/libcolored-915a787e194a6132.rlib" "/opt/rustwide/target/debug/deps/liblazy_static-591486ebcb9a7ead.rlib" "/opt/rustwide/target/debug/deps/libatty-084affaf104d49e2.rlib" "/opt/rustwide/target/debug/deps/librand-37ff01f37f664836.rlib" "/opt/rustwide/target/debug/deps/librand_chacha-8f86461880a945ae.rlib" "/opt/rustwide/target/debug/deps/libppv_lite86-9f808eb911999ef2.rlib" "/opt/rustwide/target/debug/deps/librand_core-afcfcbbfbf33efc0.rlib" "/opt/rustwide/target/debug/deps/libgetrandom-6d62d8b42fc74bb0.rlib" "/opt/rustwide/target/debug/deps/liblibc-80caa61b614001af.rlib" "/opt/rustwide/target/debug/deps/libcfg_if-61dc7a6799e72b18.rlib" "/opt/rustwide/target/debug/deps/libserde-72ff6c272ce0b09b.rlib" "/opt/rustwide/rustup-home/toolchains/1.75.0-x86_64-unknown-linux-gnu/lib/rustlib/x86_64-unknown-linux-gnu/lib/libstd-90f6ddbf82de36ec.rlib" "/opt/rustwide/rustup-home/toolchains/1.75.0-x86_64-unknown-linux-gnu/lib/rustlib/x86_64-unknown-linux-gnu/lib/libpanic_unwind-480c41e9d4e1f677.rlib" "/opt/rustwide/rustup-home/toolchains/1.75.0-x86_64-unknown-linux-gnu/lib/rustlib/x86_64-unknown-linux-gnu/lib/libobject-db744c0ca03eed1d.rlib" "/opt/rustwide/rustup-home/toolchains/1.75.0-x86_64-unknown-linux-gnu/lib/rustlib/x86_64-unknown-linux-gnu/lib/libmemchr-8ba652dc7d4b285a.rlib" "/opt/rustwide/rustup-home/toolchains/1.75.0-x86_64-unknown-linux-gnu/lib/rustlib/x86_64-unknown-linux-gnu/lib/libaddr2line-d5f4520a9ebc0d58.rlib" "/opt/rustwide/rustup-home/toolchains/1.75.0-x86_64-unknown-linux-gnu/lib/rustlib/x86_64-unknown-linux-gnu/lib/libgimli-4ad84de58f0cb463.rlib" "/opt/rustwide/rustup-home/toolchains/1.75.0-x86_64-unknown-linux-gnu/lib/rustlib/x86_64-unknown-linux-gnu/lib/librustc_demangle-0d10aae2e0f38735.rlib" "/opt/rustwide/rustup-home/toolchains/1.75.0-x86_64-unknown-linux-gnu/lib/rustlib/x86_64-unknown-linux-gnu/lib/libstd_detect-0c17cff739e6745b.rlib" "/opt/rustwide/rustup-home/toolchains/1.75.0-x86_64-unknown-linux-gnu/lib/rustlib/x86_64-unknown-linux-gnu/lib/libhashbrown-b29e17139dde1aa8.rlib" "/opt/rustwide/rustup-home/toolchains/1.75.0-x86_64-unknown-linux-gnu/lib/rustlib/x86_64-unknown-linux-gnu/lib/librustc_std_workspace_alloc-1f975299829cc7bd.rlib" "/opt/rustwide/rustup-home/toolchains/1.75.0-x86_64-unknown-linux-gnu/lib/rustlib/x86_64-unknown-linux-gnu/lib/libminiz_oxide-86bae3bc3079f89b.rlib" "/opt/rustwide/rustup-home/toolchains/1.75.0-x86_64-unknown-linux-gnu/lib/rustlib/x86_64-unknown-linux-gnu/lib/libadler-321b82c30dffdf5f.rlib" "/opt/rustwide/rustup-home/toolchains/1.75.0-x86_64-unknown-linux-gnu/lib/rustlib/x86_64-unknown-linux-gnu/lib/libunwind-3dd8a6810a0bdfef.rlib" "/opt/rustwide/rustup-home/toolchains/1.75.0-x86_64-unknown-linux-gnu/lib/rustlib/x86_64-unknown-linux-gnu/lib/libcfg_if-eb39a61c0c879984.rlib" "/opt/rustwide/rustup-home/toolchains/1.75.0-x86_64-unknown-linux-gnu/lib/rustlib/x86_64-unknown-linux-gnu/lib/liblibc-aa769569f91c3548.rlib" "/opt/rustwide/rustup-home/toolchains/1.75.0-x86_64-unknown-linux-gnu/lib/rustlib/x86_64-unknown-linux-gnu/lib/liballoc-510a192a50a983ed.rlib" "/opt/rustwide/rustup-home/toolchains/1.75.0-x86_64-unknown-linux-gnu/lib/rustlib/x86_64-unknown-linux-gnu/lib/librustc_std_workspace_core-0577018320f99037.rlib" "/opt/rustwide/rustup-home/toolchains/1.75.0-x86_64-unknown-linux-gnu/lib/rustlib/x86_64-unknown-linux-gnu/lib/libcore-193cf992125ccd4c.rlib" "/opt/rustwide/rustup-home/toolchains/1.75.0-x86_64-unknown-linux-gnu/lib/rustlib/x86_64-unknown-linux-gnu/lib/libcompiler_builtins-8e138eaf26ebb4a8.rlib" "-Wl,-Bdynamic" "-lgcc_s" "-lutil" "-lrt" "-lpthread" "-lm" "-ldl" "-lc" "-Wl,--eh-frame-hdr" "-Wl,-z,noexecstack" "-L" "/opt/rustwide/rustup-home/toolchains/1.75.0-x86_64-unknown-linux-gnu/lib/rustlib/x86_64-unknown-linux-gnu/lib" "-o" "/tmp/rustdoctestnG4FU1/rust_out" "-Wl,--gc-sections" "-pie" "-Wl,-z,relro,-z,now" "-nodefaultlibs"
[INFO] [stdout]   = note: collect2: fatal error: ld terminated with signal 9 [Killed]
[INFO] [stdout]           compilation terminated.
[INFO] [stdout]           
[INFO] [stdout] 
[INFO] [stdout] error: aborting due to previous error
[INFO] [stdout] 
[INFO] [stdout] Couldn't compile the test.
[INFO] [stdout] ---- src/types/arrays/seven_card.rs - types::arrays::seven_card::SevenCard::try_from (line 171) stdout ----
[INFO] [stdout] error: linking with `cc` failed: exit status: 1
[INFO] [stdout]   |
[INFO] [stdout]   = note: LC_ALL="C" PATH="/opt/rustwide/rustup-home/toolchains/1.75.0-x86_64-unknown-linux-gnu/lib/rustlib/x86_64-unknown-linux-gnu/bin:/opt/rustwide/cargo-home/bin:/usr/local/sbin:/usr/local/bin:/usr/sbin:/usr/bin:/sbin:/bin" VSLANG="1033" "cc" "-m64" "/tmp/rustcpnSNQY/symbols.o" "/tmp/rustdoctest31FIcz/rust_out.rust_out.263fb70ac1c95110-cgu.0.rcgu.o" "/tmp/rustdoctest31FIcz/rust_out.2uel00cfmdh5ufit.rcgu.o" "-Wl,--as-needed" "-L" "/opt/rustwide/target/debug/deps" "-L" "/opt/rustwide/target/debug/deps" "-L" "/opt/rustwide/rustup-home/toolchains/1.75.0-x86_64-unknown-linux-gnu/lib/rustlib/x86_64-unknown-linux-gnu/lib" "-Wl,-Bstatic" "/opt/rustwide/target/debug/deps/libfudd-2c668a22cd3cbf01.rlib" "/opt/rustwide/target/debug/deps/libcsv-143a10b18cf1cc81.rlib" "/opt/rustwide/target/debug/deps/libryu-07c77bcabf6ee02b.rlib" "/opt/rustwide/target/debug/deps/libitoa-807e41d963466eb2.rlib" "/opt/rustwide/target/debug/deps/libcsv_core-d46ae02d5eddca46.rlib" "/opt/rustwide/target/debug/deps/librayon-c9c6092e26c540cc.rlib" "/opt/rustwide/target/debug/deps/librayon_core-4a2bafeb0db93329.rlib" "/opt/rustwide/target/debug/deps/libnum_cpus-eb4b767a7cbadf3d.rlib" "/opt/rustwide/target/debug/deps/libcrossbeam_deque-d2f2f2a96d90b677.rlib" "/opt/rustwide/target/debug/deps/libcrossbeam_epoch-669dc6bdd42c686b.rlib" "/opt/rustwide/target/debug/deps/libmemoffset-77b9fc6eaa51883f.rlib" "/opt/rustwide/target/debug/deps/libcrossbeam_channel-2239c0b69ce2d6a7.rlib" "/opt/rustwide/target/debug/deps/libcrossbeam_utils-c927984e5b3dbee5.rlib" "/opt/rustwide/target/debug/deps/libwincounter-99f6cb64eca7671b.rlib" "/opt/rustwide/target/debug/deps/libitertools-9e91ec966d2de8fa.rlib" "/opt/rustwide/target/debug/deps/libeither-e06209ef422c3674.rlib" "/opt/rustwide/target/debug/deps/libwyz-6548518b4e5efa79.rlib" "/opt/rustwide/target/debug/deps/libindexmap-7b2113ac7fccbab6.rlib" "/opt/rustwide/target/debug/deps/libhashbrown-567986452cb9bc94.rlib" "/opt/rustwide/target/debug/deps/libckc_rs-b295da695a6a90f1.rlib" "/opt/rustwide/target/debug/deps/libstrum-3c7517ee975e75f6.rlib" "/opt/rustwide/target/debug/deps/libcardpack-ef66981a1e493d7b.rlib" "/opt/rustwide/target/debug/deps/libfluent_templates-5343ed54efc94adf.rlib" "/opt/rustwide/target/debug/deps/libflume-c8fc16589ce25078.rlib" "/opt/rustwide/target/debug/deps/libspin-eec8a7ed728dc151.rlib" "/opt/rustwide/target/debug/deps/liblock_api-1d880aae03a79431.rlib" "/opt/rustwide/target/debug/deps/libscopeguard-b35f5c652940acc2.rlib" "/opt/rustwide/target/debug/deps/libpin_project-be717ca80d1f3033.rlib" "/opt/rustwide/target/debug/deps/libfutures_sink-2b0e95e5f1ef133b.rlib" "/opt/rustwide/target/debug/deps/libfutures_core-fb926675a71aa556.rlib" "/opt/rustwide/target/debug/deps/libnanorand-8ec68d88aa2fd002.rlib" "/opt/rustwide/target/debug/deps/libarc_swap-8b2fc6ed8a78f64a.rlib" "/opt/rustwide/target/debug/deps/libsnafu-591fa3a6a0b202e8.rlib" "/opt/rustwide/target/debug/deps/libdoc_comment-1f890cb6ccfe69bb.rlib" "/opt/rustwide/target/debug/deps/libignore-1ad8ac29436aaaa1.rlib" "/opt/rustwide/target/debug/deps/libwalkdir-1e1e3f79bb01416f.rlib" "/opt/rustwide/target/debug/deps/libsame_file-06a4c01142053b65.rlib" "/opt/rustwide/target/debug/deps/libthread_local-37974e86c33cb31d.rlib" "/opt/rustwide/target/debug/deps/libonce_cell-865e1c5018a0303a.rlib" "/opt/rustwide/target/debug/deps/libglobset-062c7a61c67a86f8.rlib" "/opt/rustwide/target/debug/deps/libfnv-18bf5144d055e772.rlib" "/opt/rustwide/target/debug/deps/liblog-66f39b7c9d94a93f.rlib" "/opt/rustwide/target/debug/deps/libbstr-966d49f1002d44be.rlib" "/opt/rustwide/target/debug/deps/libaho_corasick-fec14e281eb19588.rlib" "/opt/rustwide/target/debug/deps/libfluent_bundle-e019bbcbff495772.rlib" "/opt/rustwide/target/debug/deps/libsmallvec-75a5879a2c4c0c6c.rlib" "/opt/rustwide/target/debug/deps/libfluent_langneg-f28a6be8975d69f6.rlib" "/opt/rustwide/target/debug/deps/libintl_pluralrules-ebe1d5107707cc67.rlib" "/opt/rustwide/target/debug/deps/libself_cell-d540ed4dfaed2097.rlib" "/opt/rustwide/target/debug/deps/libintl_memoizer-58a46285b632f9ea.rlib" "/opt/rustwide/target/debug/deps/libtype_map-1b6476c20c8dcd50.rlib" "/opt/rustwide/target/debug/deps/libfluent_syntax-315d51c5d156be00.rlib" "/opt/rustwide/target/debug/deps/libthiserror-8aa4e762218008ab.rlib" "/opt/rustwide/target/debug/deps/librustc_hash-3fb13bc50a653a23.rlib" "/opt/rustwide/target/debug/deps/libterm_table-a06e1d2222897fbe.rlib" "/opt/rustwide/target/debug/deps/libregex-e18f9057ae9b65dd.rlib" "/opt/rustwide/target/debug/deps/libaho_corasick-60aa60e784174434.rlib" "/opt/rustwide/target/debug/deps/libmemchr-4fdcfd9ddfba30cb.rlib" "/opt/rustwide/target/debug/deps/libregex_syntax-9bf174677eb3a180.rlib" "/opt/rustwide/target/debug/deps/libunicode_width-aeff842d70fe38c8.rlib" "/opt/rustwide/target/debug/deps/libunic_langid-c791b26a012f254a.rlib" "/opt/rustwide/target/debug/deps/libunic_langid_macros-728a3ed71a84ad64.rlib" "/opt/rustwide/target/debug/deps/libunic_langid_impl-8d1cf0270d16b02f.rlib" "/opt/rustwide/target/debug/deps/libtinystr-1f3cfcea55f3027e.rlib" "/opt/rustwide/target/debug/deps/libcolored-915a787e194a6132.rlib" "/opt/rustwide/target/debug/deps/liblazy_static-591486ebcb9a7ead.rlib" "/opt/rustwide/target/debug/deps/libatty-084affaf104d49e2.rlib" "/opt/rustwide/target/debug/deps/librand-37ff01f37f664836.rlib" "/opt/rustwide/target/debug/deps/librand_chacha-8f86461880a945ae.rlib" "/opt/rustwide/target/debug/deps/libppv_lite86-9f808eb911999ef2.rlib" "/opt/rustwide/target/debug/deps/librand_core-afcfcbbfbf33efc0.rlib" "/opt/rustwide/target/debug/deps/libgetrandom-6d62d8b42fc74bb0.rlib" "/opt/rustwide/target/debug/deps/liblibc-80caa61b614001af.rlib" "/opt/rustwide/target/debug/deps/libcfg_if-61dc7a6799e72b18.rlib" "/opt/rustwide/target/debug/deps/libserde-72ff6c272ce0b09b.rlib" "/opt/rustwide/rustup-home/toolchains/1.75.0-x86_64-unknown-linux-gnu/lib/rustlib/x86_64-unknown-linux-gnu/lib/libstd-90f6ddbf82de36ec.rlib" "/opt/rustwide/rustup-home/toolchains/1.75.0-x86_64-unknown-linux-gnu/lib/rustlib/x86_64-unknown-linux-gnu/lib/libpanic_unwind-480c41e9d4e1f677.rlib" "/opt/rustwide/rustup-home/toolchains/1.75.0-x86_64-unknown-linux-gnu/lib/rustlib/x86_64-unknown-linux-gnu/lib/libobject-db744c0ca03eed1d.rlib" "/opt/rustwide/rustup-home/toolchains/1.75.0-x86_64-unknown-linux-gnu/lib/rustlib/x86_64-unknown-linux-gnu/lib/libmemchr-8ba652dc7d4b285a.rlib" "/opt/rustwide/rustup-home/toolchains/1.75.0-x86_64-unknown-linux-gnu/lib/rustlib/x86_64-unknown-linux-gnu/lib/libaddr2line-d5f4520a9ebc0d58.rlib" "/opt/rustwide/rustup-home/toolchains/1.75.0-x86_64-unknown-linux-gnu/lib/rustlib/x86_64-unknown-linux-gnu/lib/libgimli-4ad84de58f0cb463.rlib" "/opt/rustwide/rustup-home/toolchains/1.75.0-x86_64-unknown-linux-gnu/lib/rustlib/x86_64-unknown-linux-gnu/lib/librustc_demangle-0d10aae2e0f38735.rlib" "/opt/rustwide/rustup-home/toolchains/1.75.0-x86_64-unknown-linux-gnu/lib/rustlib/x86_64-unknown-linux-gnu/lib/libstd_detect-0c17cff739e6745b.rlib" "/opt/rustwide/rustup-home/toolchains/1.75.0-x86_64-unknown-linux-gnu/lib/rustlib/x86_64-unknown-linux-gnu/lib/libhashbrown-b29e17139dde1aa8.rlib" "/opt/rustwide/rustup-home/toolchains/1.75.0-x86_64-unknown-linux-gnu/lib/rustlib/x86_64-unknown-linux-gnu/lib/librustc_std_workspace_alloc-1f975299829cc7bd.rlib" "/opt/rustwide/rustup-home/toolchains/1.75.0-x86_64-unknown-linux-gnu/lib/rustlib/x86_64-unknown-linux-gnu/lib/libminiz_oxide-86bae3bc3079f89b.rlib" "/opt/rustwide/rustup-home/toolchains/1.75.0-x86_64-unknown-linux-gnu/lib/rustlib/x86_64-unknown-linux-gnu/lib/libadler-321b82c30dffdf5f.rlib" "/opt/rustwide/rustup-home/toolchains/1.75.0-x86_64-unknown-linux-gnu/lib/rustlib/x86_64-unknown-linux-gnu/lib/libunwind-3dd8a6810a0bdfef.rlib" "/opt/rustwide/rustup-home/toolchains/1.75.0-x86_64-unknown-linux-gnu/lib/rustlib/x86_64-unknown-linux-gnu/lib/libcfg_if-eb39a61c0c879984.rlib" "/opt/rustwide/rustup-home/toolchains/1.75.0-x86_64-unknown-linux-gnu/lib/rustlib/x86_64-unknown-linux-gnu/lib/liblibc-aa769569f91c3548.rlib" "/opt/rustwide/rustup-home/toolchains/1.75.0-x86_64-unknown-linux-gnu/lib/rustlib/x86_64-unknown-linux-gnu/lib/liballoc-510a192a50a983ed.rlib" "/opt/rustwide/rustup-home/toolchains/1.75.0-x86_64-unknown-linux-gnu/lib/rustlib/x86_64-unknown-linux-gnu/lib/librustc_std_workspace_core-0577018320f99037.rlib" "/opt/rustwide/rustup-home/toolchains/1.75.0-x86_64-unknown-linux-gnu/lib/rustlib/x86_64-unknown-linux-gnu/lib/libcore-193cf992125ccd4c.rlib" "/opt/rustwide/rustup-home/toolchains/1.75.0-x86_64-unknown-linux-gnu/lib/rustlib/x86_64-unknown-linux-gnu/lib/libcompiler_builtins-8e138eaf26ebb4a8.rlib" "-Wl,-Bdynamic" "-lgcc_s" "-lutil" "-lrt" "-lpthread" "-lm" "-ldl" "-lc" "-Wl,--eh-frame-hdr" "-Wl,-z,noexecstack" "-L" "/opt/rustwide/rustup-home/toolchains/1.75.0-x86_64-unknown-linux-gnu/lib/rustlib/x86_64-unknown-linux-gnu/lib" "-o" "/tmp/rustdoctest31FIcz/rust_out" "-Wl,--gc-sections" "-pie" "-Wl,-z,relro,-z,now" "-nodefaultlibs"
[INFO] [stdout]   = note: collect2: fatal error: ld terminated with signal 9 [Killed]
[INFO] [stdout]           compilation terminated.
[INFO] [stdout]           
[INFO] [stdout] 
[INFO] [stdout] error: aborting due to previous error
[INFO] [stdout] 
[INFO] [stdout] Couldn't compile the test.
[INFO] [stdout] 
[INFO] [stdout] failures:
[INFO] [stdout]     src/analysis/eval.rs - analysis::eval::Eval (line 40)
[INFO] [stdout]     src/analysis/eval.rs - analysis::eval::Eval (line 57)
[INFO] [stdout]     src/types/arrays/five_card.rs - types::arrays::five_card::FiveCard::try_from (line 188)
[INFO] [stdout]     src/types/arrays/five_card.rs - types::arrays::five_card::FiveCard::try_from (line 203)
[INFO] [stdout]     src/types/arrays/seven_card.rs - types::arrays::seven_card::SevenCard::try_from (line 171)
[INFO] [stdout]     src/types/arrays/seven_card.rs - types::arrays::seven_card::SevenCard::try_from (line 186)
[INFO] [stdout]     src/types/arrays/seven_card.rs - types::arrays::seven_card::SevenCard::try_from (line 199)
[INFO] [stdout]     src/types/arrays/six_card.rs - types::arrays::six_card::SixCard::try_from (line 181)
[INFO] [stdout] 
[INFO] [stdout] test result: FAILED. 8 passed; 8 failed; 0 ignored; 0 measured; 0 filtered out; finished in 6.50s
[INFO] [stdout] 
[INFO] [stderr] error: doctest failed, to rerun pass `--doc`
[INFO] running `Command { std: "docker" "inspect" "cac503d44c8a712f94ff8c9ad82653bbadaa7661670a5b8af92b862e0d5e25bf", kill_on_drop: false }`
[INFO] running `Command { std: "docker" "rm" "-f" "cac503d44c8a712f94ff8c9ad82653bbadaa7661670a5b8af92b862e0d5e25bf", kill_on_drop: false }`
[INFO] [stdout] cac503d44c8a712f94ff8c9ad82653bbadaa7661670a5b8af92b862e0d5e25bf
