[INFO] fetching crate fsr 0.1.6...
[INFO] testing fsr-0.1.6 against 1.75.0 for beta-1.76-1
[INFO] extracting crate fsr 0.1.6 into /workspace/builds/worker-4-tc1/source
[INFO] validating manifest of crates.io crate fsr 0.1.6 on toolchain 1.75.0
[INFO] running `Command { std: CARGO_HOME="/workspace/cargo-home" RUSTUP_HOME="/workspace/rustup-home" "/workspace/cargo-home/bin/cargo" "+1.75.0" "metadata" "--manifest-path" "Cargo.toml" "--no-deps", kill_on_drop: false }`
[INFO] started tweaking crates.io crate fsr 0.1.6
[INFO] finished tweaking crates.io crate fsr 0.1.6
[INFO] tweaked toml for crates.io crate fsr 0.1.6 written to /workspace/builds/worker-4-tc1/source/Cargo.toml
[INFO] running `Command { std: CARGO_HOME="/workspace/cargo-home" RUSTUP_HOME="/workspace/rustup-home" "/workspace/cargo-home/bin/cargo" "+1.75.0" "generate-lockfile" "--manifest-path" "Cargo.toml", kill_on_drop: false }`
[INFO] [stderr]     Blocking waiting for file lock on package cache
[INFO] [stderr]     Updating crates.io index
[INFO] running `Command { std: CARGO_HOME="/workspace/cargo-home" RUSTUP_HOME="/workspace/rustup-home" "/workspace/cargo-home/bin/cargo" "+1.75.0" "fetch" "--manifest-path" "Cargo.toml", kill_on_drop: false }`
[INFO] [stderr]     Blocking waiting for file lock on package cache
[INFO] [stderr]  Downloading crates ...
[INFO] [stderr]   Downloaded fsr-sys v0.1.7
[INFO] running `Command { std: "docker" "create" "-v" "/var/lib/crater-agent-workspace/builds/worker-4-tc1/target:/opt/rustwide/target:rw,Z" "-v" "/var/lib/crater-agent-workspace/builds/worker-4-tc1/source:/opt/rustwide/workdir:ro,Z" "-v" "/var/lib/crater-agent-workspace/cargo-home:/opt/rustwide/cargo-home:ro,Z" "-v" "/var/lib/crater-agent-workspace/rustup-home:/opt/rustwide/rustup-home:ro,Z" "-e" "SOURCE_DIR=/opt/rustwide/workdir" "-e" "CARGO_TARGET_DIR=/opt/rustwide/target" "-e" "CARGO_HOME=/opt/rustwide/cargo-home" "-e" "RUSTUP_HOME=/opt/rustwide/rustup-home" "-w" "/opt/rustwide/workdir" "-m" "1610612736" "--user" "0:0" "--network" "none" "ghcr.io/rust-lang/crates-build-env/linux@sha256:2788e3201cd34a07e3172128adcd8b3090168a8e3bcc40d7c032b9dda1df7d1c" "/opt/rustwide/cargo-home/bin/cargo" "+1.75.0" "metadata" "--no-deps" "--format-version=1", kill_on_drop: false }`
[INFO] [stdout] bdf00e9b64e1c37cff6b2b3f425eb33691ae9174131d819f28244ebc24ba7304
[INFO] running `Command { std: "docker" "start" "-a" "bdf00e9b64e1c37cff6b2b3f425eb33691ae9174131d819f28244ebc24ba7304", kill_on_drop: false }`
[INFO] running `Command { std: "docker" "inspect" "bdf00e9b64e1c37cff6b2b3f425eb33691ae9174131d819f28244ebc24ba7304", kill_on_drop: false }`
[INFO] running `Command { std: "docker" "rm" "-f" "bdf00e9b64e1c37cff6b2b3f425eb33691ae9174131d819f28244ebc24ba7304", kill_on_drop: false }`
[INFO] [stdout] bdf00e9b64e1c37cff6b2b3f425eb33691ae9174131d819f28244ebc24ba7304
[INFO] running `Command { std: "docker" "create" "-v" "/var/lib/crater-agent-workspace/builds/worker-4-tc1/target:/opt/rustwide/target:rw,Z" "-v" "/var/lib/crater-agent-workspace/builds/worker-4-tc1/source:/opt/rustwide/workdir:ro,Z" "-v" "/var/lib/crater-agent-workspace/cargo-home:/opt/rustwide/cargo-home:ro,Z" "-v" "/var/lib/crater-agent-workspace/rustup-home:/opt/rustwide/rustup-home:ro,Z" "-e" "SOURCE_DIR=/opt/rustwide/workdir" "-e" "CARGO_TARGET_DIR=/opt/rustwide/target" "-e" "CARGO_INCREMENTAL=0" "-e" "RUST_BACKTRACE=full" "-e" "RUSTFLAGS=--cap-lints=warn" "-e" "RUSTDOCFLAGS=--cap-lints=warn" "-e" "CARGO_HOME=/opt/rustwide/cargo-home" "-e" "RUSTUP_HOME=/opt/rustwide/rustup-home" "-w" "/opt/rustwide/workdir" "-m" "1610612736" "--user" "0:0" "--network" "none" "ghcr.io/rust-lang/crates-build-env/linux@sha256:2788e3201cd34a07e3172128adcd8b3090168a8e3bcc40d7c032b9dda1df7d1c" "/opt/rustwide/cargo-home/bin/cargo" "+1.75.0" "build" "--frozen" "--message-format=json", kill_on_drop: false }`
[INFO] [stdout] 65b3e39a3fed2c20c019e7c7d84918ac710f4f461cfbbbe158c57fbc8acc2989
[INFO] running `Command { std: "docker" "start" "-a" "65b3e39a3fed2c20c019e7c7d84918ac710f4f461cfbbbe158c57fbc8acc2989", kill_on_drop: false }`
[INFO] [stderr]    Compiling libc v0.2.151
[INFO] [stderr]    Compiling glob v0.3.1
[INFO] [stderr]    Compiling thiserror v1.0.56
[INFO] [stderr]    Compiling widestring v1.0.2
[INFO] [stderr]    Compiling bitflags v2.4.1
[INFO] [stderr]    Compiling thiserror-impl v1.0.56
[INFO] [stderr]    Compiling cc v1.0.83
[INFO] [stderr]    Compiling fsr-sys v0.1.7
[INFO] [stderr]    Compiling fsr v0.1.6 (/opt/rustwide/workdir)
[INFO] [stderr]     Finished dev [unoptimized + debuginfo] target(s) in 3.37s
[INFO] running `Command { std: "docker" "inspect" "65b3e39a3fed2c20c019e7c7d84918ac710f4f461cfbbbe158c57fbc8acc2989", kill_on_drop: false }`
[INFO] running `Command { std: "docker" "rm" "-f" "65b3e39a3fed2c20c019e7c7d84918ac710f4f461cfbbbe158c57fbc8acc2989", kill_on_drop: false }`
[INFO] [stdout] 65b3e39a3fed2c20c019e7c7d84918ac710f4f461cfbbbe158c57fbc8acc2989
[INFO] running `Command { std: "docker" "create" "-v" "/var/lib/crater-agent-workspace/builds/worker-4-tc1/target:/opt/rustwide/target:rw,Z" "-v" "/var/lib/crater-agent-workspace/builds/worker-4-tc1/source:/opt/rustwide/workdir:ro,Z" "-v" "/var/lib/crater-agent-workspace/cargo-home:/opt/rustwide/cargo-home:ro,Z" "-v" "/var/lib/crater-agent-workspace/rustup-home:/opt/rustwide/rustup-home:ro,Z" "-e" "SOURCE_DIR=/opt/rustwide/workdir" "-e" "CARGO_TARGET_DIR=/opt/rustwide/target" "-e" "CARGO_INCREMENTAL=0" "-e" "RUST_BACKTRACE=full" "-e" "RUSTFLAGS=--cap-lints=warn" "-e" "RUSTDOCFLAGS=--cap-lints=warn" "-e" "CARGO_HOME=/opt/rustwide/cargo-home" "-e" "RUSTUP_HOME=/opt/rustwide/rustup-home" "-w" "/opt/rustwide/workdir" "-m" "1610612736" "--user" "0:0" "--network" "none" "ghcr.io/rust-lang/crates-build-env/linux@sha256:2788e3201cd34a07e3172128adcd8b3090168a8e3bcc40d7c032b9dda1df7d1c" "/opt/rustwide/cargo-home/bin/cargo" "+1.75.0" "test" "--frozen" "--no-run" "--message-format=json", kill_on_drop: false }`
[INFO] [stdout] aa4bcda0113c3d158ace76d932c37b70aac1c7b601c7c337438923ef1c553f94
[INFO] running `Command { std: "docker" "start" "-a" "aa4bcda0113c3d158ace76d932c37b70aac1c7b601c7c337438923ef1c553f94", kill_on_drop: false }`
[INFO] [stderr]    Compiling fsr v0.1.6 (/opt/rustwide/workdir)
[INFO] [stderr]     Finished test [unoptimized + debuginfo] target(s) in 0.26s
[INFO] running `Command { std: "docker" "inspect" "aa4bcda0113c3d158ace76d932c37b70aac1c7b601c7c337438923ef1c553f94", kill_on_drop: false }`
[INFO] running `Command { std: "docker" "rm" "-f" "aa4bcda0113c3d158ace76d932c37b70aac1c7b601c7c337438923ef1c553f94", kill_on_drop: false }`
[INFO] [stdout] aa4bcda0113c3d158ace76d932c37b70aac1c7b601c7c337438923ef1c553f94
[INFO] running `Command { std: "docker" "create" "-v" "/var/lib/crater-agent-workspace/builds/worker-4-tc1/target:/opt/rustwide/target:rw,Z" "-v" "/var/lib/crater-agent-workspace/builds/worker-4-tc1/source:/opt/rustwide/workdir:ro,Z" "-v" "/var/lib/crater-agent-workspace/cargo-home:/opt/rustwide/cargo-home:ro,Z" "-v" "/var/lib/crater-agent-workspace/rustup-home:/opt/rustwide/rustup-home:ro,Z" "-e" "SOURCE_DIR=/opt/rustwide/workdir" "-e" "CARGO_TARGET_DIR=/opt/rustwide/target" "-e" "CARGO_INCREMENTAL=0" "-e" "RUST_BACKTRACE=full" "-e" "RUSTFLAGS=--cap-lints=warn" "-e" "RUSTDOCFLAGS=--cap-lints=warn" "-e" "CARGO_HOME=/opt/rustwide/cargo-home" "-e" "RUSTUP_HOME=/opt/rustwide/rustup-home" "-w" "/opt/rustwide/workdir" "-m" "1610612736" "--user" "0:0" "--network" "none" "ghcr.io/rust-lang/crates-build-env/linux@sha256:2788e3201cd34a07e3172128adcd8b3090168a8e3bcc40d7c032b9dda1df7d1c" "/opt/rustwide/cargo-home/bin/cargo" "+1.75.0" "test" "--frozen", kill_on_drop: false }`
[INFO] [stdout] ef5dc3c830adb934f313bdc08f9dfecc68d58e9f40e01b3d72122d23136205e4
[INFO] running `Command { std: "docker" "start" "-a" "ef5dc3c830adb934f313bdc08f9dfecc68d58e9f40e01b3d72122d23136205e4", kill_on_drop: false }`
[INFO] [stderr]     Finished test [unoptimized + debuginfo] target(s) in 0.01s
[INFO] [stderr]      Running unittests src/lib.rs (/opt/rustwide/target/debug/deps/fsr-9319a0f982a59fe4)
[INFO] [stdout] 
[INFO] [stdout] running 0 tests
[INFO] [stdout] 
[INFO] [stdout] test result: ok. 0 passed; 0 failed; 0 ignored; 0 measured; 0 filtered out; finished in 0.00s
[INFO] [stdout] 
[INFO] [stderr]    Doc-tests fsr
[INFO] [stdout] 
[INFO] [stdout] running 1 test
[INFO] [stdout] test src/lib.rs - (line 5) - compile ... FAILED
[INFO] [stdout] 
[INFO] [stdout] failures:
[INFO] [stdout] 
[INFO] [stdout] ---- src/lib.rs - (line 5) stdout ----
[INFO] [stdout] error: expected one of `!`, `,`, `.`, `::`, `?`, `{`, `}`, or an operator, found `message_callback`
[INFO] [stdout]   --> src/lib.rs:25:5
[INFO] [stdout]    |
[INFO] [stdout] 17 | let context_desc = fsr::ContextDescription {
[INFO] [stdout]    |                    ----------------------- while parsing this struct
[INFO] [stdout] ...
[INFO] [stdout] 22 |     flags: fsr::InitializationFlagBits::ENABLE_HIGH_DYNAMIC_RANGE
[INFO] [stdout]    |                                                                  -
[INFO] [stdout]    |                                                                  |
[INFO] [stdout]    |                                                                  expected one of 8 possible tokens
[INFO] [stdout]    |                                                                  help: try adding a comma: `,`
[INFO] [stdout] 23 |     message_callback: None,
[INFO] [stdout]    |     ^^^^^^^^^^^^^^^^ unexpected token
[INFO] [stdout] 
[INFO] [stdout] error[E0433]: failed to resolve: could not find `vk` in `fsr`
[INFO] [stdout]  --> src/lib.rs:10:20
[INFO] [stdout]   |
[INFO] [stdout] 8 |     vec![0u8; fsr::vk::get_scratch_memory_size(&vk_instance, vk_physical_device)];
[INFO] [stdout]   |                    ^^ could not find `vk` in `fsr`
[INFO] [stdout] 
[INFO] [stdout] error[E0433]: failed to resolve: could not find `vk` in `fsr`
[INFO] [stdout]  --> src/lib.rs:11:22
[INFO] [stdout]   |
[INFO] [stdout] 9 | let interface = fsr::vk::get_interface(
[INFO] [stdout]   |                      ^^ could not find `vk` in `fsr`
[INFO] [stdout] 
[INFO] [stdout] error[E0433]: failed to resolve: could not find `vk` in `fsr`
[INFO] [stdout]   --> src/lib.rs:21:19
[INFO] [stdout]    |
[INFO] [stdout] 19 |     device: &fsr::vk::get_device(vk_device),
[INFO] [stdout]    |                   ^^ could not find `vk` in `fsr`
[INFO] [stdout] 
[INFO] [stdout] error[E0425]: cannot find value `vk_instance` in this scope
[INFO] [stdout]  --> src/lib.rs:10:49
[INFO] [stdout]   |
[INFO] [stdout] 8 |     vec![0u8; fsr::vk::get_scratch_memory_size(&vk_instance, vk_physical_device)];
[INFO] [stdout]   |                                                 ^^^^^^^^^^^ not found in this scope
[INFO] [stdout] 
[INFO] [stdout] error[E0425]: cannot find value `vk_physical_device` in this scope
[INFO] [stdout]  --> src/lib.rs:10:62
[INFO] [stdout]   |
[INFO] [stdout] 8 |     vec![0u8; fsr::vk::get_scratch_memory_size(&vk_instance, vk_physical_device)];
[INFO] [stdout]   |                                                              ^^^^^^^^^^^^^^^^^^ not found in this scope
[INFO] [stdout] 
[INFO] [stdout] error[E0425]: cannot find value `vk_entry` in this scope
[INFO] [stdout]   --> src/lib.rs:12:6
[INFO] [stdout]    |
[INFO] [stdout] 10 |     &vk_entry,
[INFO] [stdout]    |      ^^^^^^^^ not found in this scope
[INFO] [stdout] 
[INFO] [stdout] error[E0425]: cannot find value `vk_instance` in this scope
[INFO] [stdout]   --> src/lib.rs:13:6
[INFO] [stdout]    |
[INFO] [stdout] 11 |     &vk_instance,
[INFO] [stdout]    |      ^^^^^^^^^^^ not found in this scope
[INFO] [stdout] 
[INFO] [stdout] error[E0425]: cannot find value `vk_physical_device` in this scope
[INFO] [stdout]   --> src/lib.rs:14:5
[INFO] [stdout]    |
[INFO] [stdout] 12 |     vk_physical_device,
[INFO] [stdout]    |     ^^^^^^^^^^^^^^^^^^ not found in this scope
[INFO] [stdout] 
[INFO] [stdout] error[E0425]: cannot find value `fsr_interface` in this scope
[INFO] [stdout]   --> src/lib.rs:20:16
[INFO] [stdout]    |
[INFO] [stdout] 18 |     interface: fsr_interface,
[INFO] [stdout]    |                ^^^^^^^^^^^^^ help: a local variable with a similar name exists: `interface`
[INFO] [stdout] 
[INFO] [stdout] error[E0425]: cannot find value `vk_device` in this scope
[INFO] [stdout]   --> src/lib.rs:21:34
[INFO] [stdout]    |
[INFO] [stdout] 19 |     device: &fsr::vk::get_device(vk_device),
[INFO] [stdout]    |                                  ^^^^^^^^^ not found in this scope
[INFO] [stdout] 
[INFO] [stdout] error[E0425]: cannot find value `vk_command_list` in this scope
[INFO] [stdout]   --> src/lib.rs:31:5
[INFO] [stdout]    |
[INFO] [stdout] 29 |     vk_command_list.into(),
[INFO] [stdout]    |     ^^^^^^^^^^^^^^^ not found in this scope
[INFO] [stdout] 
[INFO] [stdout] error[E0425]: cannot find value `color` in this scope
[INFO] [stdout]   --> src/lib.rs:32:5
[INFO] [stdout]    |
[INFO] [stdout] 30 |     color,
[INFO] [stdout]    |     ^^^^^ not found in this scope
[INFO] [stdout] 
[INFO] [stdout] error[E0425]: cannot find value `depth` in this scope
[INFO] [stdout]   --> src/lib.rs:33:5
[INFO] [stdout]    |
[INFO] [stdout] 31 |     depth,
[INFO] [stdout]    |     ^^^^^ not found in this scope
[INFO] [stdout] 
[INFO] [stdout] error[E0425]: cannot find value `velocity` in this scope
[INFO] [stdout]   --> src/lib.rs:34:5
[INFO] [stdout]    |
[INFO] [stdout] 32 |     velocity,
[INFO] [stdout]    |     ^^^^^^^^ not found in this scope
[INFO] [stdout] 
[INFO] [stdout] error[E0425]: cannot find value `output` in this scope
[INFO] [stdout]   --> src/lib.rs:35:5
[INFO] [stdout]    |
[INFO] [stdout] 33 |     output,
[INFO] [stdout]    |     ^^^^^^ not found in this scope
[INFO] [stdout] 
[INFO] [stdout] error[E0425]: cannot find value `delta_time_s` in this scope
[INFO] [stdout]   --> src/lib.rs:36:5
[INFO] [stdout]    |
[INFO] [stdout] 34 |     delta_time_s,
[INFO] [stdout]    |     ^^^^^^^^^^^^ not found in this scope
[INFO] [stdout] 
[INFO] [stdout] error[E0425]: cannot find value `fsr_context` in this scope
[INFO] [stdout]   --> src/lib.rs:39:1
[INFO] [stdout]    |
[INFO] [stdout] 37 | fsr_context.dispatch(desc).expect("Failed to dispatch fsr");
[INFO] [stdout]    | ^^^^^^^^^^^ not found in this scope
[INFO] [stdout] 
[INFO] [stdout] error[E0063]: missing field `message_callback` in initializer of `ContextDescription<'_>`
[INFO] [stdout]   --> src/lib.rs:19:20
[INFO] [stdout]    |
[INFO] [stdout] 17 | let context_desc = fsr::ContextDescription {
[INFO] [stdout]    |                    ^^^^^^^^^^^^^^^^^^^^^^^ missing `message_callback`
[INFO] [stdout] 
[INFO] [stdout] error: aborting due to 19 previous errors
[INFO] [stdout] 
[INFO] [stdout] Some errors have detailed explanations: E0063, E0425, E0433.
[INFO] [stdout] For more information about an error, try `rustc --explain E0063`.
[INFO] [stdout] Couldn't compile the test.
[INFO] [stdout] 
[INFO] [stdout] failures:
[INFO] [stdout]     src/lib.rs - (line 5)
[INFO] [stdout] 
[INFO] [stdout] test result: FAILED. 0 passed; 1 failed; 0 ignored; 0 measured; 0 filtered out; finished in 0.07s
[INFO] [stdout] 
[INFO] [stderr] error: doctest failed, to rerun pass `--doc`
[INFO] running `Command { std: "docker" "inspect" "ef5dc3c830adb934f313bdc08f9dfecc68d58e9f40e01b3d72122d23136205e4", kill_on_drop: false }`
[INFO] running `Command { std: "docker" "rm" "-f" "ef5dc3c830adb934f313bdc08f9dfecc68d58e9f40e01b3d72122d23136205e4", kill_on_drop: false }`
[INFO] [stdout] ef5dc3c830adb934f313bdc08f9dfecc68d58e9f40e01b3d72122d23136205e4
