[INFO] fetching crate forward-dll 0.1.16...
[INFO] testing forward-dll-0.1.16 against 1.75.0 for beta-1.76-1
[INFO] extracting crate forward-dll 0.1.16 into /workspace/builds/worker-1-tc1/source
[INFO] validating manifest of crates.io crate forward-dll 0.1.16 on toolchain 1.75.0
[INFO] running `Command { std: CARGO_HOME="/workspace/cargo-home" RUSTUP_HOME="/workspace/rustup-home" "/workspace/cargo-home/bin/cargo" "+1.75.0" "metadata" "--manifest-path" "Cargo.toml" "--no-deps", kill_on_drop: false }`
[INFO] started tweaking crates.io crate forward-dll 0.1.16
[INFO] finished tweaking crates.io crate forward-dll 0.1.16
[INFO] tweaked toml for crates.io crate forward-dll 0.1.16 written to /workspace/builds/worker-1-tc1/source/Cargo.toml
[INFO] running `Command { std: CARGO_HOME="/workspace/cargo-home" RUSTUP_HOME="/workspace/rustup-home" "/workspace/cargo-home/bin/cargo" "+1.75.0" "generate-lockfile" "--manifest-path" "Cargo.toml", kill_on_drop: false }`
[INFO] [stderr]     Updating crates.io index
[INFO] running `Command { std: CARGO_HOME="/workspace/cargo-home" RUSTUP_HOME="/workspace/rustup-home" "/workspace/cargo-home/bin/cargo" "+1.75.0" "fetch" "--manifest-path" "Cargo.toml", kill_on_drop: false }`
[INFO] [stderr]  Downloading crates ...
[INFO] [stderr]   Downloaded forward-dll-derive v0.1.16
[INFO] [stderr]   Downloaded implib v0.3.1
[INFO] running `Command { std: "docker" "create" "-v" "/var/lib/crater-agent-workspace/builds/worker-1-tc1/target:/opt/rustwide/target:rw,Z" "-v" "/var/lib/crater-agent-workspace/builds/worker-1-tc1/source:/opt/rustwide/workdir:ro,Z" "-v" "/var/lib/crater-agent-workspace/cargo-home:/opt/rustwide/cargo-home:ro,Z" "-v" "/var/lib/crater-agent-workspace/rustup-home:/opt/rustwide/rustup-home:ro,Z" "-e" "SOURCE_DIR=/opt/rustwide/workdir" "-e" "CARGO_TARGET_DIR=/opt/rustwide/target" "-e" "CARGO_HOME=/opt/rustwide/cargo-home" "-e" "RUSTUP_HOME=/opt/rustwide/rustup-home" "-w" "/opt/rustwide/workdir" "-m" "1610612736" "--user" "0:0" "--network" "none" "ghcr.io/rust-lang/crates-build-env/linux@sha256:2788e3201cd34a07e3172128adcd8b3090168a8e3bcc40d7c032b9dda1df7d1c" "/opt/rustwide/cargo-home/bin/cargo" "+1.75.0" "metadata" "--no-deps" "--format-version=1", kill_on_drop: false }`
[INFO] [stdout] 16e64112525cfc61a2257009f7728af4b7127cbac998ca8d1999b0ea72794994
[INFO] running `Command { std: "docker" "start" "-a" "16e64112525cfc61a2257009f7728af4b7127cbac998ca8d1999b0ea72794994", kill_on_drop: false }`
[INFO] running `Command { std: "docker" "inspect" "16e64112525cfc61a2257009f7728af4b7127cbac998ca8d1999b0ea72794994", kill_on_drop: false }`
[INFO] running `Command { std: "docker" "rm" "-f" "16e64112525cfc61a2257009f7728af4b7127cbac998ca8d1999b0ea72794994", kill_on_drop: false }`
[INFO] [stdout] 16e64112525cfc61a2257009f7728af4b7127cbac998ca8d1999b0ea72794994
[INFO] running `Command { std: "docker" "create" "-v" "/var/lib/crater-agent-workspace/builds/worker-1-tc1/target:/opt/rustwide/target:rw,Z" "-v" "/var/lib/crater-agent-workspace/builds/worker-1-tc1/source:/opt/rustwide/workdir:ro,Z" "-v" "/var/lib/crater-agent-workspace/cargo-home:/opt/rustwide/cargo-home:ro,Z" "-v" "/var/lib/crater-agent-workspace/rustup-home:/opt/rustwide/rustup-home:ro,Z" "-e" "SOURCE_DIR=/opt/rustwide/workdir" "-e" "CARGO_TARGET_DIR=/opt/rustwide/target" "-e" "CARGO_INCREMENTAL=0" "-e" "RUST_BACKTRACE=full" "-e" "RUSTFLAGS=--cap-lints=warn" "-e" "RUSTDOCFLAGS=--cap-lints=warn" "-e" "CARGO_HOME=/opt/rustwide/cargo-home" "-e" "RUSTUP_HOME=/opt/rustwide/rustup-home" "-w" "/opt/rustwide/workdir" "-m" "1610612736" "--user" "0:0" "--network" "none" "ghcr.io/rust-lang/crates-build-env/linux@sha256:2788e3201cd34a07e3172128adcd8b3090168a8e3bcc40d7c032b9dda1df7d1c" "/opt/rustwide/cargo-home/bin/cargo" "+1.75.0" "build" "--frozen" "--message-format=json", kill_on_drop: false }`
[INFO] [stdout] 2bfcd7aed9e4cbfa9e4e0e6c6c2f33ba31e45871aaaf73fa9c41ad9b20ed1a35
[INFO] running `Command { std: "docker" "start" "-a" "2bfcd7aed9e4cbfa9e4e0e6c6c2f33ba31e45871aaaf73fa9c41ad9b20ed1a35", kill_on_drop: false }`
[INFO] [stderr]    Compiling ahash v0.8.7
[INFO] [stderr]    Compiling indexmap v1.9.3
[INFO] [stderr]    Compiling zerocopy v0.7.32
[INFO] [stderr]    Compiling once_cell v1.19.0
[INFO] [stderr]    Compiling windows_x86_64_gnu v0.48.5
[INFO] [stderr]    Compiling memoffset v0.8.0
[INFO] [stderr]    Compiling memchr v2.7.1
[INFO] [stderr]    Compiling forward-dll-derive v0.1.16
[INFO] [stderr]    Compiling syn v2.0.48
[INFO] [stderr]    Compiling windows-targets v0.48.5
[INFO] [stderr]    Compiling windows-sys v0.48.0
[INFO] [stderr]    Compiling hashbrown v0.13.2
[INFO] [stderr]    Compiling object v0.30.4
[INFO] [stderr]    Compiling implib v0.3.1
[INFO] [stderr]    Compiling forward-dll v0.1.16 (/opt/rustwide/workdir)
[INFO] [stderr]     Finished dev [unoptimized + debuginfo] target(s) in 7.66s
[INFO] running `Command { std: "docker" "inspect" "2bfcd7aed9e4cbfa9e4e0e6c6c2f33ba31e45871aaaf73fa9c41ad9b20ed1a35", kill_on_drop: false }`
[INFO] running `Command { std: "docker" "rm" "-f" "2bfcd7aed9e4cbfa9e4e0e6c6c2f33ba31e45871aaaf73fa9c41ad9b20ed1a35", kill_on_drop: false }`
[INFO] [stdout] 2bfcd7aed9e4cbfa9e4e0e6c6c2f33ba31e45871aaaf73fa9c41ad9b20ed1a35
[INFO] running `Command { std: "docker" "create" "-v" "/var/lib/crater-agent-workspace/builds/worker-1-tc1/target:/opt/rustwide/target:rw,Z" "-v" "/var/lib/crater-agent-workspace/builds/worker-1-tc1/source:/opt/rustwide/workdir:ro,Z" "-v" "/var/lib/crater-agent-workspace/cargo-home:/opt/rustwide/cargo-home:ro,Z" "-v" "/var/lib/crater-agent-workspace/rustup-home:/opt/rustwide/rustup-home:ro,Z" "-e" "SOURCE_DIR=/opt/rustwide/workdir" "-e" "CARGO_TARGET_DIR=/opt/rustwide/target" "-e" "CARGO_INCREMENTAL=0" "-e" "RUST_BACKTRACE=full" "-e" "RUSTFLAGS=--cap-lints=warn" "-e" "RUSTDOCFLAGS=--cap-lints=warn" "-e" "CARGO_HOME=/opt/rustwide/cargo-home" "-e" "RUSTUP_HOME=/opt/rustwide/rustup-home" "-w" "/opt/rustwide/workdir" "-m" "1610612736" "--user" "0:0" "--network" "none" "ghcr.io/rust-lang/crates-build-env/linux@sha256:2788e3201cd34a07e3172128adcd8b3090168a8e3bcc40d7c032b9dda1df7d1c" "/opt/rustwide/cargo-home/bin/cargo" "+1.75.0" "test" "--frozen" "--no-run" "--message-format=json", kill_on_drop: false }`
[INFO] [stdout] b006a601c5256daa4d8854b8048d49a78a7820e2353dc8f4bb284f48366cb38e
[INFO] running `Command { std: "docker" "start" "-a" "b006a601c5256daa4d8854b8048d49a78a7820e2353dc8f4bb284f48366cb38e", kill_on_drop: false }`
[INFO] [stderr]    Compiling forward-dll v0.1.16 (/opt/rustwide/workdir)
[INFO] [stderr]     Finished test [unoptimized + debuginfo] target(s) in 0.40s
[INFO] running `Command { std: "docker" "inspect" "b006a601c5256daa4d8854b8048d49a78a7820e2353dc8f4bb284f48366cb38e", kill_on_drop: false }`
[INFO] running `Command { std: "docker" "rm" "-f" "b006a601c5256daa4d8854b8048d49a78a7820e2353dc8f4bb284f48366cb38e", kill_on_drop: false }`
[INFO] [stdout] b006a601c5256daa4d8854b8048d49a78a7820e2353dc8f4bb284f48366cb38e
[INFO] running `Command { std: "docker" "create" "-v" "/var/lib/crater-agent-workspace/builds/worker-1-tc1/target:/opt/rustwide/target:rw,Z" "-v" "/var/lib/crater-agent-workspace/builds/worker-1-tc1/source:/opt/rustwide/workdir:ro,Z" "-v" "/var/lib/crater-agent-workspace/cargo-home:/opt/rustwide/cargo-home:ro,Z" "-v" "/var/lib/crater-agent-workspace/rustup-home:/opt/rustwide/rustup-home:ro,Z" "-e" "SOURCE_DIR=/opt/rustwide/workdir" "-e" "CARGO_TARGET_DIR=/opt/rustwide/target" "-e" "CARGO_INCREMENTAL=0" "-e" "RUST_BACKTRACE=full" "-e" "RUSTFLAGS=--cap-lints=warn" "-e" "RUSTDOCFLAGS=--cap-lints=warn" "-e" "CARGO_HOME=/opt/rustwide/cargo-home" "-e" "RUSTUP_HOME=/opt/rustwide/rustup-home" "-w" "/opt/rustwide/workdir" "-m" "1610612736" "--user" "0:0" "--network" "none" "ghcr.io/rust-lang/crates-build-env/linux@sha256:2788e3201cd34a07e3172128adcd8b3090168a8e3bcc40d7c032b9dda1df7d1c" "/opt/rustwide/cargo-home/bin/cargo" "+1.75.0" "test" "--frozen", kill_on_drop: false }`
[INFO] [stdout] 8cf383fd2932a1b9967a33bb34d37902b819daf2aaba2c9e0e682579f209b8c8
[INFO] running `Command { std: "docker" "start" "-a" "8cf383fd2932a1b9967a33bb34d37902b819daf2aaba2c9e0e682579f209b8c8", kill_on_drop: false }`
[INFO] [stderr]     Finished test [unoptimized + debuginfo] target(s) in 0.03s
[INFO] [stdout] 
[INFO] [stderr]      Running unittests src/lib.rs (/opt/rustwide/target/debug/deps/forward_dll-d35ed554dd4b2610)
[INFO] [stdout] running 0 tests
[INFO] [stdout] 
[INFO] [stdout] test result: ok. 0 passed; 0 failed; 0 ignored; 0 measured; 0 filtered out; finished in 0.00s
[INFO] [stdout] 
[INFO] [stderr]    Doc-tests forward-dll
[INFO] [stdout] 
[INFO] [stdout] running 3 tests
[INFO] [stdout] test src/lib.rs - (line 19) ... FAILED
[INFO] [stdout] test src/lib.rs - (line 7) ... FAILED
[INFO] [stdout] test src/lib.rs - forward_dll (line 67) ... ok
[INFO] [stdout] 
[INFO] [stdout] failures:
[INFO] [stdout] 
[INFO] [stdout] ---- src/lib.rs - (line 19) stdout ----
[INFO] [stdout] error: proc-macro derive panicked
[INFO] [stdout]  --> src/lib.rs:23:10
[INFO] [stdout]   |
[INFO] [stdout] 7 | #[derive(ForwardModule)]
[INFO] [stdout]   |          ^^^^^^^^^^^^^
[INFO] [stdout]   |
[INFO] [stdout]   = help: message: 指定的 DLL 可能是一个无效的 PE 文件: "Failed to read file: No such file or directory (os error 2)"
[INFO] [stdout] 
[INFO] [stdout] error[E0599]: no method named `init` found for struct `VersionModule` in the current scope
[INFO] [stdout]   --> src/lib.rs:33:21
[INFO] [stdout]    |
[INFO] [stdout] 9  | pub struct VersionModule;
[INFO] [stdout]    | ------------------------ method `init` not found for this struct
[INFO] [stdout] ...
[INFO] [stdout] 17 |         VERSION_LIB.init().unwrap();
[INFO] [stdout]    |                     ^^^^ method not found in `VersionModule`
[INFO] [stdout]    |
[INFO] [stdout]    = help: items from traits can only be used if the trait is implemented and in scope
[INFO] [stdout]    = note: the following trait defines an item `init`, perhaps you need to implement it:
[INFO] [stdout]            candidate #1: `ForwardModule`
[INFO] [stdout] 
[INFO] [stdout] error: aborting due to 2 previous errors
[INFO] [stdout] 
[INFO] [stdout] For more information about this error, try `rustc --explain E0599`.
[INFO] [stdout] Couldn't compile the test.
[INFO] [stdout] ---- src/lib.rs - (line 7) stdout ----
[INFO] [stdout] Test executable failed (exit status: 101).
[INFO] [stdout] 
[INFO] [stdout] stderr:
[INFO] [stdout] thread 'main' panicked at src/lib.rs:7:51:
[INFO] [stdout] called `Result::unwrap()` on an `Err` value: "Failed to read file: No such file or directory (os error 2)"
[INFO] [stdout] stack backtrace:
[INFO] [stdout]    0:     0x55aac4ce578c - std::backtrace_rs::backtrace::libunwind::trace::ha637c64ce894333a
[INFO] [stdout]                                at /rustc/82e1608dfa6e0b5569232559e3d385fea5a93112/library/std/src/../../backtrace/src/backtrace/libunwind.rs:104:5
[INFO] [stdout]    1:     0x55aac4ce578c - std::backtrace_rs::backtrace::trace_unsynchronized::h47f62dea28e0c88d
[INFO] [stdout]                                at /rustc/82e1608dfa6e0b5569232559e3d385fea5a93112/library/std/src/../../backtrace/src/backtrace/mod.rs:66:5
[INFO] [stdout]    2:     0x55aac4ce578c - std::sys_common::backtrace::_print_fmt::h9eef0abe20ede486
[INFO] [stdout]                                at /rustc/82e1608dfa6e0b5569232559e3d385fea5a93112/library/std/src/sys_common/backtrace.rs:67:5
[INFO] [stdout]    3:     0x55aac4ce578c - <std::sys_common::backtrace::_print::DisplayBacktrace as core::fmt::Display>::fmt::hed7f999df88cc644
[INFO] [stdout]                                at /rustc/82e1608dfa6e0b5569232559e3d385fea5a93112/library/std/src/sys_common/backtrace.rs:44:22
[INFO] [stdout]    4:     0x55aac4d059a0 - core::fmt::rt::Argument::fmt::h1539a9308b8d058d
[INFO] [stdout]                                at /rustc/82e1608dfa6e0b5569232559e3d385fea5a93112/library/core/src/fmt/rt.rs:142:9
[INFO] [stdout]    5:     0x55aac4d059a0 - core::fmt::write::h3a39390d8560d9c9
[INFO] [stdout]                                at /rustc/82e1608dfa6e0b5569232559e3d385fea5a93112/library/core/src/fmt/mod.rs:1120:17
[INFO] [stdout]    6:     0x55aac4ce39ef - std::io::Write::write_fmt::h5fc9997dfe05f882
[INFO] [stdout]                                at /rustc/82e1608dfa6e0b5569232559e3d385fea5a93112/library/std/src/io/mod.rs:1762:15
[INFO] [stdout]    7:     0x55aac4ce5574 - std::sys_common::backtrace::_print::h894006fb5c6f3d45
[INFO] [stdout]                                at /rustc/82e1608dfa6e0b5569232559e3d385fea5a93112/library/std/src/sys_common/backtrace.rs:47:5
[INFO] [stdout]    8:     0x55aac4ce5574 - std::sys_common::backtrace::print::h23a2d212c6fff936
[INFO] [stdout]                                at /rustc/82e1608dfa6e0b5569232559e3d385fea5a93112/library/std/src/sys_common/backtrace.rs:34:9
[INFO] [stdout]    9:     0x55aac4ce6a87 - std::panicking::default_hook::{{closure}}::h8a1d2ee00185001a
[INFO] [stdout]   10:     0x55aac4ce67ef - std::panicking::default_hook::h6038f2eba384e475
[INFO] [stdout]                                at /rustc/82e1608dfa6e0b5569232559e3d385fea5a93112/library/std/src/panicking.rs:292:9
[INFO] [stdout]   11:     0x55aac4ce6f08 - std::panicking::rust_panic_with_hook::h2b5517d590cab22e
[INFO] [stdout]                                at /rustc/82e1608dfa6e0b5569232559e3d385fea5a93112/library/std/src/panicking.rs:779:13
[INFO] [stdout]   12:     0x55aac4ce6dee - std::panicking::begin_panic_handler::{{closure}}::h233112c06e0ef43e
[INFO] [stdout]                                at /rustc/82e1608dfa6e0b5569232559e3d385fea5a93112/library/std/src/panicking.rs:657:13
[INFO] [stdout]   13:     0x55aac4ce5c56 - std::sys_common::backtrace::__rust_end_short_backtrace::h6e893f24d7ebbff8
[INFO] [stdout]                                at /rustc/82e1608dfa6e0b5569232559e3d385fea5a93112/library/std/src/sys_common/backtrace.rs:170:18
[INFO] [stdout]   14:     0x55aac4ce6b52 - rust_begin_unwind
[INFO] [stdout]                                at /rustc/82e1608dfa6e0b5569232559e3d385fea5a93112/library/std/src/panicking.rs:645:5
[INFO] [stdout]   15:     0x55aac4c1e775 - core::panicking::panic_fmt::hbf0e066aabfa482c
[INFO] [stdout]                                at /rustc/82e1608dfa6e0b5569232559e3d385fea5a93112/library/core/src/panicking.rs:72:14
[INFO] [stdout]   16:     0x55aac4c1ed03 - core::result::unwrap_failed::hddb4fea594200c52
[INFO] [stdout]                                at /rustc/82e1608dfa6e0b5569232559e3d385fea5a93112/library/core/src/result.rs:1653:5
[INFO] [stdout]   17:     0x55aac4c1f1d5 - core::result::Result<T,E>::unwrap::h701f222911581acc
[INFO] [stdout]   18:     0x55aac4c1f2a8 - rust_out::main::_doctest_main_src_lib_rs_7_0::h7b9a17d9d0591fbd
[INFO] [stdout]   19:     0x55aac4c1f276 - rust_out::main::hc20c0d07e2402830
[INFO] [stdout]   20:     0x55aac4c1f113 - core::ops::function::FnOnce::call_once::hbc459743598298c4
[INFO] [stdout]   21:     0x55aac4c1f096 - std::sys_common::backtrace::__rust_begin_short_backtrace::h62debe7d3058b76a
[INFO] [stdout]   22:     0x55aac4c1f0e9 - std::rt::lang_start::{{closure}}::h8f486f3e1e6418b2
[INFO] [stdout]   23:     0x55aac4cdffb7 - core::ops::function::impls::<impl core::ops::function::FnOnce<A> for &F>::call_once::hd95060ecd5e1ca24
[INFO] [stdout]                                at /rustc/82e1608dfa6e0b5569232559e3d385fea5a93112/library/core/src/ops/function.rs:284:13
[INFO] [stdout]   24:     0x55aac4cdffb7 - std::panicking::try::do_call::h6e8cf51db32a6e4b
[INFO] [stdout]                                at /rustc/82e1608dfa6e0b5569232559e3d385fea5a93112/library/std/src/panicking.rs:552:40
[INFO] [stdout]   25:     0x55aac4cdffb7 - std::panicking::try::h3a52eefe24fe3c29
[INFO] [stdout]                                at /rustc/82e1608dfa6e0b5569232559e3d385fea5a93112/library/std/src/panicking.rs:516:19
[INFO] [stdout]   26:     0x55aac4cdffb7 - std::panic::catch_unwind::h24c28c23c02c3841
[INFO] [stdout]                                at /rustc/82e1608dfa6e0b5569232559e3d385fea5a93112/library/std/src/panic.rs:142:14
[INFO] [stdout]   27:     0x55aac4cdffb7 - std::rt::lang_start_internal::{{closure}}::h705d3c9cbc06ef47
[INFO] [stdout]                                at /rustc/82e1608dfa6e0b5569232559e3d385fea5a93112/library/std/src/rt.rs:148:48
[INFO] [stdout]   28:     0x55aac4cdffb7 - std::panicking::try::do_call::ha21f52ba13158470
[INFO] [stdout]                                at /rustc/82e1608dfa6e0b5569232559e3d385fea5a93112/library/std/src/panicking.rs:552:40
[INFO] [stdout]   29:     0x55aac4cdffb7 - std::panicking::try::h5581346bf6aeb1f8
[INFO] [stdout]                                at /rustc/82e1608dfa6e0b5569232559e3d385fea5a93112/library/std/src/panicking.rs:516:19
[INFO] [stdout]   30:     0x55aac4cdffb7 - std::panic::catch_unwind::h7919645a6b72e25b
[INFO] [stdout]                                at /rustc/82e1608dfa6e0b5569232559e3d385fea5a93112/library/std/src/panic.rs:142:14
[INFO] [stdout]   31:     0x55aac4cdffb7 - std::rt::lang_start_internal::h12de51168669836e
[INFO] [stdout]                                at /rustc/82e1608dfa6e0b5569232559e3d385fea5a93112/library/std/src/rt.rs:148:20
[INFO] [stdout]   32:     0x55aac4c1f0c7 - std::rt::lang_start::h2c48f91a7bf85629
[INFO] [stdout]   33:     0x55aac4c1f2c5 - main
[INFO] [stdout]   34:     0x7f29e977cd90 - <unknown>
[INFO] [stdout]   35:     0x7f29e977ce40 - __libc_start_main
[INFO] [stdout]   36:     0x55aac4c1efc5 - _start
[INFO] [stdout]   37:                0x0 - <unknown>
[INFO] [stdout] 
[INFO] [stdout] 
[INFO] [stderr] error: doctest failed, to rerun pass `--doc`
[INFO] [stdout] 
[INFO] [stdout] failures:
[INFO] [stdout]     src/lib.rs - (line 19)
[INFO] [stdout]     src/lib.rs - (line 7)
[INFO] [stdout] 
[INFO] [stdout] test result: FAILED. 1 passed; 2 failed; 0 ignored; 0 measured; 0 filtered out; finished in 0.67s
[INFO] [stdout] 
[INFO] running `Command { std: "docker" "inspect" "8cf383fd2932a1b9967a33bb34d37902b819daf2aaba2c9e0e682579f209b8c8", kill_on_drop: false }`
[INFO] running `Command { std: "docker" "rm" "-f" "8cf383fd2932a1b9967a33bb34d37902b819daf2aaba2c9e0e682579f209b8c8", kill_on_drop: false }`
[INFO] [stdout] 8cf383fd2932a1b9967a33bb34d37902b819daf2aaba2c9e0e682579f209b8c8
[INFO] testing forward-dll-0.1.16 against beta-2023-12-22 for beta-1.76-1
[INFO] extracting crate forward-dll 0.1.16 into /workspace/builds/worker-1-tc2/source
[INFO] validating manifest of crates.io crate forward-dll 0.1.16 on toolchain beta-2023-12-22
[INFO] running `Command { std: CARGO_HOME="/workspace/cargo-home" RUSTUP_HOME="/workspace/rustup-home" "/workspace/cargo-home/bin/cargo" "+beta-2023-12-22" "metadata" "--manifest-path" "Cargo.toml" "--no-deps", kill_on_drop: false }`
[INFO] started tweaking crates.io crate forward-dll 0.1.16
[INFO] finished tweaking crates.io crate forward-dll 0.1.16
[INFO] tweaked toml for crates.io crate forward-dll 0.1.16 written to /workspace/builds/worker-1-tc2/source/Cargo.toml
[INFO] running `Command { std: CARGO_HOME="/workspace/cargo-home" RUSTUP_HOME="/workspace/rustup-home" "/workspace/cargo-home/bin/cargo" "+beta-2023-12-22" "generate-lockfile" "--manifest-path" "Cargo.toml", kill_on_drop: false }`
[INFO] [stderr]     Updating crates.io index
[INFO] running `Command { std: CARGO_HOME="/workspace/cargo-home" RUSTUP_HOME="/workspace/rustup-home" "/workspace/cargo-home/bin/cargo" "+beta-2023-12-22" "fetch" "--manifest-path" "Cargo.toml", kill_on_drop: false }`
[INFO] running `Command { std: "docker" "create" "-v" "/var/lib/crater-agent-workspace/builds/worker-1-tc2/target:/opt/rustwide/target:rw,Z" "-v" "/var/lib/crater-agent-workspace/builds/worker-1-tc2/source:/opt/rustwide/workdir:ro,Z" "-v" "/var/lib/crater-agent-workspace/cargo-home:/opt/rustwide/cargo-home:ro,Z" "-v" "/var/lib/crater-agent-workspace/rustup-home:/opt/rustwide/rustup-home:ro,Z" "-e" "SOURCE_DIR=/opt/rustwide/workdir" "-e" "CARGO_TARGET_DIR=/opt/rustwide/target" "-e" "CARGO_HOME=/opt/rustwide/cargo-home" "-e" "RUSTUP_HOME=/opt/rustwide/rustup-home" "-w" "/opt/rustwide/workdir" "-m" "1610612736" "--user" "0:0" "--network" "none" "ghcr.io/rust-lang/crates-build-env/linux@sha256:2788e3201cd34a07e3172128adcd8b3090168a8e3bcc40d7c032b9dda1df7d1c" "/opt/rustwide/cargo-home/bin/cargo" "+beta-2023-12-22" "metadata" "--no-deps" "--format-version=1", kill_on_drop: false }`
[INFO] [stdout] 20704469e6ea10a6a72a64651e0b543d8019feaf82f6838d582a0fac12d24343
[INFO] running `Command { std: "docker" "start" "-a" "20704469e6ea10a6a72a64651e0b543d8019feaf82f6838d582a0fac12d24343", kill_on_drop: false }`
[INFO] running `Command { std: "docker" "inspect" "20704469e6ea10a6a72a64651e0b543d8019feaf82f6838d582a0fac12d24343", kill_on_drop: false }`
[INFO] running `Command { std: "docker" "rm" "-f" "20704469e6ea10a6a72a64651e0b543d8019feaf82f6838d582a0fac12d24343", kill_on_drop: false }`
[INFO] [stdout] 20704469e6ea10a6a72a64651e0b543d8019feaf82f6838d582a0fac12d24343
[INFO] running `Command { std: "docker" "create" "-v" "/var/lib/crater-agent-workspace/builds/worker-1-tc2/target:/opt/rustwide/target:rw,Z" "-v" "/var/lib/crater-agent-workspace/builds/worker-1-tc2/source:/opt/rustwide/workdir:ro,Z" "-v" "/var/lib/crater-agent-workspace/cargo-home:/opt/rustwide/cargo-home:ro,Z" "-v" "/var/lib/crater-agent-workspace/rustup-home:/opt/rustwide/rustup-home:ro,Z" "-e" "SOURCE_DIR=/opt/rustwide/workdir" "-e" "CARGO_TARGET_DIR=/opt/rustwide/target" "-e" "CARGO_INCREMENTAL=0" "-e" "RUST_BACKTRACE=full" "-e" "RUSTFLAGS=--cap-lints=warn" "-e" "RUSTDOCFLAGS=--cap-lints=warn" "-e" "CARGO_HOME=/opt/rustwide/cargo-home" "-e" "RUSTUP_HOME=/opt/rustwide/rustup-home" "-w" "/opt/rustwide/workdir" "-m" "1610612736" "--user" "0:0" "--network" "none" "ghcr.io/rust-lang/crates-build-env/linux@sha256:2788e3201cd34a07e3172128adcd8b3090168a8e3bcc40d7c032b9dda1df7d1c" "/opt/rustwide/cargo-home/bin/cargo" "+beta-2023-12-22" "build" "--frozen" "--message-format=json", kill_on_drop: false }`
[INFO] [stdout] 665f7b97c6014cf36a13605a56383665319e29f56332d51d9ff1d306110b99ad
[INFO] running `Command { std: "docker" "start" "-a" "665f7b97c6014cf36a13605a56383665319e29f56332d51d9ff1d306110b99ad", kill_on_drop: false }`
[INFO] [stderr]    Compiling ahash v0.8.7
[INFO] [stderr]    Compiling indexmap v1.9.3
[INFO] [stderr]    Compiling once_cell v1.19.0
[INFO] [stderr]    Compiling zerocopy v0.7.32
[INFO] [stderr]    Compiling windows_x86_64_gnu v0.48.5
[INFO] [stderr]    Compiling memoffset v0.8.0
[INFO] [stderr]    Compiling memchr v2.7.1
[INFO] [stderr]    Compiling forward-dll-derive v0.1.16
[INFO] [stderr]    Compiling syn v2.0.48
[INFO] [stderr]    Compiling windows-targets v0.48.5
[INFO] [stderr]    Compiling windows-sys v0.48.0
[INFO] [stderr]    Compiling hashbrown v0.13.2
[INFO] [stderr]    Compiling object v0.30.4
[INFO] [stderr]    Compiling implib v0.3.1
[INFO] [stderr]    Compiling forward-dll v0.1.16 (/opt/rustwide/workdir)
[INFO] [stderr]     Finished dev [unoptimized + debuginfo] target(s) in 8.25s
[INFO] running `Command { std: "docker" "inspect" "665f7b97c6014cf36a13605a56383665319e29f56332d51d9ff1d306110b99ad", kill_on_drop: false }`
[INFO] running `Command { std: "docker" "rm" "-f" "665f7b97c6014cf36a13605a56383665319e29f56332d51d9ff1d306110b99ad", kill_on_drop: false }`
[INFO] [stdout] 665f7b97c6014cf36a13605a56383665319e29f56332d51d9ff1d306110b99ad
[INFO] running `Command { std: "docker" "create" "-v" "/var/lib/crater-agent-workspace/builds/worker-1-tc2/target:/opt/rustwide/target:rw,Z" "-v" "/var/lib/crater-agent-workspace/builds/worker-1-tc2/source:/opt/rustwide/workdir:ro,Z" "-v" "/var/lib/crater-agent-workspace/cargo-home:/opt/rustwide/cargo-home:ro,Z" "-v" "/var/lib/crater-agent-workspace/rustup-home:/opt/rustwide/rustup-home:ro,Z" "-e" "SOURCE_DIR=/opt/rustwide/workdir" "-e" "CARGO_TARGET_DIR=/opt/rustwide/target" "-e" "CARGO_INCREMENTAL=0" "-e" "RUST_BACKTRACE=full" "-e" "RUSTFLAGS=--cap-lints=warn" "-e" "RUSTDOCFLAGS=--cap-lints=warn" "-e" "CARGO_HOME=/opt/rustwide/cargo-home" "-e" "RUSTUP_HOME=/opt/rustwide/rustup-home" "-w" "/opt/rustwide/workdir" "-m" "1610612736" "--user" "0:0" "--network" "none" "ghcr.io/rust-lang/crates-build-env/linux@sha256:2788e3201cd34a07e3172128adcd8b3090168a8e3bcc40d7c032b9dda1df7d1c" "/opt/rustwide/cargo-home/bin/cargo" "+beta-2023-12-22" "test" "--frozen" "--no-run" "--message-format=json", kill_on_drop: false }`
[INFO] [stdout] d9e3d5e2c7297041cbc7e42a6190fe6531081e6dd97f4ab446bfa0d1b1292a7e
[INFO] running `Command { std: "docker" "start" "-a" "d9e3d5e2c7297041cbc7e42a6190fe6531081e6dd97f4ab446bfa0d1b1292a7e", kill_on_drop: false }`
[INFO] [stderr]    Compiling forward-dll v0.1.16 (/opt/rustwide/workdir)
[INFO] [stderr]     Finished test [unoptimized + debuginfo] target(s) in 0.40s
[INFO] running `Command { std: "docker" "inspect" "d9e3d5e2c7297041cbc7e42a6190fe6531081e6dd97f4ab446bfa0d1b1292a7e", kill_on_drop: false }`
[INFO] running `Command { std: "docker" "rm" "-f" "d9e3d5e2c7297041cbc7e42a6190fe6531081e6dd97f4ab446bfa0d1b1292a7e", kill_on_drop: false }`
[INFO] [stdout] d9e3d5e2c7297041cbc7e42a6190fe6531081e6dd97f4ab446bfa0d1b1292a7e
[INFO] running `Command { std: "docker" "create" "-v" "/var/lib/crater-agent-workspace/builds/worker-1-tc2/target:/opt/rustwide/target:rw,Z" "-v" "/var/lib/crater-agent-workspace/builds/worker-1-tc2/source:/opt/rustwide/workdir:ro,Z" "-v" "/var/lib/crater-agent-workspace/cargo-home:/opt/rustwide/cargo-home:ro,Z" "-v" "/var/lib/crater-agent-workspace/rustup-home:/opt/rustwide/rustup-home:ro,Z" "-e" "SOURCE_DIR=/opt/rustwide/workdir" "-e" "CARGO_TARGET_DIR=/opt/rustwide/target" "-e" "CARGO_INCREMENTAL=0" "-e" "RUST_BACKTRACE=full" "-e" "RUSTFLAGS=--cap-lints=warn" "-e" "RUSTDOCFLAGS=--cap-lints=warn" "-e" "CARGO_HOME=/opt/rustwide/cargo-home" "-e" "RUSTUP_HOME=/opt/rustwide/rustup-home" "-w" "/opt/rustwide/workdir" "-m" "1610612736" "--user" "0:0" "--network" "none" "ghcr.io/rust-lang/crates-build-env/linux@sha256:2788e3201cd34a07e3172128adcd8b3090168a8e3bcc40d7c032b9dda1df7d1c" "/opt/rustwide/cargo-home/bin/cargo" "+beta-2023-12-22" "test" "--frozen", kill_on_drop: false }`
[INFO] [stdout] cb48f1b50259b08e7d0773953367ff9065f6f96371b9134fc54fdb42a11375bb
[INFO] running `Command { std: "docker" "start" "-a" "cb48f1b50259b08e7d0773953367ff9065f6f96371b9134fc54fdb42a11375bb", kill_on_drop: false }`
[INFO] [stderr]     Finished test [unoptimized + debuginfo] target(s) in 0.04s
[INFO] [stderr]      Running unittests src/lib.rs (/opt/rustwide/target/debug/deps/forward_dll-15682f8d86bd6a7e)
[INFO] [stdout] 
[INFO] [stdout] running 0 tests
[INFO] [stdout] 
[INFO] [stdout] test result: ok. 0 passed; 0 failed; 0 ignored; 0 measured; 0 filtered out; finished in 0.00s
[INFO] [stdout] 
[INFO] [stderr]    Doc-tests forward-dll
[INFO] [stdout] 
[INFO] [stdout] running 3 tests
[INFO] [stdout] test src/lib.rs - (line 19) ... FAILED
[INFO] [stdout] test src/lib.rs - forward_dll (line 67) ... ok
[INFO] [stderr] error: doctest failed, to rerun pass `--doc`
[INFO] [stdout] test src/lib.rs - (line 7) ... FAILED
[INFO] [stdout] 
[INFO] [stdout] failures:
[INFO] [stdout] 
[INFO] [stdout] ---- src/lib.rs - (line 19) stdout ----
[INFO] [stdout] error: proc-macro derive panicked
[INFO] [stdout]  --> src/lib.rs:23:10
[INFO] [stdout]   |
[INFO] [stdout] 7 | #[derive(ForwardModule)]
[INFO] [stdout]   |          ^^^^^^^^^^^^^
[INFO] [stdout]   |
[INFO] [stdout]   = help: message: 指定的 DLL 可能是一个无效的 PE 文件: "Failed to read file: No such file or directory (os error 2)"
[INFO] [stdout] 
[INFO] [stdout] error[E0599]: no method named `init` found for struct `VersionModule` in the current scope
[INFO] [stdout]   --> src/lib.rs:33:21
[INFO] [stdout]    |
[INFO] [stdout] 9  | pub struct VersionModule;
[INFO] [stdout]    | ------------------------ method `init` not found for this struct
[INFO] [stdout] ...
[INFO] [stdout] 17 |         VERSION_LIB.init().unwrap();
[INFO] [stdout]    |                     ^^^^ method not found in `VersionModule`
[INFO] [stdout]    |
[INFO] [stdout]    = help: items from traits can only be used if the trait is implemented and in scope
[INFO] [stdout]    = note: the following trait defines an item `init`, perhaps you need to implement it:
[INFO] [stdout]            candidate #1: `ForwardModule`
[INFO] [stdout] 
[INFO] [stdout] error: aborting due to 2 previous errors
[INFO] [stdout] 
[INFO] [stdout] For more information about this error, try `rustc --explain E0599`.
[INFO] [stdout] Couldn't compile the test.
[INFO] [stdout] ---- src/lib.rs - (line 7) stdout ----
[INFO] [stdout] Test executable failed (exit status: 101).
[INFO] [stdout] 
[INFO] [stdout] stderr:
[INFO] [stdout] thread 'main' panicked at src/lib.rs:7:51:
[INFO] [stdout] called `Result::unwrap()` on an `Err` value: "Failed to read file: No such file or directory (os error 2)"
[INFO] [stdout] stack backtrace:
[INFO] [stdout]    0:     0x5587a5ac4e46 - std::backtrace_rs::backtrace::libunwind::trace::h261606ad26a499c1
[INFO] [stdout]                                at /rustc/0e09125c6c3c2fd70d7de961bcf0e51575235fad/library/std/src/../../backtrace/src/backtrace/libunwind.rs:104:5
[INFO] [stdout]    1:     0x5587a5ac4e46 - std::backtrace_rs::backtrace::trace_unsynchronized::hd183f0625477fb28
[INFO] [stdout]                                at /rustc/0e09125c6c3c2fd70d7de961bcf0e51575235fad/library/std/src/../../backtrace/src/backtrace/mod.rs:66:5
[INFO] [stdout]    2:     0x5587a5ac4e46 - std::sys_common::backtrace::_print_fmt::hd7f8fef21b4eda67
[INFO] [stdout]                                at /rustc/0e09125c6c3c2fd70d7de961bcf0e51575235fad/library/std/src/sys_common/backtrace.rs:68:5
[INFO] [stdout]    3:     0x5587a5ac4e46 - <std::sys_common::backtrace::_print::DisplayBacktrace as core::fmt::Display>::fmt::h623d9b51f2f453f1
[INFO] [stdout]                                at /rustc/0e09125c6c3c2fd70d7de961bcf0e51575235fad/library/std/src/sys_common/backtrace.rs:44:22
[INFO] [stdout]    4:     0x5587a5ae4190 - core::fmt::rt::Argument::fmt::h9f417ac76a86f368
[INFO] [stdout]                                at /rustc/0e09125c6c3c2fd70d7de961bcf0e51575235fad/library/core/src/fmt/rt.rs:142:9
[INFO] [stdout]    5:     0x5587a5ae4190 - core::fmt::write::hc9b6faf4ac2aeff7
[INFO] [stdout]                                at /rustc/0e09125c6c3c2fd70d7de961bcf0e51575235fad/library/core/src/fmt/mod.rs:1120:17
[INFO] [stdout]    6:     0x5587a5ac30af - std::io::Write::write_fmt::hfead1eee52c2e65e
[INFO] [stdout]                                at /rustc/0e09125c6c3c2fd70d7de961bcf0e51575235fad/library/std/src/io/mod.rs:1810:15
[INFO] [stdout]    7:     0x5587a5ac4c24 - std::sys_common::backtrace::_print::hd5d66399c7df88a2
[INFO] [stdout]                                at /rustc/0e09125c6c3c2fd70d7de961bcf0e51575235fad/library/std/src/sys_common/backtrace.rs:47:5
[INFO] [stdout]    8:     0x5587a5ac4c24 - std::sys_common::backtrace::print::he81ed2da642d37e5
[INFO] [stdout]                                at /rustc/0e09125c6c3c2fd70d7de961bcf0e51575235fad/library/std/src/sys_common/backtrace.rs:34:9
[INFO] [stdout]    9:     0x5587a5ac6187 - std::panicking::default_hook::{{closure}}::h85773f4fa117163d
[INFO] [stdout]   10:     0x5587a5ac5ee9 - std::panicking::default_hook::h6a1694a91d09b278
[INFO] [stdout]                                at /rustc/0e09125c6c3c2fd70d7de961bcf0e51575235fad/library/std/src/panicking.rs:292:9
[INFO] [stdout]   11:     0x5587a5ac6618 - std::panicking::rust_panic_with_hook::h0a7ad96e90f7145b
[INFO] [stdout]                                at /rustc/0e09125c6c3c2fd70d7de961bcf0e51575235fad/library/std/src/panicking.rs:779:13
[INFO] [stdout]   12:     0x5587a5ac64f2 - std::panicking::begin_panic_handler::{{closure}}::h7919090525c6485e
[INFO] [stdout]                                at /rustc/0e09125c6c3c2fd70d7de961bcf0e51575235fad/library/std/src/panicking.rs:657:13
[INFO] [stdout]   13:     0x5587a5ac5346 - std::sys_common::backtrace::__rust_end_short_backtrace::hf3289479464f7dfe
[INFO] [stdout]                                at /rustc/0e09125c6c3c2fd70d7de961bcf0e51575235fad/library/std/src/sys_common/backtrace.rs:171:18
[INFO] [stdout]   14:     0x5587a5ac6250 - rust_begin_unwind
[INFO] [stdout]                                at /rustc/0e09125c6c3c2fd70d7de961bcf0e51575235fad/library/std/src/panicking.rs:645:5
[INFO] [stdout]   15:     0x5587a59fd775 - core::panicking::panic_fmt::hcc9f77c5c132af55
[INFO] [stdout]                                at /rustc/0e09125c6c3c2fd70d7de961bcf0e51575235fad/library/core/src/panicking.rs:72:14
[INFO] [stdout]   16:     0x5587a59fdd13 - core::result::unwrap_failed::hbe14f498be1452f9
[INFO] [stdout]                                at /rustc/0e09125c6c3c2fd70d7de961bcf0e51575235fad/library/core/src/result.rs:1649:5
[INFO] [stdout]   17:     0x5587a59fe1eb - core::result::Result<T,E>::unwrap::h0be6c167fb195a97
[INFO] [stdout]   18:     0x5587a59fe2c8 - rust_out::main::_doctest_main_src_lib_rs_7_0::h4f6dd7a5d8da596f
[INFO] [stdout]   19:     0x5587a59fe296 - rust_out::main::h71185a25be64b52e
[INFO] [stdout]   20:     0x5587a59fe123 - core::ops::function::FnOnce::call_once::h0a5e8bc522cf7e26
[INFO] [stdout]   21:     0x5587a59fe0a6 - std::sys_common::backtrace::__rust_begin_short_backtrace::h904992c6a2208b49
[INFO] [stdout]   22:     0x5587a59fe0f9 - std::rt::lang_start::{{closure}}::h95a4dad7805b7c7c
[INFO] [stdout]   23:     0x5587a5abf421 - core::ops::function::impls::<impl core::ops::function::FnOnce<A> for &F>::call_once::h4eb4c5e1620f29b0
[INFO] [stdout]                                at /rustc/0e09125c6c3c2fd70d7de961bcf0e51575235fad/library/core/src/ops/function.rs:284:13
[INFO] [stdout]   24:     0x5587a5abf421 - std::panicking::try::do_call::h73fd26535faffcdf
[INFO] [stdout]                                at /rustc/0e09125c6c3c2fd70d7de961bcf0e51575235fad/library/std/src/panicking.rs:552:40
[INFO] [stdout]   25:     0x5587a5abf421 - std::panicking::try::h77ff1d98f0fb9f39
[INFO] [stdout]                                at /rustc/0e09125c6c3c2fd70d7de961bcf0e51575235fad/library/std/src/panicking.rs:516:19
[INFO] [stdout]   26:     0x5587a5abf421 - std::panic::catch_unwind::hab3caf2448b95e37
[INFO] [stdout]                                at /rustc/0e09125c6c3c2fd70d7de961bcf0e51575235fad/library/std/src/panic.rs:142:14
[INFO] [stdout]   27:     0x5587a5abf421 - std::rt::lang_start_internal::{{closure}}::h8086711f9c783f78
[INFO] [stdout]                                at /rustc/0e09125c6c3c2fd70d7de961bcf0e51575235fad/library/std/src/rt.rs:148:48
[INFO] [stdout]   28:     0x5587a5abf421 - std::panicking::try::do_call::hf920d4dc291cd6ca
[INFO] [stdout]                                at /rustc/0e09125c6c3c2fd70d7de961bcf0e51575235fad/library/std/src/panicking.rs:552:40
[INFO] [stdout]   29:     0x5587a5abf421 - std::panicking::try::h2b806ccc0a85db74
[INFO] [stdout]                                at /rustc/0e09125c6c3c2fd70d7de961bcf0e51575235fad/library/std/src/panicking.rs:516:19
[INFO] [stdout]   30:     0x5587a5abf421 - std::panic::catch_unwind::h038489539c507df2
[INFO] [stdout]                                at /rustc/0e09125c6c3c2fd70d7de961bcf0e51575235fad/library/std/src/panic.rs:142:14
[INFO] [stdout]   31:     0x5587a5abf421 - std::rt::lang_start_internal::h28503b88912e8a5c
[INFO] [stdout]                                at /rustc/0e09125c6c3c2fd70d7de961bcf0e51575235fad/library/std/src/rt.rs:148:20
[INFO] [stdout]   32:     0x5587a59fe0d7 - std::rt::lang_start::h9942cc54b4d5350a
[INFO] [stdout]   33:     0x5587a59fe2e5 - main
[INFO] [stdout]   34:     0x7f7352fead90 - <unknown>
[INFO] [stdout]   35:     0x7f7352feae40 - __libc_start_main
[INFO] [stdout]   36:     0x5587a59fdfd5 - _start
[INFO] [stdout]   37:                0x0 - <unknown>
[INFO] [stdout] 
[INFO] [stdout] 
[INFO] [stdout] 
[INFO] [stdout] failures:
[INFO] [stdout]     src/lib.rs - (line 19)
[INFO] [stdout]     src/lib.rs - (line 7)
[INFO] [stdout] 
[INFO] [stdout] test result: FAILED. 1 passed; 2 failed; 0 ignored; 0 measured; 0 filtered out; finished in 0.61s
[INFO] [stdout] 
[INFO] running `Command { std: "docker" "inspect" "cb48f1b50259b08e7d0773953367ff9065f6f96371b9134fc54fdb42a11375bb", kill_on_drop: false }`
[INFO] running `Command { std: "docker" "rm" "-f" "cb48f1b50259b08e7d0773953367ff9065f6f96371b9134fc54fdb42a11375bb", kill_on_drop: false }`
[INFO] [stdout] cb48f1b50259b08e7d0773953367ff9065f6f96371b9134fc54fdb42a11375bb
