[INFO] fetching crate foreman 1.3.0...
[INFO] testing foreman-1.3.0 against 1.75.0 for beta-1.76-1
[INFO] extracting crate foreman 1.3.0 into /workspace/builds/worker-6-tc1/source
[INFO] validating manifest of crates.io crate foreman 1.3.0 on toolchain 1.75.0
[INFO] running `Command { std: CARGO_HOME="/workspace/cargo-home" RUSTUP_HOME="/workspace/rustup-home" "/workspace/cargo-home/bin/cargo" "+1.75.0" "metadata" "--manifest-path" "Cargo.toml" "--no-deps", kill_on_drop: false }`
[INFO] started tweaking crates.io crate foreman 1.3.0
[INFO] finished tweaking crates.io crate foreman 1.3.0
[INFO] tweaked toml for crates.io crate foreman 1.3.0 written to /workspace/builds/worker-6-tc1/source/Cargo.toml
[INFO] crate crates.io crate foreman 1.3.0 already has a lockfile, it will not be regenerated
[INFO] running `Command { std: CARGO_HOME="/workspace/cargo-home" RUSTUP_HOME="/workspace/rustup-home" "/workspace/cargo-home/bin/cargo" "+1.75.0" "fetch" "--manifest-path" "Cargo.toml", kill_on_drop: false }`
[INFO] [stderr]  Downloading crates ...
[INFO] [stderr]   Downloaded rpassword v6.0.1
[INFO] [stderr]   Downloaded openssl-sys v0.9.92
[INFO] [stderr]   Downloaded base64 v0.21.3
[INFO] [stderr]   Downloaded reqwest v0.11.20
[INFO] [stderr]   Downloaded toml_edit v0.14.4
[INFO] [stderr]   Downloaded rustix v0.38.11
[INFO] [stderr]   Downloaded object v0.32.0
[INFO] [stderr]   Downloaded socket2 v0.5.3
[INFO] running `Command { std: "docker" "create" "-v" "/var/lib/crater-agent-workspace/builds/worker-6-tc1/target:/opt/rustwide/target:rw,Z" "-v" "/var/lib/crater-agent-workspace/builds/worker-6-tc1/source:/opt/rustwide/workdir:ro,Z" "-v" "/var/lib/crater-agent-workspace/cargo-home:/opt/rustwide/cargo-home:ro,Z" "-v" "/var/lib/crater-agent-workspace/rustup-home:/opt/rustwide/rustup-home:ro,Z" "-e" "SOURCE_DIR=/opt/rustwide/workdir" "-e" "CARGO_TARGET_DIR=/opt/rustwide/target" "-e" "CARGO_HOME=/opt/rustwide/cargo-home" "-e" "RUSTUP_HOME=/opt/rustwide/rustup-home" "-w" "/opt/rustwide/workdir" "-m" "1610612736" "--user" "0:0" "--network" "none" "ghcr.io/rust-lang/crates-build-env/linux@sha256:2788e3201cd34a07e3172128adcd8b3090168a8e3bcc40d7c032b9dda1df7d1c" "/opt/rustwide/cargo-home/bin/cargo" "+1.75.0" "metadata" "--no-deps" "--format-version=1", kill_on_drop: false }`
[INFO] [stdout] a837c1d28f1c3230e0f8c46bbdcdbb2427aa9ba32b4d3d695b47be2d0441436e
[INFO] running `Command { std: "docker" "start" "-a" "a837c1d28f1c3230e0f8c46bbdcdbb2427aa9ba32b4d3d695b47be2d0441436e", kill_on_drop: false }`
[INFO] running `Command { std: "docker" "inspect" "a837c1d28f1c3230e0f8c46bbdcdbb2427aa9ba32b4d3d695b47be2d0441436e", kill_on_drop: false }`
[INFO] running `Command { std: "docker" "rm" "-f" "a837c1d28f1c3230e0f8c46bbdcdbb2427aa9ba32b4d3d695b47be2d0441436e", kill_on_drop: false }`
[INFO] [stdout] a837c1d28f1c3230e0f8c46bbdcdbb2427aa9ba32b4d3d695b47be2d0441436e
[INFO] running `Command { std: "docker" "create" "-v" "/var/lib/crater-agent-workspace/builds/worker-6-tc1/target:/opt/rustwide/target:rw,Z" "-v" "/var/lib/crater-agent-workspace/builds/worker-6-tc1/source:/opt/rustwide/workdir:ro,Z" "-v" "/var/lib/crater-agent-workspace/cargo-home:/opt/rustwide/cargo-home:ro,Z" "-v" "/var/lib/crater-agent-workspace/rustup-home:/opt/rustwide/rustup-home:ro,Z" "-e" "SOURCE_DIR=/opt/rustwide/workdir" "-e" "CARGO_TARGET_DIR=/opt/rustwide/target" "-e" "CARGO_INCREMENTAL=0" "-e" "RUST_BACKTRACE=full" "-e" "RUSTFLAGS=--cap-lints=warn" "-e" "RUSTDOCFLAGS=--cap-lints=warn" "-e" "CARGO_HOME=/opt/rustwide/cargo-home" "-e" "RUSTUP_HOME=/opt/rustwide/rustup-home" "-w" "/opt/rustwide/workdir" "-m" "1610612736" "--user" "0:0" "--network" "none" "ghcr.io/rust-lang/crates-build-env/linux@sha256:2788e3201cd34a07e3172128adcd8b3090168a8e3bcc40d7c032b9dda1df7d1c" "/opt/rustwide/cargo-home/bin/cargo" "+1.75.0" "build" "--frozen" "--message-format=json", kill_on_drop: false }`
[INFO] [stdout] 7a987bbbd74304a0977b050ed49c4d1abb7f421c5d2d101e5341a451ee68555e
[INFO] running `Command { std: "docker" "start" "-a" "7a987bbbd74304a0977b050ed49c4d1abb7f421c5d2d101e5341a451ee68555e", kill_on_drop: false }`
[INFO] [stderr]    Compiling libc v0.2.147
[INFO] [stderr]    Compiling proc-macro2 v1.0.66
[INFO] [stderr]    Compiling unicode-ident v1.0.11
[INFO] [stderr]    Compiling pkg-config v0.3.27
[INFO] [stderr]    Compiling bytes v1.4.0
[INFO] [stderr]    Compiling memchr v2.6.2
[INFO] [stderr]    Compiling once_cell v1.18.0
[INFO] [stderr]    Compiling vcpkg v0.2.15
[INFO] [stderr]    Compiling futures-core v0.3.28
[INFO] [stderr]    Compiling futures-task v0.3.28
[INFO] [stderr]    Compiling indexmap v1.9.3
[INFO] [stderr]    Compiling serde v1.0.188
[INFO] [stderr]    Compiling hashbrown v0.12.3
[INFO] [stderr]    Compiling futures-util v0.3.28
[INFO] [stderr]    Compiling openssl v0.10.57
[INFO] [stderr]    Compiling futures-channel v0.3.28
[INFO] [stderr]    Compiling syn v1.0.109
[INFO] [stderr]    Compiling futures-io v0.3.28
[INFO] [stderr]    Compiling tracing-core v0.1.31
[INFO] [stderr]    Compiling native-tls v0.2.11
[INFO] [stderr]    Compiling futures-sink v0.3.28
[INFO] [stderr]    Compiling bitflags v2.4.0
[INFO] [stderr]    Compiling memoffset v0.6.5
[INFO] [stderr]    Compiling try-lock v0.2.4
[INFO] [stderr]    Compiling crc32fast v1.3.2
[INFO] [stderr]    Compiling percent-encoding v2.3.0
[INFO] [stderr]    Compiling serde_json v1.0.105
[INFO] [stderr]    Compiling openssl-probe v0.1.5
[INFO] [stderr]    Compiling http v0.2.9
[INFO] [stderr]    Compiling form_urlencoded v1.2.0
[INFO] [stderr]    Compiling want v0.3.1
[INFO] [stderr]    Compiling aho-corasick v1.0.5
[INFO] [stderr]    Compiling tracing v0.1.37
[INFO] [stderr]    Compiling unicode-bidi v0.3.13
[INFO] [stderr]    Compiling regex-syntax v0.7.5
[INFO] [stderr]    Compiling tower-service v0.3.2
[INFO] [stderr]    Compiling unicode-width v0.1.10
[INFO] [stderr]    Compiling thiserror v1.0.47
[INFO] [stderr]    Compiling unicode-segmentation v1.10.1
[INFO] [stderr]    Compiling httpdate v1.0.3
[INFO] [stderr]    Compiling textwrap v0.11.0
[INFO] [stderr]    Compiling quote v1.0.33
[INFO] [stderr]    Compiling idna v0.4.0
[INFO] [stderr]    Compiling miniz_oxide v0.7.1
[INFO] [stderr]    Compiling syn v2.0.29
[INFO] [stderr]    Compiling heck v0.3.3
[INFO] [stderr]    Compiling semver v1.0.18
[INFO] [stderr]    Compiling signal-hook v0.3.17
[INFO] [stderr]    Compiling proc-macro-error-attr v1.0.4
[INFO] [stderr]    Compiling http-body v0.4.5
[INFO] [stderr]    Compiling ansi_term v0.12.1
[INFO] [stderr]    Compiling vec_map v0.8.2
[INFO] [stderr]    Compiling strsim v0.8.0
[INFO] [stderr]    Compiling itertools v0.10.5
[INFO] [stderr]    Compiling flate2 v1.0.27
[INFO] [stderr]    Compiling url v2.4.1
[INFO] [stderr]    Compiling combine v4.6.6
[INFO] [stderr]    Compiling encoding_rs v0.8.33
[INFO] [stderr]    Compiling cc v1.0.83
[INFO] [stderr]    Compiling signal-hook-registry v1.4.1
[INFO] [stderr]    Compiling num_cpus v1.16.0
[INFO] [stderr]    Compiling socket2 v0.5.3
[INFO] [stderr]    Compiling mio v0.8.8
[INFO] [stderr]    Compiling socket2 v0.4.9
[INFO] [stderr]    Compiling atty v0.2.14
[INFO] [stderr]    Compiling regex-automata v0.3.7
[INFO] [stderr]    Compiling clap v2.34.0
[INFO] [stderr]    Compiling dirs-sys v0.3.7
[INFO] [stderr]    Compiling time v0.1.45
[INFO] [stderr]    Compiling nix v0.22.3
[INFO] [stderr]    Compiling mime v0.3.17
[INFO] [stderr]    Compiling humantime v2.1.0
[INFO] [stderr]    Compiling base64 v0.21.3
[INFO] [stderr]    Compiling ipnet v2.8.0
[INFO] [stderr]    Compiling termcolor v1.2.0
[INFO] [stderr]    Compiling dirs v4.0.0
[INFO] [stderr]    Compiling urlencoding v2.1.3
[INFO] [stderr]    Compiling openssl-sys v0.9.92
[INFO] [stderr]    Compiling bzip2-sys v0.1.11+1.0.8
[INFO] [stderr]    Compiling proc-macro-error v1.0.4
[INFO] [stderr]    Compiling structopt-derive v0.4.18
[INFO] [stderr]    Compiling bzip2 v0.4.4
[INFO] [stderr]    Compiling tokio-macros v2.1.0
[INFO] [stderr]    Compiling serde_derive v1.0.188
[INFO] [stderr]    Compiling openssl-macros v0.1.1
[INFO] [stderr]    Compiling thiserror-impl v1.0.47
[INFO] [stderr]    Compiling regex v1.9.4
[INFO] [stderr]    Compiling tokio v1.32.0
[INFO] [stderr]    Compiling env_logger v0.9.3
[INFO] [stderr]    Compiling command-group v1.0.8
[INFO] [stderr]    Compiling structopt v0.3.26
[INFO] [stderr]    Compiling zip v0.5.13
[INFO] [stderr]    Compiling toml_edit v0.14.4
[INFO] [stderr]    Compiling tokio-util v0.7.8
[INFO] [stderr]    Compiling tokio-native-tls v0.3.1
[INFO] [stderr]    Compiling h2 v0.3.21
[INFO] [stderr]    Compiling serde_urlencoded v0.7.1
[INFO] [stderr]    Compiling toml v0.5.11
[INFO] [stderr]    Compiling rpassword v6.0.1
[INFO] [stderr]    Compiling hyper v0.14.27
[INFO] [stderr]    Compiling hyper-tls v0.5.0
[INFO] [stderr]    Compiling reqwest v0.11.20
[INFO] [stderr]    Compiling foreman v1.3.0 (/opt/rustwide/workdir)
[INFO] [stderr]     Finished dev [unoptimized + debuginfo] target(s) in 23.17s
[INFO] running `Command { std: "docker" "inspect" "7a987bbbd74304a0977b050ed49c4d1abb7f421c5d2d101e5341a451ee68555e", kill_on_drop: false }`
[INFO] running `Command { std: "docker" "rm" "-f" "7a987bbbd74304a0977b050ed49c4d1abb7f421c5d2d101e5341a451ee68555e", kill_on_drop: false }`
[INFO] [stdout] 7a987bbbd74304a0977b050ed49c4d1abb7f421c5d2d101e5341a451ee68555e
[INFO] running `Command { std: "docker" "create" "-v" "/var/lib/crater-agent-workspace/builds/worker-6-tc1/target:/opt/rustwide/target:rw,Z" "-v" "/var/lib/crater-agent-workspace/builds/worker-6-tc1/source:/opt/rustwide/workdir:ro,Z" "-v" "/var/lib/crater-agent-workspace/cargo-home:/opt/rustwide/cargo-home:ro,Z" "-v" "/var/lib/crater-agent-workspace/rustup-home:/opt/rustwide/rustup-home:ro,Z" "-e" "SOURCE_DIR=/opt/rustwide/workdir" "-e" "CARGO_TARGET_DIR=/opt/rustwide/target" "-e" "CARGO_INCREMENTAL=0" "-e" "RUST_BACKTRACE=full" "-e" "RUSTFLAGS=--cap-lints=warn" "-e" "RUSTDOCFLAGS=--cap-lints=warn" "-e" "CARGO_HOME=/opt/rustwide/cargo-home" "-e" "RUSTUP_HOME=/opt/rustwide/rustup-home" "-w" "/opt/rustwide/workdir" "-m" "1610612736" "--user" "0:0" "--network" "none" "ghcr.io/rust-lang/crates-build-env/linux@sha256:2788e3201cd34a07e3172128adcd8b3090168a8e3bcc40d7c032b9dda1df7d1c" "/opt/rustwide/cargo-home/bin/cargo" "+1.75.0" "test" "--frozen" "--no-run" "--message-format=json", kill_on_drop: false }`
[INFO] [stdout] 5fa489f2c0c538852f351fe2ad27216aa0b664c055927a3ec6d97edb8bf8a0bd
[INFO] running `Command { std: "docker" "start" "-a" "5fa489f2c0c538852f351fe2ad27216aa0b664c055927a3ec6d97edb8bf8a0bd", kill_on_drop: false }`
[INFO] [stderr]    Compiling doc-comment v0.3.3
[INFO] [stderr]    Compiling rustix v0.38.11
[INFO] [stderr]    Compiling predicates-core v1.0.6
[INFO] [stderr]    Compiling linux-raw-sys v0.4.5
[INFO] [stderr]    Compiling anstyle v1.0.2
[INFO] [stderr]    Compiling termtree v0.4.1
[INFO] [stderr]    Compiling linked-hash-map v0.5.6
[INFO] [stderr]    Compiling difflib v0.4.0
[INFO] [stderr]    Compiling console v0.15.7
[INFO] [stderr]    Compiling bstr v1.6.2
[INFO] [stderr]    Compiling wait-timeout v0.2.0
[INFO] [stderr]    Compiling fastrand v2.0.0
[INFO] [stderr]    Compiling similar v2.2.1
[INFO] [stderr]    Compiling predicates-tree v1.0.9
[INFO] [stderr]    Compiling yaml-rust v0.4.5
[INFO] [stderr]    Compiling predicates v3.0.3
[INFO] [stderr]    Compiling insta v1.31.0
[INFO] [stderr]    Compiling assert_cmd v2.0.12
[INFO] [stderr]    Compiling tempfile v3.8.0
[INFO] [stderr]    Compiling foreman v1.3.0 (/opt/rustwide/workdir)
[INFO] [stderr]     Finished test [unoptimized + debuginfo] target(s) in 7.17s
[INFO] running `Command { std: "docker" "inspect" "5fa489f2c0c538852f351fe2ad27216aa0b664c055927a3ec6d97edb8bf8a0bd", kill_on_drop: false }`
[INFO] running `Command { std: "docker" "rm" "-f" "5fa489f2c0c538852f351fe2ad27216aa0b664c055927a3ec6d97edb8bf8a0bd", kill_on_drop: false }`
[INFO] [stdout] 5fa489f2c0c538852f351fe2ad27216aa0b664c055927a3ec6d97edb8bf8a0bd
[INFO] running `Command { std: "docker" "create" "-v" "/var/lib/crater-agent-workspace/builds/worker-6-tc1/target:/opt/rustwide/target:rw,Z" "-v" "/var/lib/crater-agent-workspace/builds/worker-6-tc1/source:/opt/rustwide/workdir:ro,Z" "-v" "/var/lib/crater-agent-workspace/cargo-home:/opt/rustwide/cargo-home:ro,Z" "-v" "/var/lib/crater-agent-workspace/rustup-home:/opt/rustwide/rustup-home:ro,Z" "-e" "SOURCE_DIR=/opt/rustwide/workdir" "-e" "CARGO_TARGET_DIR=/opt/rustwide/target" "-e" "CARGO_INCREMENTAL=0" "-e" "RUST_BACKTRACE=full" "-e" "RUSTFLAGS=--cap-lints=warn" "-e" "RUSTDOCFLAGS=--cap-lints=warn" "-e" "CARGO_HOME=/opt/rustwide/cargo-home" "-e" "RUSTUP_HOME=/opt/rustwide/rustup-home" "-w" "/opt/rustwide/workdir" "-m" "1610612736" "--user" "0:0" "--network" "none" "ghcr.io/rust-lang/crates-build-env/linux@sha256:2788e3201cd34a07e3172128adcd8b3090168a8e3bcc40d7c032b9dda1df7d1c" "/opt/rustwide/cargo-home/bin/cargo" "+1.75.0" "test" "--frozen", kill_on_drop: false }`
[INFO] [stdout] 59c022c4114cbe3d363bf93aa031ae914ee269d38be65c75eaa3fb67456ccf7e
[INFO] running `Command { std: "docker" "start" "-a" "59c022c4114cbe3d363bf93aa031ae914ee269d38be65c75eaa3fb67456ccf7e", kill_on_drop: false }`
[INFO] [stderr]     Finished test [unoptimized + debuginfo] target(s) in 0.16s
[INFO] [stderr]      Running unittests src/main.rs (/opt/rustwide/target/debug/deps/foreman-264003e76aead0c4)
[INFO] [stdout] 
[INFO] [stdout] running 22 tests
[INFO] [stdout] test config::test::deserialization::extraneous_fields_host ... ok
[INFO] [stdout] test config::test::deserialization::artifactory_from_artifactory_field ... ok
[INFO] [stdout] test config::test::deserialization::github_from_source_field ... ok
[INFO] [stdout] test config::test::deserialization::github_from_github_field ... ok
[INFO] [stdout] test config::test::deserialization::extraneous_fields_tools ... ok
[INFO] [stdout] test config::test::deserialization::host_artifactory ... ok
[INFO] [stdout] test config::test::deserialization::config_file_with_hosts ... ok
[INFO] [stdout] test config::test::deserialization::gitlab_from_gitlab_field ... ok
[INFO] [stdout] test config::test::tool_cache_entry_is_backward_compatible ... ok
[INFO] [stdout] test config::test::tool_cache_entry_is_different_for_github_and_gitlab_identical_projects ... ok
[INFO] [stdout] test paths::test::auth_store ... ok
[INFO] [stdout] test paths::test::bin_dir ... ok
[INFO] [stdout] test paths::test::index_file ... ok
[INFO] [stdout] test paths::test::root_dir ... ok
[INFO] [stdout] test paths::test::tools_dir ... ok
[INFO] [stdout] test paths::test::user_config ... ok
[INFO] [stdout] test tool_cache::test::select_correct_asset ... ok
[INFO] [stdout] test tool_cache::test::select_correct_asset_linux ... ok
[INFO] [stdout] test tool_cache::test::load::use_default_when_tool_cache_file_does_not_exist ... ok
[INFO] [stdout] test tool_cache::test::load::reads_the_content_from_the_cache_file ... ok
[INFO] [stdout] test tool_cache::test::select_correct_asset_macos ... ok
[INFO] [stdout] test tool_cache::test::save::snapshot_default_tool_cache ... ok
[INFO] [stdout] 
[INFO] [stdout] test result: ok. 22 passed; 0 failed; 0 ignored; 0 measured; 0 filtered out; finished in 0.02s
[INFO] [stdout] 
[INFO] [stderr]      Running tests/cli.rs (/opt/rustwide/target/debug/deps/cli-3d9b749f1544f178)
[INFO] [stdout] 
[INFO] [stdout] running 9 tests
[INFO] [stdout] test snapshot_help_command ... ok
[INFO] [stdout] test snapshot_install_default_foreman_toml ... ok
[INFO] [stdout] test snapshot_install_no_tools_found ... ok
[INFO] [stdout] test snapshot_install_empty_configuration_file ... ok
[INFO] [stdout] test snapshot_install_invalid_system_configuration_file ... ok
[INFO] [stdout] test snapshot_install_invalid_tool_configuration ... ok
[INFO] [stdout] test snapshot_install_default_auth_toml ... ok
[INFO] [stdout] test snapshot_install_invalid_auth_toml ... ok
[INFO] [stdout] test snapshot_install_all_tools_before_failing ... FAILED
[INFO] [stdout] 
[INFO] [stdout] failures:
[INFO] [stdout] 
[INFO] [stdout] ---- snapshot_install_all_tools_before_failing stdout ----
[INFO] [stdout] ━━━━━━━━━━━━━━━━━━━━━━━━━━━━━━━ Snapshot Summary ━━━━━━━━━━━━━━━━━━━━━━━━━━━━━━━
[INFO] [stdout] Snapshot file: tests/snapshots/install_all_tools_before_failing.snap
[INFO] [stdout] Snapshot: install_all_tools_before_failing
[INFO] [stdout] Source: tests/cli.rs:100
[INFO] [stdout] ────────────────────────────────────────────────────────────────────────────────
[INFO] [stdout] Expression: content
[INFO] [stdout] ────────────────────────────────────────────────────────────────────────────────
[INFO] [stdout] -old snapshot
[INFO] [stdout] +new results
[INFO] [stdout] ────────────┬───────────────────────────────────────────────────────────────────
[INFO] [stdout]     0     0 │ [INFO ] Downloading github.com/Roblox/NotARepository@^0.1.0
[INFO] [stdout]     1     1 │ [ERROR] The following error occurred while trying to download tool "also-not-a-real-tool":
[INFO] [stdout]     2       │-        unexpected response body: invalid type: map, expected a sequence at line 1 column 0
[INFO] [stdout]     3       │-        Request from `https://api.github.com/repos/Roblox/NotARepository/releases`
[INFO] [stdout]     4       │-        
[INFO] [stdout]     5       │-        Received body:
[INFO] [stdout]     6       │-        {"message":"Not Found","documentation_url":"https://docs.github.com/rest/releases/releases#list-releases"}
[INFO] [stdout]           2 │+        request failed: error sending request for url (https://api.github.com/repos/Roblox/NotARepository/releases): error trying to connect: dns error: failed to lookup address information: Temporary failure in name resolution
[INFO] [stdout]     7     3 │ [INFO ] Downloading github.com/Roblox/@^0.2.0
[INFO] [stdout]     8     4 │ [ERROR] The following error occurred while trying to download tool "badly-formatted-tool":
[INFO] [stdout]     9       │-        unexpected response body: invalid type: map, expected a sequence at line 1 column 0
[INFO] [stdout]    10       │-        Request from `https://api.github.com/repos/Roblox//releases`
[INFO] [stdout]    11       │-        
[INFO] [stdout]    12       │-        Received body:
[INFO] [stdout]    13       │-        {"message":"Not Found","documentation_url":"https://docs.github.com/rest"}
[INFO] [stdout]           5 │+        request failed: error sending request for url (https://api.github.com/repos/Roblox//releases): error trying to connect: dns error: failed to lookup address information: Temporary failure in name resolution
[INFO] [stdout]    14     6 │ [INFO ] Downloading github.com/Roblox/VeryFakeRepository@^0.1.0
[INFO] [stdout]    15     7 │ [ERROR] The following error occurred while trying to download tool "not-a-real-tool":
[INFO] [stdout]    16       │-        unexpected response body: invalid type: map, expected a sequence at line 1 column 0
[INFO] [stdout]    17       │-        Request from `https://api.github.com/repos/Roblox/VeryFakeRepository/releases`
[INFO] [stdout]    18       │-        
[INFO] [stdout]    19       │-        Received body:
[INFO] [stdout]    20       │-        {"message":"Not Found","documentation_url":"https://docs.github.com/rest/releases/releases#list-releases"}
[INFO] [stdout]           8 │+        request failed: error sending request for url (https://api.github.com/repos/Roblox/VeryFakeRepository/releases): error trying to connect: dns error: failed to lookup address information: Temporary failure in name resolution
[INFO] [stdout]    21     9 │ The following tools were not installed:
[INFO] [stdout]    22    10 │ [
[INFO] [stdout]    23    11 │     "also-not-a-real-tool",
[INFO] [stdout]    24    12 │     "badly-formatted-tool",
[INFO] [stdout] ────────────┴───────────────────────────────────────────────────────────────────
[INFO] [stdout] thread 'snapshot_install_all_tools_before_failing' panicked at tests/cli.rs:100:13:
[INFO] [stdout] called `Result::unwrap()` on an `Err` value: Os { code: 30, kind: ReadOnlyFilesystem, message: "Read-only file system" }
[INFO] [stdout] stack backtrace:
[INFO] [stdout]    0:     0x55fcdcc4405c - std::backtrace_rs::backtrace::libunwind::trace::ha637c64ce894333a
[INFO] [stdout]                                at /rustc/82e1608dfa6e0b5569232559e3d385fea5a93112/library/std/src/../../backtrace/src/backtrace/libunwind.rs:104:5
[INFO] [stdout]    1:     0x55fcdcc4405c - std::backtrace_rs::backtrace::trace_unsynchronized::h47f62dea28e0c88d
[INFO] [stdout]                                at /rustc/82e1608dfa6e0b5569232559e3d385fea5a93112/library/std/src/../../backtrace/src/backtrace/mod.rs:66:5
[INFO] [stdout]    2:     0x55fcdcc4405c - std::sys_common::backtrace::_print_fmt::h9eef0abe20ede486
[INFO] [stdout]                                at /rustc/82e1608dfa6e0b5569232559e3d385fea5a93112/library/std/src/sys_common/backtrace.rs:67:5
[INFO] [stdout]    3:     0x55fcdcc4405c - <std::sys_common::backtrace::_print::DisplayBacktrace as core::fmt::Display>::fmt::hed7f999df88cc644
[INFO] [stdout]                                at /rustc/82e1608dfa6e0b5569232559e3d385fea5a93112/library/std/src/sys_common/backtrace.rs:44:22
[INFO] [stdout]    4:     0x55fcdcc71620 - core::fmt::rt::Argument::fmt::h1539a9308b8d058d
[INFO] [stdout]                                at /rustc/82e1608dfa6e0b5569232559e3d385fea5a93112/library/core/src/fmt/rt.rs:142:9
[INFO] [stdout]    5:     0x55fcdcc71620 - core::fmt::write::h3a39390d8560d9c9
[INFO] [stdout]                                at /rustc/82e1608dfa6e0b5569232559e3d385fea5a93112/library/core/src/fmt/mod.rs:1120:17
[INFO] [stdout]    6:     0x55fcdcc409ff - std::io::Write::write_fmt::h040b369f3a0f9cbc
[INFO] [stdout]                                at /rustc/82e1608dfa6e0b5569232559e3d385fea5a93112/library/std/src/io/mod.rs:1762:15
[INFO] [stdout]    7:     0x55fcdcc43e44 - std::sys_common::backtrace::_print::h894006fb5c6f3d45
[INFO] [stdout]                                at /rustc/82e1608dfa6e0b5569232559e3d385fea5a93112/library/std/src/sys_common/backtrace.rs:47:5
[INFO] [stdout]    8:     0x55fcdcc43e44 - std::sys_common::backtrace::print::h23a2d212c6fff936
[INFO] [stdout]                                at /rustc/82e1608dfa6e0b5569232559e3d385fea5a93112/library/std/src/sys_common/backtrace.rs:34:9
[INFO] [stdout]    9:     0x55fcdcc45b87 - std::panicking::default_hook::{{closure}}::h8a1d2ee00185001a
[INFO] [stdout]   10:     0x55fcdcc45873 - std::panicking::default_hook::h6038f2eba384e475
[INFO] [stdout]                                at /rustc/82e1608dfa6e0b5569232559e3d385fea5a93112/library/std/src/panicking.rs:289:9
[INFO] [stdout]   11:     0x55fcdca79327 - <alloc::boxed::Box<F,A> as core::ops::function::Fn<Args>>::call::h0ad024c9bdc6d768
[INFO] [stdout]                                at /rustc/82e1608dfa6e0b5569232559e3d385fea5a93112/library/alloc/src/boxed.rs:2021:9
[INFO] [stdout]   12:     0x55fcdca79327 - test::test_main::{{closure}}::h7500b54257359db6
[INFO] [stdout]                                at /rustc/82e1608dfa6e0b5569232559e3d385fea5a93112/library/test/src/lib.rs:138:21
[INFO] [stdout]   13:     0x55fcdcc46198 - <alloc::boxed::Box<F,A> as core::ops::function::Fn<Args>>::call::h1f8f335eaa9cfaee
[INFO] [stdout]                                at /rustc/82e1608dfa6e0b5569232559e3d385fea5a93112/library/alloc/src/boxed.rs:2021:9
[INFO] [stdout]   14:     0x55fcdcc46198 - std::panicking::rust_panic_with_hook::h2b5517d590cab22e
[INFO] [stdout]                                at /rustc/82e1608dfa6e0b5569232559e3d385fea5a93112/library/std/src/panicking.rs:783:13
[INFO] [stdout]   15:     0x55fcdcc45eee - std::panicking::begin_panic_handler::{{closure}}::h233112c06e0ef43e
[INFO] [stdout]                                at /rustc/82e1608dfa6e0b5569232559e3d385fea5a93112/library/std/src/panicking.rs:657:13
[INFO] [stdout]   16:     0x55fcdcc44526 - std::sys_common::backtrace::__rust_end_short_backtrace::h6e893f24d7ebbff8
[INFO] [stdout]                                at /rustc/82e1608dfa6e0b5569232559e3d385fea5a93112/library/std/src/sys_common/backtrace.rs:170:18
[INFO] [stdout]   17:     0x55fcdcc45c52 - rust_begin_unwind
[INFO] [stdout]                                at /rustc/82e1608dfa6e0b5569232559e3d385fea5a93112/library/std/src/panicking.rs:645:5
[INFO] [stdout]   18:     0x55fcdca3f585 - core::panicking::panic_fmt::hbf0e066aabfa482c
[INFO] [stdout]                                at /rustc/82e1608dfa6e0b5569232559e3d385fea5a93112/library/core/src/panicking.rs:72:14
[INFO] [stdout]   19:     0x55fcdca3fb13 - core::result::unwrap_failed::hddb4fea594200c52
[INFO] [stdout]                                at /rustc/82e1608dfa6e0b5569232559e3d385fea5a93112/library/core/src/result.rs:1653:5
[INFO] [stdout]   20:     0x55fcdca41d7c - core::result::Result<T,E>::unwrap::he55bd6922f95104b
[INFO] [stdout]                                at /rustc/82e1608dfa6e0b5569232559e3d385fea5a93112/library/core/src/result.rs:1077:23
[INFO] [stdout]   21:     0x55fcdca44d61 - cli::TestContext::snapshot_string::{{closure}}::h3fc2e1bbb3b47b80
[INFO] [stdout]                                at /opt/rustwide/workdir/tests/cli.rs:100:13
[INFO] [stdout]   22:     0x55fcdca42bfe - insta::settings::Settings::bind::h1b1e1532079ae551
[INFO] [stdout]                                at /opt/rustwide/cargo-home/registry/src/index.crates.io-6f17d22bba15001f/insta-1.31.0/src/settings.rs:510:9
[INFO] [stdout]   23:     0x55fcdca447bf - cli::TestContext::snapshot_string::h4651a2ff98dbe04b
[INFO] [stdout]                                at /opt/rustwide/workdir/tests/cli.rs:99:9
[INFO] [stdout]   24:     0x55fcdca44489 - cli::TestContext::snapshot_command::hab838547737408b0
[INFO] [stdout]                                at /opt/rustwide/workdir/tests/cli.rs:86:9
[INFO] [stdout]   25:     0x55fcdca45911 - cli::snapshot_install_all_tools_before_failing::hd9d91e53ffbf8dbf
[INFO] [stdout]                                at /opt/rustwide/workdir/tests/cli.rs:217:5
[INFO] [stdout]   26:     0x55fcdca45807 - cli::snapshot_install_all_tools_before_failing::{{closure}}::hb7afba9f8b64819e
[INFO] [stdout]                                at /opt/rustwide/workdir/tests/cli.rs:204:47
[INFO] [stdout]   27:     0x55fcdca40b76 - core::ops::function::FnOnce::call_once::h4a2238c2dd447e4b
[INFO] [stdout]                                at /rustc/82e1608dfa6e0b5569232559e3d385fea5a93112/library/core/src/ops/function.rs:250:5
[INFO] [stdout]   28:     0x55fcdca7e97f - core::ops::function::FnOnce::call_once::h2b5d431d5046312d
[INFO] [stdout]                                at /rustc/82e1608dfa6e0b5569232559e3d385fea5a93112/library/core/src/ops/function.rs:250:5
[INFO] [stdout]   29:     0x55fcdca7e97f - test::__rust_begin_short_backtrace::h7714669af176e207
[INFO] [stdout]                                at /rustc/82e1608dfa6e0b5569232559e3d385fea5a93112/library/test/src/lib.rs:628:18
[INFO] [stdout]   30:     0x55fcdca7d995 - test::run_test_in_process::{{closure}}::h85218797dcbcec12
[INFO] [stdout]                                at /rustc/82e1608dfa6e0b5569232559e3d385fea5a93112/library/test/src/lib.rs:651:60
[INFO] [stdout]   31:     0x55fcdca7d995 - <core::panic::unwind_safe::AssertUnwindSafe<F> as core::ops::function::FnOnce<()>>::call_once::h76c106ea31c14d7b
[INFO] [stdout]                                at /rustc/82e1608dfa6e0b5569232559e3d385fea5a93112/library/core/src/panic/unwind_safe.rs:272:9
[INFO] [stdout]   32:     0x55fcdca7d995 - std::panicking::try::do_call::h3bd5d0f6620ee946
[INFO] [stdout]                                at /rustc/82e1608dfa6e0b5569232559e3d385fea5a93112/library/std/src/panicking.rs:552:40
[INFO] [stdout]   33:     0x55fcdca7d995 - std::panicking::try::h232e535e4744fe31
[INFO] [stdout]                                at /rustc/82e1608dfa6e0b5569232559e3d385fea5a93112/library/std/src/panicking.rs:516:19
[INFO] [stdout]   34:     0x55fcdca7d995 - std::panic::catch_unwind::h3ce3bd6ca8dbac68
[INFO] [stdout]                                at /rustc/82e1608dfa6e0b5569232559e3d385fea5a93112/library/std/src/panic.rs:142:14
[INFO] [stdout]   35:     0x55fcdca7d995 - test::run_test_in_process::hc97b257c9621286a
[INFO] [stdout]                                at /rustc/82e1608dfa6e0b5569232559e3d385fea5a93112/library/test/src/lib.rs:651:27
[INFO] [stdout]   36:     0x55fcdca7d995 - test::run_test::{{closure}}::h2aa798823a438d38
[INFO] [stdout]                                at /rustc/82e1608dfa6e0b5569232559e3d385fea5a93112/library/test/src/lib.rs:574:43
[INFO] [stdout]   37:     0x55fcdca45c56 - test::run_test::{{closure}}::h87d231c78fb59832
[INFO] [stdout]                                at /rustc/82e1608dfa6e0b5569232559e3d385fea5a93112/library/test/src/lib.rs:602:41
[INFO] [stdout]   38:     0x55fcdca45c56 - std::sys_common::backtrace::__rust_begin_short_backtrace::he6df152596625789
[INFO] [stdout]                                at /rustc/82e1608dfa6e0b5569232559e3d385fea5a93112/library/std/src/sys_common/backtrace.rs:154:18
[INFO] [stdout]   39:     0x55fcdca4ad07 - std::thread::Builder::spawn_unchecked_::{{closure}}::{{closure}}::ha94be15d1e0acf36
[INFO] [stdout]                                at /rustc/82e1608dfa6e0b5569232559e3d385fea5a93112/library/std/src/thread/mod.rs:529:17
[INFO] [stdout]   40:     0x55fcdca4ad07 - <core::panic::unwind_safe::AssertUnwindSafe<F> as core::ops::function::FnOnce<()>>::call_once::h9dc6bd6372f16606
[INFO] [stdout]                                at /rustc/82e1608dfa6e0b5569232559e3d385fea5a93112/library/core/src/panic/unwind_safe.rs:272:9
[INFO] [stdout]   41:     0x55fcdca4ad07 - std::panicking::try::do_call::h9057517f80303cd4
[INFO] [stdout]                                at /rustc/82e1608dfa6e0b5569232559e3d385fea5a93112/library/std/src/panicking.rs:552:40
[INFO] [stdout]   42:     0x55fcdca4ad07 - std::panicking::try::he3a30b11ee45340c
[INFO] [stdout]                                at /rustc/82e1608dfa6e0b5569232559e3d385fea5a93112/library/std/src/panicking.rs:516:19
[INFO] [stdout]   43:     0x55fcdca4ad07 - std::panic::catch_unwind::h410458cfd3528b8b
[INFO] [stdout]                                at /rustc/82e1608dfa6e0b5569232559e3d385fea5a93112/library/std/src/panic.rs:142:14
[INFO] [stdout]   44:     0x55fcdca4ad07 - std::thread::Builder::spawn_unchecked_::{{closure}}::h72ac3bdb567b737b
[INFO] [stdout]                                at /rustc/82e1608dfa6e0b5569232559e3d385fea5a93112/library/std/src/thread/mod.rs:528:30
[INFO] [stdout]   45:     0x55fcdca4ad07 - core::ops::function::FnOnce::call_once{{vtable.shim}}::h38f34da3654a8344
[INFO] [stdout]                                at /rustc/82e1608dfa6e0b5569232559e3d385fea5a93112/library/core/src/ops/function.rs:250:5
[INFO] [stdout]   46:     0x55fcdcc4c105 - <alloc::boxed::Box<F,A> as core::ops::function::FnOnce<Args>>::call_once::hc7eafaff61e32df9
[INFO] [stdout]                                at /rustc/82e1608dfa6e0b5569232559e3d385fea5a93112/library/alloc/src/boxed.rs:2007:9
[INFO] [stdout]   47:     0x55fcdcc4c105 - <alloc::boxed::Box<F,A> as core::ops::function::FnOnce<Args>>::call_once::h6ba4a5de48dd2304
[INFO] [stdout]                                at /rustc/82e1608dfa6e0b5569232559e3d385fea5a93112/library/alloc/src/boxed.rs:2007:9
[INFO] [stdout]   48:     0x55fcdcc4c105 - std::sys::unix::thread::Thread::new::thread_start::he469335aef763e45
[INFO] [stdout]                                at /rustc/82e1608dfa6e0b5569232559e3d385fea5a93112/library/std/src/sys/unix/thread.rs:108:17
[INFO] [stdout]   49:     0x7f21f24b8ac3 - <unknown>
[INFO] [stdout]   50:     0x7f21f2549bf4 - __clone
[INFO] [stdout]   51:                0x0 - <unknown>
[INFO] [stdout] 
[INFO] [stdout] 
[INFO] [stdout] failures:
[INFO] [stdout]     snapshot_install_all_tools_before_failing
[INFO] [stdout] 
[INFO] [stdout] test result: FAILED. 8 passed; 1 failed; 0 ignored; 0 measured; 0 filtered out; finished in 0.94s
[INFO] [stdout] 
[INFO] [stderr] error: test failed, to rerun pass `--test cli`
[INFO] running `Command { std: "docker" "inspect" "59c022c4114cbe3d363bf93aa031ae914ee269d38be65c75eaa3fb67456ccf7e", kill_on_drop: false }`
[INFO] running `Command { std: "docker" "rm" "-f" "59c022c4114cbe3d363bf93aa031ae914ee269d38be65c75eaa3fb67456ccf7e", kill_on_drop: false }`
[INFO] [stdout] 59c022c4114cbe3d363bf93aa031ae914ee269d38be65c75eaa3fb67456ccf7e
[INFO] testing foreman-1.3.0 against beta-2023-12-22 for beta-1.76-1
[INFO] extracting crate foreman 1.3.0 into /workspace/builds/worker-6-tc2/source
[INFO] validating manifest of crates.io crate foreman 1.3.0 on toolchain beta-2023-12-22
[INFO] running `Command { std: CARGO_HOME="/workspace/cargo-home" RUSTUP_HOME="/workspace/rustup-home" "/workspace/cargo-home/bin/cargo" "+beta-2023-12-22" "metadata" "--manifest-path" "Cargo.toml" "--no-deps", kill_on_drop: false }`
[INFO] started tweaking crates.io crate foreman 1.3.0
[INFO] finished tweaking crates.io crate foreman 1.3.0
[INFO] tweaked toml for crates.io crate foreman 1.3.0 written to /workspace/builds/worker-6-tc2/source/Cargo.toml
[INFO] crate crates.io crate foreman 1.3.0 already has a lockfile, it will not be regenerated
[INFO] running `Command { std: CARGO_HOME="/workspace/cargo-home" RUSTUP_HOME="/workspace/rustup-home" "/workspace/cargo-home/bin/cargo" "+beta-2023-12-22" "fetch" "--manifest-path" "Cargo.toml", kill_on_drop: false }`
[INFO] running `Command { std: "docker" "create" "-v" "/var/lib/crater-agent-workspace/builds/worker-6-tc2/target:/opt/rustwide/target:rw,Z" "-v" "/var/lib/crater-agent-workspace/builds/worker-6-tc2/source:/opt/rustwide/workdir:ro,Z" "-v" "/var/lib/crater-agent-workspace/cargo-home:/opt/rustwide/cargo-home:ro,Z" "-v" "/var/lib/crater-agent-workspace/rustup-home:/opt/rustwide/rustup-home:ro,Z" "-e" "SOURCE_DIR=/opt/rustwide/workdir" "-e" "CARGO_TARGET_DIR=/opt/rustwide/target" "-e" "CARGO_HOME=/opt/rustwide/cargo-home" "-e" "RUSTUP_HOME=/opt/rustwide/rustup-home" "-w" "/opt/rustwide/workdir" "-m" "1610612736" "--user" "0:0" "--network" "none" "ghcr.io/rust-lang/crates-build-env/linux@sha256:2788e3201cd34a07e3172128adcd8b3090168a8e3bcc40d7c032b9dda1df7d1c" "/opt/rustwide/cargo-home/bin/cargo" "+beta-2023-12-22" "metadata" "--no-deps" "--format-version=1", kill_on_drop: false }`
[INFO] [stdout] 92e8ed74b2620cb051cfe8e877c9b2ee6285b1b6d4f220d5710a985dcc810422
[INFO] running `Command { std: "docker" "start" "-a" "92e8ed74b2620cb051cfe8e877c9b2ee6285b1b6d4f220d5710a985dcc810422", kill_on_drop: false }`
[INFO] running `Command { std: "docker" "inspect" "92e8ed74b2620cb051cfe8e877c9b2ee6285b1b6d4f220d5710a985dcc810422", kill_on_drop: false }`
[INFO] running `Command { std: "docker" "rm" "-f" "92e8ed74b2620cb051cfe8e877c9b2ee6285b1b6d4f220d5710a985dcc810422", kill_on_drop: false }`
[INFO] [stdout] 92e8ed74b2620cb051cfe8e877c9b2ee6285b1b6d4f220d5710a985dcc810422
[INFO] running `Command { std: "docker" "create" "-v" "/var/lib/crater-agent-workspace/builds/worker-6-tc2/target:/opt/rustwide/target:rw,Z" "-v" "/var/lib/crater-agent-workspace/builds/worker-6-tc2/source:/opt/rustwide/workdir:ro,Z" "-v" "/var/lib/crater-agent-workspace/cargo-home:/opt/rustwide/cargo-home:ro,Z" "-v" "/var/lib/crater-agent-workspace/rustup-home:/opt/rustwide/rustup-home:ro,Z" "-e" "SOURCE_DIR=/opt/rustwide/workdir" "-e" "CARGO_TARGET_DIR=/opt/rustwide/target" "-e" "CARGO_INCREMENTAL=0" "-e" "RUST_BACKTRACE=full" "-e" "RUSTFLAGS=--cap-lints=warn" "-e" "RUSTDOCFLAGS=--cap-lints=warn" "-e" "CARGO_HOME=/opt/rustwide/cargo-home" "-e" "RUSTUP_HOME=/opt/rustwide/rustup-home" "-w" "/opt/rustwide/workdir" "-m" "1610612736" "--user" "0:0" "--network" "none" "ghcr.io/rust-lang/crates-build-env/linux@sha256:2788e3201cd34a07e3172128adcd8b3090168a8e3bcc40d7c032b9dda1df7d1c" "/opt/rustwide/cargo-home/bin/cargo" "+beta-2023-12-22" "build" "--frozen" "--message-format=json", kill_on_drop: false }`
[INFO] [stdout] 28dfba183a990a11d559d74e60267d0fdbe34765179053052ce60228579a8952
[INFO] running `Command { std: "docker" "start" "-a" "28dfba183a990a11d559d74e60267d0fdbe34765179053052ce60228579a8952", kill_on_drop: false }`
[INFO] [stderr]    Compiling libc v0.2.147
[INFO] [stderr]    Compiling proc-macro2 v1.0.66
[INFO] [stderr]    Compiling unicode-ident v1.0.11
[INFO] [stderr]    Compiling pkg-config v0.3.27
[INFO] [stderr]    Compiling bytes v1.4.0
[INFO] [stderr]    Compiling memchr v2.6.2
[INFO] [stderr]    Compiling once_cell v1.18.0
[INFO] [stderr]    Compiling vcpkg v0.2.15
[INFO] [stderr]    Compiling futures-core v0.3.28
[INFO] [stderr]    Compiling futures-task v0.3.28
[INFO] [stderr]    Compiling indexmap v1.9.3
[INFO] [stderr]    Compiling serde v1.0.188
[INFO] [stderr]    Compiling openssl v0.10.57
[INFO] [stderr]    Compiling hashbrown v0.12.3
[INFO] [stderr]    Compiling futures-util v0.3.28
[INFO] [stderr]    Compiling futures-io v0.3.28
[INFO] [stderr]    Compiling futures-sink v0.3.28
[INFO] [stderr]    Compiling native-tls v0.2.11
[INFO] [stderr]    Compiling futures-channel v0.3.28
[INFO] [stderr]    Compiling tracing-core v0.1.31
[INFO] [stderr]    Compiling syn v1.0.109
[INFO] [stderr]    Compiling bitflags v2.4.0
[INFO] [stderr]    Compiling memoffset v0.6.5
[INFO] [stderr]    Compiling crc32fast v1.3.2
[INFO] [stderr]    Compiling serde_json v1.0.105
[INFO] [stderr]    Compiling http v0.2.9
[INFO] [stderr]    Compiling try-lock v0.2.4
[INFO] [stderr]    Compiling percent-encoding v2.3.0
[INFO] [stderr]    Compiling openssl-probe v0.1.5
[INFO] [stderr]    Compiling want v0.3.1
[INFO] [stderr]    Compiling tracing v0.1.37
[INFO] [stderr]    Compiling aho-corasick v1.0.5
[INFO] [stderr]    Compiling form_urlencoded v1.2.0
[INFO] [stderr]    Compiling unicode-segmentation v1.10.1
[INFO] [stderr]    Compiling httpdate v1.0.3
[INFO] [stderr]    Compiling tower-service v0.3.2
[INFO] [stderr]    Compiling quote v1.0.33
[INFO] [stderr]    Compiling thiserror v1.0.47
[INFO] [stderr]    Compiling regex-syntax v0.7.5
[INFO] [stderr]    Compiling unicode-width v0.1.10
[INFO] [stderr]    Compiling unicode-bidi v0.3.13
[INFO] [stderr]    Compiling textwrap v0.11.0
[INFO] [stderr]    Compiling miniz_oxide v0.7.1
[INFO] [stderr]    Compiling syn v2.0.29
[INFO] [stderr]    Compiling heck v0.3.3
[INFO] [stderr]    Compiling http-body v0.4.5
[INFO] [stderr]    Compiling ansi_term v0.12.1
[INFO] [stderr]    Compiling idna v0.4.0
[INFO] [stderr]    Compiling semver v1.0.18
[INFO] [stderr]    Compiling proc-macro-error-attr v1.0.4
[INFO] [stderr]    Compiling vec_map v0.8.2
[INFO] [stderr]    Compiling strsim v0.8.0
[INFO] [stderr]    Compiling signal-hook v0.3.17
[INFO] [stderr]    Compiling flate2 v1.0.27
[INFO] [stderr]    Compiling itertools v0.10.5
[INFO] [stderr]    Compiling combine v4.6.6
[INFO] [stderr]    Compiling encoding_rs v0.8.33
[INFO] [stderr]    Compiling url v2.4.1
[INFO] [stderr]    Compiling cc v1.0.83
[INFO] [stderr]    Compiling signal-hook-registry v1.4.1
[INFO] [stderr]    Compiling socket2 v0.5.3
[INFO] [stderr]    Compiling mio v0.8.8
[INFO] [stderr]    Compiling num_cpus v1.16.0
[INFO] [stderr]    Compiling atty v0.2.14
[INFO] [stderr]    Compiling socket2 v0.4.9
[INFO] [stderr]    Compiling regex-automata v0.3.7
[INFO] [stderr]    Compiling clap v2.34.0
[INFO] [stderr]    Compiling time v0.1.45
[INFO] [stderr]    Compiling nix v0.22.3
[INFO] [stderr]    Compiling dirs-sys v0.3.7
[INFO] [stderr]    Compiling mime v0.3.17
[INFO] [stderr]    Compiling ipnet v2.8.0
[INFO] [stderr]    Compiling base64 v0.21.3
[INFO] [stderr]    Compiling termcolor v1.2.0
[INFO] [stderr]    Compiling humantime v2.1.0
[INFO] [stderr]    Compiling dirs v4.0.0
[INFO] [stderr]    Compiling openssl-sys v0.9.92
[INFO] [stderr]    Compiling bzip2-sys v0.1.11+1.0.8
[INFO] [stderr]    Compiling proc-macro-error v1.0.4
[INFO] [stderr]    Compiling urlencoding v2.1.3
[INFO] [stderr]    Compiling structopt-derive v0.4.18
[INFO] [stderr]    Compiling bzip2 v0.4.4
[INFO] [stderr]    Compiling tokio-macros v2.1.0
[INFO] [stderr]    Compiling serde_derive v1.0.188
[INFO] [stderr]    Compiling openssl-macros v0.1.1
[INFO] [stderr]    Compiling thiserror-impl v1.0.47
[INFO] [stderr]    Compiling regex v1.9.4
[INFO] [stderr]    Compiling tokio v1.32.0
[INFO] [stderr]    Compiling env_logger v0.9.3
[INFO] [stderr]    Compiling command-group v1.0.8
[INFO] [stderr]    Compiling structopt v0.3.26
[INFO] [stderr]    Compiling zip v0.5.13
[INFO] [stderr]    Compiling toml_edit v0.14.4
[INFO] [stderr]    Compiling tokio-util v0.7.8
[INFO] [stderr]    Compiling tokio-native-tls v0.3.1
[INFO] [stderr]    Compiling h2 v0.3.21
[INFO] [stderr]    Compiling serde_urlencoded v0.7.1
[INFO] [stderr]    Compiling toml v0.5.11
[INFO] [stderr]    Compiling rpassword v6.0.1
[INFO] [stderr]    Compiling hyper v0.14.27
[INFO] [stderr]    Compiling hyper-tls v0.5.0
[INFO] [stderr]    Compiling reqwest v0.11.20
[INFO] [stderr]    Compiling foreman v1.3.0 (/opt/rustwide/workdir)
[INFO] [stderr]     Finished dev [unoptimized + debuginfo] target(s) in 24.41s
[INFO] running `Command { std: "docker" "inspect" "28dfba183a990a11d559d74e60267d0fdbe34765179053052ce60228579a8952", kill_on_drop: false }`
[INFO] running `Command { std: "docker" "rm" "-f" "28dfba183a990a11d559d74e60267d0fdbe34765179053052ce60228579a8952", kill_on_drop: false }`
[INFO] [stdout] 28dfba183a990a11d559d74e60267d0fdbe34765179053052ce60228579a8952
[INFO] running `Command { std: "docker" "create" "-v" "/var/lib/crater-agent-workspace/builds/worker-6-tc2/target:/opt/rustwide/target:rw,Z" "-v" "/var/lib/crater-agent-workspace/builds/worker-6-tc2/source:/opt/rustwide/workdir:ro,Z" "-v" "/var/lib/crater-agent-workspace/cargo-home:/opt/rustwide/cargo-home:ro,Z" "-v" "/var/lib/crater-agent-workspace/rustup-home:/opt/rustwide/rustup-home:ro,Z" "-e" "SOURCE_DIR=/opt/rustwide/workdir" "-e" "CARGO_TARGET_DIR=/opt/rustwide/target" "-e" "CARGO_INCREMENTAL=0" "-e" "RUST_BACKTRACE=full" "-e" "RUSTFLAGS=--cap-lints=warn" "-e" "RUSTDOCFLAGS=--cap-lints=warn" "-e" "CARGO_HOME=/opt/rustwide/cargo-home" "-e" "RUSTUP_HOME=/opt/rustwide/rustup-home" "-w" "/opt/rustwide/workdir" "-m" "1610612736" "--user" "0:0" "--network" "none" "ghcr.io/rust-lang/crates-build-env/linux@sha256:2788e3201cd34a07e3172128adcd8b3090168a8e3bcc40d7c032b9dda1df7d1c" "/opt/rustwide/cargo-home/bin/cargo" "+beta-2023-12-22" "test" "--frozen" "--no-run" "--message-format=json", kill_on_drop: false }`
[INFO] [stdout] 3521159d83b47f1e4ce7a1cf30704c8aa62ef20a7753e2c2528215abf24afdec
[INFO] running `Command { std: "docker" "start" "-a" "3521159d83b47f1e4ce7a1cf30704c8aa62ef20a7753e2c2528215abf24afdec", kill_on_drop: false }`
[INFO] [stderr]    Compiling predicates-core v1.0.6
[INFO] [stderr]    Compiling rustix v0.38.11
[INFO] [stderr]    Compiling doc-comment v0.3.3
[INFO] [stderr]    Compiling anstyle v1.0.2
[INFO] [stderr]    Compiling linux-raw-sys v0.4.5
[INFO] [stderr]    Compiling difflib v0.4.0
[INFO] [stderr]    Compiling linked-hash-map v0.5.6
[INFO] [stderr]    Compiling termtree v0.4.1
[INFO] [stderr]    Compiling console v0.15.7
[INFO] [stderr]    Compiling bstr v1.6.2
[INFO] [stderr]    Compiling wait-timeout v0.2.0
[INFO] [stderr]    Compiling fastrand v2.0.0
[INFO] [stderr]    Compiling similar v2.2.1
[INFO] [stderr]    Compiling predicates-tree v1.0.9
[INFO] [stderr]    Compiling yaml-rust v0.4.5
[INFO] [stderr]    Compiling predicates v3.0.3
[INFO] [stderr]    Compiling insta v1.31.0
[INFO] [stderr]    Compiling assert_cmd v2.0.12
[INFO] [stderr]    Compiling tempfile v3.8.0
[INFO] [stderr]    Compiling foreman v1.3.0 (/opt/rustwide/workdir)
[INFO] [stderr]     Finished test [unoptimized + debuginfo] target(s) in 12.30s
[INFO] running `Command { std: "docker" "inspect" "3521159d83b47f1e4ce7a1cf30704c8aa62ef20a7753e2c2528215abf24afdec", kill_on_drop: false }`
[INFO] running `Command { std: "docker" "rm" "-f" "3521159d83b47f1e4ce7a1cf30704c8aa62ef20a7753e2c2528215abf24afdec", kill_on_drop: false }`
[INFO] [stdout] 3521159d83b47f1e4ce7a1cf30704c8aa62ef20a7753e2c2528215abf24afdec
[INFO] running `Command { std: "docker" "create" "-v" "/var/lib/crater-agent-workspace/builds/worker-6-tc2/target:/opt/rustwide/target:rw,Z" "-v" "/var/lib/crater-agent-workspace/builds/worker-6-tc2/source:/opt/rustwide/workdir:ro,Z" "-v" "/var/lib/crater-agent-workspace/cargo-home:/opt/rustwide/cargo-home:ro,Z" "-v" "/var/lib/crater-agent-workspace/rustup-home:/opt/rustwide/rustup-home:ro,Z" "-e" "SOURCE_DIR=/opt/rustwide/workdir" "-e" "CARGO_TARGET_DIR=/opt/rustwide/target" "-e" "CARGO_INCREMENTAL=0" "-e" "RUST_BACKTRACE=full" "-e" "RUSTFLAGS=--cap-lints=warn" "-e" "RUSTDOCFLAGS=--cap-lints=warn" "-e" "CARGO_HOME=/opt/rustwide/cargo-home" "-e" "RUSTUP_HOME=/opt/rustwide/rustup-home" "-w" "/opt/rustwide/workdir" "-m" "1610612736" "--user" "0:0" "--network" "none" "ghcr.io/rust-lang/crates-build-env/linux@sha256:2788e3201cd34a07e3172128adcd8b3090168a8e3bcc40d7c032b9dda1df7d1c" "/opt/rustwide/cargo-home/bin/cargo" "+beta-2023-12-22" "test" "--frozen", kill_on_drop: false }`
[INFO] [stdout] ceb0f44f1b350a566eee3d464f72c506ed27334d16de4c112ed69a00b3172cd9
[INFO] running `Command { std: "docker" "start" "-a" "ceb0f44f1b350a566eee3d464f72c506ed27334d16de4c112ed69a00b3172cd9", kill_on_drop: false }`
[INFO] [stderr]     Finished test [unoptimized + debuginfo] target(s) in 0.23s
[INFO] [stderr]      Running unittests src/main.rs (/opt/rustwide/target/debug/deps/foreman-584230949ffe1ae5)
[INFO] [stdout] 
[INFO] [stdout] running 22 tests
[INFO] [stdout] test paths::test::index_file ... ok
[INFO] [stdout] test paths::test::root_dir ... ok
[INFO] [stdout] test paths::test::tools_dir ... ok
[INFO] [stdout] test config::test::tool_cache_entry_is_different_for_github_and_gitlab_identical_projects ... ok
[INFO] [stdout] test paths::test::auth_store ... ok
[INFO] [stdout] test paths::test::bin_dir ... ok
[INFO] [stdout] test config::test::tool_cache_entry_is_backward_compatible ... ok
[INFO] [stdout] test config::test::deserialization::config_file_with_hosts ... ok
[INFO] [stdout] test config::test::deserialization::gitlab_from_gitlab_field ... ok
[INFO] [stdout] test config::test::deserialization::host_artifactory ... ok
[INFO] [stdout] test config::test::deserialization::extraneous_fields_host ... ok
[INFO] [stdout] test paths::test::user_config ... ok
[INFO] [stdout] test config::test::deserialization::extraneous_fields_tools ... ok
[INFO] [stdout] test config::test::deserialization::artifactory_from_artifactory_field ... ok
[INFO] [stdout] test tool_cache::test::load::reads_the_content_from_the_cache_file ... ok
[INFO] [stdout] test config::test::deserialization::github_from_source_field ... ok
[INFO] [stdout] test tool_cache::test::select_correct_asset_linux ... ok
[INFO] [stdout] test tool_cache::test::load::use_default_when_tool_cache_file_does_not_exist ... ok
[INFO] [stdout] test tool_cache::test::select_correct_asset_macos ... ok
[INFO] [stdout] test tool_cache::test::select_correct_asset ... ok
[INFO] [stdout] test config::test::deserialization::github_from_github_field ... ok
[INFO] [stdout] test tool_cache::test::save::snapshot_default_tool_cache ... ok
[INFO] [stdout] 
[INFO] [stdout] test result: ok. 22 passed; 0 failed; 0 ignored; 0 measured; 0 filtered out; finished in 0.05s
[INFO] [stdout] 
[INFO] [stderr]      Running tests/cli.rs (/opt/rustwide/target/debug/deps/cli-32bb103f89a54a0d)
[INFO] [stdout] 
[INFO] [stdout] running 9 tests
[INFO] [stdout] test snapshot_help_command ... ok
[INFO] [stdout] test snapshot_install_invalid_tool_configuration ... ok
[INFO] [stdout] test snapshot_install_default_auth_toml ... ok
[INFO] [stdout] test snapshot_install_default_foreman_toml ... ok
[INFO] [stdout] test snapshot_install_no_tools_found ... ok
[INFO] [stdout] test snapshot_install_invalid_system_configuration_file ... ok
[INFO] [stdout] test snapshot_install_empty_configuration_file ... ok
[INFO] [stdout] test snapshot_install_invalid_auth_toml ... ok
[INFO] [stdout] test snapshot_install_all_tools_before_failing ... FAILED
[INFO] [stdout] 
[INFO] [stdout] failures:
[INFO] [stdout] 
[INFO] [stdout] ---- snapshot_install_all_tools_before_failing stdout ----
[INFO] [stdout] ━━━━━━━━━━━━━━━━━━━━━━━━━━━━━━━ Snapshot Summary ━━━━━━━━━━━━━━━━━━━━━━━━━━━━━━━
[INFO] [stdout] Snapshot file: tests/snapshots/install_all_tools_before_failing.snap
[INFO] [stdout] Snapshot: install_all_tools_before_failing
[INFO] [stdout] Source: tests/cli.rs:100
[INFO] [stdout] ────────────────────────────────────────────────────────────────────────────────
[INFO] [stdout] Expression: content
[INFO] [stdout] ────────────────────────────────────────────────────────────────────────────────
[INFO] [stdout] -old snapshot
[INFO] [stdout] +new results
[INFO] [stdout] ────────────┬───────────────────────────────────────────────────────────────────
[INFO] [stdout]     0     0 │ [INFO ] Downloading github.com/Roblox/NotARepository@^0.1.0
[INFO] [stdout]     1     1 │ [ERROR] The following error occurred while trying to download tool "also-not-a-real-tool":
[INFO] [stdout]     2       │-        unexpected response body: invalid type: map, expected a sequence at line 1 column 0
[INFO] [stdout]     3       │-        Request from `https://api.github.com/repos/Roblox/NotARepository/releases`
[INFO] [stdout]     4       │-        
[INFO] [stdout]     5       │-        Received body:
[INFO] [stdout]     6       │-        {"message":"Not Found","documentation_url":"https://docs.github.com/rest/releases/releases#list-releases"}
[INFO] [stdout]           2 │+        request failed: error sending request for url (https://api.github.com/repos/Roblox/NotARepository/releases): error trying to connect: dns error: failed to lookup address information: Temporary failure in name resolution
[INFO] [stdout]     7     3 │ [INFO ] Downloading github.com/Roblox/@^0.2.0
[INFO] [stdout]     8     4 │ [ERROR] The following error occurred while trying to download tool "badly-formatted-tool":
[INFO] [stdout]     9       │-        unexpected response body: invalid type: map, expected a sequence at line 1 column 0
[INFO] [stdout]    10       │-        Request from `https://api.github.com/repos/Roblox//releases`
[INFO] [stdout]    11       │-        
[INFO] [stdout]    12       │-        Received body:
[INFO] [stdout]    13       │-        {"message":"Not Found","documentation_url":"https://docs.github.com/rest"}
[INFO] [stdout]           5 │+        request failed: error sending request for url (https://api.github.com/repos/Roblox//releases): error trying to connect: dns error: failed to lookup address information: Temporary failure in name resolution
[INFO] [stdout]    14     6 │ [INFO ] Downloading github.com/Roblox/VeryFakeRepository@^0.1.0
[INFO] [stdout]    15     7 │ [ERROR] The following error occurred while trying to download tool "not-a-real-tool":
[INFO] [stdout]    16       │-        unexpected response body: invalid type: map, expected a sequence at line 1 column 0
[INFO] [stdout]    17       │-        Request from `https://api.github.com/repos/Roblox/VeryFakeRepository/releases`
[INFO] [stdout]    18       │-        
[INFO] [stdout]    19       │-        Received body:
[INFO] [stdout]    20       │-        {"message":"Not Found","documentation_url":"https://docs.github.com/rest/releases/releases#list-releases"}
[INFO] [stdout]           8 │+        request failed: error sending request for url (https://api.github.com/repos/Roblox/VeryFakeRepository/releases): error trying to connect: dns error: failed to lookup address information: Temporary failure in name resolution
[INFO] [stdout]    21     9 │ The following tools were not installed:
[INFO] [stdout]    22    10 │ [
[INFO] [stdout]    23    11 │     "also-not-a-real-tool",
[INFO] [stdout]    24    12 │     "badly-formatted-tool",
[INFO] [stdout] ────────────┴───────────────────────────────────────────────────────────────────
[INFO] [stdout] thread 'snapshot_install_all_tools_before_failing' panicked at tests/cli.rs:100:13:
[INFO] [stdout] called `Result::unwrap()` on an `Err` value: Os { code: 30, kind: ReadOnlyFilesystem, message: "Read-only file system" }
[INFO] [stdout] stack backtrace:
[INFO] [stdout]    0:     0x55def93467d6 - std::backtrace_rs::backtrace::libunwind::trace::h261606ad26a499c1
[INFO] [stdout]                                at /rustc/0e09125c6c3c2fd70d7de961bcf0e51575235fad/library/std/src/../../backtrace/src/backtrace/libunwind.rs:104:5
[INFO] [stdout]    1:     0x55def93467d6 - std::backtrace_rs::backtrace::trace_unsynchronized::hd183f0625477fb28
[INFO] [stdout]                                at /rustc/0e09125c6c3c2fd70d7de961bcf0e51575235fad/library/std/src/../../backtrace/src/backtrace/mod.rs:66:5
[INFO] [stdout]    2:     0x55def93467d6 - std::sys_common::backtrace::_print_fmt::hd7f8fef21b4eda67
[INFO] [stdout]                                at /rustc/0e09125c6c3c2fd70d7de961bcf0e51575235fad/library/std/src/sys_common/backtrace.rs:68:5
[INFO] [stdout]    3:     0x55def93467d6 - <std::sys_common::backtrace::_print::DisplayBacktrace as core::fmt::Display>::fmt::h623d9b51f2f453f1
[INFO] [stdout]                                at /rustc/0e09125c6c3c2fd70d7de961bcf0e51575235fad/library/std/src/sys_common/backtrace.rs:44:22
[INFO] [stdout]    4:     0x55def93730b0 - core::fmt::rt::Argument::fmt::h9f417ac76a86f368
[INFO] [stdout]                                at /rustc/0e09125c6c3c2fd70d7de961bcf0e51575235fad/library/core/src/fmt/rt.rs:142:9
[INFO] [stdout]    5:     0x55def93730b0 - core::fmt::write::hc9b6faf4ac2aeff7
[INFO] [stdout]                                at /rustc/0e09125c6c3c2fd70d7de961bcf0e51575235fad/library/core/src/fmt/mod.rs:1120:17
[INFO] [stdout]    6:     0x55def934318f - std::io::Write::write_fmt::he04625a3a989fec3
[INFO] [stdout]                                at /rustc/0e09125c6c3c2fd70d7de961bcf0e51575235fad/library/std/src/io/mod.rs:1810:15
[INFO] [stdout]    7:     0x55def93465b4 - std::sys_common::backtrace::_print::hd5d66399c7df88a2
[INFO] [stdout]                                at /rustc/0e09125c6c3c2fd70d7de961bcf0e51575235fad/library/std/src/sys_common/backtrace.rs:47:5
[INFO] [stdout]    8:     0x55def93465b4 - std::sys_common::backtrace::print::he81ed2da642d37e5
[INFO] [stdout]                                at /rustc/0e09125c6c3c2fd70d7de961bcf0e51575235fad/library/std/src/sys_common/backtrace.rs:34:9
[INFO] [stdout]    9:     0x55def93483a7 - std::panicking::default_hook::{{closure}}::h85773f4fa117163d
[INFO] [stdout]   10:     0x55def934808d - std::panicking::default_hook::h6a1694a91d09b278
[INFO] [stdout]                                at /rustc/0e09125c6c3c2fd70d7de961bcf0e51575235fad/library/std/src/panicking.rs:289:9
[INFO] [stdout]   11:     0x55def917d227 - <alloc::boxed::Box<F,A> as core::ops::function::Fn<Args>>::call::h616ac37fa3cd6c8f
[INFO] [stdout]                                at /rustc/0e09125c6c3c2fd70d7de961bcf0e51575235fad/library/alloc/src/boxed.rs:2029:9
[INFO] [stdout]   12:     0x55def917d227 - test::test_main::{{closure}}::h00d84697cefdcbb6
[INFO] [stdout]                                at /rustc/0e09125c6c3c2fd70d7de961bcf0e51575235fad/library/test/src/lib.rs:138:21
[INFO] [stdout]   13:     0x55def93489c6 - <alloc::boxed::Box<F,A> as core::ops::function::Fn<Args>>::call::hcb3fe3b9bb537ba8
[INFO] [stdout]                                at /rustc/0e09125c6c3c2fd70d7de961bcf0e51575235fad/library/alloc/src/boxed.rs:2029:9
[INFO] [stdout]   14:     0x55def93489c6 - std::panicking::rust_panic_with_hook::h0a7ad96e90f7145b
[INFO] [stdout]                                at /rustc/0e09125c6c3c2fd70d7de961bcf0e51575235fad/library/std/src/panicking.rs:783:13
[INFO] [stdout]   15:     0x55def9348712 - std::panicking::begin_panic_handler::{{closure}}::h7919090525c6485e
[INFO] [stdout]                                at /rustc/0e09125c6c3c2fd70d7de961bcf0e51575235fad/library/std/src/panicking.rs:657:13
[INFO] [stdout]   16:     0x55def9346cd6 - std::sys_common::backtrace::__rust_end_short_backtrace::hf3289479464f7dfe
[INFO] [stdout]                                at /rustc/0e09125c6c3c2fd70d7de961bcf0e51575235fad/library/std/src/sys_common/backtrace.rs:171:18
[INFO] [stdout]   17:     0x55def9348470 - rust_begin_unwind
[INFO] [stdout]                                at /rustc/0e09125c6c3c2fd70d7de961bcf0e51575235fad/library/std/src/panicking.rs:645:5
[INFO] [stdout]   18:     0x55def9142585 - core::panicking::panic_fmt::hcc9f77c5c132af55
[INFO] [stdout]                                at /rustc/0e09125c6c3c2fd70d7de961bcf0e51575235fad/library/core/src/panicking.rs:72:14
[INFO] [stdout]   19:     0x55def9142b23 - core::result::unwrap_failed::hbe14f498be1452f9
[INFO] [stdout]                                at /rustc/0e09125c6c3c2fd70d7de961bcf0e51575235fad/library/core/src/result.rs:1649:5
[INFO] [stdout]   20:     0x55def9144cac - core::result::Result<T,E>::unwrap::h7b48416641db56d6
[INFO] [stdout]                                at /rustc/0e09125c6c3c2fd70d7de961bcf0e51575235fad/library/core/src/result.rs:1073:23
[INFO] [stdout]   21:     0x55def9147d0b - cli::TestContext::snapshot_string::{{closure}}::hb479d84f24d0a527
[INFO] [stdout]                                at /opt/rustwide/workdir/tests/cli.rs:100:13
[INFO] [stdout]   22:     0x55def9145bbe - insta::settings::Settings::bind::h4a53ab79350bf960
[INFO] [stdout]                                at /opt/rustwide/cargo-home/registry/src/index.crates.io-6f17d22bba15001f/insta-1.31.0/src/settings.rs:510:9
[INFO] [stdout]   23:     0x55def914777f - cli::TestContext::snapshot_string::h73210911a4bdda68
[INFO] [stdout]                                at /opt/rustwide/workdir/tests/cli.rs:99:9
[INFO] [stdout]   24:     0x55def9147449 - cli::TestContext::snapshot_command::h12b1297583a0919c
[INFO] [stdout]                                at /opt/rustwide/workdir/tests/cli.rs:86:9
[INFO] [stdout]   25:     0x55def9148881 - cli::snapshot_install_all_tools_before_failing::ha4fbda90613e761e
[INFO] [stdout]                                at /opt/rustwide/workdir/tests/cli.rs:217:5
[INFO] [stdout]   26:     0x55def9148777 - cli::snapshot_install_all_tools_before_failing::{{closure}}::hcbc208c799077fa5
[INFO] [stdout]                                at /opt/rustwide/workdir/tests/cli.rs:204:47
[INFO] [stdout]   27:     0x55def9143c86 - core::ops::function::FnOnce::call_once::ha8248d98938cdb83
[INFO] [stdout]                                at /rustc/0e09125c6c3c2fd70d7de961bcf0e51575235fad/library/core/src/ops/function.rs:250:5
[INFO] [stdout]   28:     0x55def9182aff - core::ops::function::FnOnce::call_once::hd64d26f405258157
[INFO] [stdout]                                at /rustc/0e09125c6c3c2fd70d7de961bcf0e51575235fad/library/core/src/ops/function.rs:250:5
[INFO] [stdout]   29:     0x55def9182aff - test::__rust_begin_short_backtrace::he21b0b7a6d731bf9
[INFO] [stdout]                                at /rustc/0e09125c6c3c2fd70d7de961bcf0e51575235fad/library/test/src/lib.rs:627:18
[INFO] [stdout]   30:     0x55def9181881 - test::run_test_in_process::{{closure}}::hf5c73986d7bdfde2
[INFO] [stdout]                                at /rustc/0e09125c6c3c2fd70d7de961bcf0e51575235fad/library/test/src/lib.rs:650:60
[INFO] [stdout]   31:     0x55def9181881 - <core::panic::unwind_safe::AssertUnwindSafe<F> as core::ops::function::FnOnce<()>>::call_once::h330011ad032aadc0
[INFO] [stdout]                                at /rustc/0e09125c6c3c2fd70d7de961bcf0e51575235fad/library/core/src/panic/unwind_safe.rs:272:9
[INFO] [stdout]   32:     0x55def9181881 - std::panicking::try::do_call::he61b0a958b795a41
[INFO] [stdout]                                at /rustc/0e09125c6c3c2fd70d7de961bcf0e51575235fad/library/std/src/panicking.rs:552:40
[INFO] [stdout]   33:     0x55def9181881 - std::panicking::try::h7309da130f906eb7
[INFO] [stdout]                                at /rustc/0e09125c6c3c2fd70d7de961bcf0e51575235fad/library/std/src/panicking.rs:516:19
[INFO] [stdout]   34:     0x55def9181881 - std::panic::catch_unwind::hc5c3a06fdaf0a92a
[INFO] [stdout]                                at /rustc/0e09125c6c3c2fd70d7de961bcf0e51575235fad/library/std/src/panic.rs:142:14
[INFO] [stdout]   35:     0x55def9181881 - test::run_test_in_process::h7e7b7c71c3324e0f
[INFO] [stdout]                                at /rustc/0e09125c6c3c2fd70d7de961bcf0e51575235fad/library/test/src/lib.rs:650:27
[INFO] [stdout]   36:     0x55def9181881 - test::run_test::{{closure}}::h1f509f28f5cf20b1
[INFO] [stdout]                                at /rustc/0e09125c6c3c2fd70d7de961bcf0e51575235fad/library/test/src/lib.rs:573:43
[INFO] [stdout]   37:     0x55def9148bb6 - test::run_test::{{closure}}::h1754218abf443f6d
[INFO] [stdout]                                at /rustc/0e09125c6c3c2fd70d7de961bcf0e51575235fad/library/test/src/lib.rs:601:41
[INFO] [stdout]   38:     0x55def9148bb6 - std::sys_common::backtrace::__rust_begin_short_backtrace::h2ee174b9d5954948
[INFO] [stdout]                                at /rustc/0e09125c6c3c2fd70d7de961bcf0e51575235fad/library/std/src/sys_common/backtrace.rs:155:18
[INFO] [stdout]   39:     0x55def914dc17 - std::thread::Builder::spawn_unchecked_::{{closure}}::{{closure}}::hf60bee9c1a17ef09
[INFO] [stdout]                                at /rustc/0e09125c6c3c2fd70d7de961bcf0e51575235fad/library/std/src/thread/mod.rs:529:17
[INFO] [stdout]   40:     0x55def914dc17 - <core::panic::unwind_safe::AssertUnwindSafe<F> as core::ops::function::FnOnce<()>>::call_once::h33d0dddec5216160
[INFO] [stdout]                                at /rustc/0e09125c6c3c2fd70d7de961bcf0e51575235fad/library/core/src/panic/unwind_safe.rs:272:9
[INFO] [stdout]   41:     0x55def914dc17 - std::panicking::try::do_call::h144b3048b546f835
[INFO] [stdout]                                at /rustc/0e09125c6c3c2fd70d7de961bcf0e51575235fad/library/std/src/panicking.rs:552:40
[INFO] [stdout]   42:     0x55def914dc17 - std::panicking::try::h978244d04646189f
[INFO] [stdout]                                at /rustc/0e09125c6c3c2fd70d7de961bcf0e51575235fad/library/std/src/panicking.rs:516:19
[INFO] [stdout]   43:     0x55def914dc17 - std::panic::catch_unwind::hdf436369d188fe86
[INFO] [stdout]                                at /rustc/0e09125c6c3c2fd70d7de961bcf0e51575235fad/library/std/src/panic.rs:142:14
[INFO] [stdout]   44:     0x55def914dc17 - std::thread::Builder::spawn_unchecked_::{{closure}}::h87329cbdd33c79ec
[INFO] [stdout]                                at /rustc/0e09125c6c3c2fd70d7de961bcf0e51575235fad/library/std/src/thread/mod.rs:528:30
[INFO] [stdout]   45:     0x55def914dc17 - core::ops::function::FnOnce::call_once{{vtable.shim}}::h401abbe67897d450
[INFO] [stdout]                                at /rustc/0e09125c6c3c2fd70d7de961bcf0e51575235fad/library/core/src/ops/function.rs:250:5
[INFO] [stdout]   46:     0x55def934e985 - <alloc::boxed::Box<F,A> as core::ops::function::FnOnce<Args>>::call_once::h5d7c8f150ab9c84c
[INFO] [stdout]                                at /rustc/0e09125c6c3c2fd70d7de961bcf0e51575235fad/library/alloc/src/boxed.rs:2015:9
[INFO] [stdout]   47:     0x55def934e985 - <alloc::boxed::Box<F,A> as core::ops::function::FnOnce<Args>>::call_once::h570d5b005c242c15
[INFO] [stdout]                                at /rustc/0e09125c6c3c2fd70d7de961bcf0e51575235fad/library/alloc/src/boxed.rs:2015:9
[INFO] [stdout]   48:     0x55def934e985 - std::sys::unix::thread::Thread::new::thread_start::h36b0a20c0b2361ad
[INFO] [stdout]                                at /rustc/0e09125c6c3c2fd70d7de961bcf0e51575235fad/library/std/src/sys/unix/thread.rs:108:17
[INFO] [stdout]   49:     0x7fbf3ec3bac3 - <unknown>
[INFO] [stdout]   50:     0x7fbf3ecccbf4 - __clone
[INFO] [stdout]   51:                0x0 - <unknown>
[INFO] [stdout] 
[INFO] [stdout] 
[INFO] [stdout] failures:
[INFO] [stdout]     snapshot_install_all_tools_before_failing
[INFO] [stdout] 
[INFO] [stdout] test result: FAILED. 8 passed; 1 failed; 0 ignored; 0 measured; 0 filtered out; finished in 1.69s
[INFO] [stdout] 
[INFO] [stderr] error: test failed, to rerun pass `--test cli`
[INFO] running `Command { std: "docker" "inspect" "ceb0f44f1b350a566eee3d464f72c506ed27334d16de4c112ed69a00b3172cd9", kill_on_drop: false }`
[INFO] running `Command { std: "docker" "rm" "-f" "ceb0f44f1b350a566eee3d464f72c506ed27334d16de4c112ed69a00b3172cd9", kill_on_drop: false }`
[INFO] [stdout] ceb0f44f1b350a566eee3d464f72c506ed27334d16de4c112ed69a00b3172cd9
