[INFO] fetching crate fn_meta 0.7.3...
[INFO] testing fn_meta-0.7.3 against 1.75.0 for beta-1.76-1
[INFO] extracting crate fn_meta 0.7.3 into /workspace/builds/worker-0-tc1/source
[INFO] validating manifest of crates.io crate fn_meta 0.7.3 on toolchain 1.75.0
[INFO] running `Command { std: CARGO_HOME="/workspace/cargo-home" RUSTUP_HOME="/workspace/rustup-home" "/workspace/cargo-home/bin/cargo" "+1.75.0" "metadata" "--manifest-path" "Cargo.toml" "--no-deps", kill_on_drop: false }`
[INFO] removed /workspace/builds/worker-0-tc1/source/.cargo/config.toml
[INFO] started tweaking crates.io crate fn_meta 0.7.3
[INFO] finished tweaking crates.io crate fn_meta 0.7.3
[INFO] tweaked toml for crates.io crate fn_meta 0.7.3 written to /workspace/builds/worker-0-tc1/source/Cargo.toml
[INFO] running `Command { std: CARGO_HOME="/workspace/cargo-home" RUSTUP_HOME="/workspace/rustup-home" "/workspace/cargo-home/bin/cargo" "+1.75.0" "generate-lockfile" "--manifest-path" "Cargo.toml", kill_on_drop: false }`
[INFO] [stderr]     Updating crates.io index
[INFO] running `Command { std: CARGO_HOME="/workspace/cargo-home" RUSTUP_HOME="/workspace/rustup-home" "/workspace/cargo-home/bin/cargo" "+1.75.0" "fetch" "--manifest-path" "Cargo.toml", kill_on_drop: false }`
[INFO] running `Command { std: "docker" "create" "-v" "/var/lib/crater-agent-workspace/builds/worker-0-tc1/target:/opt/rustwide/target:rw,Z" "-v" "/var/lib/crater-agent-workspace/builds/worker-0-tc1/source:/opt/rustwide/workdir:ro,Z" "-v" "/var/lib/crater-agent-workspace/cargo-home:/opt/rustwide/cargo-home:ro,Z" "-v" "/var/lib/crater-agent-workspace/rustup-home:/opt/rustwide/rustup-home:ro,Z" "-e" "SOURCE_DIR=/opt/rustwide/workdir" "-e" "CARGO_TARGET_DIR=/opt/rustwide/target" "-e" "CARGO_HOME=/opt/rustwide/cargo-home" "-e" "RUSTUP_HOME=/opt/rustwide/rustup-home" "-w" "/opt/rustwide/workdir" "-m" "1610612736" "--user" "0:0" "--network" "none" "ghcr.io/rust-lang/crates-build-env/linux@sha256:2788e3201cd34a07e3172128adcd8b3090168a8e3bcc40d7c032b9dda1df7d1c" "/opt/rustwide/cargo-home/bin/cargo" "+1.75.0" "metadata" "--no-deps" "--format-version=1", kill_on_drop: false }`
[INFO] [stdout] c238c12c82dabd3c1552210ce7533bbe77e824855c64fa1ebcad57aa845e0d79
[INFO] running `Command { std: "docker" "start" "-a" "c238c12c82dabd3c1552210ce7533bbe77e824855c64fa1ebcad57aa845e0d79", kill_on_drop: false }`
[INFO] running `Command { std: "docker" "inspect" "c238c12c82dabd3c1552210ce7533bbe77e824855c64fa1ebcad57aa845e0d79", kill_on_drop: false }`
[INFO] running `Command { std: "docker" "rm" "-f" "c238c12c82dabd3c1552210ce7533bbe77e824855c64fa1ebcad57aa845e0d79", kill_on_drop: false }`
[INFO] [stdout] c238c12c82dabd3c1552210ce7533bbe77e824855c64fa1ebcad57aa845e0d79
[INFO] running `Command { std: "docker" "create" "-v" "/var/lib/crater-agent-workspace/builds/worker-0-tc1/target:/opt/rustwide/target:rw,Z" "-v" "/var/lib/crater-agent-workspace/builds/worker-0-tc1/source:/opt/rustwide/workdir:ro,Z" "-v" "/var/lib/crater-agent-workspace/cargo-home:/opt/rustwide/cargo-home:ro,Z" "-v" "/var/lib/crater-agent-workspace/rustup-home:/opt/rustwide/rustup-home:ro,Z" "-e" "SOURCE_DIR=/opt/rustwide/workdir" "-e" "CARGO_TARGET_DIR=/opt/rustwide/target" "-e" "CARGO_INCREMENTAL=0" "-e" "RUST_BACKTRACE=full" "-e" "RUSTFLAGS=--cap-lints=warn" "-e" "RUSTDOCFLAGS=--cap-lints=warn" "-e" "CARGO_HOME=/opt/rustwide/cargo-home" "-e" "RUSTUP_HOME=/opt/rustwide/rustup-home" "-w" "/opt/rustwide/workdir" "-m" "1610612736" "--user" "0:0" "--network" "none" "ghcr.io/rust-lang/crates-build-env/linux@sha256:2788e3201cd34a07e3172128adcd8b3090168a8e3bcc40d7c032b9dda1df7d1c" "/opt/rustwide/cargo-home/bin/cargo" "+1.75.0" "build" "--frozen" "--message-format=json", kill_on_drop: false }`
[INFO] [stdout] 5bbe49a2075ebc800cbb9c97e3e47443dfd4faf26b35647c355bc425e9078cdf
[INFO] running `Command { std: "docker" "start" "-a" "5bbe49a2075ebc800cbb9c97e3e47443dfd4faf26b35647c355bc425e9078cdf", kill_on_drop: false }`
[INFO] [stderr]    Compiling fn_meta v0.7.3 (/opt/rustwide/workdir)
[INFO] [stderr]     Finished dev [unoptimized + debuginfo] target(s) in 0.82s
[INFO] running `Command { std: "docker" "inspect" "5bbe49a2075ebc800cbb9c97e3e47443dfd4faf26b35647c355bc425e9078cdf", kill_on_drop: false }`
[INFO] running `Command { std: "docker" "rm" "-f" "5bbe49a2075ebc800cbb9c97e3e47443dfd4faf26b35647c355bc425e9078cdf", kill_on_drop: false }`
[INFO] [stdout] 5bbe49a2075ebc800cbb9c97e3e47443dfd4faf26b35647c355bc425e9078cdf
[INFO] running `Command { std: "docker" "create" "-v" "/var/lib/crater-agent-workspace/builds/worker-0-tc1/target:/opt/rustwide/target:rw,Z" "-v" "/var/lib/crater-agent-workspace/builds/worker-0-tc1/source:/opt/rustwide/workdir:ro,Z" "-v" "/var/lib/crater-agent-workspace/cargo-home:/opt/rustwide/cargo-home:ro,Z" "-v" "/var/lib/crater-agent-workspace/rustup-home:/opt/rustwide/rustup-home:ro,Z" "-e" "SOURCE_DIR=/opt/rustwide/workdir" "-e" "CARGO_TARGET_DIR=/opt/rustwide/target" "-e" "CARGO_INCREMENTAL=0" "-e" "RUST_BACKTRACE=full" "-e" "RUSTFLAGS=--cap-lints=warn" "-e" "RUSTDOCFLAGS=--cap-lints=warn" "-e" "CARGO_HOME=/opt/rustwide/cargo-home" "-e" "RUSTUP_HOME=/opt/rustwide/rustup-home" "-w" "/opt/rustwide/workdir" "-m" "1610612736" "--user" "0:0" "--network" "none" "ghcr.io/rust-lang/crates-build-env/linux@sha256:2788e3201cd34a07e3172128adcd8b3090168a8e3bcc40d7c032b9dda1df7d1c" "/opt/rustwide/cargo-home/bin/cargo" "+1.75.0" "test" "--frozen" "--no-run" "--message-format=json", kill_on_drop: false }`
[INFO] [stdout] e7cc8954f41e13692cbec5fe4d879b318eee1ca9e129af5a6567109a5ea02137
[INFO] running `Command { std: "docker" "start" "-a" "e7cc8954f41e13692cbec5fe4d879b318eee1ca9e129af5a6567109a5ea02137", kill_on_drop: false }`
[INFO] [stderr]    Compiling fn_meta v0.7.3 (/opt/rustwide/workdir)
[INFO] [stderr]     Finished test [unoptimized + debuginfo] target(s) in 0.51s
[INFO] running `Command { std: "docker" "inspect" "e7cc8954f41e13692cbec5fe4d879b318eee1ca9e129af5a6567109a5ea02137", kill_on_drop: false }`
[INFO] running `Command { std: "docker" "rm" "-f" "e7cc8954f41e13692cbec5fe4d879b318eee1ca9e129af5a6567109a5ea02137", kill_on_drop: false }`
[INFO] [stdout] e7cc8954f41e13692cbec5fe4d879b318eee1ca9e129af5a6567109a5ea02137
[INFO] running `Command { std: "docker" "create" "-v" "/var/lib/crater-agent-workspace/builds/worker-0-tc1/target:/opt/rustwide/target:rw,Z" "-v" "/var/lib/crater-agent-workspace/builds/worker-0-tc1/source:/opt/rustwide/workdir:ro,Z" "-v" "/var/lib/crater-agent-workspace/cargo-home:/opt/rustwide/cargo-home:ro,Z" "-v" "/var/lib/crater-agent-workspace/rustup-home:/opt/rustwide/rustup-home:ro,Z" "-e" "SOURCE_DIR=/opt/rustwide/workdir" "-e" "CARGO_TARGET_DIR=/opt/rustwide/target" "-e" "CARGO_INCREMENTAL=0" "-e" "RUST_BACKTRACE=full" "-e" "RUSTFLAGS=--cap-lints=warn" "-e" "RUSTDOCFLAGS=--cap-lints=warn" "-e" "CARGO_HOME=/opt/rustwide/cargo-home" "-e" "RUSTUP_HOME=/opt/rustwide/rustup-home" "-w" "/opt/rustwide/workdir" "-m" "1610612736" "--user" "0:0" "--network" "none" "ghcr.io/rust-lang/crates-build-env/linux@sha256:2788e3201cd34a07e3172128adcd8b3090168a8e3bcc40d7c032b9dda1df7d1c" "/opt/rustwide/cargo-home/bin/cargo" "+1.75.0" "test" "--frozen", kill_on_drop: false }`
[INFO] [stdout] 373ae0f7d12d07e719167bea311f44592a1934ca308fee72076eb815569fc6ee
[INFO] running `Command { std: "docker" "start" "-a" "373ae0f7d12d07e719167bea311f44592a1934ca308fee72076eb815569fc6ee", kill_on_drop: false }`
[INFO] [stderr]     Finished test [unoptimized + debuginfo] target(s) in 0.01s
[INFO] [stderr]      Running unittests src/lib.rs (/opt/rustwide/target/debug/deps/fn_meta-b4d8efaa3b4c1809)
[INFO] [stdout] 
[INFO] [stdout] running 17 tests
[INFO] [stdout] test fn_metadata::tests::no_args ... ok
[INFO] [stdout] test fn_metadata::tests::read_3 ... ok
[INFO] [stdout] test fn_metadata::tests::read_1_write_1 ... ok
[INFO] [stdout] test fn_metadata::tests::read_4 ... ok
[INFO] [stdout] test fn_metadata::tests::read_6 ... ok
[INFO] [stdout] test fn_metadata::tests::read_1 ... ok
[INFO] [stdout] test fn_metadata::tests::write_1_read_1 ... ok
[INFO] [stdout] test fn_metadata::tests::write_1_read_1_write_1 ... ok
[INFO] [stdout] test fn_metadata::tests::write_1 ... ok
[INFO] [stdout] test fn_metadata::tests::write_3 ... ok
[INFO] [stdout] test fn_metadata::tests::write_4 ... ok
[INFO] [stdout] test fn_metadata::tests::write_2 ... ok
[INFO] [stdout] test fn_metadata::tests::write_5 ... ok
[INFO] [stdout] test fn_metadata::tests::read_1_write_1_read_1 ... ok
[INFO] [stderr]    Doc-tests fn_meta
[INFO] [stdout] test fn_metadata::tests::read_5 ... ok
[INFO] [stdout] test fn_metadata::tests::read_2 ... ok
[INFO] [stdout] test fn_metadata::tests::write_6 ... ok
[INFO] [stdout] 
[INFO] [stdout] test result: ok. 17 passed; 0 failed; 0 ignored; 0 measured; 0 filtered out; finished in 0.01s
[INFO] [stdout] 
[INFO] [stdout] 
[INFO] [stdout] running 1 test
[INFO] [stdout] test src/lib.rs - (line 25) ... FAILED
[INFO] [stderr] error: doctest failed, to rerun pass `--doc`
[INFO] [stdout] 
[INFO] [stdout] failures:
[INFO] [stdout] 
[INFO] [stdout] ---- src/lib.rs - (line 25) stdout ----
[INFO] [stdout] error[E0432]: unresolved import `fn_meta::FnMetaDyn`
[INFO] [stdout]   --> src/lib.rs:29:15
[INFO] [stdout]    |
[INFO] [stdout] 7  | use fn_meta::{FnMetaDyn, FnMetadataExt};
[INFO] [stdout]    |               ^^^^^^^^^ no `FnMetaDyn` in the root
[INFO] [stdout]    |
[INFO] [stdout] note: found an item that was configured out
[INFO] [stdout]   --> /opt/rustwide/workdir/src/lib.rs:75:23
[INFO] [stdout]    |
[INFO] [stdout] 75 |     fn_meta::{FnMeta, FnMetaDyn},
[INFO] [stdout]    |                       ^^^^^^^^^
[INFO] [stdout]    = note: the item is gated behind the `fn_meta_ext` feature
[INFO] [stdout] 
[INFO] [stdout] error[E0599]: no method named `borrows` found for struct `FnMetadata<for<'a, 'b, 'c> fn(&'a S0, &'b mut S1, &'c S2) {f1}, (), (&S0, &mut S1, &S2)>` in the current scope
[INFO] [stdout]   --> src/lib.rs:37:17
[INFO] [stdout]    |
[INFO] [stdout] 15 |     fn_metadata.borrows().as_slice()
[INFO] [stdout]    |                 ^^^^^^^ this is an associated function, not a method
[INFO] [stdout]    |
[INFO] [stdout]    = note: found the following associated functions; to be used as methods, functions must have a `self` parameter
[INFO] [stdout]    = note: candidate #1 is defined in an impl for the type `FnMetadata<Fun, Ret, ()>`
[INFO] [stdout]    = note: candidate #2 is defined in an impl for the type `FnMetadata<Fun, Ret, (&A0,)>`
[INFO] [stdout]    = note: candidate #3 is defined in an impl for the type `FnMetadata<Fun, Ret, (&mut A0,)>`
[INFO] [stdout]    = note: candidate #4 is defined in an impl for the type `FnMetadata<Fun, Ret, (&A0, &A1)>`
[INFO] [stdout]    = note: and 123 others
[INFO] [stdout] 
[INFO] [stdout] error[E0599]: no method named `borrow_muts` found for struct `FnMetadata<for<'a, 'b, 'c> fn(&'a S0, &'b mut S1, &'c S2) {f1}, (), (&S0, &mut S1, &S2)>` in the current scope
[INFO] [stdout]   --> src/lib.rs:39:46
[INFO] [stdout]    |
[INFO] [stdout] 17 | assert_eq!([TypeId::of::<S1>()], fn_metadata.borrow_muts().as_slice());
[INFO] [stdout]    |                                              ^^^^^^^^^^^ this is an associated function, not a method
[INFO] [stdout]    |
[INFO] [stdout]    = note: found the following associated functions; to be used as methods, functions must have a `self` parameter
[INFO] [stdout]    = note: candidate #1 is defined in an impl for the type `FnMetadata<Fun, Ret, ()>`
[INFO] [stdout]    = note: candidate #2 is defined in an impl for the type `FnMetadata<Fun, Ret, (&A0,)>`
[INFO] [stdout]    = note: candidate #3 is defined in an impl for the type `FnMetadata<Fun, Ret, (&mut A0,)>`
[INFO] [stdout]    = note: candidate #4 is defined in an impl for the type `FnMetadata<Fun, Ret, (&A0, &A1)>`
[INFO] [stdout]    = note: and 123 others
[INFO] [stdout] 
[INFO] [stdout] error: aborting due to 3 previous errors
[INFO] [stdout] 
[INFO] [stdout] Some errors have detailed explanations: E0432, E0599.
[INFO] [stdout] For more information about an error, try `rustc --explain E0432`.
[INFO] [stdout] Couldn't compile the test.
[INFO] [stdout] 
[INFO] [stdout] failures:
[INFO] [stdout]     src/lib.rs - (line 25)
[INFO] [stdout] 
[INFO] [stdout] test result: FAILED. 0 passed; 1 failed; 0 ignored; 0 measured; 0 filtered out; finished in 0.10s
[INFO] [stdout] 
[INFO] running `Command { std: "docker" "inspect" "373ae0f7d12d07e719167bea311f44592a1934ca308fee72076eb815569fc6ee", kill_on_drop: false }`
[INFO] running `Command { std: "docker" "rm" "-f" "373ae0f7d12d07e719167bea311f44592a1934ca308fee72076eb815569fc6ee", kill_on_drop: false }`
[INFO] [stdout] 373ae0f7d12d07e719167bea311f44592a1934ca308fee72076eb815569fc6ee
[INFO] testing fn_meta-0.7.3 against beta-2023-12-22 for beta-1.76-1
[INFO] extracting crate fn_meta 0.7.3 into /workspace/builds/worker-0-tc2/source
[INFO] validating manifest of crates.io crate fn_meta 0.7.3 on toolchain beta-2023-12-22
[INFO] running `Command { std: CARGO_HOME="/workspace/cargo-home" RUSTUP_HOME="/workspace/rustup-home" "/workspace/cargo-home/bin/cargo" "+beta-2023-12-22" "metadata" "--manifest-path" "Cargo.toml" "--no-deps", kill_on_drop: false }`
[INFO] removed /workspace/builds/worker-0-tc2/source/.cargo/config.toml
[INFO] started tweaking crates.io crate fn_meta 0.7.3
[INFO] finished tweaking crates.io crate fn_meta 0.7.3
[INFO] tweaked toml for crates.io crate fn_meta 0.7.3 written to /workspace/builds/worker-0-tc2/source/Cargo.toml
[INFO] running `Command { std: CARGO_HOME="/workspace/cargo-home" RUSTUP_HOME="/workspace/rustup-home" "/workspace/cargo-home/bin/cargo" "+beta-2023-12-22" "generate-lockfile" "--manifest-path" "Cargo.toml", kill_on_drop: false }`
[INFO] [stderr]     Updating crates.io index
[INFO] running `Command { std: CARGO_HOME="/workspace/cargo-home" RUSTUP_HOME="/workspace/rustup-home" "/workspace/cargo-home/bin/cargo" "+beta-2023-12-22" "fetch" "--manifest-path" "Cargo.toml", kill_on_drop: false }`
[INFO] running `Command { std: "docker" "create" "-v" "/var/lib/crater-agent-workspace/builds/worker-0-tc2/target:/opt/rustwide/target:rw,Z" "-v" "/var/lib/crater-agent-workspace/builds/worker-0-tc2/source:/opt/rustwide/workdir:ro,Z" "-v" "/var/lib/crater-agent-workspace/cargo-home:/opt/rustwide/cargo-home:ro,Z" "-v" "/var/lib/crater-agent-workspace/rustup-home:/opt/rustwide/rustup-home:ro,Z" "-e" "SOURCE_DIR=/opt/rustwide/workdir" "-e" "CARGO_TARGET_DIR=/opt/rustwide/target" "-e" "CARGO_HOME=/opt/rustwide/cargo-home" "-e" "RUSTUP_HOME=/opt/rustwide/rustup-home" "-w" "/opt/rustwide/workdir" "-m" "1610612736" "--user" "0:0" "--network" "none" "ghcr.io/rust-lang/crates-build-env/linux@sha256:2788e3201cd34a07e3172128adcd8b3090168a8e3bcc40d7c032b9dda1df7d1c" "/opt/rustwide/cargo-home/bin/cargo" "+beta-2023-12-22" "metadata" "--no-deps" "--format-version=1", kill_on_drop: false }`
[INFO] [stdout] 4f1a7421e5cd57ca18f8f3efe8361027dcb45b31775c63eb11886f05cbf609d6
[INFO] running `Command { std: "docker" "start" "-a" "4f1a7421e5cd57ca18f8f3efe8361027dcb45b31775c63eb11886f05cbf609d6", kill_on_drop: false }`
[INFO] running `Command { std: "docker" "inspect" "4f1a7421e5cd57ca18f8f3efe8361027dcb45b31775c63eb11886f05cbf609d6", kill_on_drop: false }`
[INFO] running `Command { std: "docker" "rm" "-f" "4f1a7421e5cd57ca18f8f3efe8361027dcb45b31775c63eb11886f05cbf609d6", kill_on_drop: false }`
[INFO] [stdout] 4f1a7421e5cd57ca18f8f3efe8361027dcb45b31775c63eb11886f05cbf609d6
[INFO] running `Command { std: "docker" "create" "-v" "/var/lib/crater-agent-workspace/builds/worker-0-tc2/target:/opt/rustwide/target:rw,Z" "-v" "/var/lib/crater-agent-workspace/builds/worker-0-tc2/source:/opt/rustwide/workdir:ro,Z" "-v" "/var/lib/crater-agent-workspace/cargo-home:/opt/rustwide/cargo-home:ro,Z" "-v" "/var/lib/crater-agent-workspace/rustup-home:/opt/rustwide/rustup-home:ro,Z" "-e" "SOURCE_DIR=/opt/rustwide/workdir" "-e" "CARGO_TARGET_DIR=/opt/rustwide/target" "-e" "CARGO_INCREMENTAL=0" "-e" "RUST_BACKTRACE=full" "-e" "RUSTFLAGS=--cap-lints=warn" "-e" "RUSTDOCFLAGS=--cap-lints=warn" "-e" "CARGO_HOME=/opt/rustwide/cargo-home" "-e" "RUSTUP_HOME=/opt/rustwide/rustup-home" "-w" "/opt/rustwide/workdir" "-m" "1610612736" "--user" "0:0" "--network" "none" "ghcr.io/rust-lang/crates-build-env/linux@sha256:2788e3201cd34a07e3172128adcd8b3090168a8e3bcc40d7c032b9dda1df7d1c" "/opt/rustwide/cargo-home/bin/cargo" "+beta-2023-12-22" "build" "--frozen" "--message-format=json", kill_on_drop: false }`
[INFO] [stdout] d47728549deaf5db61d92d75b2b4293405dad2cfe10a87d4009c0bc69c318b12
[INFO] running `Command { std: "docker" "start" "-a" "d47728549deaf5db61d92d75b2b4293405dad2cfe10a87d4009c0bc69c318b12", kill_on_drop: false }`
[INFO] [stderr]    Compiling fn_meta v0.7.3 (/opt/rustwide/workdir)
[INFO] [stderr]     Finished dev [unoptimized + debuginfo] target(s) in 0.83s
[INFO] running `Command { std: "docker" "inspect" "d47728549deaf5db61d92d75b2b4293405dad2cfe10a87d4009c0bc69c318b12", kill_on_drop: false }`
[INFO] running `Command { std: "docker" "rm" "-f" "d47728549deaf5db61d92d75b2b4293405dad2cfe10a87d4009c0bc69c318b12", kill_on_drop: false }`
[INFO] [stdout] d47728549deaf5db61d92d75b2b4293405dad2cfe10a87d4009c0bc69c318b12
[INFO] running `Command { std: "docker" "create" "-v" "/var/lib/crater-agent-workspace/builds/worker-0-tc2/target:/opt/rustwide/target:rw,Z" "-v" "/var/lib/crater-agent-workspace/builds/worker-0-tc2/source:/opt/rustwide/workdir:ro,Z" "-v" "/var/lib/crater-agent-workspace/cargo-home:/opt/rustwide/cargo-home:ro,Z" "-v" "/var/lib/crater-agent-workspace/rustup-home:/opt/rustwide/rustup-home:ro,Z" "-e" "SOURCE_DIR=/opt/rustwide/workdir" "-e" "CARGO_TARGET_DIR=/opt/rustwide/target" "-e" "CARGO_INCREMENTAL=0" "-e" "RUST_BACKTRACE=full" "-e" "RUSTFLAGS=--cap-lints=warn" "-e" "RUSTDOCFLAGS=--cap-lints=warn" "-e" "CARGO_HOME=/opt/rustwide/cargo-home" "-e" "RUSTUP_HOME=/opt/rustwide/rustup-home" "-w" "/opt/rustwide/workdir" "-m" "1610612736" "--user" "0:0" "--network" "none" "ghcr.io/rust-lang/crates-build-env/linux@sha256:2788e3201cd34a07e3172128adcd8b3090168a8e3bcc40d7c032b9dda1df7d1c" "/opt/rustwide/cargo-home/bin/cargo" "+beta-2023-12-22" "test" "--frozen" "--no-run" "--message-format=json", kill_on_drop: false }`
[INFO] [stdout] 6f4c139630d34bf75f05df87ed8c321b0390e985bb40d3ff09b354ce05a79fdb
[INFO] running `Command { std: "docker" "start" "-a" "6f4c139630d34bf75f05df87ed8c321b0390e985bb40d3ff09b354ce05a79fdb", kill_on_drop: false }`
[INFO] [stderr]    Compiling fn_meta v0.7.3 (/opt/rustwide/workdir)
[INFO] [stderr]     Finished test [unoptimized + debuginfo] target(s) in 0.51s
[INFO] running `Command { std: "docker" "inspect" "6f4c139630d34bf75f05df87ed8c321b0390e985bb40d3ff09b354ce05a79fdb", kill_on_drop: false }`
[INFO] running `Command { std: "docker" "rm" "-f" "6f4c139630d34bf75f05df87ed8c321b0390e985bb40d3ff09b354ce05a79fdb", kill_on_drop: false }`
[INFO] [stdout] 6f4c139630d34bf75f05df87ed8c321b0390e985bb40d3ff09b354ce05a79fdb
[INFO] running `Command { std: "docker" "create" "-v" "/var/lib/crater-agent-workspace/builds/worker-0-tc2/target:/opt/rustwide/target:rw,Z" "-v" "/var/lib/crater-agent-workspace/builds/worker-0-tc2/source:/opt/rustwide/workdir:ro,Z" "-v" "/var/lib/crater-agent-workspace/cargo-home:/opt/rustwide/cargo-home:ro,Z" "-v" "/var/lib/crater-agent-workspace/rustup-home:/opt/rustwide/rustup-home:ro,Z" "-e" "SOURCE_DIR=/opt/rustwide/workdir" "-e" "CARGO_TARGET_DIR=/opt/rustwide/target" "-e" "CARGO_INCREMENTAL=0" "-e" "RUST_BACKTRACE=full" "-e" "RUSTFLAGS=--cap-lints=warn" "-e" "RUSTDOCFLAGS=--cap-lints=warn" "-e" "CARGO_HOME=/opt/rustwide/cargo-home" "-e" "RUSTUP_HOME=/opt/rustwide/rustup-home" "-w" "/opt/rustwide/workdir" "-m" "1610612736" "--user" "0:0" "--network" "none" "ghcr.io/rust-lang/crates-build-env/linux@sha256:2788e3201cd34a07e3172128adcd8b3090168a8e3bcc40d7c032b9dda1df7d1c" "/opt/rustwide/cargo-home/bin/cargo" "+beta-2023-12-22" "test" "--frozen", kill_on_drop: false }`
[INFO] [stdout] ad3b8b50e0cc1af783733aa1eaa364e267f56220378a8f372ad1da989f87af67
[INFO] running `Command { std: "docker" "start" "-a" "ad3b8b50e0cc1af783733aa1eaa364e267f56220378a8f372ad1da989f87af67", kill_on_drop: false }`
[INFO] [stderr]     Finished test [unoptimized + debuginfo] target(s) in 0.01s
[INFO] [stderr]      Running unittests src/lib.rs (/opt/rustwide/target/debug/deps/fn_meta-5c0a47f422411361)
[INFO] [stdout] 
[INFO] [stdout] running 17 tests
[INFO] [stdout] test fn_metadata::tests::read_1_write_1 ... ok
[INFO] [stdout] test fn_metadata::tests::no_args ... ok
[INFO] [stdout] test fn_metadata::tests::read_1 ... ok
[INFO] [stdout] test fn_metadata::tests::read_1_write_1_read_1 ... ok
[INFO] [stdout] test fn_metadata::tests::read_2 ... ok
[INFO] [stdout] test fn_metadata::tests::read_5 ... ok
[INFO] [stdout] test fn_metadata::tests::write_1 ... ok
[INFO] [stdout] test fn_metadata::tests::read_4 ... ok
[INFO] [stdout] test fn_metadata::tests::read_6 ... ok
[INFO] [stdout] test fn_metadata::tests::write_1_read_1_write_1 ... ok
[INFO] [stdout] test fn_metadata::tests::write_3 ... ok
[INFO] [stdout] test fn_metadata::tests::write_2 ... ok
[INFO] [stdout] test fn_metadata::tests::write_5 ... ok
[INFO] [stderr]    Doc-tests fn_meta
[INFO] [stdout] test fn_metadata::tests::write_6 ... ok
[INFO] [stdout] test fn_metadata::tests::write_1_read_1 ... ok
[INFO] [stdout] test fn_metadata::tests::read_3 ... ok
[INFO] [stdout] test fn_metadata::tests::write_4 ... ok
[INFO] [stdout] 
[INFO] [stdout] test result: ok. 17 passed; 0 failed; 0 ignored; 0 measured; 0 filtered out; finished in 0.05s
[INFO] [stdout] 
[INFO] [stdout] 
[INFO] [stdout] running 1 test
[INFO] [stdout] test src/lib.rs - (line 25) ... FAILED
[INFO] [stdout] 
[INFO] [stdout] failures:
[INFO] [stdout] 
[INFO] [stdout] ---- src/lib.rs - (line 25) stdout ----
[INFO] [stdout] error[E0432]: unresolved import `fn_meta::FnMetaDyn`
[INFO] [stdout]   --> src/lib.rs:29:15
[INFO] [stdout]    |
[INFO] [stdout] 7  | use fn_meta::{FnMetaDyn, FnMetadataExt};
[INFO] [stdout]    |               ^^^^^^^^^ no `FnMetaDyn` in the root
[INFO] [stdout]    |
[INFO] [stdout] note: found an item that was configured out
[INFO] [stdout]   --> /opt/rustwide/workdir/src/lib.rs:75:23
[INFO] [stdout]    |
[INFO] [stdout] 75 |     fn_meta::{FnMeta, FnMetaDyn},
[INFO] [stdout]    |                       ^^^^^^^^^
[INFO] [stdout]    = note: the item is gated behind the `fn_meta_ext` feature
[INFO] [stdout] 
[INFO] [stdout] error[E0599]: no method named `borrows` found for struct `FnMetadata<for<'a, 'b, 'c> fn(&'a S0, &'b mut S1, &'c S2) {f1}, (), (&S0, &mut S1, &S2)>` in the current scope
[INFO] [stdout]   --> src/lib.rs:37:17
[INFO] [stdout]    |
[INFO] [stdout] 15 |     fn_metadata.borrows().as_slice()
[INFO] [stdout]    |                 ^^^^^^^ this is an associated function, not a method
[INFO] [stdout]    |
[INFO] [stdout]    = note: found the following associated functions; to be used as methods, functions must have a `self` parameter
[INFO] [stdout]    = note: candidate #1 is defined in an impl for the type `FnMetadata<Fun, Ret, ()>`
[INFO] [stdout]    = note: candidate #2 is defined in an impl for the type `FnMetadata<Fun, Ret, (&A0,)>`
[INFO] [stdout]    = note: candidate #3 is defined in an impl for the type `FnMetadata<Fun, Ret, (&mut A0,)>`
[INFO] [stdout]    = note: candidate #4 is defined in an impl for the type `FnMetadata<Fun, Ret, (&A0, &A1)>`
[INFO] [stdout]    = note: and 123 others
[INFO] [stdout] 
[INFO] [stdout] error[E0599]: no method named `borrow_muts` found for struct `FnMetadata<for<'a, 'b, 'c> fn(&'a S0, &'b mut S1, &'c S2) {f1}, (), (&S0, &mut S1, &S2)>` in the current scope
[INFO] [stdout]   --> src/lib.rs:39:46
[INFO] [stdout]    |
[INFO] [stdout] 17 | assert_eq!([TypeId::of::<S1>()], fn_metadata.borrow_muts().as_slice());
[INFO] [stdout]    |                                              ^^^^^^^^^^^ this is an associated function, not a method
[INFO] [stdout]    |
[INFO] [stdout]    = note: found the following associated functions; to be used as methods, functions must have a `self` parameter
[INFO] [stdout]    = note: candidate #1 is defined in an impl for the type `FnMetadata<Fun, Ret, ()>`
[INFO] [stdout]    = note: candidate #2 is defined in an impl for the type `FnMetadata<Fun, Ret, (&A0,)>`
[INFO] [stdout]    = note: candidate #3 is defined in an impl for the type `FnMetadata<Fun, Ret, (&mut A0,)>`
[INFO] [stdout]    = note: candidate #4 is defined in an impl for the type `FnMetadata<Fun, Ret, (&A0, &A1)>`
[INFO] [stdout]    = note: and 123 others
[INFO] [stdout] 
[INFO] [stdout] error: aborting due to 3 previous errors
[INFO] [stdout] 
[INFO] [stdout] Some errors have detailed explanations: E0432, E0599.
[INFO] [stdout] For more information about an error, try `rustc --explain E0432`.
[INFO] [stdout] Couldn't compile the test.
[INFO] [stdout] 
[INFO] [stdout] failures:
[INFO] [stdout]     src/lib.rs - (line 25)
[INFO] [stdout] 
[INFO] [stdout] test result: FAILED. 0 passed; 1 failed; 0 ignored; 0 measured; 0 filtered out; finished in 0.11s
[INFO] [stdout] 
[INFO] [stderr] error: doctest failed, to rerun pass `--doc`
[INFO] running `Command { std: "docker" "inspect" "ad3b8b50e0cc1af783733aa1eaa364e267f56220378a8f372ad1da989f87af67", kill_on_drop: false }`
[INFO] running `Command { std: "docker" "rm" "-f" "ad3b8b50e0cc1af783733aa1eaa364e267f56220378a8f372ad1da989f87af67", kill_on_drop: false }`
[INFO] [stdout] ad3b8b50e0cc1af783733aa1eaa364e267f56220378a8f372ad1da989f87af67
