[INFO] fetching crate fn_block 0.2.1...
[INFO] testing fn_block-0.2.1 against 1.75.0 for beta-1.76-1
[INFO] extracting crate fn_block 0.2.1 into /workspace/builds/worker-1-tc1/source
[INFO] validating manifest of crates.io crate fn_block 0.2.1 on toolchain 1.75.0
[INFO] running `Command { std: CARGO_HOME="/workspace/cargo-home" RUSTUP_HOME="/workspace/rustup-home" "/workspace/cargo-home/bin/cargo" "+1.75.0" "metadata" "--manifest-path" "Cargo.toml" "--no-deps", kill_on_drop: false }`
[INFO] started tweaking crates.io crate fn_block 0.2.1
[INFO] finished tweaking crates.io crate fn_block 0.2.1
[INFO] tweaked toml for crates.io crate fn_block 0.2.1 written to /workspace/builds/worker-1-tc1/source/Cargo.toml
[INFO] running `Command { std: CARGO_HOME="/workspace/cargo-home" RUSTUP_HOME="/workspace/rustup-home" "/workspace/cargo-home/bin/cargo" "+1.75.0" "generate-lockfile" "--manifest-path" "Cargo.toml", kill_on_drop: false }`
[INFO] [stderr]     Updating crates.io index
[INFO] running `Command { std: CARGO_HOME="/workspace/cargo-home" RUSTUP_HOME="/workspace/rustup-home" "/workspace/cargo-home/bin/cargo" "+1.75.0" "fetch" "--manifest-path" "Cargo.toml", kill_on_drop: false }`
[INFO] running `Command { std: "docker" "create" "-v" "/var/lib/crater-agent-workspace/builds/worker-1-tc1/target:/opt/rustwide/target:rw,Z" "-v" "/var/lib/crater-agent-workspace/builds/worker-1-tc1/source:/opt/rustwide/workdir:ro,Z" "-v" "/var/lib/crater-agent-workspace/cargo-home:/opt/rustwide/cargo-home:ro,Z" "-v" "/var/lib/crater-agent-workspace/rustup-home:/opt/rustwide/rustup-home:ro,Z" "-e" "SOURCE_DIR=/opt/rustwide/workdir" "-e" "CARGO_TARGET_DIR=/opt/rustwide/target" "-e" "CARGO_HOME=/opt/rustwide/cargo-home" "-e" "RUSTUP_HOME=/opt/rustwide/rustup-home" "-w" "/opt/rustwide/workdir" "-m" "1610612736" "--user" "0:0" "--network" "none" "ghcr.io/rust-lang/crates-build-env/linux@sha256:2788e3201cd34a07e3172128adcd8b3090168a8e3bcc40d7c032b9dda1df7d1c" "/opt/rustwide/cargo-home/bin/cargo" "+1.75.0" "metadata" "--no-deps" "--format-version=1", kill_on_drop: false }`
[INFO] [stdout] bebd38c164fa6fb7a1042fd34392184f896579e997626357782eafe69931d741
[INFO] running `Command { std: "docker" "start" "-a" "bebd38c164fa6fb7a1042fd34392184f896579e997626357782eafe69931d741", kill_on_drop: false }`
[INFO] running `Command { std: "docker" "inspect" "bebd38c164fa6fb7a1042fd34392184f896579e997626357782eafe69931d741", kill_on_drop: false }`
[INFO] running `Command { std: "docker" "rm" "-f" "bebd38c164fa6fb7a1042fd34392184f896579e997626357782eafe69931d741", kill_on_drop: false }`
[INFO] [stdout] bebd38c164fa6fb7a1042fd34392184f896579e997626357782eafe69931d741
[INFO] running `Command { std: "docker" "create" "-v" "/var/lib/crater-agent-workspace/builds/worker-1-tc1/target:/opt/rustwide/target:rw,Z" "-v" "/var/lib/crater-agent-workspace/builds/worker-1-tc1/source:/opt/rustwide/workdir:ro,Z" "-v" "/var/lib/crater-agent-workspace/cargo-home:/opt/rustwide/cargo-home:ro,Z" "-v" "/var/lib/crater-agent-workspace/rustup-home:/opt/rustwide/rustup-home:ro,Z" "-e" "SOURCE_DIR=/opt/rustwide/workdir" "-e" "CARGO_TARGET_DIR=/opt/rustwide/target" "-e" "CARGO_INCREMENTAL=0" "-e" "RUST_BACKTRACE=full" "-e" "RUSTFLAGS=--cap-lints=warn" "-e" "RUSTDOCFLAGS=--cap-lints=warn" "-e" "CARGO_HOME=/opt/rustwide/cargo-home" "-e" "RUSTUP_HOME=/opt/rustwide/rustup-home" "-w" "/opt/rustwide/workdir" "-m" "1610612736" "--user" "0:0" "--network" "none" "ghcr.io/rust-lang/crates-build-env/linux@sha256:2788e3201cd34a07e3172128adcd8b3090168a8e3bcc40d7c032b9dda1df7d1c" "/opt/rustwide/cargo-home/bin/cargo" "+1.75.0" "build" "--frozen" "--message-format=json", kill_on_drop: false }`
[INFO] [stdout] 31f7927fb9158b3b91645e5851503eb415946e709627df5cd05fc71f04a25618
[INFO] running `Command { std: "docker" "start" "-a" "31f7927fb9158b3b91645e5851503eb415946e709627df5cd05fc71f04a25618", kill_on_drop: false }`
[INFO] [stderr]    Compiling fn_block v0.2.1 (/opt/rustwide/workdir)
[INFO] [stderr]     Finished dev [unoptimized + debuginfo] target(s) in 0.04s
[INFO] running `Command { std: "docker" "inspect" "31f7927fb9158b3b91645e5851503eb415946e709627df5cd05fc71f04a25618", kill_on_drop: false }`
[INFO] running `Command { std: "docker" "rm" "-f" "31f7927fb9158b3b91645e5851503eb415946e709627df5cd05fc71f04a25618", kill_on_drop: false }`
[INFO] [stdout] 31f7927fb9158b3b91645e5851503eb415946e709627df5cd05fc71f04a25618
[INFO] running `Command { std: "docker" "create" "-v" "/var/lib/crater-agent-workspace/builds/worker-1-tc1/target:/opt/rustwide/target:rw,Z" "-v" "/var/lib/crater-agent-workspace/builds/worker-1-tc1/source:/opt/rustwide/workdir:ro,Z" "-v" "/var/lib/crater-agent-workspace/cargo-home:/opt/rustwide/cargo-home:ro,Z" "-v" "/var/lib/crater-agent-workspace/rustup-home:/opt/rustwide/rustup-home:ro,Z" "-e" "SOURCE_DIR=/opt/rustwide/workdir" "-e" "CARGO_TARGET_DIR=/opt/rustwide/target" "-e" "CARGO_INCREMENTAL=0" "-e" "RUST_BACKTRACE=full" "-e" "RUSTFLAGS=--cap-lints=warn" "-e" "RUSTDOCFLAGS=--cap-lints=warn" "-e" "CARGO_HOME=/opt/rustwide/cargo-home" "-e" "RUSTUP_HOME=/opt/rustwide/rustup-home" "-w" "/opt/rustwide/workdir" "-m" "1610612736" "--user" "0:0" "--network" "none" "ghcr.io/rust-lang/crates-build-env/linux@sha256:2788e3201cd34a07e3172128adcd8b3090168a8e3bcc40d7c032b9dda1df7d1c" "/opt/rustwide/cargo-home/bin/cargo" "+1.75.0" "test" "--frozen" "--no-run" "--message-format=json", kill_on_drop: false }`
[INFO] [stdout] 308be0740a824420c5c770eedd61666c529efb114b045ae17e18a305181e7ac8
[INFO] running `Command { std: "docker" "start" "-a" "308be0740a824420c5c770eedd61666c529efb114b045ae17e18a305181e7ac8", kill_on_drop: false }`
[INFO] [stderr]    Compiling crossbeam-utils v0.8.18
[INFO] [stderr]    Compiling serde v1.0.194
[INFO] [stderr]    Compiling itoa v1.0.10
[INFO] [stderr]    Compiling rand_core v0.4.2
[INFO] [stderr]    Compiling either v1.9.0
[INFO] [stderr]    Compiling serde_json v1.0.111
[INFO] [stderr]    Compiling ryu v1.0.16
[INFO] [stderr]    Compiling rayon-core v1.12.0
[INFO] [stderr]    Compiling memchr v2.7.1
[INFO] [stderr]    Compiling num-traits v0.2.17
[INFO] [stderr]    Compiling unicode-width v0.1.11
[INFO] [stderr]    Compiling bitflags v1.3.2
[INFO] [stderr]    Compiling cast v0.2.7
[INFO] [stderr]    Compiling atty v0.2.14
[INFO] [stderr]    Compiling textwrap v0.11.0
[INFO] [stderr]    Compiling itertools v0.8.2
[INFO] [stderr]    Compiling rand_core v0.3.1
[INFO] [stderr]    Compiling rand_os v0.1.3
[INFO] [stderr]    Compiling rand_xoshiro v0.1.0
[INFO] [stderr]    Compiling clap v2.34.0
[INFO] [stderr]    Compiling csv-core v0.1.11
[INFO] [stderr]    Compiling crossbeam-epoch v0.9.17
[INFO] [stderr]    Compiling crossbeam-deque v0.8.4
[INFO] [stderr]    Compiling criterion-plot v0.3.1
[INFO] [stderr]    Compiling rayon v1.8.0
[INFO] [stderr]    Compiling csv v1.3.0
[INFO] [stderr]    Compiling tinytemplate v1.2.1
[INFO] [stderr]    Compiling criterion v0.2.11
[INFO] [stderr]    Compiling fn_block v0.2.1 (/opt/rustwide/workdir)
[INFO] [stdout] warning: use of deprecated macro `fn_block`: Please use `fn_expr` instead, since it can also be used to wrap blocks. Blocks are expressions as well.
[INFO] [stdout]   --> src/tests.rs:25:15
[INFO] [stdout]    |
[INFO] [stdout] 25 |     let foo = fn_block!{{
[INFO] [stdout]    |               ^^^^^^^^
[INFO] [stdout]    |
[INFO] [stdout]    = note: `#[warn(deprecated)]` on by default
[INFO] [stdout] 
[INFO] [stdout] 
[INFO] [stdout] warning: use of deprecated macro `fn_block`: Please use `fn_expr` instead, since it can also be used to wrap blocks. Blocks are expressions as well.
[INFO] [stdout]   --> src/tests.rs:35:15
[INFO] [stdout]    |
[INFO] [stdout] 35 |     let foo = fn_block!{{
[INFO] [stdout]    |               ^^^^^^^^
[INFO] [stdout] 
[INFO] [stdout] 
[INFO] [stdout] warning: use of deprecated macro `fn_block`: Please use `fn_expr` instead, since it can also be used to wrap blocks. Blocks are expressions as well.
[INFO] [stdout]   --> src/tests.rs:79:15
[INFO] [stdout]    |
[INFO] [stdout] 79 |     let res = fn_block!{ Result<u32,ParseIntError>: {
[INFO] [stdout]    |               ^^^^^^^^
[INFO] [stdout] 
[INFO] [stdout] 
[INFO] [stdout] warning: 3 warnings emitted
[INFO] [stdout] 
[INFO] [stdout] 
[INFO] [stderr]     Finished test [unoptimized + debuginfo] target(s) in 5.17s
[INFO] [stderr] warning: the following packages contain code that will be rejected by a future version of Rust: criterion v0.2.11
[INFO] [stderr] note: to see what the problems were, use the option `--future-incompat-report`, or run `cargo report future-incompatibilities --id 1`
[INFO] running `Command { std: "docker" "inspect" "308be0740a824420c5c770eedd61666c529efb114b045ae17e18a305181e7ac8", kill_on_drop: false }`
[INFO] running `Command { std: "docker" "rm" "-f" "308be0740a824420c5c770eedd61666c529efb114b045ae17e18a305181e7ac8", kill_on_drop: false }`
[INFO] [stdout] 308be0740a824420c5c770eedd61666c529efb114b045ae17e18a305181e7ac8
[INFO] running `Command { std: "docker" "create" "-v" "/var/lib/crater-agent-workspace/builds/worker-1-tc1/target:/opt/rustwide/target:rw,Z" "-v" "/var/lib/crater-agent-workspace/builds/worker-1-tc1/source:/opt/rustwide/workdir:ro,Z" "-v" "/var/lib/crater-agent-workspace/cargo-home:/opt/rustwide/cargo-home:ro,Z" "-v" "/var/lib/crater-agent-workspace/rustup-home:/opt/rustwide/rustup-home:ro,Z" "-e" "SOURCE_DIR=/opt/rustwide/workdir" "-e" "CARGO_TARGET_DIR=/opt/rustwide/target" "-e" "CARGO_INCREMENTAL=0" "-e" "RUST_BACKTRACE=full" "-e" "RUSTFLAGS=--cap-lints=warn" "-e" "RUSTDOCFLAGS=--cap-lints=warn" "-e" "CARGO_HOME=/opt/rustwide/cargo-home" "-e" "RUSTUP_HOME=/opt/rustwide/rustup-home" "-w" "/opt/rustwide/workdir" "-m" "1610612736" "--user" "0:0" "--network" "none" "ghcr.io/rust-lang/crates-build-env/linux@sha256:2788e3201cd34a07e3172128adcd8b3090168a8e3bcc40d7c032b9dda1df7d1c" "/opt/rustwide/cargo-home/bin/cargo" "+1.75.0" "test" "--frozen", kill_on_drop: false }`
[INFO] [stdout] efd7f4e7362dc3233e8d5ccd6559b813a3fd12b869b6d5fcb11d0c0e402f3587
[INFO] running `Command { std: "docker" "start" "-a" "efd7f4e7362dc3233e8d5ccd6559b813a3fd12b869b6d5fcb11d0c0e402f3587", kill_on_drop: false }`
[INFO] [stderr] warning: use of deprecated macro `fn_block`: Please use `fn_expr` instead, since it can also be used to wrap blocks. Blocks are expressions as well.
[INFO] [stderr]   --> src/tests.rs:25:15
[INFO] [stderr]    |
[INFO] [stderr] 25 |     let foo = fn_block!{{
[INFO] [stderr]    |               ^^^^^^^^
[INFO] [stderr]    |
[INFO] [stderr]    = note: `#[warn(deprecated)]` on by default
[INFO] [stderr] 
[INFO] [stderr] warning: use of deprecated macro `fn_block`: Please use `fn_expr` instead, since it can also be used to wrap blocks. Blocks are expressions as well.
[INFO] [stderr]   --> src/tests.rs:35:15
[INFO] [stderr]    |
[INFO] [stderr] 35 |     let foo = fn_block!{{
[INFO] [stderr]    |               ^^^^^^^^
[INFO] [stderr] 
[INFO] [stderr] warning: use of deprecated macro `fn_block`: Please use `fn_expr` instead, since it can also be used to wrap blocks. Blocks are expressions as well.
[INFO] [stderr]   --> src/tests.rs:79:15
[INFO] [stderr]    |
[INFO] [stderr] 79 |     let res = fn_block!{ Result<u32,ParseIntError>: {
[INFO] [stderr]    |               ^^^^^^^^
[INFO] [stderr] 
[INFO] [stderr] warning: `fn_block` (lib test) generated 3 warnings
[INFO] [stderr]     Finished test [unoptimized + debuginfo] target(s) in 0.04s
[INFO] [stderr] warning: the following packages contain code that will be rejected by a future version of Rust: criterion v0.2.11
[INFO] [stderr] note: to see what the problems were, use the option `--future-incompat-report`, or run `cargo report future-incompatibilities --id 1`
[INFO] [stderr]      Running unittests src/lib.rs (/opt/rustwide/target/debug/deps/fn_block-1a9bf50b80ba21d0)
[INFO] [stdout] 
[INFO] [stdout] running 11 tests
[INFO] [stdout] test tests::fn_block_none ... ok
[INFO] [stdout] test tests::fn_block_resulttype ... ok
[INFO] [stdout] test tests::fn_expr_block_none ... ok
[INFO] [stdout] test tests::fn_expr_block_some ... ok
[INFO] [stdout] test tests::fn_expr_none ... ok
[INFO] [stdout] test tests::fn_expr_resulttype ... ok
[INFO] [stdout] test tests::fn_expr_some ... ok
[INFO] [stdout] test tests::fn_block_some ... ok
[INFO] [stdout] test tests::into_some ... ok
[INFO] [stdout] test tests::showcase ... ok
[INFO] [stdout] test tests::into_ok ... ok
[INFO] [stdout] 
[INFO] [stdout] test result: ok. 11 passed; 0 failed; 0 ignored; 0 measured; 0 filtered out; finished in 0.01s
[INFO] [stdout] 
[INFO] [stderr]    Doc-tests fn_block
[INFO] [stdout] 
[INFO] [stdout] running 14 tests
[INFO] [stdout] test src/lib.rs - (line 74) ... FAILED
[INFO] [stdout] test src/lib.rs - (line 20) ... ok
[INFO] [stdout] test src/lib.rs - (line 31) ... ok
[INFO] [stdout] test src/lib.rs - T (line 344) ... ok
[INFO] [stdout] test src/lib.rs - IntoSome (line 313) ... ok
[INFO] [stdout] test src/lib.rs - IntoOk (line 365) ... ok
[INFO] [stdout] test src/lib.rs - (line 41) ... ok
[INFO] [stdout] test src/lib.rs - T (line 405) ... ok
[INFO] [stdout] test src/lib.rs - fn_expr (line 165) ... ok
[INFO] [stdout] test src/lib.rs - fn_block (line 112) ... ok
[INFO] [stdout] test src/lib.rs - fn_block (line 122) ... ok
[INFO] [stdout] test src/lib.rs - fn_expr (line 178) ... ok
[INFO] [stdout] test src/lib.rs - IntoOk (line 377) ... ok
[INFO] [stdout] test src/lib.rs - IntoSome (line 325) ... ok
[INFO] [stdout] 
[INFO] [stdout] failures:
[INFO] [stdout] 
[INFO] [stdout] ---- src/lib.rs - (line 74) stdout ----
[INFO] [stdout] error: cannot find macro `fn_try` in this scope
[INFO] [stdout]   --> src/lib.rs:85:15
[INFO] [stdout]    |
[INFO] [stdout] 14 | let res_int = fn_try!{
[INFO] [stdout]    |               ^^^^^^
[INFO] [stdout] 
[INFO] [stdout] error: aborting due to previous error
[INFO] [stdout] 
[INFO] [stdout] Couldn't compile the test.
[INFO] [stdout] 
[INFO] [stdout] failures:
[INFO] [stdout]     src/lib.rs - (line 74)
[INFO] [stdout] 
[INFO] [stdout] test result: FAILED. 13 passed; 1 failed; 0 ignored; 0 measured; 0 filtered out; finished in 0.39s
[INFO] [stdout] 
[INFO] [stderr] error: doctest failed, to rerun pass `--doc`
[INFO] running `Command { std: "docker" "inspect" "efd7f4e7362dc3233e8d5ccd6559b813a3fd12b869b6d5fcb11d0c0e402f3587", kill_on_drop: false }`
[INFO] running `Command { std: "docker" "rm" "-f" "efd7f4e7362dc3233e8d5ccd6559b813a3fd12b869b6d5fcb11d0c0e402f3587", kill_on_drop: false }`
[INFO] [stdout] efd7f4e7362dc3233e8d5ccd6559b813a3fd12b869b6d5fcb11d0c0e402f3587
[INFO] testing fn_block-0.2.1 against beta-2023-12-22 for beta-1.76-1
[INFO] extracting crate fn_block 0.2.1 into /workspace/builds/worker-1-tc2/source
[INFO] validating manifest of crates.io crate fn_block 0.2.1 on toolchain beta-2023-12-22
[INFO] running `Command { std: CARGO_HOME="/workspace/cargo-home" RUSTUP_HOME="/workspace/rustup-home" "/workspace/cargo-home/bin/cargo" "+beta-2023-12-22" "metadata" "--manifest-path" "Cargo.toml" "--no-deps", kill_on_drop: false }`
[INFO] started tweaking crates.io crate fn_block 0.2.1
[INFO] finished tweaking crates.io crate fn_block 0.2.1
[INFO] tweaked toml for crates.io crate fn_block 0.2.1 written to /workspace/builds/worker-1-tc2/source/Cargo.toml
[INFO] running `Command { std: CARGO_HOME="/workspace/cargo-home" RUSTUP_HOME="/workspace/rustup-home" "/workspace/cargo-home/bin/cargo" "+beta-2023-12-22" "generate-lockfile" "--manifest-path" "Cargo.toml", kill_on_drop: false }`
[INFO] [stderr]     Updating crates.io index
[INFO] running `Command { std: CARGO_HOME="/workspace/cargo-home" RUSTUP_HOME="/workspace/rustup-home" "/workspace/cargo-home/bin/cargo" "+beta-2023-12-22" "fetch" "--manifest-path" "Cargo.toml", kill_on_drop: false }`
[INFO] running `Command { std: "docker" "create" "-v" "/var/lib/crater-agent-workspace/builds/worker-1-tc2/target:/opt/rustwide/target:rw,Z" "-v" "/var/lib/crater-agent-workspace/builds/worker-1-tc2/source:/opt/rustwide/workdir:ro,Z" "-v" "/var/lib/crater-agent-workspace/cargo-home:/opt/rustwide/cargo-home:ro,Z" "-v" "/var/lib/crater-agent-workspace/rustup-home:/opt/rustwide/rustup-home:ro,Z" "-e" "SOURCE_DIR=/opt/rustwide/workdir" "-e" "CARGO_TARGET_DIR=/opt/rustwide/target" "-e" "CARGO_HOME=/opt/rustwide/cargo-home" "-e" "RUSTUP_HOME=/opt/rustwide/rustup-home" "-w" "/opt/rustwide/workdir" "-m" "1610612736" "--user" "0:0" "--network" "none" "ghcr.io/rust-lang/crates-build-env/linux@sha256:2788e3201cd34a07e3172128adcd8b3090168a8e3bcc40d7c032b9dda1df7d1c" "/opt/rustwide/cargo-home/bin/cargo" "+beta-2023-12-22" "metadata" "--no-deps" "--format-version=1", kill_on_drop: false }`
[INFO] [stdout] 41e5f802755009491e6d19e29decfc15e672fa70de306c6efe90fcced8c40bd7
[INFO] running `Command { std: "docker" "start" "-a" "41e5f802755009491e6d19e29decfc15e672fa70de306c6efe90fcced8c40bd7", kill_on_drop: false }`
[INFO] running `Command { std: "docker" "inspect" "41e5f802755009491e6d19e29decfc15e672fa70de306c6efe90fcced8c40bd7", kill_on_drop: false }`
[INFO] running `Command { std: "docker" "rm" "-f" "41e5f802755009491e6d19e29decfc15e672fa70de306c6efe90fcced8c40bd7", kill_on_drop: false }`
[INFO] [stdout] 41e5f802755009491e6d19e29decfc15e672fa70de306c6efe90fcced8c40bd7
[INFO] running `Command { std: "docker" "create" "-v" "/var/lib/crater-agent-workspace/builds/worker-1-tc2/target:/opt/rustwide/target:rw,Z" "-v" "/var/lib/crater-agent-workspace/builds/worker-1-tc2/source:/opt/rustwide/workdir:ro,Z" "-v" "/var/lib/crater-agent-workspace/cargo-home:/opt/rustwide/cargo-home:ro,Z" "-v" "/var/lib/crater-agent-workspace/rustup-home:/opt/rustwide/rustup-home:ro,Z" "-e" "SOURCE_DIR=/opt/rustwide/workdir" "-e" "CARGO_TARGET_DIR=/opt/rustwide/target" "-e" "CARGO_INCREMENTAL=0" "-e" "RUST_BACKTRACE=full" "-e" "RUSTFLAGS=--cap-lints=warn" "-e" "RUSTDOCFLAGS=--cap-lints=warn" "-e" "CARGO_HOME=/opt/rustwide/cargo-home" "-e" "RUSTUP_HOME=/opt/rustwide/rustup-home" "-w" "/opt/rustwide/workdir" "-m" "1610612736" "--user" "0:0" "--network" "none" "ghcr.io/rust-lang/crates-build-env/linux@sha256:2788e3201cd34a07e3172128adcd8b3090168a8e3bcc40d7c032b9dda1df7d1c" "/opt/rustwide/cargo-home/bin/cargo" "+beta-2023-12-22" "build" "--frozen" "--message-format=json", kill_on_drop: false }`
[INFO] [stdout] e6e464d81065822e1a28783b5f3ab73969f4a7cb3b5831c407b36b2b4ee9f970
[INFO] running `Command { std: "docker" "start" "-a" "e6e464d81065822e1a28783b5f3ab73969f4a7cb3b5831c407b36b2b4ee9f970", kill_on_drop: false }`
[INFO] [stderr]    Compiling fn_block v0.2.1 (/opt/rustwide/workdir)
[INFO] [stderr]     Finished dev [unoptimized + debuginfo] target(s) in 0.05s
[INFO] running `Command { std: "docker" "inspect" "e6e464d81065822e1a28783b5f3ab73969f4a7cb3b5831c407b36b2b4ee9f970", kill_on_drop: false }`
[INFO] running `Command { std: "docker" "rm" "-f" "e6e464d81065822e1a28783b5f3ab73969f4a7cb3b5831c407b36b2b4ee9f970", kill_on_drop: false }`
[INFO] [stdout] e6e464d81065822e1a28783b5f3ab73969f4a7cb3b5831c407b36b2b4ee9f970
[INFO] running `Command { std: "docker" "create" "-v" "/var/lib/crater-agent-workspace/builds/worker-1-tc2/target:/opt/rustwide/target:rw,Z" "-v" "/var/lib/crater-agent-workspace/builds/worker-1-tc2/source:/opt/rustwide/workdir:ro,Z" "-v" "/var/lib/crater-agent-workspace/cargo-home:/opt/rustwide/cargo-home:ro,Z" "-v" "/var/lib/crater-agent-workspace/rustup-home:/opt/rustwide/rustup-home:ro,Z" "-e" "SOURCE_DIR=/opt/rustwide/workdir" "-e" "CARGO_TARGET_DIR=/opt/rustwide/target" "-e" "CARGO_INCREMENTAL=0" "-e" "RUST_BACKTRACE=full" "-e" "RUSTFLAGS=--cap-lints=warn" "-e" "RUSTDOCFLAGS=--cap-lints=warn" "-e" "CARGO_HOME=/opt/rustwide/cargo-home" "-e" "RUSTUP_HOME=/opt/rustwide/rustup-home" "-w" "/opt/rustwide/workdir" "-m" "1610612736" "--user" "0:0" "--network" "none" "ghcr.io/rust-lang/crates-build-env/linux@sha256:2788e3201cd34a07e3172128adcd8b3090168a8e3bcc40d7c032b9dda1df7d1c" "/opt/rustwide/cargo-home/bin/cargo" "+beta-2023-12-22" "test" "--frozen" "--no-run" "--message-format=json", kill_on_drop: false }`
[INFO] [stdout] a6e1646963ec28b670e9315677f2c099b64ebf6560de64e59027e3a310e5a6a1
[INFO] running `Command { std: "docker" "start" "-a" "a6e1646963ec28b670e9315677f2c099b64ebf6560de64e59027e3a310e5a6a1", kill_on_drop: false }`
[INFO] [stderr]    Compiling crossbeam-utils v0.8.18
[INFO] [stderr]    Compiling serde v1.0.194
[INFO] [stderr]    Compiling rand_core v0.4.2
[INFO] [stderr]    Compiling serde_json v1.0.111
[INFO] [stderr]    Compiling ryu v1.0.16
[INFO] [stderr]    Compiling rayon-core v1.12.0
[INFO] [stderr]    Compiling itoa v1.0.10
[INFO] [stderr]    Compiling either v1.9.0
[INFO] [stderr]    Compiling unicode-width v0.1.11
[INFO] [stderr]    Compiling memchr v2.7.1
[INFO] [stderr]    Compiling num-traits v0.2.17
[INFO] [stderr]    Compiling cast v0.2.7
[INFO] [stderr]    Compiling bitflags v1.3.2
[INFO] [stderr]    Compiling atty v0.2.14
[INFO] [stderr]    Compiling textwrap v0.11.0
[INFO] [stderr]    Compiling itertools v0.8.2
[INFO] [stderr]    Compiling rand_core v0.3.1
[INFO] [stderr]    Compiling rand_os v0.1.3
[INFO] [stderr]    Compiling rand_xoshiro v0.1.0
[INFO] [stderr]    Compiling clap v2.34.0
[INFO] [stderr]    Compiling csv-core v0.1.11
[INFO] [stderr]    Compiling crossbeam-epoch v0.9.17
[INFO] [stderr]    Compiling criterion-plot v0.3.1
[INFO] [stderr]    Compiling crossbeam-deque v0.8.4
[INFO] [stderr]    Compiling rayon v1.8.0
[INFO] [stderr]    Compiling csv v1.3.0
[INFO] [stderr]    Compiling tinytemplate v1.2.1
[INFO] [stderr]    Compiling criterion v0.2.11
[INFO] [stderr]    Compiling fn_block v0.2.1 (/opt/rustwide/workdir)
[INFO] [stdout] warning: use of deprecated macro `fn_block`: Please use `fn_expr` instead, since it can also be used to wrap blocks. Blocks are expressions as well.
[INFO] [stdout]   --> src/tests.rs:25:15
[INFO] [stdout]    |
[INFO] [stdout] 25 |     let foo = fn_block!{{
[INFO] [stdout]    |               ^^^^^^^^
[INFO] [stdout]    |
[INFO] [stdout]    = note: `#[warn(deprecated)]` on by default
[INFO] [stdout] 
[INFO] [stdout] 
[INFO] [stdout] warning: use of deprecated macro `fn_block`: Please use `fn_expr` instead, since it can also be used to wrap blocks. Blocks are expressions as well.
[INFO] [stdout]   --> src/tests.rs:35:15
[INFO] [stdout]    |
[INFO] [stdout] 35 |     let foo = fn_block!{{
[INFO] [stdout]    |               ^^^^^^^^
[INFO] [stdout] 
[INFO] [stdout] 
[INFO] [stdout] warning: use of deprecated macro `fn_block`: Please use `fn_expr` instead, since it can also be used to wrap blocks. Blocks are expressions as well.
[INFO] [stdout]   --> src/tests.rs:79:15
[INFO] [stdout]    |
[INFO] [stdout] 79 |     let res = fn_block!{ Result<u32,ParseIntError>: {
[INFO] [stdout]    |               ^^^^^^^^
[INFO] [stdout] 
[INFO] [stdout] 
[INFO] [stdout] warning: 3 warnings emitted
[INFO] [stdout] 
[INFO] [stdout] 
[INFO] [stderr]     Finished test [unoptimized + debuginfo] target(s) in 5.20s
[INFO] [stderr] warning: the following packages contain code that will be rejected by a future version of Rust: criterion v0.2.11
[INFO] [stderr] note: to see what the problems were, use the option `--future-incompat-report`, or run `cargo report future-incompatibilities --id 1`
[INFO] running `Command { std: "docker" "inspect" "a6e1646963ec28b670e9315677f2c099b64ebf6560de64e59027e3a310e5a6a1", kill_on_drop: false }`
[INFO] running `Command { std: "docker" "rm" "-f" "a6e1646963ec28b670e9315677f2c099b64ebf6560de64e59027e3a310e5a6a1", kill_on_drop: false }`
[INFO] [stdout] a6e1646963ec28b670e9315677f2c099b64ebf6560de64e59027e3a310e5a6a1
[INFO] running `Command { std: "docker" "create" "-v" "/var/lib/crater-agent-workspace/builds/worker-1-tc2/target:/opt/rustwide/target:rw,Z" "-v" "/var/lib/crater-agent-workspace/builds/worker-1-tc2/source:/opt/rustwide/workdir:ro,Z" "-v" "/var/lib/crater-agent-workspace/cargo-home:/opt/rustwide/cargo-home:ro,Z" "-v" "/var/lib/crater-agent-workspace/rustup-home:/opt/rustwide/rustup-home:ro,Z" "-e" "SOURCE_DIR=/opt/rustwide/workdir" "-e" "CARGO_TARGET_DIR=/opt/rustwide/target" "-e" "CARGO_INCREMENTAL=0" "-e" "RUST_BACKTRACE=full" "-e" "RUSTFLAGS=--cap-lints=warn" "-e" "RUSTDOCFLAGS=--cap-lints=warn" "-e" "CARGO_HOME=/opt/rustwide/cargo-home" "-e" "RUSTUP_HOME=/opt/rustwide/rustup-home" "-w" "/opt/rustwide/workdir" "-m" "1610612736" "--user" "0:0" "--network" "none" "ghcr.io/rust-lang/crates-build-env/linux@sha256:2788e3201cd34a07e3172128adcd8b3090168a8e3bcc40d7c032b9dda1df7d1c" "/opt/rustwide/cargo-home/bin/cargo" "+beta-2023-12-22" "test" "--frozen", kill_on_drop: false }`
[INFO] [stdout] 171f4eb9f72ff900eade307c93fd82636ede01218dee8fafbbf0f2a11078a6d9
[INFO] running `Command { std: "docker" "start" "-a" "171f4eb9f72ff900eade307c93fd82636ede01218dee8fafbbf0f2a11078a6d9", kill_on_drop: false }`
[INFO] [stderr] warning: use of deprecated macro `fn_block`: Please use `fn_expr` instead, since it can also be used to wrap blocks. Blocks are expressions as well.
[INFO] [stderr]   --> src/tests.rs:25:15
[INFO] [stderr]    |
[INFO] [stderr] 25 |     let foo = fn_block!{{
[INFO] [stderr]    |               ^^^^^^^^
[INFO] [stderr]    |
[INFO] [stderr]    = note: `#[warn(deprecated)]` on by default
[INFO] [stderr] 
[INFO] [stderr] warning: use of deprecated macro `fn_block`: Please use `fn_expr` instead, since it can also be used to wrap blocks. Blocks are expressions as well.
[INFO] [stderr]   --> src/tests.rs:35:15
[INFO] [stderr]    |
[INFO] [stderr] 35 |     let foo = fn_block!{{
[INFO] [stderr]    |               ^^^^^^^^
[INFO] [stderr] 
[INFO] [stderr] warning: use of deprecated macro `fn_block`: Please use `fn_expr` instead, since it can also be used to wrap blocks. Blocks are expressions as well.
[INFO] [stderr]   --> src/tests.rs:79:15
[INFO] [stderr]    |
[INFO] [stderr] 79 |     let res = fn_block!{ Result<u32,ParseIntError>: {
[INFO] [stderr]    |               ^^^^^^^^
[INFO] [stderr] 
[INFO] [stderr] warning: `fn_block` (lib test) generated 3 warnings
[INFO] [stderr]     Finished test [unoptimized + debuginfo] target(s) in 0.03s
[INFO] [stderr] warning: the following packages contain code that will be rejected by a future version of Rust: criterion v0.2.11
[INFO] [stderr] note: to see what the problems were, use the option `--future-incompat-report`, or run `cargo report future-incompatibilities --id 1`
[INFO] [stderr]      Running unittests src/lib.rs (/opt/rustwide/target/debug/deps/fn_block-3af2359800aa0116)
[INFO] [stdout] 
[INFO] [stdout] running 11 tests
[INFO] [stdout] test tests::fn_block_none ... ok
[INFO] [stdout] test tests::fn_block_resulttype ... ok
[INFO] [stdout] test tests::fn_expr_block_none ... ok
[INFO] [stdout] test tests::fn_block_some ... ok
[INFO] [stdout] test tests::fn_expr_block_some ... ok
[INFO] [stdout] test tests::fn_expr_none ... ok
[INFO] [stdout] test tests::fn_expr_resulttype ... ok
[INFO] [stdout] test tests::fn_expr_some ... ok
[INFO] [stdout] test tests::into_ok ... ok
[INFO] [stdout] test tests::into_some ... ok
[INFO] [stdout] test tests::showcase ... ok
[INFO] [stdout] 
[INFO] [stdout] test result: ok. 11 passed; 0 failed; 0 ignored; 0 measured; 0 filtered out; finished in 0.00s
[INFO] [stdout] 
[INFO] [stderr]    Doc-tests fn_block
[INFO] [stdout] 
[INFO] [stdout] running 14 tests
[INFO] [stdout] test src/lib.rs - (line 74) ... FAILED
[INFO] [stdout] test src/lib.rs - (line 31) ... ok
[INFO] [stdout] test src/lib.rs - T (line 405) ... ok
[INFO] [stdout] test src/lib.rs - IntoSome (line 313) ... ok
[INFO] [stdout] test src/lib.rs - (line 20) ... ok
[INFO] [stdout] test src/lib.rs - IntoSome (line 325) ... ok
[INFO] [stdout] test src/lib.rs - (line 41) ... ok
[INFO] [stdout] test src/lib.rs - fn_expr (line 165) ... ok
[INFO] [stdout] test src/lib.rs - T (line 344) ... ok
[INFO] [stdout] test src/lib.rs - IntoOk (line 365) ... ok
[INFO] [stdout] test src/lib.rs - fn_expr (line 178) ... ok
[INFO] [stdout] test src/lib.rs - IntoOk (line 377) ... ok
[INFO] [stdout] test src/lib.rs - fn_block (line 112) ... ok
[INFO] [stdout] test src/lib.rs - fn_block (line 122) ... ok
[INFO] [stdout] 
[INFO] [stdout] failures:
[INFO] [stdout] 
[INFO] [stdout] ---- src/lib.rs - (line 74) stdout ----
[INFO] [stdout] error: cannot find macro `fn_try` in this scope
[INFO] [stdout]   --> src/lib.rs:85:15
[INFO] [stdout]    |
[INFO] [stdout] 14 | let res_int = fn_try!{
[INFO] [stdout]    |               ^^^^^^
[INFO] [stdout] 
[INFO] [stdout] error: aborting due to 1 previous error
[INFO] [stdout] 
[INFO] [stdout] Couldn't compile the test.
[INFO] [stdout] 
[INFO] [stdout] failures:
[INFO] [stdout]     src/lib.rs - (line 74)
[INFO] [stdout] 
[INFO] [stdout] test result: FAILED. 13 passed; 1 failed; 0 ignored; 0 measured; 0 filtered out; finished in 0.22s
[INFO] [stdout] 
[INFO] [stderr] error: doctest failed, to rerun pass `--doc`
[INFO] running `Command { std: "docker" "inspect" "171f4eb9f72ff900eade307c93fd82636ede01218dee8fafbbf0f2a11078a6d9", kill_on_drop: false }`
[INFO] running `Command { std: "docker" "rm" "-f" "171f4eb9f72ff900eade307c93fd82636ede01218dee8fafbbf0f2a11078a6d9", kill_on_drop: false }`
[INFO] [stdout] 171f4eb9f72ff900eade307c93fd82636ede01218dee8fafbbf0f2a11078a6d9
