[INFO] fetching crate fmt_adapter 0.2.1...
[INFO] testing fmt_adapter-0.2.1 against 1.75.0 for beta-1.76-1
[INFO] extracting crate fmt_adapter 0.2.1 into /workspace/builds/worker-6-tc1/source
[INFO] validating manifest of crates.io crate fmt_adapter 0.2.1 on toolchain 1.75.0
[INFO] running `Command { std: CARGO_HOME="/workspace/cargo-home" RUSTUP_HOME="/workspace/rustup-home" "/workspace/cargo-home/bin/cargo" "+1.75.0" "metadata" "--manifest-path" "Cargo.toml" "--no-deps", kill_on_drop: false }`
[INFO] started tweaking crates.io crate fmt_adapter 0.2.1
[INFO] finished tweaking crates.io crate fmt_adapter 0.2.1
[INFO] tweaked toml for crates.io crate fmt_adapter 0.2.1 written to /workspace/builds/worker-6-tc1/source/Cargo.toml
[INFO] running `Command { std: CARGO_HOME="/workspace/cargo-home" RUSTUP_HOME="/workspace/rustup-home" "/workspace/cargo-home/bin/cargo" "+1.75.0" "generate-lockfile" "--manifest-path" "Cargo.toml", kill_on_drop: false }`
[INFO] running `Command { std: CARGO_HOME="/workspace/cargo-home" RUSTUP_HOME="/workspace/rustup-home" "/workspace/cargo-home/bin/cargo" "+1.75.0" "fetch" "--manifest-path" "Cargo.toml", kill_on_drop: false }`
[INFO] running `Command { std: "docker" "create" "-v" "/var/lib/crater-agent-workspace/builds/worker-6-tc1/target:/opt/rustwide/target:rw,Z" "-v" "/var/lib/crater-agent-workspace/builds/worker-6-tc1/source:/opt/rustwide/workdir:ro,Z" "-v" "/var/lib/crater-agent-workspace/cargo-home:/opt/rustwide/cargo-home:ro,Z" "-v" "/var/lib/crater-agent-workspace/rustup-home:/opt/rustwide/rustup-home:ro,Z" "-e" "SOURCE_DIR=/opt/rustwide/workdir" "-e" "CARGO_TARGET_DIR=/opt/rustwide/target" "-e" "CARGO_HOME=/opt/rustwide/cargo-home" "-e" "RUSTUP_HOME=/opt/rustwide/rustup-home" "-w" "/opt/rustwide/workdir" "-m" "1610612736" "--user" "0:0" "--network" "none" "ghcr.io/rust-lang/crates-build-env/linux@sha256:2788e3201cd34a07e3172128adcd8b3090168a8e3bcc40d7c032b9dda1df7d1c" "/opt/rustwide/cargo-home/bin/cargo" "+1.75.0" "metadata" "--no-deps" "--format-version=1", kill_on_drop: false }`
[INFO] [stdout] 48c31770b6c3d1fceb72a706d5bc3539b4f737ce2516c0e46311a9ee32bb9b4d
[INFO] running `Command { std: "docker" "start" "-a" "48c31770b6c3d1fceb72a706d5bc3539b4f737ce2516c0e46311a9ee32bb9b4d", kill_on_drop: false }`
[INFO] running `Command { std: "docker" "inspect" "48c31770b6c3d1fceb72a706d5bc3539b4f737ce2516c0e46311a9ee32bb9b4d", kill_on_drop: false }`
[INFO] running `Command { std: "docker" "rm" "-f" "48c31770b6c3d1fceb72a706d5bc3539b4f737ce2516c0e46311a9ee32bb9b4d", kill_on_drop: false }`
[INFO] [stdout] 48c31770b6c3d1fceb72a706d5bc3539b4f737ce2516c0e46311a9ee32bb9b4d
[INFO] running `Command { std: "docker" "create" "-v" "/var/lib/crater-agent-workspace/builds/worker-6-tc1/target:/opt/rustwide/target:rw,Z" "-v" "/var/lib/crater-agent-workspace/builds/worker-6-tc1/source:/opt/rustwide/workdir:ro,Z" "-v" "/var/lib/crater-agent-workspace/cargo-home:/opt/rustwide/cargo-home:ro,Z" "-v" "/var/lib/crater-agent-workspace/rustup-home:/opt/rustwide/rustup-home:ro,Z" "-e" "SOURCE_DIR=/opt/rustwide/workdir" "-e" "CARGO_TARGET_DIR=/opt/rustwide/target" "-e" "CARGO_INCREMENTAL=0" "-e" "RUST_BACKTRACE=full" "-e" "RUSTFLAGS=--cap-lints=warn" "-e" "RUSTDOCFLAGS=--cap-lints=warn" "-e" "CARGO_HOME=/opt/rustwide/cargo-home" "-e" "RUSTUP_HOME=/opt/rustwide/rustup-home" "-w" "/opt/rustwide/workdir" "-m" "1610612736" "--user" "0:0" "--network" "none" "ghcr.io/rust-lang/crates-build-env/linux@sha256:2788e3201cd34a07e3172128adcd8b3090168a8e3bcc40d7c032b9dda1df7d1c" "/opt/rustwide/cargo-home/bin/cargo" "+1.75.0" "build" "--frozen" "--message-format=json", kill_on_drop: false }`
[INFO] [stdout] 554b18979dd27923e06c573dd122ed84cf0f63b60b3f5fd3aefec9c3a0bfb79e
[INFO] running `Command { std: "docker" "start" "-a" "554b18979dd27923e06c573dd122ed84cf0f63b60b3f5fd3aefec9c3a0bfb79e", kill_on_drop: false }`
[INFO] [stderr]    Compiling fmt_adapter v0.2.1 (/opt/rustwide/workdir)
[INFO] [stderr]     Finished dev [unoptimized + debuginfo] target(s) in 0.24s
[INFO] running `Command { std: "docker" "inspect" "554b18979dd27923e06c573dd122ed84cf0f63b60b3f5fd3aefec9c3a0bfb79e", kill_on_drop: false }`
[INFO] running `Command { std: "docker" "rm" "-f" "554b18979dd27923e06c573dd122ed84cf0f63b60b3f5fd3aefec9c3a0bfb79e", kill_on_drop: false }`
[INFO] [stdout] 554b18979dd27923e06c573dd122ed84cf0f63b60b3f5fd3aefec9c3a0bfb79e
[INFO] running `Command { std: "docker" "create" "-v" "/var/lib/crater-agent-workspace/builds/worker-6-tc1/target:/opt/rustwide/target:rw,Z" "-v" "/var/lib/crater-agent-workspace/builds/worker-6-tc1/source:/opt/rustwide/workdir:ro,Z" "-v" "/var/lib/crater-agent-workspace/cargo-home:/opt/rustwide/cargo-home:ro,Z" "-v" "/var/lib/crater-agent-workspace/rustup-home:/opt/rustwide/rustup-home:ro,Z" "-e" "SOURCE_DIR=/opt/rustwide/workdir" "-e" "CARGO_TARGET_DIR=/opt/rustwide/target" "-e" "CARGO_INCREMENTAL=0" "-e" "RUST_BACKTRACE=full" "-e" "RUSTFLAGS=--cap-lints=warn" "-e" "RUSTDOCFLAGS=--cap-lints=warn" "-e" "CARGO_HOME=/opt/rustwide/cargo-home" "-e" "RUSTUP_HOME=/opt/rustwide/rustup-home" "-w" "/opt/rustwide/workdir" "-m" "1610612736" "--user" "0:0" "--network" "none" "ghcr.io/rust-lang/crates-build-env/linux@sha256:2788e3201cd34a07e3172128adcd8b3090168a8e3bcc40d7c032b9dda1df7d1c" "/opt/rustwide/cargo-home/bin/cargo" "+1.75.0" "test" "--frozen" "--no-run" "--message-format=json", kill_on_drop: false }`
[INFO] [stdout] b2ad7e7fb4045dec797cc227372352c74cac46b9be05c279173b8f01c469b064
[INFO] running `Command { std: "docker" "start" "-a" "b2ad7e7fb4045dec797cc227372352c74cac46b9be05c279173b8f01c469b064", kill_on_drop: false }`
[INFO] [stderr]    Compiling fmt_adapter v0.2.1 (/opt/rustwide/workdir)
[INFO] [stderr]     Finished test [unoptimized + debuginfo] target(s) in 0.20s
[INFO] running `Command { std: "docker" "inspect" "b2ad7e7fb4045dec797cc227372352c74cac46b9be05c279173b8f01c469b064", kill_on_drop: false }`
[INFO] running `Command { std: "docker" "rm" "-f" "b2ad7e7fb4045dec797cc227372352c74cac46b9be05c279173b8f01c469b064", kill_on_drop: false }`
[INFO] [stdout] b2ad7e7fb4045dec797cc227372352c74cac46b9be05c279173b8f01c469b064
[INFO] running `Command { std: "docker" "create" "-v" "/var/lib/crater-agent-workspace/builds/worker-6-tc1/target:/opt/rustwide/target:rw,Z" "-v" "/var/lib/crater-agent-workspace/builds/worker-6-tc1/source:/opt/rustwide/workdir:ro,Z" "-v" "/var/lib/crater-agent-workspace/cargo-home:/opt/rustwide/cargo-home:ro,Z" "-v" "/var/lib/crater-agent-workspace/rustup-home:/opt/rustwide/rustup-home:ro,Z" "-e" "SOURCE_DIR=/opt/rustwide/workdir" "-e" "CARGO_TARGET_DIR=/opt/rustwide/target" "-e" "CARGO_INCREMENTAL=0" "-e" "RUST_BACKTRACE=full" "-e" "RUSTFLAGS=--cap-lints=warn" "-e" "RUSTDOCFLAGS=--cap-lints=warn" "-e" "CARGO_HOME=/opt/rustwide/cargo-home" "-e" "RUSTUP_HOME=/opt/rustwide/rustup-home" "-w" "/opt/rustwide/workdir" "-m" "1610612736" "--user" "0:0" "--network" "none" "ghcr.io/rust-lang/crates-build-env/linux@sha256:2788e3201cd34a07e3172128adcd8b3090168a8e3bcc40d7c032b9dda1df7d1c" "/opt/rustwide/cargo-home/bin/cargo" "+1.75.0" "test" "--frozen", kill_on_drop: false }`
[INFO] [stdout] 49f25f248b6d91ad61b531530fb7330b023cc1e60d10f7bdf97f0dcf399d94c0
[INFO] running `Command { std: "docker" "start" "-a" "49f25f248b6d91ad61b531530fb7330b023cc1e60d10f7bdf97f0dcf399d94c0", kill_on_drop: false }`
[INFO] [stderr]     Finished test [unoptimized + debuginfo] target(s) in 0.00s
[INFO] [stderr]      Running unittests src/lib.rs (/opt/rustwide/target/debug/deps/fmt_adapter-1bc948ccd09550ae)
[INFO] [stdout] 
[INFO] [stdout] running 0 tests
[INFO] [stdout] 
[INFO] [stdout] test result: ok. 0 passed; 0 failed; 0 ignored; 0 measured; 0 filtered out; finished in 0.00s
[INFO] [stdout] 
[INFO] [stderr]    Doc-tests fmt_adapter
[INFO] [stdout] 
[INFO] [stdout] running 1 test
[INFO] [stdout] test src/lib.rs - (line 2) ... FAILED
[INFO] [stdout] 
[INFO] [stdout] failures:
[INFO] [stdout] 
[INFO] [stdout] ---- src/lib.rs - (line 2) stdout ----
[INFO] [stdout] error[E0170]: pattern binding `Positive` is named the same as one of the variants of the type `main::_doctest_main_src_lib_rs_2_0::Sign`
[INFO] [stdout]   --> src/lib.rs:17:17
[INFO] [stdout]    |
[INFO] [stdout] 18 |                 Positive => '+',
[INFO] [stdout]    |                 ^^^^^^^^ help: to match on the variant, qualify the path: `main::_doctest_main_src_lib_rs_2_0::Sign::Positive`
[INFO] [stdout]    |
[INFO] [stdout]    = note: `#[deny(bindings_with_variant_name)]` on by default
[INFO] [stdout] 
[INFO] [stdout] error[E0170]: pattern binding `Negative` is named the same as one of the variants of the type `main::_doctest_main_src_lib_rs_2_0::Sign`
[INFO] [stdout]   --> src/lib.rs:18:17
[INFO] [stdout]    |
[INFO] [stdout] 19 |                 Negative => '-'
[INFO] [stdout]    |                 ^^^^^^^^ help: to match on the variant, qualify the path: `main::_doctest_main_src_lib_rs_2_0::Sign::Negative`
[INFO] [stdout] 
[INFO] [stdout] error: aborting due to 2 previous errors
[INFO] [stdout] 
[INFO] [stdout] For more information about this error, try `rustc --explain E0170`.
[INFO] [stdout] Couldn't compile the test.
[INFO] [stdout] 
[INFO] [stdout] failures:
[INFO] [stdout]     src/lib.rs - (line 2)
[INFO] [stdout] 
[INFO] [stdout] test result: FAILED. 0 passed; 1 failed; 0 ignored; 0 measured; 0 filtered out; finished in 0.05s
[INFO] [stdout] 
[INFO] [stderr] error: doctest failed, to rerun pass `--doc`
[INFO] running `Command { std: "docker" "inspect" "49f25f248b6d91ad61b531530fb7330b023cc1e60d10f7bdf97f0dcf399d94c0", kill_on_drop: false }`
[INFO] running `Command { std: "docker" "rm" "-f" "49f25f248b6d91ad61b531530fb7330b023cc1e60d10f7bdf97f0dcf399d94c0", kill_on_drop: false }`
[INFO] [stdout] 49f25f248b6d91ad61b531530fb7330b023cc1e60d10f7bdf97f0dcf399d94c0
[INFO] testing fmt_adapter-0.2.1 against beta-2023-12-22 for beta-1.76-1
[INFO] extracting crate fmt_adapter 0.2.1 into /workspace/builds/worker-6-tc2/source
[INFO] validating manifest of crates.io crate fmt_adapter 0.2.1 on toolchain beta-2023-12-22
[INFO] running `Command { std: CARGO_HOME="/workspace/cargo-home" RUSTUP_HOME="/workspace/rustup-home" "/workspace/cargo-home/bin/cargo" "+beta-2023-12-22" "metadata" "--manifest-path" "Cargo.toml" "--no-deps", kill_on_drop: false }`
[INFO] started tweaking crates.io crate fmt_adapter 0.2.1
[INFO] finished tweaking crates.io crate fmt_adapter 0.2.1
[INFO] tweaked toml for crates.io crate fmt_adapter 0.2.1 written to /workspace/builds/worker-6-tc2/source/Cargo.toml
[INFO] running `Command { std: CARGO_HOME="/workspace/cargo-home" RUSTUP_HOME="/workspace/rustup-home" "/workspace/cargo-home/bin/cargo" "+beta-2023-12-22" "generate-lockfile" "--manifest-path" "Cargo.toml", kill_on_drop: false }`
[INFO] running `Command { std: CARGO_HOME="/workspace/cargo-home" RUSTUP_HOME="/workspace/rustup-home" "/workspace/cargo-home/bin/cargo" "+beta-2023-12-22" "fetch" "--manifest-path" "Cargo.toml", kill_on_drop: false }`
[INFO] running `Command { std: "docker" "create" "-v" "/var/lib/crater-agent-workspace/builds/worker-6-tc2/target:/opt/rustwide/target:rw,Z" "-v" "/var/lib/crater-agent-workspace/builds/worker-6-tc2/source:/opt/rustwide/workdir:ro,Z" "-v" "/var/lib/crater-agent-workspace/cargo-home:/opt/rustwide/cargo-home:ro,Z" "-v" "/var/lib/crater-agent-workspace/rustup-home:/opt/rustwide/rustup-home:ro,Z" "-e" "SOURCE_DIR=/opt/rustwide/workdir" "-e" "CARGO_TARGET_DIR=/opt/rustwide/target" "-e" "CARGO_HOME=/opt/rustwide/cargo-home" "-e" "RUSTUP_HOME=/opt/rustwide/rustup-home" "-w" "/opt/rustwide/workdir" "-m" "1610612736" "--user" "0:0" "--network" "none" "ghcr.io/rust-lang/crates-build-env/linux@sha256:2788e3201cd34a07e3172128adcd8b3090168a8e3bcc40d7c032b9dda1df7d1c" "/opt/rustwide/cargo-home/bin/cargo" "+beta-2023-12-22" "metadata" "--no-deps" "--format-version=1", kill_on_drop: false }`
[INFO] [stdout] 3f26cf1d5628eb926b40fa5fbc28ada42555e193d8059b9a86dd424ab7027916
[INFO] running `Command { std: "docker" "start" "-a" "3f26cf1d5628eb926b40fa5fbc28ada42555e193d8059b9a86dd424ab7027916", kill_on_drop: false }`
[INFO] running `Command { std: "docker" "inspect" "3f26cf1d5628eb926b40fa5fbc28ada42555e193d8059b9a86dd424ab7027916", kill_on_drop: false }`
[INFO] running `Command { std: "docker" "rm" "-f" "3f26cf1d5628eb926b40fa5fbc28ada42555e193d8059b9a86dd424ab7027916", kill_on_drop: false }`
[INFO] [stdout] 3f26cf1d5628eb926b40fa5fbc28ada42555e193d8059b9a86dd424ab7027916
[INFO] running `Command { std: "docker" "create" "-v" "/var/lib/crater-agent-workspace/builds/worker-6-tc2/target:/opt/rustwide/target:rw,Z" "-v" "/var/lib/crater-agent-workspace/builds/worker-6-tc2/source:/opt/rustwide/workdir:ro,Z" "-v" "/var/lib/crater-agent-workspace/cargo-home:/opt/rustwide/cargo-home:ro,Z" "-v" "/var/lib/crater-agent-workspace/rustup-home:/opt/rustwide/rustup-home:ro,Z" "-e" "SOURCE_DIR=/opt/rustwide/workdir" "-e" "CARGO_TARGET_DIR=/opt/rustwide/target" "-e" "CARGO_INCREMENTAL=0" "-e" "RUST_BACKTRACE=full" "-e" "RUSTFLAGS=--cap-lints=warn" "-e" "RUSTDOCFLAGS=--cap-lints=warn" "-e" "CARGO_HOME=/opt/rustwide/cargo-home" "-e" "RUSTUP_HOME=/opt/rustwide/rustup-home" "-w" "/opt/rustwide/workdir" "-m" "1610612736" "--user" "0:0" "--network" "none" "ghcr.io/rust-lang/crates-build-env/linux@sha256:2788e3201cd34a07e3172128adcd8b3090168a8e3bcc40d7c032b9dda1df7d1c" "/opt/rustwide/cargo-home/bin/cargo" "+beta-2023-12-22" "build" "--frozen" "--message-format=json", kill_on_drop: false }`
[INFO] [stdout] c661c21ba52a005637f7913b6692a6929776f7e595f6c0b9e3988f77f12ed637
[INFO] running `Command { std: "docker" "start" "-a" "c661c21ba52a005637f7913b6692a6929776f7e595f6c0b9e3988f77f12ed637", kill_on_drop: false }`
[INFO] [stderr]    Compiling fmt_adapter v0.2.1 (/opt/rustwide/workdir)
[INFO] [stderr]     Finished dev [unoptimized + debuginfo] target(s) in 0.24s
[INFO] running `Command { std: "docker" "inspect" "c661c21ba52a005637f7913b6692a6929776f7e595f6c0b9e3988f77f12ed637", kill_on_drop: false }`
[INFO] running `Command { std: "docker" "rm" "-f" "c661c21ba52a005637f7913b6692a6929776f7e595f6c0b9e3988f77f12ed637", kill_on_drop: false }`
[INFO] [stdout] c661c21ba52a005637f7913b6692a6929776f7e595f6c0b9e3988f77f12ed637
[INFO] running `Command { std: "docker" "create" "-v" "/var/lib/crater-agent-workspace/builds/worker-6-tc2/target:/opt/rustwide/target:rw,Z" "-v" "/var/lib/crater-agent-workspace/builds/worker-6-tc2/source:/opt/rustwide/workdir:ro,Z" "-v" "/var/lib/crater-agent-workspace/cargo-home:/opt/rustwide/cargo-home:ro,Z" "-v" "/var/lib/crater-agent-workspace/rustup-home:/opt/rustwide/rustup-home:ro,Z" "-e" "SOURCE_DIR=/opt/rustwide/workdir" "-e" "CARGO_TARGET_DIR=/opt/rustwide/target" "-e" "CARGO_INCREMENTAL=0" "-e" "RUST_BACKTRACE=full" "-e" "RUSTFLAGS=--cap-lints=warn" "-e" "RUSTDOCFLAGS=--cap-lints=warn" "-e" "CARGO_HOME=/opt/rustwide/cargo-home" "-e" "RUSTUP_HOME=/opt/rustwide/rustup-home" "-w" "/opt/rustwide/workdir" "-m" "1610612736" "--user" "0:0" "--network" "none" "ghcr.io/rust-lang/crates-build-env/linux@sha256:2788e3201cd34a07e3172128adcd8b3090168a8e3bcc40d7c032b9dda1df7d1c" "/opt/rustwide/cargo-home/bin/cargo" "+beta-2023-12-22" "test" "--frozen" "--no-run" "--message-format=json", kill_on_drop: false }`
[INFO] [stdout] 6dd059a4603b244b6950b69ab47bfc23c39e39493293b1a9d9bc79b7a9893314
[INFO] running `Command { std: "docker" "start" "-a" "6dd059a4603b244b6950b69ab47bfc23c39e39493293b1a9d9bc79b7a9893314", kill_on_drop: false }`
[INFO] [stderr]    Compiling fmt_adapter v0.2.1 (/opt/rustwide/workdir)
[INFO] [stderr]     Finished test [unoptimized + debuginfo] target(s) in 0.20s
[INFO] running `Command { std: "docker" "inspect" "6dd059a4603b244b6950b69ab47bfc23c39e39493293b1a9d9bc79b7a9893314", kill_on_drop: false }`
[INFO] running `Command { std: "docker" "rm" "-f" "6dd059a4603b244b6950b69ab47bfc23c39e39493293b1a9d9bc79b7a9893314", kill_on_drop: false }`
[INFO] [stdout] 6dd059a4603b244b6950b69ab47bfc23c39e39493293b1a9d9bc79b7a9893314
[INFO] running `Command { std: "docker" "create" "-v" "/var/lib/crater-agent-workspace/builds/worker-6-tc2/target:/opt/rustwide/target:rw,Z" "-v" "/var/lib/crater-agent-workspace/builds/worker-6-tc2/source:/opt/rustwide/workdir:ro,Z" "-v" "/var/lib/crater-agent-workspace/cargo-home:/opt/rustwide/cargo-home:ro,Z" "-v" "/var/lib/crater-agent-workspace/rustup-home:/opt/rustwide/rustup-home:ro,Z" "-e" "SOURCE_DIR=/opt/rustwide/workdir" "-e" "CARGO_TARGET_DIR=/opt/rustwide/target" "-e" "CARGO_INCREMENTAL=0" "-e" "RUST_BACKTRACE=full" "-e" "RUSTFLAGS=--cap-lints=warn" "-e" "RUSTDOCFLAGS=--cap-lints=warn" "-e" "CARGO_HOME=/opt/rustwide/cargo-home" "-e" "RUSTUP_HOME=/opt/rustwide/rustup-home" "-w" "/opt/rustwide/workdir" "-m" "1610612736" "--user" "0:0" "--network" "none" "ghcr.io/rust-lang/crates-build-env/linux@sha256:2788e3201cd34a07e3172128adcd8b3090168a8e3bcc40d7c032b9dda1df7d1c" "/opt/rustwide/cargo-home/bin/cargo" "+beta-2023-12-22" "test" "--frozen", kill_on_drop: false }`
[INFO] [stdout] 856924588e8fec4b18b20f1819c2e0f7f56ee720c72548913892fe295d2a229d
[INFO] running `Command { std: "docker" "start" "-a" "856924588e8fec4b18b20f1819c2e0f7f56ee720c72548913892fe295d2a229d", kill_on_drop: false }`
[INFO] [stderr]     Finished test [unoptimized + debuginfo] target(s) in 0.00s
[INFO] [stderr]      Running unittests src/lib.rs (/opt/rustwide/target/debug/deps/fmt_adapter-ef0a26bcb578a80f)
[INFO] [stdout] 
[INFO] [stdout] running 0 tests
[INFO] [stdout] 
[INFO] [stdout] test result: ok. 0 passed; 0 failed; 0 ignored; 0 measured; 0 filtered out; finished in 0.00s
[INFO] [stdout] 
[INFO] [stderr]    Doc-tests fmt_adapter
[INFO] [stdout] 
[INFO] [stdout] running 1 test
[INFO] [stdout] test src/lib.rs - (line 2) ... FAILED
[INFO] [stdout] 
[INFO] [stdout] failures:
[INFO] [stdout] 
[INFO] [stdout] ---- src/lib.rs - (line 2) stdout ----
[INFO] [stdout] error[E0170]: pattern binding `Positive` is named the same as one of the variants of the type `main::_doctest_main_src_lib_rs_2_0::Sign`
[INFO] [stdout]   --> src/lib.rs:17:17
[INFO] [stdout]    |
[INFO] [stdout] 18 |                 Positive => '+',
[INFO] [stdout]    |                 ^^^^^^^^ help: to match on the variant, qualify the path: `main::_doctest_main_src_lib_rs_2_0::Sign::Positive`
[INFO] [stdout]    |
[INFO] [stdout]    = note: `#[deny(bindings_with_variant_name)]` on by default
[INFO] [stdout] 
[INFO] [stdout] error[E0170]: pattern binding `Negative` is named the same as one of the variants of the type `main::_doctest_main_src_lib_rs_2_0::Sign`
[INFO] [stdout]   --> src/lib.rs:18:17
[INFO] [stdout]    |
[INFO] [stdout] 19 |                 Negative => '-'
[INFO] [stdout]    |                 ^^^^^^^^ help: to match on the variant, qualify the path: `main::_doctest_main_src_lib_rs_2_0::Sign::Negative`
[INFO] [stdout] 
[INFO] [stdout] error: aborting due to 2 previous errors
[INFO] [stdout] 
[INFO] [stdout] For more information about this error, try `rustc --explain E0170`.
[INFO] [stdout] Couldn't compile the test.
[INFO] [stdout] 
[INFO] [stdout] failures:
[INFO] [stdout]     src/lib.rs - (line 2)
[INFO] [stdout] 
[INFO] [stdout] test result: FAILED. 0 passed; 1 failed; 0 ignored; 0 measured; 0 filtered out; finished in 0.05s
[INFO] [stdout] 
[INFO] [stderr] error: doctest failed, to rerun pass `--doc`
[INFO] running `Command { std: "docker" "inspect" "856924588e8fec4b18b20f1819c2e0f7f56ee720c72548913892fe295d2a229d", kill_on_drop: false }`
[INFO] running `Command { std: "docker" "rm" "-f" "856924588e8fec4b18b20f1819c2e0f7f56ee720c72548913892fe295d2a229d", kill_on_drop: false }`
[INFO] [stdout] 856924588e8fec4b18b20f1819c2e0f7f56ee720c72548913892fe295d2a229d
