[INFO] fetching crate fluence 0.6.9...
[INFO] testing fluence-0.6.9 against 1.75.0 for beta-1.76-1
[INFO] extracting crate fluence 0.6.9 into /workspace/builds/worker-0-tc1/source
[INFO] validating manifest of crates.io crate fluence 0.6.9 on toolchain 1.75.0
[INFO] running `Command { std: CARGO_HOME="/workspace/cargo-home" RUSTUP_HOME="/workspace/rustup-home" "/workspace/cargo-home/bin/cargo" "+1.75.0" "metadata" "--manifest-path" "Cargo.toml" "--no-deps", kill_on_drop: false }`
[INFO] started tweaking crates.io crate fluence 0.6.9
[INFO] finished tweaking crates.io crate fluence 0.6.9
[INFO] tweaked toml for crates.io crate fluence 0.6.9 written to /workspace/builds/worker-0-tc1/source/Cargo.toml
[INFO] running `Command { std: CARGO_HOME="/workspace/cargo-home" RUSTUP_HOME="/workspace/rustup-home" "/workspace/cargo-home/bin/cargo" "+1.75.0" "generate-lockfile" "--manifest-path" "Cargo.toml", kill_on_drop: false }`
[INFO] [stderr]     Updating crates.io index
[INFO] running `Command { std: CARGO_HOME="/workspace/cargo-home" RUSTUP_HOME="/workspace/rustup-home" "/workspace/cargo-home/bin/cargo" "+1.75.0" "fetch" "--manifest-path" "Cargo.toml", kill_on_drop: false }`
[INFO] [stderr]  Downloading crates ...
[INFO] [stderr]   Downloaded marine-macro v0.6.9
[INFO] [stderr]   Downloaded trybuild v1.0.64
[INFO] [stderr]   Downloaded marine-macro-impl v0.6.9
[INFO] [stderr]   Downloaded fluence-sdk-main v0.6.9
[INFO] [stderr]   Downloaded marine-timestamp-macro v0.6.9
[INFO] running `Command { std: "docker" "create" "-v" "/var/lib/crater-agent-workspace/builds/worker-0-tc1/target:/opt/rustwide/target:rw,Z" "-v" "/var/lib/crater-agent-workspace/builds/worker-0-tc1/source:/opt/rustwide/workdir:ro,Z" "-v" "/var/lib/crater-agent-workspace/cargo-home:/opt/rustwide/cargo-home:ro,Z" "-v" "/var/lib/crater-agent-workspace/rustup-home:/opt/rustwide/rustup-home:ro,Z" "-e" "SOURCE_DIR=/opt/rustwide/workdir" "-e" "CARGO_TARGET_DIR=/opt/rustwide/target" "-e" "CARGO_HOME=/opt/rustwide/cargo-home" "-e" "RUSTUP_HOME=/opt/rustwide/rustup-home" "-w" "/opt/rustwide/workdir" "-m" "1610612736" "--user" "0:0" "--network" "none" "ghcr.io/rust-lang/crates-build-env/linux@sha256:2788e3201cd34a07e3172128adcd8b3090168a8e3bcc40d7c032b9dda1df7d1c" "/opt/rustwide/cargo-home/bin/cargo" "+1.75.0" "metadata" "--no-deps" "--format-version=1", kill_on_drop: false }`
[INFO] [stdout] f62ab4de5d3b0cc81f46effb5717e347432ee952e3c1125d1f873a3fd4c8b45a
[INFO] running `Command { std: "docker" "start" "-a" "f62ab4de5d3b0cc81f46effb5717e347432ee952e3c1125d1f873a3fd4c8b45a", kill_on_drop: false }`
[INFO] running `Command { std: "docker" "inspect" "f62ab4de5d3b0cc81f46effb5717e347432ee952e3c1125d1f873a3fd4c8b45a", kill_on_drop: false }`
[INFO] running `Command { std: "docker" "rm" "-f" "f62ab4de5d3b0cc81f46effb5717e347432ee952e3c1125d1f873a3fd4c8b45a", kill_on_drop: false }`
[INFO] [stdout] f62ab4de5d3b0cc81f46effb5717e347432ee952e3c1125d1f873a3fd4c8b45a
[INFO] running `Command { std: "docker" "create" "-v" "/var/lib/crater-agent-workspace/builds/worker-0-tc1/target:/opt/rustwide/target:rw,Z" "-v" "/var/lib/crater-agent-workspace/builds/worker-0-tc1/source:/opt/rustwide/workdir:ro,Z" "-v" "/var/lib/crater-agent-workspace/cargo-home:/opt/rustwide/cargo-home:ro,Z" "-v" "/var/lib/crater-agent-workspace/rustup-home:/opt/rustwide/rustup-home:ro,Z" "-e" "SOURCE_DIR=/opt/rustwide/workdir" "-e" "CARGO_TARGET_DIR=/opt/rustwide/target" "-e" "CARGO_INCREMENTAL=0" "-e" "RUST_BACKTRACE=full" "-e" "RUSTFLAGS=--cap-lints=warn" "-e" "RUSTDOCFLAGS=--cap-lints=warn" "-e" "CARGO_HOME=/opt/rustwide/cargo-home" "-e" "RUSTUP_HOME=/opt/rustwide/rustup-home" "-w" "/opt/rustwide/workdir" "-m" "1610612736" "--user" "0:0" "--network" "none" "ghcr.io/rust-lang/crates-build-env/linux@sha256:2788e3201cd34a07e3172128adcd8b3090168a8e3bcc40d7c032b9dda1df7d1c" "/opt/rustwide/cargo-home/bin/cargo" "+1.75.0" "build" "--frozen" "--message-format=json", kill_on_drop: false }`
[INFO] [stdout] 60d5ba68c569da0c0daa3249777e20676ed28dd7499643ee799e2bc00091b2d5
[INFO] running `Command { std: "docker" "start" "-a" "60d5ba68c569da0c0daa3249777e20676ed28dd7499643ee799e2bc00091b2d5", kill_on_drop: false }`
[INFO] [stderr]    Compiling libc v0.2.151
[INFO] [stderr]    Compiling serde_derive v1.0.118
[INFO] [stderr]    Compiling serde v1.0.118
[INFO] [stderr]    Compiling serde_json v1.0.99
[INFO] [stderr]    Compiling cfg-if v1.0.0
[INFO] [stderr]    Compiling num-traits v0.2.17
[INFO] [stderr]    Compiling ryu v1.0.16
[INFO] [stderr]    Compiling syn v1.0.109
[INFO] [stderr]    Compiling itoa v1.0.10
[INFO] [stderr]    Compiling iana-time-zone v0.1.59
[INFO] [stderr]    Compiling log v0.4.20
[INFO] [stderr]    Compiling getrandom v0.2.11
[INFO] [stderr]    Compiling uuid v0.8.2
[INFO] [stderr]    Compiling chrono v0.4.31
[INFO] [stderr]    Compiling marine-timestamp-macro v0.6.9
[INFO] [stderr]    Compiling marine-macro-impl v0.6.9
[INFO] [stderr]    Compiling marine-macro v0.6.9
[INFO] [stderr]    Compiling fluence-sdk-main v0.6.9
[INFO] [stderr]    Compiling fluence v0.6.9 (/opt/rustwide/workdir)
[INFO] [stderr]     Finished dev [unoptimized + debuginfo] target(s) in 14.37s
[INFO] [stderr] warning: the following packages contain code that will be rejected by a future version of Rust: marine-macro-impl v0.6.9
[INFO] [stderr] note: to see what the problems were, use the option `--future-incompat-report`, or run `cargo report future-incompatibilities --id 2`
[INFO] running `Command { std: "docker" "inspect" "60d5ba68c569da0c0daa3249777e20676ed28dd7499643ee799e2bc00091b2d5", kill_on_drop: false }`
[INFO] running `Command { std: "docker" "rm" "-f" "60d5ba68c569da0c0daa3249777e20676ed28dd7499643ee799e2bc00091b2d5", kill_on_drop: false }`
[INFO] [stdout] 60d5ba68c569da0c0daa3249777e20676ed28dd7499643ee799e2bc00091b2d5
[INFO] running `Command { std: "docker" "create" "-v" "/var/lib/crater-agent-workspace/builds/worker-0-tc1/target:/opt/rustwide/target:rw,Z" "-v" "/var/lib/crater-agent-workspace/builds/worker-0-tc1/source:/opt/rustwide/workdir:ro,Z" "-v" "/var/lib/crater-agent-workspace/cargo-home:/opt/rustwide/cargo-home:ro,Z" "-v" "/var/lib/crater-agent-workspace/rustup-home:/opt/rustwide/rustup-home:ro,Z" "-e" "SOURCE_DIR=/opt/rustwide/workdir" "-e" "CARGO_TARGET_DIR=/opt/rustwide/target" "-e" "CARGO_INCREMENTAL=0" "-e" "RUST_BACKTRACE=full" "-e" "RUSTFLAGS=--cap-lints=warn" "-e" "RUSTDOCFLAGS=--cap-lints=warn" "-e" "CARGO_HOME=/opt/rustwide/cargo-home" "-e" "RUSTUP_HOME=/opt/rustwide/rustup-home" "-w" "/opt/rustwide/workdir" "-m" "1610612736" "--user" "0:0" "--network" "none" "ghcr.io/rust-lang/crates-build-env/linux@sha256:2788e3201cd34a07e3172128adcd8b3090168a8e3bcc40d7c032b9dda1df7d1c" "/opt/rustwide/cargo-home/bin/cargo" "+1.75.0" "test" "--frozen" "--no-run" "--message-format=json", kill_on_drop: false }`
[INFO] [stdout] 5bbd5f0b452cf078ae621d7e9c171ce585aa28a351b721f8861b453b62cc6eee
[INFO] running `Command { std: "docker" "start" "-a" "5bbd5f0b452cf078ae621d7e9c171ce585aa28a351b721f8861b453b62cc6eee", kill_on_drop: false }`
[INFO] [stderr]    Compiling ryu v1.0.16
[INFO] [stderr]    Compiling serde_json v1.0.99
[INFO] [stderr]    Compiling itoa v1.0.10
[INFO] [stderr]    Compiling trybuild v1.0.64
[INFO] [stderr]    Compiling glob v0.3.1
[INFO] [stderr]    Compiling termcolor v1.4.0
[INFO] [stderr]    Compiling toml v0.5.11
[INFO] [stderr]    Compiling once_cell v1.19.0
[INFO] [stderr]    Compiling marine-macro-impl v0.6.9
[INFO] [stderr]    Compiling marine-macro v0.6.9
[INFO] [stderr]    Compiling fluence-sdk-main v0.6.9
[INFO] [stderr]    Compiling fluence v0.6.9 (/opt/rustwide/workdir)
[INFO] [stderr]     Finished test [unoptimized + debuginfo] target(s) in 8.75s
[INFO] [stderr] warning: the following packages contain code that will be rejected by a future version of Rust: marine-macro-impl v0.6.9
[INFO] [stderr] note: to see what the problems were, use the option `--future-incompat-report`, or run `cargo report future-incompatibilities --id 2`
[INFO] running `Command { std: "docker" "inspect" "5bbd5f0b452cf078ae621d7e9c171ce585aa28a351b721f8861b453b62cc6eee", kill_on_drop: false }`
[INFO] running `Command { std: "docker" "rm" "-f" "5bbd5f0b452cf078ae621d7e9c171ce585aa28a351b721f8861b453b62cc6eee", kill_on_drop: false }`
[INFO] [stdout] 5bbd5f0b452cf078ae621d7e9c171ce585aa28a351b721f8861b453b62cc6eee
[INFO] running `Command { std: "docker" "create" "-v" "/var/lib/crater-agent-workspace/builds/worker-0-tc1/target:/opt/rustwide/target:rw,Z" "-v" "/var/lib/crater-agent-workspace/builds/worker-0-tc1/source:/opt/rustwide/workdir:ro,Z" "-v" "/var/lib/crater-agent-workspace/cargo-home:/opt/rustwide/cargo-home:ro,Z" "-v" "/var/lib/crater-agent-workspace/rustup-home:/opt/rustwide/rustup-home:ro,Z" "-e" "SOURCE_DIR=/opt/rustwide/workdir" "-e" "CARGO_TARGET_DIR=/opt/rustwide/target" "-e" "CARGO_INCREMENTAL=0" "-e" "RUST_BACKTRACE=full" "-e" "RUSTFLAGS=--cap-lints=warn" "-e" "RUSTDOCFLAGS=--cap-lints=warn" "-e" "CARGO_HOME=/opt/rustwide/cargo-home" "-e" "RUSTUP_HOME=/opt/rustwide/rustup-home" "-w" "/opt/rustwide/workdir" "-m" "1610612736" "--user" "0:0" "--network" "none" "ghcr.io/rust-lang/crates-build-env/linux@sha256:2788e3201cd34a07e3172128adcd8b3090168a8e3bcc40d7c032b9dda1df7d1c" "/opt/rustwide/cargo-home/bin/cargo" "+1.75.0" "test" "--frozen", kill_on_drop: false }`
[INFO] [stdout] d53e0fb30e2038f857cc5355a64b23566651c62b5717e9bc02ab08d157914a54
[INFO] running `Command { std: "docker" "start" "-a" "d53e0fb30e2038f857cc5355a64b23566651c62b5717e9bc02ab08d157914a54", kill_on_drop: false }`
[INFO] [stderr]     Finished test [unoptimized + debuginfo] target(s) in 0.05s
[INFO] [stderr] warning: the following packages contain code that will be rejected by a future version of Rust: marine-macro-impl v0.6.9
[INFO] [stderr] note: to see what the problems were, use the option `--future-incompat-report`, or run `cargo report future-incompatibilities --id 2`
[INFO] [stderr]      Running unittests src/lib.rs (/opt/rustwide/target/debug/deps/fluence-ff984e5a59fe3cd6)
[INFO] [stdout] 
[INFO] [stdout] running 0 tests
[INFO] [stdout] 
[INFO] [stdout] test result: ok. 0 passed; 0 failed; 0 ignored; 0 measured; 0 filtered out; finished in 0.00s
[INFO] [stdout] 
[INFO] [stdout] 
[INFO] [stderr]      Running tests/compilation_tests_runner.rs (/opt/rustwide/target/debug/deps/compilation_tests_runner-e0d0c830c94c1c51)
[INFO] [stdout] running 1 test
[INFO] [stderr]    Compiling proc-macro2 v1.0.75
[INFO] [stderr]    Compiling unicode-ident v1.0.12
[INFO] [stderr]    Compiling syn v1.0.109
[INFO] [stderr]    Compiling serde v1.0.118
[INFO] [stderr]    Compiling serde_derive v1.0.118
[INFO] [stderr]    Compiling libc v0.2.151
[INFO] [stderr]    Compiling serde_json v1.0.99
[INFO] [stderr]    Compiling autocfg v1.1.0
[INFO] [stderr]    Compiling cfg-if v1.0.0
[INFO] [stderr]    Compiling ryu v1.0.16
[INFO] [stderr]    Compiling itoa v1.0.10
[INFO] [stderr]    Compiling iana-time-zone v0.1.59
[INFO] [stderr]    Compiling log v0.4.20
[INFO] [stderr]    Compiling num-traits v0.2.17
[INFO] [stderr]    Compiling quote v1.0.35
[INFO] [stderr]    Compiling getrandom v0.2.11
[INFO] [stderr]    Compiling uuid v0.8.2
[INFO] [stderr]    Compiling chrono v0.4.31
[INFO] [stderr]    Compiling marine-timestamp-macro v0.6.9
[INFO] [stderr]    Compiling marine-macro-impl v0.6.9
[INFO] [stderr]    Compiling marine-macro v0.6.9
[INFO] [stderr]    Compiling fluence-sdk-main v0.6.9
[INFO] [stderr]    Compiling fluence v0.6.9 (/opt/rustwide/workdir)
[INFO] [stderr]    Compiling fluence-tests v0.0.0 (/opt/rustwide/target/tests/fluence)
[INFO] [stderr]     Finished dev [unoptimized + debuginfo] target(s) in 17.99s
[INFO] [stderr] warning: the following packages contain code that will be rejected by a future version of Rust: marine-macro-impl v0.6.9
[INFO] [stderr] note: to see what the problems were, use the option `--future-incompat-report`, or run `cargo report future-incompatibilities --id 1`
[INFO] [stderr] 
[INFO] [stderr] 
[INFO] [stderr] test tests/compilation_tests/export_functions/array_inner_refs.rs [should fail to compile] ... mismatch
[INFO] [stderr] 
[INFO] [stderr] EXPECTED:
[INFO] [stderr] ┈┈┈┈┈┈┈┈┈┈┈┈┈┈┈┈┈┈┈┈┈┈┈┈┈┈┈┈┈┈┈┈┈┈┈┈┈┈┈┈┈┈┈┈┈┈┈┈┈┈┈┈┈┈┈┈┈┈┈┈
[INFO] [stderr] error: a vector type in arguments of export functions shouldn't contain references
[INFO] [stderr]   --> $DIR/array_inner_refs.rs:13:23
[INFO] [stderr]    |
[INFO] [stderr] 13 | pub fn inner_arrays_1(_arg: Vec<&Vec<Vec<Vec<u8>>>>) -> Vec<Vec<Vec<Vec<u8>>>> {
[INFO] [stderr]    |                       ^^^^^^^^^^^^^^^^^^^^^^^^^^^^^
[INFO] [stderr] 
[INFO] [stderr] error: a vector type in arguments of export functions shouldn't contain references
[INFO] [stderr]   --> $DIR/array_inner_refs.rs:18:23
[INFO] [stderr]    |
[INFO] [stderr] 18 | pub fn inner_arrays_2(_arg: Vec<Vec<&Vec<Vec<u8>>>>) -> Vec<Vec<Vec<Vec<u8>>>> {
[INFO] [stderr]    |                       ^^^^^^^^^^^^^^^^^^^^^^^^^^^^^
[INFO] [stderr] 
[INFO] [stderr] error: a vector type in arguments of export functions shouldn't contain references
[INFO] [stderr]   --> $DIR/array_inner_refs.rs:23:23
[INFO] [stderr]    |
[INFO] [stderr] 23 | pub fn inner_arrays_3(_arg: Vec<Vec<Vec<&Vec<u8>>>>) -> Vec<Vec<Vec<Vec<u8>>>> {
[INFO] [stderr]    |                       ^^^^^^^^^^^^^^^^^^^^^^^^^^^^^
[INFO] [stderr] 
[INFO] [stderr] error: a vector type in arguments of export functions shouldn't contain references
[INFO] [stderr]   --> $DIR/array_inner_refs.rs:28:23
[INFO] [stderr]    |
[INFO] [stderr] 28 | pub fn inner_arrays_4(_arg: Vec<Vec<Vec<Vec<&u8>>>>) -> Vec<Vec<Vec<Vec<u8>>>> {
[INFO] [stderr]    |                       ^^^^^^^^^^^^^^^^^^^^^^^^^^^^^
[INFO] [stderr] 
[INFO] [stderr] error: a vector type in arguments of export functions shouldn't contain references
[INFO] [stderr]   --> $DIR/array_inner_refs.rs:33:35
[INFO] [stderr]    |
[INFO] [stderr] 33 | pub fn inner_arrays_5(_arg1: i32, _arg2: Vec<Vec<Vec<&Vec<u8>>>>, _arg3: i32) -> Vec<Vec<Vec<Vec<u8>>>> {
[INFO] [stderr]    |                                   ^^^^^^^^^^^^^^^^^^^^^^^^^^^^^^
[INFO] [stderr] ┈┈┈┈┈┈┈┈┈┈┈┈┈┈┈┈┈┈┈┈┈┈┈┈┈┈┈┈┈┈┈┈┈┈┈┈┈┈┈┈┈┈┈┈┈┈┈┈┈┈┈┈┈┈┈┈┈┈┈┈
[INFO] [stderr] 
[INFO] [stderr] ACTUAL OUTPUT:
[INFO] [stderr] ┈┈┈┈┈┈┈┈┈┈┈┈┈┈┈┈┈┈┈┈┈┈┈┈┈┈┈┈┈┈┈┈┈┈┈┈┈┈┈┈┈┈┈┈┈┈┈┈┈┈┈┈┈┈┈┈┈┈┈┈
[INFO] [stderr] error: a vector type in arguments of export functions shouldn't contain references
[INFO] [stderr]   --> tests/compilation_tests/export_functions/array_inner_refs.rs:13:23
[INFO] [stderr]    |
[INFO] [stderr] 13 | pub fn inner_arrays_1(_arg: Vec<&Vec<Vec<Vec<u8>>>>) -> Vec<Vec<Vec<Vec<u8>>>> {
[INFO] [stderr]    |                       ^^^^
[INFO] [stderr] 
[INFO] [stderr] error: a vector type in arguments of export functions shouldn't contain references
[INFO] [stderr]   --> tests/compilation_tests/export_functions/array_inner_refs.rs:18:23
[INFO] [stderr]    |
[INFO] [stderr] 18 | pub fn inner_arrays_2(_arg: Vec<Vec<&Vec<Vec<u8>>>>) -> Vec<Vec<Vec<Vec<u8>>>> {
[INFO] [stderr]    |                       ^^^^
[INFO] [stderr] 
[INFO] [stderr] error: a vector type in arguments of export functions shouldn't contain references
[INFO] [stderr]   --> tests/compilation_tests/export_functions/array_inner_refs.rs:23:23
[INFO] [stderr]    |
[INFO] [stderr] 23 | pub fn inner_arrays_3(_arg: Vec<Vec<Vec<&Vec<u8>>>>) -> Vec<Vec<Vec<Vec<u8>>>> {
[INFO] [stderr]    |                       ^^^^
[INFO] [stderr] 
[INFO] [stderr] error: a vector type in arguments of export functions shouldn't contain references
[INFO] [stderr]   --> tests/compilation_tests/export_functions/array_inner_refs.rs:28:23
[INFO] [stderr]    |
[INFO] [stderr] 28 | pub fn inner_arrays_4(_arg: Vec<Vec<Vec<Vec<&u8>>>>) -> Vec<Vec<Vec<Vec<u8>>>> {
[INFO] [stderr]    |                       ^^^^
[INFO] [stderr] 
[INFO] [stderr] error: a vector type in arguments of export functions shouldn't contain references
[INFO] [stderr]   --> tests/compilation_tests/export_functions/array_inner_refs.rs:33:35
[INFO] [stderr]    |
[INFO] [stderr] 33 | pub fn inner_arrays_5(_arg1: i32, _arg2: Vec<Vec<Vec<&Vec<u8>>>>, _arg3: i32) -> Vec<Vec<Vec<Vec<u8>>>> {
[INFO] [stderr]    |                                   ^^^^^
[INFO] [stderr] ┈┈┈┈┈┈┈┈┈┈┈┈┈┈┈┈┈┈┈┈┈┈┈┈┈┈┈┈┈┈┈┈┈┈┈┈┈┈┈┈┈┈┈┈┈┈┈┈┈┈┈┈┈┈┈┈┈┈┈┈
[INFO] [stderr] note: If the actual output is the correct output you can bless it by rerunning
[INFO] [stderr]       your test with the environment variable TRYBUILD=overwrite
[INFO] [stderr] 
[INFO] [stderr] test tests/compilation_tests/export_functions/arrays.rs [should pass] ... ok
[INFO] [stderr] test tests/compilation_tests/export_functions/ref_arrays.rs [should pass] ... ok
[INFO] [stderr] test tests/compilation_tests/export_functions/inner_vec_refs.rs [should fail to compile] ... mismatch
[INFO] [stderr] 
[INFO] [stderr] EXPECTED:
[INFO] [stderr] ┈┈┈┈┈┈┈┈┈┈┈┈┈┈┈┈┈┈┈┈┈┈┈┈┈┈┈┈┈┈┈┈┈┈┈┈┈┈┈┈┈┈┈┈┈┈┈┈┈┈┈┈┈┈┈┈┈┈┈┈
[INFO] [stderr] error: a vector type in output types of export functions shouldn't contain references
[INFO] [stderr]  --> $DIR/inner_vec_refs.rs:8:54
[INFO] [stderr]   |
[INFO] [stderr] 8 | pub fn inner_arrays_2(_arg: &Vec<Vec<Vec<Vec<u8>>>>) -> &Vec<Vec<&Vec<Vec<u8>>>> {
[INFO] [stderr]   |                                                      ^^^^^^^^^^^^^^^^^^^^^^^^^^^
[INFO] [stderr] 
[INFO] [stderr] error: a vector type in output types of export functions shouldn't contain references
[INFO] [stderr]   --> $DIR/inner_vec_refs.rs:13:54
[INFO] [stderr]    |
[INFO] [stderr] 13 | pub fn inner_arrays_3(_arg: &Vec<Vec<Vec<Vec<u8>>>>) -> &Vec<&Vec<&Vec<&Vec<&u8>>>> {
[INFO] [stderr]    |                                                      ^^^^^^^^^^^^^^^^^^^^^^^^^^^^^^
[INFO] [stderr] ┈┈┈┈┈┈┈┈┈┈┈┈┈┈┈┈┈┈┈┈┈┈┈┈┈┈┈┈┈┈┈┈┈┈┈┈┈┈┈┈┈┈┈┈┈┈┈┈┈┈┈┈┈┈┈┈┈┈┈┈
[INFO] [stderr] 
[INFO] [stderr] ACTUAL OUTPUT:
[INFO] [stderr] ┈┈┈┈┈┈┈┈┈┈┈┈┈┈┈┈┈┈┈┈┈┈┈┈┈┈┈┈┈┈┈┈┈┈┈┈┈┈┈┈┈┈┈┈┈┈┈┈┈┈┈┈┈┈┈┈┈┈┈┈
[INFO] [stderr] error: a vector type in output types of export functions shouldn't contain references
[INFO] [stderr]  --> tests/compilation_tests/export_functions/inner_vec_refs.rs:8:54
[INFO] [stderr]   |
[INFO] [stderr] 8 | pub fn inner_arrays_2(_arg: &Vec<Vec<Vec<Vec<u8>>>>) -> &Vec<Vec<&Vec<Vec<u8>>>> {
[INFO] [stderr]   |                                                      ^
[INFO] [stderr] 
[INFO] [stderr] error: a vector type in output types of export functions shouldn't contain references
[INFO] [stderr]   --> tests/compilation_tests/export_functions/inner_vec_refs.rs:13:54
[INFO] [stderr]    |
[INFO] [stderr] 13 | pub fn inner_arrays_3(_arg: &Vec<Vec<Vec<Vec<u8>>>>) -> &Vec<&Vec<&Vec<&Vec<&u8>>>> {
[INFO] [stderr]    |                                                      ^
[INFO] [stderr] ┈┈┈┈┈┈┈┈┈┈┈┈┈┈┈┈┈┈┈┈┈┈┈┈┈┈┈┈┈┈┈┈┈┈┈┈┈┈┈┈┈┈┈┈┈┈┈┈┈┈┈┈┈┈┈┈┈┈┈┈
[INFO] [stderr] note: If the actual output is the correct output you can bless it by rerunning
[INFO] [stderr]       your test with the environment variable TRYBUILD=overwrite
[INFO] [stderr] 
[INFO] [stderr] test tests/compilation_tests/export_functions/basic_types.rs [should pass] ... ok
[INFO] [stderr] test tests/compilation_tests/export_functions/ref_basic_types.rs [should pass] ... ok
[INFO] [stderr] test tests/compilation_tests/export_functions/improper_types.rs [should fail to compile] ... mismatch
[INFO] [stderr] 
[INFO] [stderr] EXPECTED:
[INFO] [stderr] ┈┈┈┈┈┈┈┈┈┈┈┈┈┈┈┈┈┈┈┈┈┈┈┈┈┈┈┈┈┈┈┈┈┈┈┈┈┈┈┈┈┈┈┈┈┈┈┈┈┈┈┈┈┈┈┈┈┈┈┈
[INFO] [stderr] error: types with lifetimes or generics aren't allowed
[INFO] [stderr]  --> $DIR/improper_types.rs:8:17
[INFO] [stderr]   |
[INFO] [stderr] 8 | fn test(_arg_1: Box<i32>) {}
[INFO] [stderr]   |                 ^^^^^^^^
[INFO] [stderr] 
[INFO] [stderr] error: types with lifetimes or generics aren't allowed
[INFO] [stderr]   --> $DIR/improper_types.rs:11:27
[INFO] [stderr]    |
[INFO] [stderr] 11 | fn test2(_arg_1: std::rc::Rc<i32>) {}
[INFO] [stderr]    |                           ^^^^^^^
[INFO] [stderr] 
[INFO] [stderr] error: types with lifetimes or generics aren't allowed
[INFO] [stderr]   --> $DIR/improper_types.rs:14:36
[INFO] [stderr]    |
[INFO] [stderr] 14 | fn test3(_arg_1: std::collections::HashMap<i32, String>) {}
[INFO] [stderr]    |                                    ^^^^^^^^^^^^^^^^^^^^
[INFO] [stderr] 
[INFO] [stderr] error: Incorrect argument type, only path or reference are available on this position
[INFO] [stderr]   --> $DIR/improper_types.rs:17:26
[INFO] [stderr]    |
[INFO] [stderr] 17 | fn test4(_arg_1: i32) -> (i32, i32) {
[INFO] [stderr]    |                          ^^^^^^^^^^
[INFO] [stderr] 
[INFO] [stderr] error: types with lifetimes or generics aren't allowed
[INFO] [stderr]   --> $DIR/improper_types.rs:22:26
[INFO] [stderr]    |
[INFO] [stderr] 22 | fn test5(_arg_1: i32) -> Box<i32> {
[INFO] [stderr]    |                          ^^^^^^^^
[INFO] [stderr] ┈┈┈┈┈┈┈┈┈┈┈┈┈┈┈┈┈┈┈┈┈┈┈┈┈┈┈┈┈┈┈┈┈┈┈┈┈┈┈┈┈┈┈┈┈┈┈┈┈┈┈┈┈┈┈┈┈┈┈┈
[INFO] [stderr] 
[INFO] [stderr] ACTUAL OUTPUT:
[INFO] [stderr] ┈┈┈┈┈┈┈┈┈┈┈┈┈┈┈┈┈┈┈┈┈┈┈┈┈┈┈┈┈┈┈┈┈┈┈┈┈┈┈┈┈┈┈┈┈┈┈┈┈┈┈┈┈┈┈┈┈┈┈┈
[INFO] [stderr] error: types with lifetimes or generics aren't allowed
[INFO] [stderr]  --> tests/compilation_tests/export_functions/improper_types.rs:8:17
[INFO] [stderr]   |
[INFO] [stderr] 8 | fn test(_arg_1: Box<i32>) {}
[INFO] [stderr]   |                 ^^^
[INFO] [stderr] 
[INFO] [stderr] error: types with lifetimes or generics aren't allowed
[INFO] [stderr]   --> tests/compilation_tests/export_functions/improper_types.rs:11:27
[INFO] [stderr]    |
[INFO] [stderr] 11 | fn test2(_arg_1: std::rc::Rc<i32>) {}
[INFO] [stderr]    |                           ^^
[INFO] [stderr] 
[INFO] [stderr] error: types with lifetimes or generics aren't allowed
[INFO] [stderr]   --> tests/compilation_tests/export_functions/improper_types.rs:14:36
[INFO] [stderr]    |
[INFO] [stderr] 14 | fn test3(_arg_1: std::collections::HashMap<i32, String>) {}
[INFO] [stderr]    |                                    ^^^^^^^
[INFO] [stderr] 
[INFO] [stderr] error: Incorrect argument type, only path or reference are available on this position
[INFO] [stderr]   --> tests/compilation_tests/export_functions/improper_types.rs:17:26
[INFO] [stderr]    |
[INFO] [stderr] 17 | fn test4(_arg_1: i32) -> (i32, i32) {
[INFO] [stderr]    |                          ^^^^^^^^^^
[INFO] [stderr] 
[INFO] [stderr] error: types with lifetimes or generics aren't allowed
[INFO] [stderr]   --> tests/compilation_tests/export_functions/improper_types.rs:22:26
[INFO] [stderr]    |
[INFO] [stderr] 22 | fn test5(_arg_1: i32) -> Box<i32> {
[INFO] [stderr]    |                          ^^^
[INFO] [stderr] ┈┈┈┈┈┈┈┈┈┈┈┈┈┈┈┈┈┈┈┈┈┈┈┈┈┈┈┈┈┈┈┈┈┈┈┈┈┈┈┈┈┈┈┈┈┈┈┈┈┈┈┈┈┈┈┈┈┈┈┈
[INFO] [stderr] note: If the actual output is the correct output you can bless it by rerunning
[INFO] [stderr]       your test with the environment variable TRYBUILD=overwrite
[INFO] [stderr] 
[INFO] [stderr] test tests/compilation_tests/import_functions/arrays_out_inner_refs.rs [should fail to compile] ... mismatch
[INFO] [stderr] 
[INFO] [stderr] EXPECTED:
[INFO] [stderr] ┈┈┈┈┈┈┈┈┈┈┈┈┈┈┈┈┈┈┈┈┈┈┈┈┈┈┈┈┈┈┈┈┈┈┈┈┈┈┈┈┈┈┈┈┈┈┈┈┈┈┈┈┈┈┈┈┈┈┈┈
[INFO] [stderr] error: import function can't return a value with references
[INFO] [stderr]   --> $DIR/arrays_out_inner_refs.rs:10:5
[INFO] [stderr]    |
[INFO] [stderr] 10 | /     #[marine]
[INFO] [stderr] 11 | |     pub fn func_1() -> &String;
[INFO] [stderr]    | |_______________________________^
[INFO] [stderr] ┈┈┈┈┈┈┈┈┈┈┈┈┈┈┈┈┈┈┈┈┈┈┈┈┈┈┈┈┈┈┈┈┈┈┈┈┈┈┈┈┈┈┈┈┈┈┈┈┈┈┈┈┈┈┈┈┈┈┈┈
[INFO] [stderr] 
[INFO] [stderr] ACTUAL OUTPUT:
[INFO] [stderr] ┈┈┈┈┈┈┈┈┈┈┈┈┈┈┈┈┈┈┈┈┈┈┈┈┈┈┈┈┈┈┈┈┈┈┈┈┈┈┈┈┈┈┈┈┈┈┈┈┈┈┈┈┈┈┈┈┈┈┈┈
[INFO] [stderr] error: import function can't return a value with references
[INFO] [stderr]   --> tests/compilation_tests/import_functions/arrays_out_inner_refs.rs:10:5
[INFO] [stderr]    |
[INFO] [stderr] 10 |     #[marine]
[INFO] [stderr]    |     ^
[INFO] [stderr] ┈┈┈┈┈┈┈┈┈┈┈┈┈┈┈┈┈┈┈┈┈┈┈┈┈┈┈┈┈┈┈┈┈┈┈┈┈┈┈┈┈┈┈┈┈┈┈┈┈┈┈┈┈┈┈┈┈┈┈┈
[INFO] [stderr] note: If the actual output is the correct output you can bless it by rerunning
[INFO] [stderr]       your test with the environment variable TRYBUILD=overwrite
[INFO] [stderr] 
[INFO] [stderr] test tests/compilation_tests/import_functions/arrays.rs [should pass] ... ok
[INFO] [stderr] test tests/compilation_tests/import_functions/ref_arrays.rs [should pass] ... ok
[INFO] [stderr] test tests/compilation_tests/import_functions/basic_types.rs [should pass] ... ok
[INFO] [stderr] test tests/compilation_tests/import_functions/basic_ref_types.rs [should pass] ... ok
[INFO] [stderr] test tests/compilation_tests/import_functions/ref_basic_types.rs [should pass] ... ok
[INFO] [stderr] test tests/compilation_tests/import_functions/improper_types.rs [should fail to compile] ... mismatch
[INFO] [stderr] 
[INFO] [stderr] EXPECTED:
[INFO] [stderr] ┈┈┈┈┈┈┈┈┈┈┈┈┈┈┈┈┈┈┈┈┈┈┈┈┈┈┈┈┈┈┈┈┈┈┈┈┈┈┈┈┈┈┈┈┈┈┈┈┈┈┈┈┈┈┈┈┈┈┈┈
[INFO] [stderr] error: types with lifetimes or generics aren't allowed
[INFO] [stderr]   --> $DIR/improper_types.rs:11:21
[INFO] [stderr]    |
[INFO] [stderr] 11 |     fn test(_arg_1: Box<i32>);
[INFO] [stderr]    |                     ^^^^^^^^
[INFO] [stderr] ┈┈┈┈┈┈┈┈┈┈┈┈┈┈┈┈┈┈┈┈┈┈┈┈┈┈┈┈┈┈┈┈┈┈┈┈┈┈┈┈┈┈┈┈┈┈┈┈┈┈┈┈┈┈┈┈┈┈┈┈
[INFO] [stderr] 
[INFO] [stderr] ACTUAL OUTPUT:
[INFO] [stderr] ┈┈┈┈┈┈┈┈┈┈┈┈┈┈┈┈┈┈┈┈┈┈┈┈┈┈┈┈┈┈┈┈┈┈┈┈┈┈┈┈┈┈┈┈┈┈┈┈┈┈┈┈┈┈┈┈┈┈┈┈
[INFO] [stderr] error: types with lifetimes or generics aren't allowed
[INFO] [stderr]   --> tests/compilation_tests/import_functions/improper_types.rs:11:21
[INFO] [stderr]    |
[INFO] [stderr] 11 |     fn test(_arg_1: Box<i32>);
[INFO] [stderr]    |                     ^^^
[INFO] [stderr] ┈┈┈┈┈┈┈┈┈┈┈┈┈┈┈┈┈┈┈┈┈┈┈┈┈┈┈┈┈┈┈┈┈┈┈┈┈┈┈┈┈┈┈┈┈┈┈┈┈┈┈┈┈┈┈┈┈┈┈┈
[INFO] [stderr] note: If the actual output is the correct output you can bless it by rerunning
[INFO] [stderr]       your test with the environment variable TRYBUILD=overwrite
[INFO] [stderr] 
[INFO] [stderr] test tests/compilation_tests/records/basic_structs.rs [should pass] ... ok
[INFO] [stderr] test tests/compilation_tests/records/empty_struct.rs [should pass] ... ok
[INFO] [stderr] test tests/compilation_tests/records/struct_with_improper_types.rs [should fail to compile] ... mismatch
[INFO] [stderr] 
[INFO] [stderr] EXPECTED:
[INFO] [stderr] ┈┈┈┈┈┈┈┈┈┈┈┈┈┈┈┈┈┈┈┈┈┈┈┈┈┈┈┈┈┈┈┈┈┈┈┈┈┈┈┈┈┈┈┈┈┈┈┈┈┈┈┈┈┈┈┈┈┈┈┈
[INFO] [stderr] error: types with lifetimes or generics aren't allowed
[INFO] [stderr]  --> $DIR/struct_with_improper_types.rs:7:12
[INFO] [stderr]   |
[INFO] [stderr] 7 |     pub a: Box<i32>,
[INFO] [stderr]   |            ^^^^^^^^
[INFO] [stderr] 
[INFO] [stderr] error: types with lifetimes or generics aren't allowed
[INFO] [stderr]   --> $DIR/struct_with_improper_types.rs:12:21
[INFO] [stderr]    |
[INFO] [stderr] 12 |     pub a: std::rc::Rc<i32>,
[INFO] [stderr]    |                     ^^^^^^^
[INFO] [stderr] 
[INFO] [stderr] error: types with lifetimes or generics aren't allowed
[INFO] [stderr]   --> $DIR/struct_with_improper_types.rs:17:30
[INFO] [stderr]    |
[INFO] [stderr] 17 |     pub a: std::collections::HashMap<i32, String>,
[INFO] [stderr]    |                              ^^^^^^^^^^^^^^^^^^^^
[INFO] [stderr] ┈┈┈┈┈┈┈┈┈┈┈┈┈┈┈┈┈┈┈┈┈┈┈┈┈┈┈┈┈┈┈┈┈┈┈┈┈┈┈┈┈┈┈┈┈┈┈┈┈┈┈┈┈┈┈┈┈┈┈┈
[INFO] [stderr] 
[INFO] [stderr] ACTUAL OUTPUT:
[INFO] [stderr] ┈┈┈┈┈┈┈┈┈┈┈┈┈┈┈┈┈┈┈┈┈┈┈┈┈┈┈┈┈┈┈┈┈┈┈┈┈┈┈┈┈┈┈┈┈┈┈┈┈┈┈┈┈┈┈┈┈┈┈┈
[INFO] [stderr] error: types with lifetimes or generics aren't allowed
[INFO] [stderr]  --> tests/compilation_tests/records/struct_with_improper_types.rs:7:12
[INFO] [stderr]   |
[INFO] [stderr] 7 |     pub a: Box<i32>,
[INFO] [stderr]   |            ^^^
[INFO] [stderr] 
[INFO] [stderr] error: types with lifetimes or generics aren't allowed
[INFO] [stderr]   --> tests/compilation_tests/records/struct_with_improper_types.rs:12:21
[INFO] [stderr]    |
[INFO] [stderr] 12 |     pub a: std::rc::Rc<i32>,
[INFO] [stderr]    |                     ^^
[INFO] [stderr] 
[INFO] [stderr] error: types with lifetimes or generics aren't allowed
[INFO] [stderr]   --> tests/compilation_tests/records/struct_with_improper_types.rs:17:30
[INFO] [stderr]    |
[INFO] [stderr] 17 |     pub a: std::collections::HashMap<i32, String>,
[INFO] [stderr]    |                              ^^^^^^^
[INFO] [stderr] ┈┈┈┈┈┈┈┈┈┈┈┈┈┈┈┈┈┈┈┈┈┈┈┈┈┈┈┈┈┈┈┈┈┈┈┈┈┈┈┈┈┈┈┈┈┈┈┈┈┈┈┈┈┈┈┈┈┈┈┈
[INFO] [stderr] note: If the actual output is the correct output you can bless it by rerunning
[INFO] [stderr]       your test with the environment variable TRYBUILD=overwrite
[INFO] [stderr] 
[INFO] [stderr] test tests/compilation_tests/records/struct_with_private_fields.rs [should fail to compile] ... mismatch
[INFO] [stderr] 
[INFO] [stderr] EXPECTED:
[INFO] [stderr] ┈┈┈┈┈┈┈┈┈┈┈┈┈┈┈┈┈┈┈┈┈┈┈┈┈┈┈┈┈┈┈┈┈┈┈┈┈┈┈┈┈┈┈┈┈┈┈┈┈┈┈┈┈┈┈┈┈┈┈┈
[INFO] [stderr] error: #[marine] could be applied only to struct with all public fields
[INFO] [stderr]  --> $DIR/struct_with_private_fields.rs:9:5
[INFO] [stderr]   |
[INFO] [stderr] 9 |     a: i32,
[INFO] [stderr]   |     ^^^^^^
[INFO] [stderr] ┈┈┈┈┈┈┈┈┈┈┈┈┈┈┈┈┈┈┈┈┈┈┈┈┈┈┈┈┈┈┈┈┈┈┈┈┈┈┈┈┈┈┈┈┈┈┈┈┈┈┈┈┈┈┈┈┈┈┈┈
[INFO] [stderr] 
[INFO] [stderr] ACTUAL OUTPUT:
[INFO] [stderr] ┈┈┈┈┈┈┈┈┈┈┈┈┈┈┈┈┈┈┈┈┈┈┈┈┈┈┈┈┈┈┈┈┈┈┈┈┈┈┈┈┈┈┈┈┈┈┈┈┈┈┈┈┈┈┈┈┈┈┈┈
[INFO] [stderr] error: #[marine] could be applied only to struct with all public fields
[INFO] [stderr]  --> tests/compilation_tests/records/struct_with_private_fields.rs:9:5
[INFO] [stderr]   |
[INFO] [stderr] 9 |     a: i32,
[INFO] [stderr]   |     ^
[INFO] [stderr] ┈┈┈┈┈┈┈┈┈┈┈┈┈┈┈┈┈┈┈┈┈┈┈┈┈┈┈┈┈┈┈┈┈┈┈┈┈┈┈┈┈┈┈┈┈┈┈┈┈┈┈┈┈┈┈┈┈┈┈┈
[INFO] [stderr] note: If the actual output is the correct output you can bless it by rerunning
[INFO] [stderr]       your test with the environment variable TRYBUILD=overwrite
[INFO] [stderr] 
[INFO] [stderr] test tests/compilation_tests/records/unnamed_structs.rs [should fail to compile] ... mismatch
[INFO] [stderr] 
[INFO] [stderr] EXPECTED:
[INFO] [stderr] ┈┈┈┈┈┈┈┈┈┈┈┈┈┈┈┈┈┈┈┈┈┈┈┈┈┈┈┈┈┈┈┈┈┈┈┈┈┈┈┈┈┈┈┈┈┈┈┈┈┈┈┈┈┈┈┈┈┈┈┈
[INFO] [stderr] error: only named fields are allowed in structs
[INFO] [stderr]  --> $DIR/unnamed_structs.rs:8:1
[INFO] [stderr]   |
[INFO] [stderr] 8 | struct A(pub i32, pub u32);
[INFO] [stderr]   | ^^^^^^^^^^^^^^^^^^^^^^^^^^^
[INFO] [stderr] ┈┈┈┈┈┈┈┈┈┈┈┈┈┈┈┈┈┈┈┈┈┈┈┈┈┈┈┈┈┈┈┈┈┈┈┈┈┈┈┈┈┈┈┈┈┈┈┈┈┈┈┈┈┈┈┈┈┈┈┈
[INFO] [stderr] 
[INFO] [stderr] ACTUAL OUTPUT:
[INFO] [stderr] ┈┈┈┈┈┈┈┈┈┈┈┈┈┈┈┈┈┈┈┈┈┈┈┈┈┈┈┈┈┈┈┈┈┈┈┈┈┈┈┈┈┈┈┈┈┈┈┈┈┈┈┈┈┈┈┈┈┈┈┈
[INFO] [stderr] error: only named fields are allowed in structs
[INFO] [stderr]  --> tests/compilation_tests/records/unnamed_structs.rs:8:1
[INFO] [stderr]   |
[INFO] [stderr] 8 | struct A(pub i32, pub u32);
[INFO] [stderr]   | ^^^^^^
[INFO] [stderr] ┈┈┈┈┈┈┈┈┈┈┈┈┈┈┈┈┈┈┈┈┈┈┈┈┈┈┈┈┈┈┈┈┈┈┈┈┈┈┈┈┈┈┈┈┈┈┈┈┈┈┈┈┈┈┈┈┈┈┈┈
[INFO] [stderr] note: If the actual output is the correct output you can bless it by rerunning
[INFO] [stderr]       your test with the environment variable TRYBUILD=overwrite
[INFO] [stderr] 
[INFO] [stderr] 
[INFO] [stderr] 
[INFO] [stdout] test marine_compilation_tests ... FAILED
[INFO] [stdout] 
[INFO] [stdout] failures:
[INFO] [stdout] 
[INFO] [stdout] ---- marine_compilation_tests stdout ----
[INFO] [stdout] thread 'marine_compilation_tests' panicked at /opt/rustwide/cargo-home/registry/src/index.crates.io-6f17d22bba15001f/trybuild-1.0.64/src/run.rs:101:13:
[INFO] [stdout] 8 of 19 tests failed
[INFO] [stdout] stack backtrace:
[INFO] [stdout]    0:     0x55de00fc06bc - std::backtrace_rs::backtrace::libunwind::trace::ha637c64ce894333a
[INFO] [stdout]                                at /rustc/82e1608dfa6e0b5569232559e3d385fea5a93112/library/std/src/../../backtrace/src/backtrace/libunwind.rs:104:5
[INFO] [stdout]    1:     0x55de00fc06bc - std::backtrace_rs::backtrace::trace_unsynchronized::h47f62dea28e0c88d
[INFO] [stdout]                                at /rustc/82e1608dfa6e0b5569232559e3d385fea5a93112/library/std/src/../../backtrace/src/backtrace/mod.rs:66:5
[INFO] [stdout]    2:     0x55de00fc06bc - std::sys_common::backtrace::_print_fmt::h9eef0abe20ede486
[INFO] [stdout]                                at /rustc/82e1608dfa6e0b5569232559e3d385fea5a93112/library/std/src/sys_common/backtrace.rs:67:5
[INFO] [stdout]    3:     0x55de00fc06bc - <std::sys_common::backtrace::_print::DisplayBacktrace as core::fmt::Display>::fmt::hed7f999df88cc644
[INFO] [stdout]                                at /rustc/82e1608dfa6e0b5569232559e3d385fea5a93112/library/std/src/sys_common/backtrace.rs:44:22
[INFO] [stdout]    4:     0x55de00fecaa0 - core::fmt::rt::Argument::fmt::h1539a9308b8d058d
[INFO] [stdout]                                at /rustc/82e1608dfa6e0b5569232559e3d385fea5a93112/library/core/src/fmt/rt.rs:142:9
[INFO] [stdout]    5:     0x55de00fecaa0 - core::fmt::write::h3a39390d8560d9c9
[INFO] [stdout]                                at /rustc/82e1608dfa6e0b5569232559e3d385fea5a93112/library/core/src/fmt/mod.rs:1120:17
[INFO] [stdout]    6:     0x55de00fbd56f - std::io::Write::write_fmt::h040b369f3a0f9cbc
[INFO] [stdout]                                at /rustc/82e1608dfa6e0b5569232559e3d385fea5a93112/library/std/src/io/mod.rs:1762:15
[INFO] [stdout]    7:     0x55de00fc04a4 - std::sys_common::backtrace::_print::h894006fb5c6f3d45
[INFO] [stdout]                                at /rustc/82e1608dfa6e0b5569232559e3d385fea5a93112/library/std/src/sys_common/backtrace.rs:47:5
[INFO] [stdout]    8:     0x55de00fc04a4 - std::sys_common::backtrace::print::h23a2d212c6fff936
[INFO] [stdout]                                at /rustc/82e1608dfa6e0b5569232559e3d385fea5a93112/library/std/src/sys_common/backtrace.rs:34:9
[INFO] [stdout]    9:     0x55de00fc2167 - std::panicking::default_hook::{{closure}}::h8a1d2ee00185001a
[INFO] [stdout]   10:     0x55de00fc1e53 - std::panicking::default_hook::h6038f2eba384e475
[INFO] [stdout]                                at /rustc/82e1608dfa6e0b5569232559e3d385fea5a93112/library/std/src/panicking.rs:289:9
[INFO] [stdout]   11:     0x55de00f90957 - <alloc::boxed::Box<F,A> as core::ops::function::Fn<Args>>::call::h0ad024c9bdc6d768
[INFO] [stdout]                                at /rustc/82e1608dfa6e0b5569232559e3d385fea5a93112/library/alloc/src/boxed.rs:2021:9
[INFO] [stdout]   12:     0x55de00f90957 - test::test_main::{{closure}}::h7500b54257359db6
[INFO] [stdout]                                at /rustc/82e1608dfa6e0b5569232559e3d385fea5a93112/library/test/src/lib.rs:138:21
[INFO] [stdout]   13:     0x55de00fc2778 - <alloc::boxed::Box<F,A> as core::ops::function::Fn<Args>>::call::h1f8f335eaa9cfaee
[INFO] [stdout]                                at /rustc/82e1608dfa6e0b5569232559e3d385fea5a93112/library/alloc/src/boxed.rs:2021:9
[INFO] [stdout]   14:     0x55de00fc2778 - std::panicking::rust_panic_with_hook::h2b5517d590cab22e
[INFO] [stdout]                                at /rustc/82e1608dfa6e0b5569232559e3d385fea5a93112/library/std/src/panicking.rs:783:13
[INFO] [stdout]   15:     0x55de00fc24ce - std::panicking::begin_panic_handler::{{closure}}::h233112c06e0ef43e
[INFO] [stdout]                                at /rustc/82e1608dfa6e0b5569232559e3d385fea5a93112/library/std/src/panicking.rs:657:13
[INFO] [stdout]   16:     0x55de00fc0b86 - std::sys_common::backtrace::__rust_end_short_backtrace::h6e893f24d7ebbff8
[INFO] [stdout]                                at /rustc/82e1608dfa6e0b5569232559e3d385fea5a93112/library/std/src/sys_common/backtrace.rs:170:18
[INFO] [stdout]   17:     0x55de00fc2232 - rust_begin_unwind
[INFO] [stdout]                                at /rustc/82e1608dfa6e0b5569232559e3d385fea5a93112/library/std/src/panicking.rs:645:5
[INFO] [stdout]   18:     0x55de00d7dfc5 - core::panicking::panic_fmt::hbf0e066aabfa482c
[INFO] [stdout]                                at /rustc/82e1608dfa6e0b5569232559e3d385fea5a93112/library/core/src/panicking.rs:72:14
[INFO] [stdout]   19:     0x55de00d8ccd3 - trybuild::run::<impl trybuild::Runner>::run::h864b14f952274bf2
[INFO] [stdout]                                at /opt/rustwide/cargo-home/registry/src/index.crates.io-6f17d22bba15001f/trybuild-1.0.64/src/run.rs:101:13
[INFO] [stdout]   20:     0x55de00d91a38 - <trybuild::TestCases as core::ops::drop::Drop>::drop::hca6ae8dee7ae6298
[INFO] [stdout]                                at /opt/rustwide/cargo-home/registry/src/index.crates.io-6f17d22bba15001f/trybuild-1.0.64/src/lib.rs:310:13
[INFO] [stdout]   21:     0x55de00d7ebc7 - core::ptr::drop_in_place<trybuild::TestCases>::h32c023d1fb00caea
[INFO] [stdout]                                at /rustc/82e1608dfa6e0b5569232559e3d385fea5a93112/library/core/src/ptr/mod.rs:498:1
[INFO] [stdout]   22:     0x55de00d7fe46 - compilation_tests_runner::marine_compilation_tests::h6b67273904e2187b
[INFO] [stdout]                                at /opt/rustwide/workdir/tests/compilation_tests_runner.rs:25:1
[INFO] [stdout]   23:     0x55de00d7fc27 - compilation_tests_runner::marine_compilation_tests::{{closure}}::hab25c7a0808b0dee
[INFO] [stdout]                                at /opt/rustwide/workdir/tests/compilation_tests_runner.rs:2:30
[INFO] [stdout]   24:     0x55de00d7eb26 - core::ops::function::FnOnce::call_once::h3afa83265784dee9
[INFO] [stdout]                                at /rustc/82e1608dfa6e0b5569232559e3d385fea5a93112/library/core/src/ops/function.rs:250:5
[INFO] [stdout]   25:     0x55de00f95faf - core::ops::function::FnOnce::call_once::h2b5d431d5046312d
[INFO] [stdout]                                at /rustc/82e1608dfa6e0b5569232559e3d385fea5a93112/library/core/src/ops/function.rs:250:5
[INFO] [stdout]   26:     0x55de00f95faf - test::__rust_begin_short_backtrace::h7714669af176e207
[INFO] [stdout]                                at /rustc/82e1608dfa6e0b5569232559e3d385fea5a93112/library/test/src/lib.rs:628:18
[INFO] [stdout]   27:     0x55de00f94fc5 - test::run_test_in_process::{{closure}}::h85218797dcbcec12
[INFO] [stdout]                                at /rustc/82e1608dfa6e0b5569232559e3d385fea5a93112/library/test/src/lib.rs:651:60
[INFO] [stdout]   28:     0x55de00f94fc5 - <core::panic::unwind_safe::AssertUnwindSafe<F> as core::ops::function::FnOnce<()>>::call_once::h76c106ea31c14d7b
[INFO] [stdout]                                at /rustc/82e1608dfa6e0b5569232559e3d385fea5a93112/library/core/src/panic/unwind_safe.rs:272:9
[INFO] [stdout]   29:     0x55de00f94fc5 - std::panicking::try::do_call::h3bd5d0f6620ee946
[INFO] [stdout]                                at /rustc/82e1608dfa6e0b5569232559e3d385fea5a93112/library/std/src/panicking.rs:552:40
[INFO] [stdout]   30:     0x55de00f94fc5 - std::panicking::try::h232e535e4744fe31
[INFO] [stdout]                                at /rustc/82e1608dfa6e0b5569232559e3d385fea5a93112/library/std/src/panicking.rs:516:19
[INFO] [stdout]   31:     0x55de00f94fc5 - std::panic::catch_unwind::h3ce3bd6ca8dbac68
[INFO] [stdout]                                at /rustc/82e1608dfa6e0b5569232559e3d385fea5a93112/library/std/src/panic.rs:142:14
[INFO] [stdout]   32:     0x55de00f94fc5 - test::run_test_in_process::hc97b257c9621286a
[INFO] [stdout]                                at /rustc/82e1608dfa6e0b5569232559e3d385fea5a93112/library/test/src/lib.rs:651:27
[INFO] [stdout]   33:     0x55de00f94fc5 - test::run_test::{{closure}}::h2aa798823a438d38
[INFO] [stdout]                                at /rustc/82e1608dfa6e0b5569232559e3d385fea5a93112/library/test/src/lib.rs:574:43
[INFO] [stdout]   34:     0x55de00f5d286 - test::run_test::{{closure}}::h87d231c78fb59832
[INFO] [stdout]                                at /rustc/82e1608dfa6e0b5569232559e3d385fea5a93112/library/test/src/lib.rs:602:41
[INFO] [stdout]   35:     0x55de00f5d286 - std::sys_common::backtrace::__rust_begin_short_backtrace::he6df152596625789
[INFO] [stdout]                                at /rustc/82e1608dfa6e0b5569232559e3d385fea5a93112/library/std/src/sys_common/backtrace.rs:154:18
[INFO] [stdout]   36:     0x55de00f62337 - std::thread::Builder::spawn_unchecked_::{{closure}}::{{closure}}::ha94be15d1e0acf36
[INFO] [stdout]                                at /rustc/82e1608dfa6e0b5569232559e3d385fea5a93112/library/std/src/thread/mod.rs:529:17
[INFO] [stdout]   37:     0x55de00f62337 - <core::panic::unwind_safe::AssertUnwindSafe<F> as core::ops::function::FnOnce<()>>::call_once::h9dc6bd6372f16606
[INFO] [stdout]                                at /rustc/82e1608dfa6e0b5569232559e3d385fea5a93112/library/core/src/panic/unwind_safe.rs:272:9
[INFO] [stdout]   38:     0x55de00f62337 - std::panicking::try::do_call::h9057517f80303cd4
[INFO] [stdout]                                at /rustc/82e1608dfa6e0b5569232559e3d385fea5a93112/library/std/src/panicking.rs:552:40
[INFO] [stdout]   39:     0x55de00f62337 - std::panicking::try::he3a30b11ee45340c
[INFO] [stdout]                                at /rustc/82e1608dfa6e0b5569232559e3d385fea5a93112/library/std/src/panicking.rs:516:19
[INFO] [stdout]   40:     0x55de00f62337 - std::panic::catch_unwind::h410458cfd3528b8b
[INFO] [stdout]                                at /rustc/82e1608dfa6e0b5569232559e3d385fea5a93112/library/std/src/panic.rs:142:14
[INFO] [stdout]   41:     0x55de00f62337 - std::thread::Builder::spawn_unchecked_::{{closure}}::h72ac3bdb567b737b
[INFO] [stdout]                                at /rustc/82e1608dfa6e0b5569232559e3d385fea5a93112/library/std/src/thread/mod.rs:528:30
[INFO] [stdout]   42:     0x55de00f62337 - core::ops::function::FnOnce::call_once{{vtable.shim}}::h38f34da3654a8344
[INFO] [stdout]                                at /rustc/82e1608dfa6e0b5569232559e3d385fea5a93112/library/core/src/ops/function.rs:250:5
[INFO] [stdout]   43:     0x55de00fc8355 - <alloc::boxed::Box<F,A> as core::ops::function::FnOnce<Args>>::call_once::hc7eafaff61e32df9
[INFO] [stdout]                                at /rustc/82e1608dfa6e0b5569232559e3d385fea5a93112/library/alloc/src/boxed.rs:2007:9
[INFO] [stdout]   44:     0x55de00fc8355 - <alloc::boxed::Box<F,A> as core::ops::function::FnOnce<Args>>::call_once::h6ba4a5de48dd2304
[INFO] [stdout]                                at /rustc/82e1608dfa6e0b5569232559e3d385fea5a93112/library/alloc/src/boxed.rs:2007:9
[INFO] [stdout]   45:     0x55de00fc8355 - std::sys::unix::thread::Thread::new::thread_start::he469335aef763e45
[INFO] [stdout]                                at /rustc/82e1608dfa6e0b5569232559e3d385fea5a93112/library/std/src/sys/unix/thread.rs:108:17
[INFO] [stdout]   46:     0x7fc729796ac3 - <unknown>
[INFO] [stdout]   47:     0x7fc729827bf4 - __clone
[INFO] [stdout]   48:                0x0 - <unknown>
[INFO] [stdout] 
[INFO] [stdout] 
[INFO] [stdout] failures:
[INFO] [stdout]     marine_compilation_tests
[INFO] [stdout] 
[INFO] [stdout] test result: FAILED. 0 passed; 1 failed; 0 ignored; 0 measured; 0 filtered out; finished in 23.57s
[INFO] [stdout] 
[INFO] [stderr] error: test failed, to rerun pass `--test compilation_tests_runner`
[INFO] running `Command { std: "docker" "inspect" "d53e0fb30e2038f857cc5355a64b23566651c62b5717e9bc02ab08d157914a54", kill_on_drop: false }`
[INFO] running `Command { std: "docker" "rm" "-f" "d53e0fb30e2038f857cc5355a64b23566651c62b5717e9bc02ab08d157914a54", kill_on_drop: false }`
[INFO] [stdout] d53e0fb30e2038f857cc5355a64b23566651c62b5717e9bc02ab08d157914a54
[INFO] testing fluence-0.6.9 against beta-2023-12-22 for beta-1.76-1
[INFO] extracting crate fluence 0.6.9 into /workspace/builds/worker-0-tc2/source
[INFO] validating manifest of crates.io crate fluence 0.6.9 on toolchain beta-2023-12-22
[INFO] running `Command { std: CARGO_HOME="/workspace/cargo-home" RUSTUP_HOME="/workspace/rustup-home" "/workspace/cargo-home/bin/cargo" "+beta-2023-12-22" "metadata" "--manifest-path" "Cargo.toml" "--no-deps", kill_on_drop: false }`
[INFO] started tweaking crates.io crate fluence 0.6.9
[INFO] finished tweaking crates.io crate fluence 0.6.9
[INFO] tweaked toml for crates.io crate fluence 0.6.9 written to /workspace/builds/worker-0-tc2/source/Cargo.toml
[INFO] running `Command { std: CARGO_HOME="/workspace/cargo-home" RUSTUP_HOME="/workspace/rustup-home" "/workspace/cargo-home/bin/cargo" "+beta-2023-12-22" "generate-lockfile" "--manifest-path" "Cargo.toml", kill_on_drop: false }`
[INFO] [stderr]     Updating crates.io index
[INFO] running `Command { std: CARGO_HOME="/workspace/cargo-home" RUSTUP_HOME="/workspace/rustup-home" "/workspace/cargo-home/bin/cargo" "+beta-2023-12-22" "fetch" "--manifest-path" "Cargo.toml", kill_on_drop: false }`
[INFO] running `Command { std: "docker" "create" "-v" "/var/lib/crater-agent-workspace/builds/worker-0-tc2/target:/opt/rustwide/target:rw,Z" "-v" "/var/lib/crater-agent-workspace/builds/worker-0-tc2/source:/opt/rustwide/workdir:ro,Z" "-v" "/var/lib/crater-agent-workspace/cargo-home:/opt/rustwide/cargo-home:ro,Z" "-v" "/var/lib/crater-agent-workspace/rustup-home:/opt/rustwide/rustup-home:ro,Z" "-e" "SOURCE_DIR=/opt/rustwide/workdir" "-e" "CARGO_TARGET_DIR=/opt/rustwide/target" "-e" "CARGO_HOME=/opt/rustwide/cargo-home" "-e" "RUSTUP_HOME=/opt/rustwide/rustup-home" "-w" "/opt/rustwide/workdir" "-m" "1610612736" "--user" "0:0" "--network" "none" "ghcr.io/rust-lang/crates-build-env/linux@sha256:2788e3201cd34a07e3172128adcd8b3090168a8e3bcc40d7c032b9dda1df7d1c" "/opt/rustwide/cargo-home/bin/cargo" "+beta-2023-12-22" "metadata" "--no-deps" "--format-version=1", kill_on_drop: false }`
[INFO] [stdout] f84e34fa413093a239d360fc00e6ab5f81d16ff1135dc7122e72535775afa206
[INFO] running `Command { std: "docker" "start" "-a" "f84e34fa413093a239d360fc00e6ab5f81d16ff1135dc7122e72535775afa206", kill_on_drop: false }`
[INFO] running `Command { std: "docker" "inspect" "f84e34fa413093a239d360fc00e6ab5f81d16ff1135dc7122e72535775afa206", kill_on_drop: false }`
[INFO] running `Command { std: "docker" "rm" "-f" "f84e34fa413093a239d360fc00e6ab5f81d16ff1135dc7122e72535775afa206", kill_on_drop: false }`
[INFO] [stdout] f84e34fa413093a239d360fc00e6ab5f81d16ff1135dc7122e72535775afa206
[INFO] running `Command { std: "docker" "create" "-v" "/var/lib/crater-agent-workspace/builds/worker-0-tc2/target:/opt/rustwide/target:rw,Z" "-v" "/var/lib/crater-agent-workspace/builds/worker-0-tc2/source:/opt/rustwide/workdir:ro,Z" "-v" "/var/lib/crater-agent-workspace/cargo-home:/opt/rustwide/cargo-home:ro,Z" "-v" "/var/lib/crater-agent-workspace/rustup-home:/opt/rustwide/rustup-home:ro,Z" "-e" "SOURCE_DIR=/opt/rustwide/workdir" "-e" "CARGO_TARGET_DIR=/opt/rustwide/target" "-e" "CARGO_INCREMENTAL=0" "-e" "RUST_BACKTRACE=full" "-e" "RUSTFLAGS=--cap-lints=warn" "-e" "RUSTDOCFLAGS=--cap-lints=warn" "-e" "CARGO_HOME=/opt/rustwide/cargo-home" "-e" "RUSTUP_HOME=/opt/rustwide/rustup-home" "-w" "/opt/rustwide/workdir" "-m" "1610612736" "--user" "0:0" "--network" "none" "ghcr.io/rust-lang/crates-build-env/linux@sha256:2788e3201cd34a07e3172128adcd8b3090168a8e3bcc40d7c032b9dda1df7d1c" "/opt/rustwide/cargo-home/bin/cargo" "+beta-2023-12-22" "build" "--frozen" "--message-format=json", kill_on_drop: false }`
[INFO] [stdout] 7af849ae67915119914f307b81bf61c62aab80fe7c4fa4339bb9d26d8a6ee419
[INFO] running `Command { std: "docker" "start" "-a" "7af849ae67915119914f307b81bf61c62aab80fe7c4fa4339bb9d26d8a6ee419", kill_on_drop: false }`
[INFO] [stderr]    Compiling serde_derive v1.0.118
[INFO] [stderr]    Compiling libc v0.2.151
[INFO] [stderr]    Compiling serde v1.0.118
[INFO] [stderr]    Compiling cfg-if v1.0.0
[INFO] [stderr]    Compiling serde_json v1.0.99
[INFO] [stderr]    Compiling num-traits v0.2.17
[INFO] [stderr]    Compiling itoa v1.0.10
[INFO] [stderr]    Compiling syn v1.0.109
[INFO] [stderr]    Compiling ryu v1.0.16
[INFO] [stderr]    Compiling iana-time-zone v0.1.59
[INFO] [stderr]    Compiling log v0.4.20
[INFO] [stderr]    Compiling chrono v0.4.31
[INFO] [stderr]    Compiling getrandom v0.2.11
[INFO] [stderr]    Compiling uuid v0.8.2
[INFO] [stderr]    Compiling marine-timestamp-macro v0.6.9
[INFO] [stderr]    Compiling marine-macro-impl v0.6.9
[INFO] [stderr]    Compiling marine-macro v0.6.9
[INFO] [stderr]    Compiling fluence-sdk-main v0.6.9
[INFO] [stderr]    Compiling fluence v0.6.9 (/opt/rustwide/workdir)
[INFO] [stderr]     Finished dev [unoptimized + debuginfo] target(s) in 14.51s
[INFO] [stderr] warning: the following packages contain code that will be rejected by a future version of Rust: marine-macro-impl v0.6.9
[INFO] [stderr] note: to see what the problems were, use the option `--future-incompat-report`, or run `cargo report future-incompatibilities --id 2`
[INFO] running `Command { std: "docker" "inspect" "7af849ae67915119914f307b81bf61c62aab80fe7c4fa4339bb9d26d8a6ee419", kill_on_drop: false }`
[INFO] running `Command { std: "docker" "rm" "-f" "7af849ae67915119914f307b81bf61c62aab80fe7c4fa4339bb9d26d8a6ee419", kill_on_drop: false }`
[INFO] [stdout] 7af849ae67915119914f307b81bf61c62aab80fe7c4fa4339bb9d26d8a6ee419
[INFO] running `Command { std: "docker" "create" "-v" "/var/lib/crater-agent-workspace/builds/worker-0-tc2/target:/opt/rustwide/target:rw,Z" "-v" "/var/lib/crater-agent-workspace/builds/worker-0-tc2/source:/opt/rustwide/workdir:ro,Z" "-v" "/var/lib/crater-agent-workspace/cargo-home:/opt/rustwide/cargo-home:ro,Z" "-v" "/var/lib/crater-agent-workspace/rustup-home:/opt/rustwide/rustup-home:ro,Z" "-e" "SOURCE_DIR=/opt/rustwide/workdir" "-e" "CARGO_TARGET_DIR=/opt/rustwide/target" "-e" "CARGO_INCREMENTAL=0" "-e" "RUST_BACKTRACE=full" "-e" "RUSTFLAGS=--cap-lints=warn" "-e" "RUSTDOCFLAGS=--cap-lints=warn" "-e" "CARGO_HOME=/opt/rustwide/cargo-home" "-e" "RUSTUP_HOME=/opt/rustwide/rustup-home" "-w" "/opt/rustwide/workdir" "-m" "1610612736" "--user" "0:0" "--network" "none" "ghcr.io/rust-lang/crates-build-env/linux@sha256:2788e3201cd34a07e3172128adcd8b3090168a8e3bcc40d7c032b9dda1df7d1c" "/opt/rustwide/cargo-home/bin/cargo" "+beta-2023-12-22" "test" "--frozen" "--no-run" "--message-format=json", kill_on_drop: false }`
[INFO] [stdout] 0a8274f96f34a397a7c638ef8569ef2a488895f630eb95df7f4ad0114d236043
[INFO] running `Command { std: "docker" "start" "-a" "0a8274f96f34a397a7c638ef8569ef2a488895f630eb95df7f4ad0114d236043", kill_on_drop: false }`
[INFO] [stderr]    Compiling itoa v1.0.10
[INFO] [stderr]    Compiling serde_json v1.0.99
[INFO] [stderr]    Compiling ryu v1.0.16
[INFO] [stderr]    Compiling trybuild v1.0.64
[INFO] [stderr]    Compiling glob v0.3.1
[INFO] [stderr]    Compiling termcolor v1.4.0
[INFO] [stderr]    Compiling toml v0.5.11
[INFO] [stderr]    Compiling once_cell v1.19.0
[INFO] [stderr]    Compiling marine-macro-impl v0.6.9
[INFO] [stderr]    Compiling marine-macro v0.6.9
[INFO] [stderr]    Compiling fluence-sdk-main v0.6.9
[INFO] [stderr]    Compiling fluence v0.6.9 (/opt/rustwide/workdir)
[INFO] [stderr]     Finished test [unoptimized + debuginfo] target(s) in 6.65s
[INFO] [stderr] warning: the following packages contain code that will be rejected by a future version of Rust: marine-macro-impl v0.6.9
[INFO] [stderr] note: to see what the problems were, use the option `--future-incompat-report`, or run `cargo report future-incompatibilities --id 2`
[INFO] running `Command { std: "docker" "inspect" "0a8274f96f34a397a7c638ef8569ef2a488895f630eb95df7f4ad0114d236043", kill_on_drop: false }`
[INFO] running `Command { std: "docker" "rm" "-f" "0a8274f96f34a397a7c638ef8569ef2a488895f630eb95df7f4ad0114d236043", kill_on_drop: false }`
[INFO] [stdout] 0a8274f96f34a397a7c638ef8569ef2a488895f630eb95df7f4ad0114d236043
[INFO] running `Command { std: "docker" "create" "-v" "/var/lib/crater-agent-workspace/builds/worker-0-tc2/target:/opt/rustwide/target:rw,Z" "-v" "/var/lib/crater-agent-workspace/builds/worker-0-tc2/source:/opt/rustwide/workdir:ro,Z" "-v" "/var/lib/crater-agent-workspace/cargo-home:/opt/rustwide/cargo-home:ro,Z" "-v" "/var/lib/crater-agent-workspace/rustup-home:/opt/rustwide/rustup-home:ro,Z" "-e" "SOURCE_DIR=/opt/rustwide/workdir" "-e" "CARGO_TARGET_DIR=/opt/rustwide/target" "-e" "CARGO_INCREMENTAL=0" "-e" "RUST_BACKTRACE=full" "-e" "RUSTFLAGS=--cap-lints=warn" "-e" "RUSTDOCFLAGS=--cap-lints=warn" "-e" "CARGO_HOME=/opt/rustwide/cargo-home" "-e" "RUSTUP_HOME=/opt/rustwide/rustup-home" "-w" "/opt/rustwide/workdir" "-m" "1610612736" "--user" "0:0" "--network" "none" "ghcr.io/rust-lang/crates-build-env/linux@sha256:2788e3201cd34a07e3172128adcd8b3090168a8e3bcc40d7c032b9dda1df7d1c" "/opt/rustwide/cargo-home/bin/cargo" "+beta-2023-12-22" "test" "--frozen", kill_on_drop: false }`
[INFO] [stdout] c7d38d404896135d0e870d54a710a2d1f78b2ee2f2fb750a7a3d5ac3ebd21196
[INFO] running `Command { std: "docker" "start" "-a" "c7d38d404896135d0e870d54a710a2d1f78b2ee2f2fb750a7a3d5ac3ebd21196", kill_on_drop: false }`
[INFO] [stderr]     Finished test [unoptimized + debuginfo] target(s) in 0.04s
[INFO] [stderr] warning: the following packages contain code that will be rejected by a future version of Rust: marine-macro-impl v0.6.9
[INFO] [stderr] note: to see what the problems were, use the option `--future-incompat-report`, or run `cargo report future-incompatibilities --id 2`
[INFO] [stderr]      Running unittests src/lib.rs (/opt/rustwide/target/debug/deps/fluence-e9af70431d2ab68e)
[INFO] [stdout] 
[INFO] [stderr]      Running tests/compilation_tests_runner.rs (/opt/rustwide/target/debug/deps/compilation_tests_runner-530bddaabd93774f)
[INFO] [stdout] running 0 tests
[INFO] [stdout] 
[INFO] [stdout] test result: ok. 0 passed; 0 failed; 0 ignored; 0 measured; 0 filtered out; finished in 0.00s
[INFO] [stdout] 
[INFO] [stdout] 
[INFO] [stdout] running 1 test
[INFO] [stderr]    Compiling proc-macro2 v1.0.75
[INFO] [stderr]    Compiling unicode-ident v1.0.12
[INFO] [stderr]    Compiling syn v1.0.109
[INFO] [stderr]    Compiling serde_derive v1.0.118
[INFO] [stderr]    Compiling serde v1.0.118
[INFO] [stderr]    Compiling libc v0.2.151
[INFO] [stderr]    Compiling serde_json v1.0.99
[INFO] [stderr]    Compiling cfg-if v1.0.0
[INFO] [stderr]    Compiling autocfg v1.1.0
[INFO] [stderr]    Compiling ryu v1.0.16
[INFO] [stderr]    Compiling itoa v1.0.10
[INFO] [stderr]    Compiling iana-time-zone v0.1.59
[INFO] [stderr]    Compiling log v0.4.20
[INFO] [stderr]    Compiling num-traits v0.2.17
[INFO] [stderr]    Compiling quote v1.0.35
[INFO] [stderr]    Compiling getrandom v0.2.11
[INFO] [stderr]    Compiling uuid v0.8.2
[INFO] [stderr]    Compiling chrono v0.4.31
[INFO] [stderr]    Compiling marine-timestamp-macro v0.6.9
[INFO] [stderr]    Compiling marine-macro-impl v0.6.9
[INFO] [stderr]    Compiling marine-macro v0.6.9
[INFO] [stderr]    Compiling fluence-sdk-main v0.6.9
[INFO] [stderr]    Compiling fluence v0.6.9 (/opt/rustwide/workdir)
[INFO] [stderr]    Compiling fluence-tests v0.0.0 (/opt/rustwide/target/tests/fluence)
[INFO] [stderr]     Finished dev [unoptimized + debuginfo] target(s) in 14.47s
[INFO] [stderr] warning: the following packages contain code that will be rejected by a future version of Rust: marine-macro-impl v0.6.9
[INFO] [stderr] note: to see what the problems were, use the option `--future-incompat-report`, or run `cargo report future-incompatibilities --id 1`
[INFO] [stderr] 
[INFO] [stderr] 
[INFO] [stderr] test tests/compilation_tests/export_functions/array_inner_refs.rs [should fail to compile] ... mismatch
[INFO] [stderr] 
[INFO] [stderr] EXPECTED:
[INFO] [stderr] ┈┈┈┈┈┈┈┈┈┈┈┈┈┈┈┈┈┈┈┈┈┈┈┈┈┈┈┈┈┈┈┈┈┈┈┈┈┈┈┈┈┈┈┈┈┈┈┈┈┈┈┈┈┈┈┈┈┈┈┈
[INFO] [stderr] error: a vector type in arguments of export functions shouldn't contain references
[INFO] [stderr]   --> $DIR/array_inner_refs.rs:13:23
[INFO] [stderr]    |
[INFO] [stderr] 13 | pub fn inner_arrays_1(_arg: Vec<&Vec<Vec<Vec<u8>>>>) -> Vec<Vec<Vec<Vec<u8>>>> {
[INFO] [stderr]    |                       ^^^^^^^^^^^^^^^^^^^^^^^^^^^^^
[INFO] [stderr] 
[INFO] [stderr] error: a vector type in arguments of export functions shouldn't contain references
[INFO] [stderr]   --> $DIR/array_inner_refs.rs:18:23
[INFO] [stderr]    |
[INFO] [stderr] 18 | pub fn inner_arrays_2(_arg: Vec<Vec<&Vec<Vec<u8>>>>) -> Vec<Vec<Vec<Vec<u8>>>> {
[INFO] [stderr]    |                       ^^^^^^^^^^^^^^^^^^^^^^^^^^^^^
[INFO] [stderr] 
[INFO] [stderr] error: a vector type in arguments of export functions shouldn't contain references
[INFO] [stderr]   --> $DIR/array_inner_refs.rs:23:23
[INFO] [stderr]    |
[INFO] [stderr] 23 | pub fn inner_arrays_3(_arg: Vec<Vec<Vec<&Vec<u8>>>>) -> Vec<Vec<Vec<Vec<u8>>>> {
[INFO] [stderr]    |                       ^^^^^^^^^^^^^^^^^^^^^^^^^^^^^
[INFO] [stderr] 
[INFO] [stderr] error: a vector type in arguments of export functions shouldn't contain references
[INFO] [stderr]   --> $DIR/array_inner_refs.rs:28:23
[INFO] [stderr]    |
[INFO] [stderr] 28 | pub fn inner_arrays_4(_arg: Vec<Vec<Vec<Vec<&u8>>>>) -> Vec<Vec<Vec<Vec<u8>>>> {
[INFO] [stderr]    |                       ^^^^^^^^^^^^^^^^^^^^^^^^^^^^^
[INFO] [stderr] 
[INFO] [stderr] error: a vector type in arguments of export functions shouldn't contain references
[INFO] [stderr]   --> $DIR/array_inner_refs.rs:33:35
[INFO] [stderr]    |
[INFO] [stderr] 33 | pub fn inner_arrays_5(_arg1: i32, _arg2: Vec<Vec<Vec<&Vec<u8>>>>, _arg3: i32) -> Vec<Vec<Vec<Vec<u8>>>> {
[INFO] [stderr]    |                                   ^^^^^^^^^^^^^^^^^^^^^^^^^^^^^^
[INFO] [stderr] ┈┈┈┈┈┈┈┈┈┈┈┈┈┈┈┈┈┈┈┈┈┈┈┈┈┈┈┈┈┈┈┈┈┈┈┈┈┈┈┈┈┈┈┈┈┈┈┈┈┈┈┈┈┈┈┈┈┈┈┈
[INFO] [stderr] 
[INFO] [stderr] ACTUAL OUTPUT:
[INFO] [stderr] ┈┈┈┈┈┈┈┈┈┈┈┈┈┈┈┈┈┈┈┈┈┈┈┈┈┈┈┈┈┈┈┈┈┈┈┈┈┈┈┈┈┈┈┈┈┈┈┈┈┈┈┈┈┈┈┈┈┈┈┈
[INFO] [stderr] error: a vector type in arguments of export functions shouldn't contain references
[INFO] [stderr]   --> tests/compilation_tests/export_functions/array_inner_refs.rs:13:23
[INFO] [stderr]    |
[INFO] [stderr] 13 | pub fn inner_arrays_1(_arg: Vec<&Vec<Vec<Vec<u8>>>>) -> Vec<Vec<Vec<Vec<u8>>>> {
[INFO] [stderr]    |                       ^^^^
[INFO] [stderr] 
[INFO] [stderr] error: a vector type in arguments of export functions shouldn't contain references
[INFO] [stderr]   --> tests/compilation_tests/export_functions/array_inner_refs.rs:18:23
[INFO] [stderr]    |
[INFO] [stderr] 18 | pub fn inner_arrays_2(_arg: Vec<Vec<&Vec<Vec<u8>>>>) -> Vec<Vec<Vec<Vec<u8>>>> {
[INFO] [stderr]    |                       ^^^^
[INFO] [stderr] 
[INFO] [stderr] error: a vector type in arguments of export functions shouldn't contain references
[INFO] [stderr]   --> tests/compilation_tests/export_functions/array_inner_refs.rs:23:23
[INFO] [stderr]    |
[INFO] [stderr] 23 | pub fn inner_arrays_3(_arg: Vec<Vec<Vec<&Vec<u8>>>>) -> Vec<Vec<Vec<Vec<u8>>>> {
[INFO] [stderr]    |                       ^^^^
[INFO] [stderr] 
[INFO] [stderr] error: a vector type in arguments of export functions shouldn't contain references
[INFO] [stderr]   --> tests/compilation_tests/export_functions/array_inner_refs.rs:28:23
[INFO] [stderr]    |
[INFO] [stderr] 28 | pub fn inner_arrays_4(_arg: Vec<Vec<Vec<Vec<&u8>>>>) -> Vec<Vec<Vec<Vec<u8>>>> {
[INFO] [stderr]    |                       ^^^^
[INFO] [stderr] 
[INFO] [stderr] error: a vector type in arguments of export functions shouldn't contain references
[INFO] [stderr]   --> tests/compilation_tests/export_functions/array_inner_refs.rs:33:35
[INFO] [stderr]    |
[INFO] [stderr] 33 | pub fn inner_arrays_5(_arg1: i32, _arg2: Vec<Vec<Vec<&Vec<u8>>>>, _arg3: i32) -> Vec<Vec<Vec<Vec<u8>>>> {
[INFO] [stderr]    |                                   ^^^^^
[INFO] [stderr] ┈┈┈┈┈┈┈┈┈┈┈┈┈┈┈┈┈┈┈┈┈┈┈┈┈┈┈┈┈┈┈┈┈┈┈┈┈┈┈┈┈┈┈┈┈┈┈┈┈┈┈┈┈┈┈┈┈┈┈┈
[INFO] [stderr] note: If the actual output is the correct output you can bless it by rerunning
[INFO] [stderr]       your test with the environment variable TRYBUILD=overwrite
[INFO] [stderr] 
[INFO] [stderr] test tests/compilation_tests/export_functions/arrays.rs [should pass] ... ok
[INFO] [stderr] test tests/compilation_tests/export_functions/ref_arrays.rs [should pass] ... ok
[INFO] [stderr] test tests/compilation_tests/export_functions/inner_vec_refs.rs [should fail to compile] ... mismatch
[INFO] [stderr] 
[INFO] [stderr] EXPECTED:
[INFO] [stderr] ┈┈┈┈┈┈┈┈┈┈┈┈┈┈┈┈┈┈┈┈┈┈┈┈┈┈┈┈┈┈┈┈┈┈┈┈┈┈┈┈┈┈┈┈┈┈┈┈┈┈┈┈┈┈┈┈┈┈┈┈
[INFO] [stderr] error: a vector type in output types of export functions shouldn't contain references
[INFO] [stderr]  --> $DIR/inner_vec_refs.rs:8:54
[INFO] [stderr]   |
[INFO] [stderr] 8 | pub fn inner_arrays_2(_arg: &Vec<Vec<Vec<Vec<u8>>>>) -> &Vec<Vec<&Vec<Vec<u8>>>> {
[INFO] [stderr]   |                                                      ^^^^^^^^^^^^^^^^^^^^^^^^^^^
[INFO] [stderr] 
[INFO] [stderr] error: a vector type in output types of export functions shouldn't contain references
[INFO] [stderr]   --> $DIR/inner_vec_refs.rs:13:54
[INFO] [stderr]    |
[INFO] [stderr] 13 | pub fn inner_arrays_3(_arg: &Vec<Vec<Vec<Vec<u8>>>>) -> &Vec<&Vec<&Vec<&Vec<&u8>>>> {
[INFO] [stderr]    |                                                      ^^^^^^^^^^^^^^^^^^^^^^^^^^^^^^
[INFO] [stderr] ┈┈┈┈┈┈┈┈┈┈┈┈┈┈┈┈┈┈┈┈┈┈┈┈┈┈┈┈┈┈┈┈┈┈┈┈┈┈┈┈┈┈┈┈┈┈┈┈┈┈┈┈┈┈┈┈┈┈┈┈
[INFO] [stderr] 
[INFO] [stderr] ACTUAL OUTPUT:
[INFO] [stderr] ┈┈┈┈┈┈┈┈┈┈┈┈┈┈┈┈┈┈┈┈┈┈┈┈┈┈┈┈┈┈┈┈┈┈┈┈┈┈┈┈┈┈┈┈┈┈┈┈┈┈┈┈┈┈┈┈┈┈┈┈
[INFO] [stderr] error: a vector type in output types of export functions shouldn't contain references
[INFO] [stderr]  --> tests/compilation_tests/export_functions/inner_vec_refs.rs:8:54
[INFO] [stderr]   |
[INFO] [stderr] 8 | pub fn inner_arrays_2(_arg: &Vec<Vec<Vec<Vec<u8>>>>) -> &Vec<Vec<&Vec<Vec<u8>>>> {
[INFO] [stderr]   |                                                      ^
[INFO] [stderr] 
[INFO] [stderr] error: a vector type in output types of export functions shouldn't contain references
[INFO] [stderr]   --> tests/compilation_tests/export_functions/inner_vec_refs.rs:13:54
[INFO] [stderr]    |
[INFO] [stderr] 13 | pub fn inner_arrays_3(_arg: &Vec<Vec<Vec<Vec<u8>>>>) -> &Vec<&Vec<&Vec<&Vec<&u8>>>> {
[INFO] [stderr]    |                                                      ^
[INFO] [stderr] ┈┈┈┈┈┈┈┈┈┈┈┈┈┈┈┈┈┈┈┈┈┈┈┈┈┈┈┈┈┈┈┈┈┈┈┈┈┈┈┈┈┈┈┈┈┈┈┈┈┈┈┈┈┈┈┈┈┈┈┈
[INFO] [stderr] note: If the actual output is the correct output you can bless it by rerunning
[INFO] [stderr]       your test with the environment variable TRYBUILD=overwrite
[INFO] [stderr] 
[INFO] [stderr] test tests/compilation_tests/export_functions/basic_types.rs [should pass] ... ok
[INFO] [stderr] test tests/compilation_tests/export_functions/ref_basic_types.rs [should pass] ... ok
[INFO] [stderr] test tests/compilation_tests/export_functions/improper_types.rs [should fail to compile] ... mismatch
[INFO] [stderr] 
[INFO] [stderr] EXPECTED:
[INFO] [stderr] ┈┈┈┈┈┈┈┈┈┈┈┈┈┈┈┈┈┈┈┈┈┈┈┈┈┈┈┈┈┈┈┈┈┈┈┈┈┈┈┈┈┈┈┈┈┈┈┈┈┈┈┈┈┈┈┈┈┈┈┈
[INFO] [stderr] error: types with lifetimes or generics aren't allowed
[INFO] [stderr]  --> $DIR/improper_types.rs:8:17
[INFO] [stderr]   |
[INFO] [stderr] 8 | fn test(_arg_1: Box<i32>) {}
[INFO] [stderr]   |                 ^^^^^^^^
[INFO] [stderr] 
[INFO] [stderr] error: types with lifetimes or generics aren't allowed
[INFO] [stderr]   --> $DIR/improper_types.rs:11:27
[INFO] [stderr]    |
[INFO] [stderr] 11 | fn test2(_arg_1: std::rc::Rc<i32>) {}
[INFO] [stderr]    |                           ^^^^^^^
[INFO] [stderr] 
[INFO] [stderr] error: types with lifetimes or generics aren't allowed
[INFO] [stderr]   --> $DIR/improper_types.rs:14:36
[INFO] [stderr]    |
[INFO] [stderr] 14 | fn test3(_arg_1: std::collections::HashMap<i32, String>) {}
[INFO] [stderr]    |                                    ^^^^^^^^^^^^^^^^^^^^
[INFO] [stderr] 
[INFO] [stderr] error: Incorrect argument type, only path or reference are available on this position
[INFO] [stderr]   --> $DIR/improper_types.rs:17:26
[INFO] [stderr]    |
[INFO] [stderr] 17 | fn test4(_arg_1: i32) -> (i32, i32) {
[INFO] [stderr]    |                          ^^^^^^^^^^
[INFO] [stderr] 
[INFO] [stderr] error: types with lifetimes or generics aren't allowed
[INFO] [stderr]   --> $DIR/improper_types.rs:22:26
[INFO] [stderr]    |
[INFO] [stderr] 22 | fn test5(_arg_1: i32) -> Box<i32> {
[INFO] [stderr]    |                          ^^^^^^^^
[INFO] [stderr] ┈┈┈┈┈┈┈┈┈┈┈┈┈┈┈┈┈┈┈┈┈┈┈┈┈┈┈┈┈┈┈┈┈┈┈┈┈┈┈┈┈┈┈┈┈┈┈┈┈┈┈┈┈┈┈┈┈┈┈┈
[INFO] [stderr] 
[INFO] [stderr] ACTUAL OUTPUT:
[INFO] [stderr] ┈┈┈┈┈┈┈┈┈┈┈┈┈┈┈┈┈┈┈┈┈┈┈┈┈┈┈┈┈┈┈┈┈┈┈┈┈┈┈┈┈┈┈┈┈┈┈┈┈┈┈┈┈┈┈┈┈┈┈┈
[INFO] [stderr] error: types with lifetimes or generics aren't allowed
[INFO] [stderr]  --> tests/compilation_tests/export_functions/improper_types.rs:8:17
[INFO] [stderr]   |
[INFO] [stderr] 8 | fn test(_arg_1: Box<i32>) {}
[INFO] [stderr]   |                 ^^^
[INFO] [stderr] 
[INFO] [stderr] error: types with lifetimes or generics aren't allowed
[INFO] [stderr]   --> tests/compilation_tests/export_functions/improper_types.rs:11:27
[INFO] [stderr]    |
[INFO] [stderr] 11 | fn test2(_arg_1: std::rc::Rc<i32>) {}
[INFO] [stderr]    |                           ^^
[INFO] [stderr] 
[INFO] [stderr] error: types with lifetimes or generics aren't allowed
[INFO] [stderr]   --> tests/compilation_tests/export_functions/improper_types.rs:14:36
[INFO] [stderr]    |
[INFO] [stderr] 14 | fn test3(_arg_1: std::collections::HashMap<i32, String>) {}
[INFO] [stderr]    |                                    ^^^^^^^
[INFO] [stderr] 
[INFO] [stderr] error: Incorrect argument type, only path or reference are available on this position
[INFO] [stderr]   --> tests/compilation_tests/export_functions/improper_types.rs:17:26
[INFO] [stderr]    |
[INFO] [stderr] 17 | fn test4(_arg_1: i32) -> (i32, i32) {
[INFO] [stderr]    |                          ^^^^^^^^^^
[INFO] [stderr] 
[INFO] [stderr] error: types with lifetimes or generics aren't allowed
[INFO] [stderr]   --> tests/compilation_tests/export_functions/improper_types.rs:22:26
[INFO] [stderr]    |
[INFO] [stderr] 22 | fn test5(_arg_1: i32) -> Box<i32> {
[INFO] [stderr]    |                          ^^^
[INFO] [stderr] ┈┈┈┈┈┈┈┈┈┈┈┈┈┈┈┈┈┈┈┈┈┈┈┈┈┈┈┈┈┈┈┈┈┈┈┈┈┈┈┈┈┈┈┈┈┈┈┈┈┈┈┈┈┈┈┈┈┈┈┈
[INFO] [stderr] note: If the actual output is the correct output you can bless it by rerunning
[INFO] [stderr]       your test with the environment variable TRYBUILD=overwrite
[INFO] [stderr] 
[INFO] [stderr] test tests/compilation_tests/import_functions/arrays_out_inner_refs.rs [should fail to compile] ... mismatch
[INFO] [stderr] 
[INFO] [stderr] EXPECTED:
[INFO] [stderr] ┈┈┈┈┈┈┈┈┈┈┈┈┈┈┈┈┈┈┈┈┈┈┈┈┈┈┈┈┈┈┈┈┈┈┈┈┈┈┈┈┈┈┈┈┈┈┈┈┈┈┈┈┈┈┈┈┈┈┈┈
[INFO] [stderr] error: import function can't return a value with references
[INFO] [stderr]   --> $DIR/arrays_out_inner_refs.rs:10:5
[INFO] [stderr]    |
[INFO] [stderr] 10 | /     #[marine]
[INFO] [stderr] 11 | |     pub fn func_1() -> &String;
[INFO] [stderr]    | |_______________________________^
[INFO] [stderr] ┈┈┈┈┈┈┈┈┈┈┈┈┈┈┈┈┈┈┈┈┈┈┈┈┈┈┈┈┈┈┈┈┈┈┈┈┈┈┈┈┈┈┈┈┈┈┈┈┈┈┈┈┈┈┈┈┈┈┈┈
[INFO] [stderr] 
[INFO] [stderr] ACTUAL OUTPUT:
[INFO] [stderr] ┈┈┈┈┈┈┈┈┈┈┈┈┈┈┈┈┈┈┈┈┈┈┈┈┈┈┈┈┈┈┈┈┈┈┈┈┈┈┈┈┈┈┈┈┈┈┈┈┈┈┈┈┈┈┈┈┈┈┈┈
[INFO] [stderr] error: import function can't return a value with references
[INFO] [stderr]   --> tests/compilation_tests/import_functions/arrays_out_inner_refs.rs:10:5
[INFO] [stderr]    |
[INFO] [stderr] 10 |     #[marine]
[INFO] [stderr]    |     ^
[INFO] [stderr] ┈┈┈┈┈┈┈┈┈┈┈┈┈┈┈┈┈┈┈┈┈┈┈┈┈┈┈┈┈┈┈┈┈┈┈┈┈┈┈┈┈┈┈┈┈┈┈┈┈┈┈┈┈┈┈┈┈┈┈┈
[INFO] [stderr] note: If the actual output is the correct output you can bless it by rerunning
[INFO] [stderr]       your test with the environment variable TRYBUILD=overwrite
[INFO] [stderr] 
[INFO] [stderr] test tests/compilation_tests/import_functions/arrays.rs [should pass] ... ok
[INFO] [stderr] test tests/compilation_tests/import_functions/ref_arrays.rs [should pass] ... ok
[INFO] [stderr] test tests/compilation_tests/import_functions/basic_types.rs [should pass] ... ok
[INFO] [stderr] test tests/compilation_tests/import_functions/basic_ref_types.rs [should pass] ... ok
[INFO] [stderr] test tests/compilation_tests/import_functions/ref_basic_types.rs [should pass] ... ok
[INFO] [stderr] test tests/compilation_tests/import_functions/improper_types.rs [should fail to compile] ... mismatch
[INFO] [stderr] 
[INFO] [stderr] EXPECTED:
[INFO] [stderr] ┈┈┈┈┈┈┈┈┈┈┈┈┈┈┈┈┈┈┈┈┈┈┈┈┈┈┈┈┈┈┈┈┈┈┈┈┈┈┈┈┈┈┈┈┈┈┈┈┈┈┈┈┈┈┈┈┈┈┈┈
[INFO] [stderr] error: types with lifetimes or generics aren't allowed
[INFO] [stderr]   --> $DIR/improper_types.rs:11:21
[INFO] [stderr]    |
[INFO] [stderr] 11 |     fn test(_arg_1: Box<i32>);
[INFO] [stderr]    |                     ^^^^^^^^
[INFO] [stderr] ┈┈┈┈┈┈┈┈┈┈┈┈┈┈┈┈┈┈┈┈┈┈┈┈┈┈┈┈┈┈┈┈┈┈┈┈┈┈┈┈┈┈┈┈┈┈┈┈┈┈┈┈┈┈┈┈┈┈┈┈
[INFO] [stderr] 
[INFO] [stderr] ACTUAL OUTPUT:
[INFO] [stderr] ┈┈┈┈┈┈┈┈┈┈┈┈┈┈┈┈┈┈┈┈┈┈┈┈┈┈┈┈┈┈┈┈┈┈┈┈┈┈┈┈┈┈┈┈┈┈┈┈┈┈┈┈┈┈┈┈┈┈┈┈
[INFO] [stderr] error: types with lifetimes or generics aren't allowed
[INFO] [stderr]   --> tests/compilation_tests/import_functions/improper_types.rs:11:21
[INFO] [stderr]    |
[INFO] [stderr] 11 |     fn test(_arg_1: Box<i32>);
[INFO] [stderr]    |                     ^^^
[INFO] [stderr] ┈┈┈┈┈┈┈┈┈┈┈┈┈┈┈┈┈┈┈┈┈┈┈┈┈┈┈┈┈┈┈┈┈┈┈┈┈┈┈┈┈┈┈┈┈┈┈┈┈┈┈┈┈┈┈┈┈┈┈┈
[INFO] [stderr] note: If the actual output is the correct output you can bless it by rerunning
[INFO] [stderr]       your test with the environment variable TRYBUILD=overwrite
[INFO] [stderr] 
[INFO] [stderr] test tests/compilation_tests/records/basic_structs.rs [should pass] ... ok
[INFO] [stderr] test tests/compilation_tests/records/empty_struct.rs [should pass] ... ok
[INFO] [stderr] test tests/compilation_tests/records/struct_with_improper_types.rs [should fail to compile] ... mismatch
[INFO] [stderr] 
[INFO] [stderr] EXPECTED:
[INFO] [stderr] ┈┈┈┈┈┈┈┈┈┈┈┈┈┈┈┈┈┈┈┈┈┈┈┈┈┈┈┈┈┈┈┈┈┈┈┈┈┈┈┈┈┈┈┈┈┈┈┈┈┈┈┈┈┈┈┈┈┈┈┈
[INFO] [stderr] error: types with lifetimes or generics aren't allowed
[INFO] [stderr]  --> $DIR/struct_with_improper_types.rs:7:12
[INFO] [stderr]   |
[INFO] [stderr] 7 |     pub a: Box<i32>,
[INFO] [stderr]   |            ^^^^^^^^
[INFO] [stderr] 
[INFO] [stderr] error: types with lifetimes or generics aren't allowed
[INFO] [stderr]   --> $DIR/struct_with_improper_types.rs:12:21
[INFO] [stderr]    |
[INFO] [stderr] 12 |     pub a: std::rc::Rc<i32>,
[INFO] [stderr]    |                     ^^^^^^^
[INFO] [stderr] 
[INFO] [stderr] error: types with lifetimes or generics aren't allowed
[INFO] [stderr]   --> $DIR/struct_with_improper_types.rs:17:30
[INFO] [stderr]    |
[INFO] [stderr] 17 |     pub a: std::collections::HashMap<i32, String>,
[INFO] [stderr]    |                              ^^^^^^^^^^^^^^^^^^^^
[INFO] [stderr] ┈┈┈┈┈┈┈┈┈┈┈┈┈┈┈┈┈┈┈┈┈┈┈┈┈┈┈┈┈┈┈┈┈┈┈┈┈┈┈┈┈┈┈┈┈┈┈┈┈┈┈┈┈┈┈┈┈┈┈┈
[INFO] [stderr] 
[INFO] [stderr] ACTUAL OUTPUT:
[INFO] [stderr] ┈┈┈┈┈┈┈┈┈┈┈┈┈┈┈┈┈┈┈┈┈┈┈┈┈┈┈┈┈┈┈┈┈┈┈┈┈┈┈┈┈┈┈┈┈┈┈┈┈┈┈┈┈┈┈┈┈┈┈┈
[INFO] [stderr] error: types with lifetimes or generics aren't allowed
[INFO] [stderr]  --> tests/compilation_tests/records/struct_with_improper_types.rs:7:12
[INFO] [stderr]   |
[INFO] [stderr] 7 |     pub a: Box<i32>,
[INFO] [stderr]   |            ^^^
[INFO] [stderr] 
[INFO] [stderr] error: types with lifetimes or generics aren't allowed
[INFO] [stderr]   --> tests/compilation_tests/records/struct_with_improper_types.rs:12:21
[INFO] [stderr]    |
[INFO] [stderr] 12 |     pub a: std::rc::Rc<i32>,
[INFO] [stderr]    |                     ^^
[INFO] [stderr] 
[INFO] [stderr] error: types with lifetimes or generics aren't allowed
[INFO] [stderr]   --> tests/compilation_tests/records/struct_with_improper_types.rs:17:30
[INFO] [stderr]    |
[INFO] [stderr] 17 |     pub a: std::collections::HashMap<i32, String>,
[INFO] [stderr]    |                              ^^^^^^^
[INFO] [stderr] ┈┈┈┈┈┈┈┈┈┈┈┈┈┈┈┈┈┈┈┈┈┈┈┈┈┈┈┈┈┈┈┈┈┈┈┈┈┈┈┈┈┈┈┈┈┈┈┈┈┈┈┈┈┈┈┈┈┈┈┈
[INFO] [stderr] note: If the actual output is the correct output you can bless it by rerunning
[INFO] [stderr]       your test with the environment variable TRYBUILD=overwrite
[INFO] [stderr] 
[INFO] [stderr] test tests/compilation_tests/records/struct_with_private_fields.rs [should fail to compile] ... mismatch
[INFO] [stderr] 
[INFO] [stderr] EXPECTED:
[INFO] [stderr] ┈┈┈┈┈┈┈┈┈┈┈┈┈┈┈┈┈┈┈┈┈┈┈┈┈┈┈┈┈┈┈┈┈┈┈┈┈┈┈┈┈┈┈┈┈┈┈┈┈┈┈┈┈┈┈┈┈┈┈┈
[INFO] [stderr] error: #[marine] could be applied only to struct with all public fields
[INFO] [stderr]  --> $DIR/struct_with_private_fields.rs:9:5
[INFO] [stderr]   |
[INFO] [stderr] 9 |     a: i32,
[INFO] [stderr]   |     ^^^^^^
[INFO] [stderr] ┈┈┈┈┈┈┈┈┈┈┈┈┈┈┈┈┈┈┈┈┈┈┈┈┈┈┈┈┈┈┈┈┈┈┈┈┈┈┈┈┈┈┈┈┈┈┈┈┈┈┈┈┈┈┈┈┈┈┈┈
[INFO] [stderr] 
[INFO] [stderr] ACTUAL OUTPUT:
[INFO] [stderr] ┈┈┈┈┈┈┈┈┈┈┈┈┈┈┈┈┈┈┈┈┈┈┈┈┈┈┈┈┈┈┈┈┈┈┈┈┈┈┈┈┈┈┈┈┈┈┈┈┈┈┈┈┈┈┈┈┈┈┈┈
[INFO] [stderr] error: #[marine] could be applied only to struct with all public fields
[INFO] [stderr]  --> tests/compilation_tests/records/struct_with_private_fields.rs:9:5
[INFO] [stderr]   |
[INFO] [stderr] 9 |     a: i32,
[INFO] [stderr]   |     ^
[INFO] [stderr] ┈┈┈┈┈┈┈┈┈┈┈┈┈┈┈┈┈┈┈┈┈┈┈┈┈┈┈┈┈┈┈┈┈┈┈┈┈┈┈┈┈┈┈┈┈┈┈┈┈┈┈┈┈┈┈┈┈┈┈┈
[INFO] [stderr] note: If the actual output is the correct output you can bless it by rerunning
[INFO] [stderr]       your test with the environment variable TRYBUILD=overwrite
[INFO] [stderr] 
[INFO] [stderr] test tests/compilation_tests/records/unnamed_structs.rs [should fail to compile] ... mismatch
[INFO] [stderr] 
[INFO] [stderr] EXPECTED:
[INFO] [stderr] ┈┈┈┈┈┈┈┈┈┈┈┈┈┈┈┈┈┈┈┈┈┈┈┈┈┈┈┈┈┈┈┈┈┈┈┈┈┈┈┈┈┈┈┈┈┈┈┈┈┈┈┈┈┈┈┈┈┈┈┈
[INFO] [stderr] error: only named fields are allowed in structs
[INFO] [stderr]  --> $DIR/unnamed_structs.rs:8:1
[INFO] [stderr]   |
[INFO] [stderr] 8 | struct A(pub i32, pub u32);
[INFO] [stderr]   | ^^^^^^^^^^^^^^^^^^^^^^^^^^^
[INFO] [stderr] ┈┈┈┈┈┈┈┈┈┈┈┈┈┈┈┈┈┈┈┈┈┈┈┈┈┈┈┈┈┈┈┈┈┈┈┈┈┈┈┈┈┈┈┈┈┈┈┈┈┈┈┈┈┈┈┈┈┈┈┈
[INFO] [stderr] 
[INFO] [stderr] ACTUAL OUTPUT:
[INFO] [stderr] ┈┈┈┈┈┈┈┈┈┈┈┈┈┈┈┈┈┈┈┈┈┈┈┈┈┈┈┈┈┈┈┈┈┈┈┈┈┈┈┈┈┈┈┈┈┈┈┈┈┈┈┈┈┈┈┈┈┈┈┈
[INFO] [stderr] error: only named fields are allowed in structs
[INFO] [stderr]  --> tests/compilation_tests/records/unnamed_structs.rs:8:1
[INFO] [stderr]   |
[INFO] [stderr] 8 | struct A(pub i32, pub u32);
[INFO] [stderr]   | ^^^^^^
[INFO] [stderr] ┈┈┈┈┈┈┈┈┈┈┈┈┈┈┈┈┈┈┈┈┈┈┈┈┈┈┈┈┈┈┈┈┈┈┈┈┈┈┈┈┈┈┈┈┈┈┈┈┈┈┈┈┈┈┈┈┈┈┈┈
[INFO] [stderr] note: If the actual output is the correct output you can bless it by rerunning
[INFO] [stderr]       your test with the environment variable TRYBUILD=overwrite
[INFO] [stderr] 
[INFO] [stderr] 
[INFO] [stderr] 
[INFO] [stdout] test marine_compilation_tests ... FAILED
[INFO] [stdout] 
[INFO] [stdout] failures:
[INFO] [stdout] 
[INFO] [stdout] ---- marine_compilation_tests stdout ----
[INFO] [stdout] thread 'marine_compilation_tests' panicked at /opt/rustwide/cargo-home/registry/src/index.crates.io-6f17d22bba15001f/trybuild-1.0.64/src/run.rs:101:13:
[INFO] [stdout] 8 of 19 tests failed
[INFO] [stdout] stack backtrace:
[INFO] [stdout]    0:     0x5628598a2646 - std::backtrace_rs::backtrace::libunwind::trace::h261606ad26a499c1
[INFO] [stdout]                                at /rustc/0e09125c6c3c2fd70d7de961bcf0e51575235fad/library/std/src/../../backtrace/src/backtrace/libunwind.rs:104:5
[INFO] [stdout]    1:     0x5628598a2646 - std::backtrace_rs::backtrace::trace_unsynchronized::hd183f0625477fb28
[INFO] [stdout]                                at /rustc/0e09125c6c3c2fd70d7de961bcf0e51575235fad/library/std/src/../../backtrace/src/backtrace/mod.rs:66:5
[INFO] [stdout]    2:     0x5628598a2646 - std::sys_common::backtrace::_print_fmt::hd7f8fef21b4eda67
[INFO] [stdout]                                at /rustc/0e09125c6c3c2fd70d7de961bcf0e51575235fad/library/std/src/sys_common/backtrace.rs:68:5
[INFO] [stdout]    3:     0x5628598a2646 - <std::sys_common::backtrace::_print::DisplayBacktrace as core::fmt::Display>::fmt::h623d9b51f2f453f1
[INFO] [stdout]                                at /rustc/0e09125c6c3c2fd70d7de961bcf0e51575235fad/library/std/src/sys_common/backtrace.rs:44:22
[INFO] [stdout]    4:     0x5628598cdd40 - core::fmt::rt::Argument::fmt::h9f417ac76a86f368
[INFO] [stdout]                                at /rustc/0e09125c6c3c2fd70d7de961bcf0e51575235fad/library/core/src/fmt/rt.rs:142:9
[INFO] [stdout]    5:     0x5628598cdd40 - core::fmt::write::hc9b6faf4ac2aeff7
[INFO] [stdout]                                at /rustc/0e09125c6c3c2fd70d7de961bcf0e51575235fad/library/core/src/fmt/mod.rs:1120:17
[INFO] [stdout]    6:     0x56285989f63f - std::io::Write::write_fmt::he04625a3a989fec3
[INFO] [stdout]                                at /rustc/0e09125c6c3c2fd70d7de961bcf0e51575235fad/library/std/src/io/mod.rs:1810:15
[INFO] [stdout]    7:     0x5628598a2424 - std::sys_common::backtrace::_print::hd5d66399c7df88a2
[INFO] [stdout]                                at /rustc/0e09125c6c3c2fd70d7de961bcf0e51575235fad/library/std/src/sys_common/backtrace.rs:47:5
[INFO] [stdout]    8:     0x5628598a2424 - std::sys_common::backtrace::print::he81ed2da642d37e5
[INFO] [stdout]                                at /rustc/0e09125c6c3c2fd70d7de961bcf0e51575235fad/library/std/src/sys_common/backtrace.rs:34:9
[INFO] [stdout]    9:     0x5628598a4197 - std::panicking::default_hook::{{closure}}::h85773f4fa117163d
[INFO] [stdout]   10:     0x5628598a3e7d - std::panicking::default_hook::h6a1694a91d09b278
[INFO] [stdout]                                at /rustc/0e09125c6c3c2fd70d7de961bcf0e51575235fad/library/std/src/panicking.rs:289:9
[INFO] [stdout]   11:     0x562859872087 - <alloc::boxed::Box<F,A> as core::ops::function::Fn<Args>>::call::h616ac37fa3cd6c8f
[INFO] [stdout]                                at /rustc/0e09125c6c3c2fd70d7de961bcf0e51575235fad/library/alloc/src/boxed.rs:2029:9
[INFO] [stdout]   12:     0x562859872087 - test::test_main::{{closure}}::h00d84697cefdcbb6
[INFO] [stdout]                                at /rustc/0e09125c6c3c2fd70d7de961bcf0e51575235fad/library/test/src/lib.rs:138:21
[INFO] [stdout]   13:     0x5628598a47b6 - <alloc::boxed::Box<F,A> as core::ops::function::Fn<Args>>::call::hcb3fe3b9bb537ba8
[INFO] [stdout]                                at /rustc/0e09125c6c3c2fd70d7de961bcf0e51575235fad/library/alloc/src/boxed.rs:2029:9
[INFO] [stdout]   14:     0x5628598a47b6 - std::panicking::rust_panic_with_hook::h0a7ad96e90f7145b
[INFO] [stdout]                                at /rustc/0e09125c6c3c2fd70d7de961bcf0e51575235fad/library/std/src/panicking.rs:783:13
[INFO] [stdout]   15:     0x5628598a4502 - std::panicking::begin_panic_handler::{{closure}}::h7919090525c6485e
[INFO] [stdout]                                at /rustc/0e09125c6c3c2fd70d7de961bcf0e51575235fad/library/std/src/panicking.rs:657:13
[INFO] [stdout]   16:     0x5628598a2b46 - std::sys_common::backtrace::__rust_end_short_backtrace::hf3289479464f7dfe
[INFO] [stdout]                                at /rustc/0e09125c6c3c2fd70d7de961bcf0e51575235fad/library/std/src/sys_common/backtrace.rs:171:18
[INFO] [stdout]   17:     0x5628598a4260 - rust_begin_unwind
[INFO] [stdout]                                at /rustc/0e09125c6c3c2fd70d7de961bcf0e51575235fad/library/std/src/panicking.rs:645:5
[INFO] [stdout]   18:     0x562859658fc5 - core::panicking::panic_fmt::hcc9f77c5c132af55
[INFO] [stdout]                                at /rustc/0e09125c6c3c2fd70d7de961bcf0e51575235fad/library/core/src/panicking.rs:72:14
[INFO] [stdout]   19:     0x5628596dadf1 - trybuild::run::<impl trybuild::Runner>::run::hac585fa18c4a050a
[INFO] [stdout]                                at /opt/rustwide/cargo-home/registry/src/index.crates.io-6f17d22bba15001f/trybuild-1.0.64/src/run.rs:101:13
[INFO] [stdout]   20:     0x5628596dfb28 - <trybuild::TestCases as core::ops::drop::Drop>::drop::hc2749603dff6afe9
[INFO] [stdout]                                at /opt/rustwide/cargo-home/registry/src/index.crates.io-6f17d22bba15001f/trybuild-1.0.64/src/lib.rs:310:13
[INFO] [stdout]   21:     0x562859659bd7 - core::ptr::drop_in_place<trybuild::TestCases>::h331993164ba5d554
[INFO] [stdout]                                at /rustc/0e09125c6c3c2fd70d7de961bcf0e51575235fad/library/core/src/ptr/mod.rs:507:1
[INFO] [stdout]   22:     0x56285965ae66 - compilation_tests_runner::marine_compilation_tests::hc1996a8eea293d43
[INFO] [stdout]                                at /opt/rustwide/workdir/tests/compilation_tests_runner.rs:25:1
[INFO] [stdout]   23:     0x56285965ac47 - compilation_tests_runner::marine_compilation_tests::{{closure}}::h8304cbb2385c95ad
[INFO] [stdout]                                at /opt/rustwide/workdir/tests/compilation_tests_runner.rs:2:30
[INFO] [stdout]   24:     0x562859659b86 - core::ops::function::FnOnce::call_once::hecadbf9b133959aa
[INFO] [stdout]                                at /rustc/0e09125c6c3c2fd70d7de961bcf0e51575235fad/library/core/src/ops/function.rs:250:5
[INFO] [stdout]   25:     0x56285987795f - core::ops::function::FnOnce::call_once::hd64d26f405258157
[INFO] [stdout]                                at /rustc/0e09125c6c3c2fd70d7de961bcf0e51575235fad/library/core/src/ops/function.rs:250:5
[INFO] [stdout]   26:     0x56285987795f - test::__rust_begin_short_backtrace::he21b0b7a6d731bf9
[INFO] [stdout]                                at /rustc/0e09125c6c3c2fd70d7de961bcf0e51575235fad/library/test/src/lib.rs:627:18
[INFO] [stdout]   27:     0x5628598766e1 - test::run_test_in_process::{{closure}}::hf5c73986d7bdfde2
[INFO] [stdout]                                at /rustc/0e09125c6c3c2fd70d7de961bcf0e51575235fad/library/test/src/lib.rs:650:60
[INFO] [stdout]   28:     0x5628598766e1 - <core::panic::unwind_safe::AssertUnwindSafe<F> as core::ops::function::FnOnce<()>>::call_once::h330011ad032aadc0
[INFO] [stdout]                                at /rustc/0e09125c6c3c2fd70d7de961bcf0e51575235fad/library/core/src/panic/unwind_safe.rs:272:9
[INFO] [stdout]   29:     0x5628598766e1 - std::panicking::try::do_call::he61b0a958b795a41
[INFO] [stdout]                                at /rustc/0e09125c6c3c2fd70d7de961bcf0e51575235fad/library/std/src/panicking.rs:552:40
[INFO] [stdout]   30:     0x5628598766e1 - std::panicking::try::h7309da130f906eb7
[INFO] [stdout]                                at /rustc/0e09125c6c3c2fd70d7de961bcf0e51575235fad/library/std/src/panicking.rs:516:19
[INFO] [stdout]   31:     0x5628598766e1 - std::panic::catch_unwind::hc5c3a06fdaf0a92a
[INFO] [stdout]                                at /rustc/0e09125c6c3c2fd70d7de961bcf0e51575235fad/library/std/src/panic.rs:142:14
[INFO] [stdout]   32:     0x5628598766e1 - test::run_test_in_process::h7e7b7c71c3324e0f
[INFO] [stdout]                                at /rustc/0e09125c6c3c2fd70d7de961bcf0e51575235fad/library/test/src/lib.rs:650:27
[INFO] [stdout]   33:     0x5628598766e1 - test::run_test::{{closure}}::h1f509f28f5cf20b1
[INFO] [stdout]                                at /rustc/0e09125c6c3c2fd70d7de961bcf0e51575235fad/library/test/src/lib.rs:573:43
[INFO] [stdout]   34:     0x56285983da16 - test::run_test::{{closure}}::h1754218abf443f6d
[INFO] [stdout]                                at /rustc/0e09125c6c3c2fd70d7de961bcf0e51575235fad/library/test/src/lib.rs:601:41
[INFO] [stdout]   35:     0x56285983da16 - std::sys_common::backtrace::__rust_begin_short_backtrace::h2ee174b9d5954948
[INFO] [stdout]                                at /rustc/0e09125c6c3c2fd70d7de961bcf0e51575235fad/library/std/src/sys_common/backtrace.rs:155:18
[INFO] [stdout]   36:     0x562859842a77 - std::thread::Builder::spawn_unchecked_::{{closure}}::{{closure}}::hf60bee9c1a17ef09
[INFO] [stdout]                                at /rustc/0e09125c6c3c2fd70d7de961bcf0e51575235fad/library/std/src/thread/mod.rs:529:17
[INFO] [stdout]   37:     0x562859842a77 - <core::panic::unwind_safe::AssertUnwindSafe<F> as core::ops::function::FnOnce<()>>::call_once::h33d0dddec5216160
[INFO] [stdout]                                at /rustc/0e09125c6c3c2fd70d7de961bcf0e51575235fad/library/core/src/panic/unwind_safe.rs:272:9
[INFO] [stdout]   38:     0x562859842a77 - std::panicking::try::do_call::h144b3048b546f835
[INFO] [stdout]                                at /rustc/0e09125c6c3c2fd70d7de961bcf0e51575235fad/library/std/src/panicking.rs:552:40
[INFO] [stdout]   39:     0x562859842a77 - std::panicking::try::h978244d04646189f
[INFO] [stdout]                                at /rustc/0e09125c6c3c2fd70d7de961bcf0e51575235fad/library/std/src/panicking.rs:516:19
[INFO] [stdout]   40:     0x562859842a77 - std::panic::catch_unwind::hdf436369d188fe86
[INFO] [stdout]                                at /rustc/0e09125c6c3c2fd70d7de961bcf0e51575235fad/library/std/src/panic.rs:142:14
[INFO] [stdout]   41:     0x562859842a77 - std::thread::Builder::spawn_unchecked_::{{closure}}::h87329cbdd33c79ec
[INFO] [stdout]                                at /rustc/0e09125c6c3c2fd70d7de961bcf0e51575235fad/library/std/src/thread/mod.rs:528:30
[INFO] [stdout]   42:     0x562859842a77 - core::ops::function::FnOnce::call_once{{vtable.shim}}::h401abbe67897d450
[INFO] [stdout]                                at /rustc/0e09125c6c3c2fd70d7de961bcf0e51575235fad/library/core/src/ops/function.rs:250:5
[INFO] [stdout]   43:     0x5628598aa3e5 - <alloc::boxed::Box<F,A> as core::ops::function::FnOnce<Args>>::call_once::h5d7c8f150ab9c84c
[INFO] [stdout]                                at /rustc/0e09125c6c3c2fd70d7de961bcf0e51575235fad/library/alloc/src/boxed.rs:2015:9
[INFO] [stdout]   44:     0x5628598aa3e5 - <alloc::boxed::Box<F,A> as core::ops::function::FnOnce<Args>>::call_once::h570d5b005c242c15
[INFO] [stdout]                                at /rustc/0e09125c6c3c2fd70d7de961bcf0e51575235fad/library/alloc/src/boxed.rs:2015:9
[INFO] [stdout]   45:     0x5628598aa3e5 - std::sys::unix::thread::Thread::new::thread_start::h36b0a20c0b2361ad
[INFO] [stdout]                                at /rustc/0e09125c6c3c2fd70d7de961bcf0e51575235fad/library/std/src/sys/unix/thread.rs:108:17
[INFO] [stdout]   46:     0x7fea3fd95ac3 - <unknown>
[INFO] [stdout]   47:     0x7fea3fe26bf4 - __clone
[INFO] [stdout]   48:                0x0 - <unknown>
[INFO] [stdout] 
[INFO] [stdout] 
[INFO] [stdout] failures:
[INFO] [stdout]     marine_compilation_tests
[INFO] [stdout] 
[INFO] [stdout] test result: FAILED. 0 passed; 1 failed; 0 ignored; 0 measured; 0 filtered out; finished in 18.61s
[INFO] [stdout] 
[INFO] [stderr] error: test failed, to rerun pass `--test compilation_tests_runner`
[INFO] running `Command { std: "docker" "inspect" "c7d38d404896135d0e870d54a710a2d1f78b2ee2f2fb750a7a3d5ac3ebd21196", kill_on_drop: false }`
[INFO] running `Command { std: "docker" "rm" "-f" "c7d38d404896135d0e870d54a710a2d1f78b2ee2f2fb750a7a3d5ac3ebd21196", kill_on_drop: false }`
[INFO] [stdout] c7d38d404896135d0e870d54a710a2d1f78b2ee2f2fb750a7a3d5ac3ebd21196
