[INFO] fetching crate flnet 0.7.1...
[INFO] testing flnet-0.7.1 against 1.75.0 for beta-1.76-1
[INFO] extracting crate flnet 0.7.1 into /workspace/builds/worker-4-tc1/source
[INFO] validating manifest of crates.io crate flnet 0.7.1 on toolchain 1.75.0
[INFO] running `Command { std: CARGO_HOME="/workspace/cargo-home" RUSTUP_HOME="/workspace/rustup-home" "/workspace/cargo-home/bin/cargo" "+1.75.0" "metadata" "--manifest-path" "Cargo.toml" "--no-deps", kill_on_drop: false }`
[INFO] started tweaking crates.io crate flnet 0.7.1
[INFO] finished tweaking crates.io crate flnet 0.7.1
[INFO] tweaked toml for crates.io crate flnet 0.7.1 written to /workspace/builds/worker-4-tc1/source/Cargo.toml
[INFO] running `Command { std: CARGO_HOME="/workspace/cargo-home" RUSTUP_HOME="/workspace/rustup-home" "/workspace/cargo-home/bin/cargo" "+1.75.0" "generate-lockfile" "--manifest-path" "Cargo.toml", kill_on_drop: false }`
[INFO] [stderr]     Updating crates.io index
[INFO] running `Command { std: CARGO_HOME="/workspace/cargo-home" RUSTUP_HOME="/workspace/rustup-home" "/workspace/cargo-home/bin/cargo" "+1.75.0" "fetch" "--manifest-path" "Cargo.toml", kill_on_drop: false }`
[INFO] [stderr]  Downloading crates ...
[INFO] [stderr]   Downloaded flarch v0.7.0
[INFO] [stderr]   Downloaded oid-registry v0.4.0
[INFO] [stderr]   Downloaded rcgen v0.9.3
[INFO] [stderr]   Downloaded asn1-rs-derive v0.1.0
[INFO] [stderr]   Downloaded waitgroup v0.1.2
[INFO] [stderr]   Downloaded ghash v0.4.4
[INFO] [stderr]   Downloaded tokio-tungstenite v0.17.2
[INFO] [stderr]   Downloaded ed25519-compact v1.0.16
[INFO] [stderr]   Downloaded ct-codecs v1.1.1
[INFO] [stderr]   Downloaded rtp v0.6.8
[INFO] [stderr]   Downloaded asn1-rs v0.3.1
[INFO] [stderr]   Downloaded stun v0.4.4
[INFO] [stderr]   Downloaded x509-parser v0.13.2
[INFO] [stderr]   Downloaded aes-gcm v0.9.4
[INFO] [stderr]   Downloaded p384 v0.11.2
[INFO] [stderr]   Downloaded webrtc-mdns v0.5.2
[INFO] [stderr]   Downloaded webrtc-ice v0.8.2
[INFO] [stderr]   Downloaded ccm v0.3.0
[INFO] [stderr]   Downloaded tungstenite v0.17.3
[INFO] [stderr]   Downloaded webrtc-srtp v0.9.1
[INFO] [stderr]   Downloaded names v0.14.0
[INFO] [stderr]   Downloaded block-modes v0.7.0
[INFO] [stderr]   Downloaded sdp v0.5.3
[INFO] [stderr]   Downloaded p256 v0.11.1
[INFO] [stderr]   Downloaded flmodules v0.7.0
[INFO] [stderr]   Downloaded interceptor v0.8.2
[INFO] [stderr]   Downloaded turn v0.6.1
[INFO] [stderr]   Downloaded der-parser v7.0.0
[INFO] [stderr]   Downloaded rtcp v0.7.2
[INFO] [stderr]   Downloaded webrtc-util v0.7.0
[INFO] [stderr]   Downloaded webrtc-dtls v0.6.0
[INFO] [stderr]   Downloaded webrtc-data v0.5.0
[INFO] [stderr]   Downloaded webrtc v0.5.1
[INFO] [stderr]   Downloaded webrtc-media v0.4.7
[INFO] [stderr]   Downloaded webrtc-util v0.6.0
[INFO] [stderr]   Downloaded webrtc-sctp v0.6.1
[INFO] running `Command { std: "docker" "create" "-v" "/var/lib/crater-agent-workspace/builds/worker-4-tc1/target:/opt/rustwide/target:rw,Z" "-v" "/var/lib/crater-agent-workspace/builds/worker-4-tc1/source:/opt/rustwide/workdir:ro,Z" "-v" "/var/lib/crater-agent-workspace/cargo-home:/opt/rustwide/cargo-home:ro,Z" "-v" "/var/lib/crater-agent-workspace/rustup-home:/opt/rustwide/rustup-home:ro,Z" "-e" "SOURCE_DIR=/opt/rustwide/workdir" "-e" "CARGO_TARGET_DIR=/opt/rustwide/target" "-e" "CARGO_HOME=/opt/rustwide/cargo-home" "-e" "RUSTUP_HOME=/opt/rustwide/rustup-home" "-w" "/opt/rustwide/workdir" "-m" "1610612736" "--user" "0:0" "--network" "none" "ghcr.io/rust-lang/crates-build-env/linux@sha256:2788e3201cd34a07e3172128adcd8b3090168a8e3bcc40d7c032b9dda1df7d1c" "/opt/rustwide/cargo-home/bin/cargo" "+1.75.0" "metadata" "--no-deps" "--format-version=1", kill_on_drop: false }`
[INFO] [stdout] 5630e72e1e4a8a9d2d81db3763f85dfd601940c38468fe7c6b0881d405e2703c
[INFO] running `Command { std: "docker" "start" "-a" "5630e72e1e4a8a9d2d81db3763f85dfd601940c38468fe7c6b0881d405e2703c", kill_on_drop: false }`
[INFO] running `Command { std: "docker" "inspect" "5630e72e1e4a8a9d2d81db3763f85dfd601940c38468fe7c6b0881d405e2703c", kill_on_drop: false }`
[INFO] running `Command { std: "docker" "rm" "-f" "5630e72e1e4a8a9d2d81db3763f85dfd601940c38468fe7c6b0881d405e2703c", kill_on_drop: false }`
[INFO] [stdout] 5630e72e1e4a8a9d2d81db3763f85dfd601940c38468fe7c6b0881d405e2703c
[INFO] running `Command { std: "docker" "create" "-v" "/var/lib/crater-agent-workspace/builds/worker-4-tc1/target:/opt/rustwide/target:rw,Z" "-v" "/var/lib/crater-agent-workspace/builds/worker-4-tc1/source:/opt/rustwide/workdir:ro,Z" "-v" "/var/lib/crater-agent-workspace/cargo-home:/opt/rustwide/cargo-home:ro,Z" "-v" "/var/lib/crater-agent-workspace/rustup-home:/opt/rustwide/rustup-home:ro,Z" "-e" "SOURCE_DIR=/opt/rustwide/workdir" "-e" "CARGO_TARGET_DIR=/opt/rustwide/target" "-e" "CARGO_INCREMENTAL=0" "-e" "RUST_BACKTRACE=full" "-e" "RUSTFLAGS=--cap-lints=warn" "-e" "RUSTDOCFLAGS=--cap-lints=warn" "-e" "CARGO_HOME=/opt/rustwide/cargo-home" "-e" "RUSTUP_HOME=/opt/rustwide/rustup-home" "-w" "/opt/rustwide/workdir" "-m" "1610612736" "--user" "0:0" "--network" "none" "ghcr.io/rust-lang/crates-build-env/linux@sha256:2788e3201cd34a07e3172128adcd8b3090168a8e3bcc40d7c032b9dda1df7d1c" "/opt/rustwide/cargo-home/bin/cargo" "+1.75.0" "build" "--frozen" "--message-format=json", kill_on_drop: false }`
[INFO] [stdout] 7c78f63c655a881c5ab0083729fe9a8cb148850de9b9eef4f8f2298c2d046b90
[INFO] running `Command { std: "docker" "start" "-a" "7c78f63c655a881c5ab0083729fe9a8cb148850de9b9eef4f8f2298c2d046b90", kill_on_drop: false }`
[INFO] [stderr]    Compiling libc v0.2.151
[INFO] [stderr]    Compiling wasm-bindgen-shared v0.2.89
[INFO] [stderr]    Compiling bumpalo v3.14.0
[INFO] [stderr]    Compiling log v0.4.20
[INFO] [stderr]    Compiling wasm-bindgen v0.2.89
[INFO] [stderr]    Compiling futures-sink v0.3.30
[INFO] [stderr]    Compiling fnv v1.0.7
[INFO] [stderr]    Compiling syn v2.0.48
[INFO] [stderr]    Compiling syn v1.0.109
[INFO] [stderr]    Compiling futures-io v0.3.30
[INFO] [stderr]    Compiling termcolor v1.4.0
[INFO] [stderr]    Compiling futures-task v0.3.30
[INFO] [stderr]    Compiling regex-automata v0.4.3
[INFO] [stderr]    Compiling os_str_bytes v6.6.1
[INFO] [stderr]    Compiling scoped-tls v1.0.1
[INFO] [stderr]    Compiling linked-hash-map v0.5.6
[INFO] [stderr]    Compiling futures-channel v0.3.30
[INFO] [stderr]    Compiling chrono v0.4.31
[INFO] [stderr]    Compiling digest v0.10.7
[INFO] [stderr]    Compiling either v1.9.0
[INFO] [stderr]    Compiling names v0.14.0
[INFO] [stderr]    Compiling ct-codecs v1.1.1
[INFO] [stderr]    Compiling bimap v0.6.3
[INFO] [stderr]    Compiling clap_lex v0.2.4
[INFO] [stderr]    Compiling yaml-rust v0.4.5
[INFO] [stderr]    Compiling itertools v0.10.5
[INFO] [stderr]    Compiling sha2 v0.10.8
[INFO] [stderr]    Compiling getrandom v0.2.11
[INFO] [stderr]    Compiling atty v0.2.14
[INFO] [stderr]    Compiling rand_core v0.6.4
[INFO] [stderr]    Compiling ed25519-compact v1.0.16
[INFO] [stderr]    Compiling rand_chacha v0.3.1
[INFO] [stderr]    Compiling rand v0.8.5
[INFO] [stderr]    Compiling regex v1.10.2
[INFO] [stderr]    Compiling wasm-bindgen-backend v0.2.89
[INFO] [stderr]    Compiling env_logger v0.9.3
[INFO] [stderr]    Compiling darling_core v0.13.4
[INFO] [stderr]    Compiling proc-macro-error v1.0.4
[INFO] [stderr]    Compiling serde_derive v1.0.194
[INFO] [stderr]    Compiling futures-macro v0.3.30
[INFO] [stderr]    Compiling tokio-macros v2.2.0
[INFO] [stderr]    Compiling thiserror-impl v1.0.56
[INFO] [stderr]    Compiling wasm-bindgen-test-macro v0.3.39
[INFO] [stderr]    Compiling async-trait v0.1.77
[INFO] [stderr]    Compiling wasm-bindgen-macro-support v0.2.89
[INFO] [stderr]    Compiling clap_derive v3.2.25
[INFO] [stderr]    Compiling tokio v1.35.1
[INFO] [stderr]    Compiling wasm-bindgen-macro v0.2.89
[INFO] [stderr]    Compiling futures-util v0.3.30
[INFO] [stderr]    Compiling thiserror v1.0.56
[INFO] [stderr]    Compiling darling_macro v0.13.4
[INFO] [stderr]    Compiling darling v0.13.4
[INFO] [stderr]    Compiling serde_with_macros v1.5.2
[INFO] [stderr]    Compiling js-sys v0.3.66
[INFO] [stderr]    Compiling console_error_panic_hook v0.1.7
[INFO] [stderr]    Compiling clap v3.2.25
[INFO] [stderr]    Compiling tokio-stream v0.1.14
[INFO] [stderr]    Compiling serde v1.0.194
[INFO] [stderr]    Compiling futures-executor v0.3.30
[INFO] [stderr]    Compiling futures v0.3.30
[INFO] [stderr]    Compiling wasm-bindgen-futures v0.4.39
[INFO] [stderr]    Compiling wasm-bindgen-test v0.3.39
[INFO] [stderr]    Compiling flarch v0.7.0
[INFO] [stderr]    Compiling serde_json v1.0.111
[INFO] [stderr]    Compiling serde_yaml v0.8.26
[INFO] [stderr]    Compiling toml v0.5.11
[INFO] [stderr]    Compiling serde_with v1.14.0
[INFO] [stderr]    Compiling flmodules v0.7.0
[INFO] [stderr]    Compiling flnet v0.7.1 (/opt/rustwide/workdir)
[INFO] [stderr]     Finished dev [unoptimized + debuginfo] target(s) in 11.45s
[INFO] running `Command { std: "docker" "inspect" "7c78f63c655a881c5ab0083729fe9a8cb148850de9b9eef4f8f2298c2d046b90", kill_on_drop: false }`
[INFO] running `Command { std: "docker" "rm" "-f" "7c78f63c655a881c5ab0083729fe9a8cb148850de9b9eef4f8f2298c2d046b90", kill_on_drop: false }`
[INFO] [stdout] 7c78f63c655a881c5ab0083729fe9a8cb148850de9b9eef4f8f2298c2d046b90
[INFO] running `Command { std: "docker" "create" "-v" "/var/lib/crater-agent-workspace/builds/worker-4-tc1/target:/opt/rustwide/target:rw,Z" "-v" "/var/lib/crater-agent-workspace/builds/worker-4-tc1/source:/opt/rustwide/workdir:ro,Z" "-v" "/var/lib/crater-agent-workspace/cargo-home:/opt/rustwide/cargo-home:ro,Z" "-v" "/var/lib/crater-agent-workspace/rustup-home:/opt/rustwide/rustup-home:ro,Z" "-e" "SOURCE_DIR=/opt/rustwide/workdir" "-e" "CARGO_TARGET_DIR=/opt/rustwide/target" "-e" "CARGO_INCREMENTAL=0" "-e" "RUST_BACKTRACE=full" "-e" "RUSTFLAGS=--cap-lints=warn" "-e" "RUSTDOCFLAGS=--cap-lints=warn" "-e" "CARGO_HOME=/opt/rustwide/cargo-home" "-e" "RUSTUP_HOME=/opt/rustwide/rustup-home" "-w" "/opt/rustwide/workdir" "-m" "1610612736" "--user" "0:0" "--network" "none" "ghcr.io/rust-lang/crates-build-env/linux@sha256:2788e3201cd34a07e3172128adcd8b3090168a8e3bcc40d7c032b9dda1df7d1c" "/opt/rustwide/cargo-home/bin/cargo" "+1.75.0" "test" "--frozen" "--no-run" "--message-format=json", kill_on_drop: false }`
[INFO] [stdout] 39788344517fe87b653941a1d8007005cabd21c15bf3b7208f016ccd74cf8a79
[INFO] running `Command { std: "docker" "start" "-a" "39788344517fe87b653941a1d8007005cabd21c15bf3b7208f016ccd74cf8a79", kill_on_drop: false }`
[INFO] [stderr]    Compiling flnet v0.7.1 (/opt/rustwide/workdir)
[INFO] [stderr]     Finished test [unoptimized + debuginfo] target(s) in 2.27s
[INFO] running `Command { std: "docker" "inspect" "39788344517fe87b653941a1d8007005cabd21c15bf3b7208f016ccd74cf8a79", kill_on_drop: false }`
[INFO] running `Command { std: "docker" "rm" "-f" "39788344517fe87b653941a1d8007005cabd21c15bf3b7208f016ccd74cf8a79", kill_on_drop: false }`
[INFO] [stdout] 39788344517fe87b653941a1d8007005cabd21c15bf3b7208f016ccd74cf8a79
[INFO] running `Command { std: "docker" "create" "-v" "/var/lib/crater-agent-workspace/builds/worker-4-tc1/target:/opt/rustwide/target:rw,Z" "-v" "/var/lib/crater-agent-workspace/builds/worker-4-tc1/source:/opt/rustwide/workdir:ro,Z" "-v" "/var/lib/crater-agent-workspace/cargo-home:/opt/rustwide/cargo-home:ro,Z" "-v" "/var/lib/crater-agent-workspace/rustup-home:/opt/rustwide/rustup-home:ro,Z" "-e" "SOURCE_DIR=/opt/rustwide/workdir" "-e" "CARGO_TARGET_DIR=/opt/rustwide/target" "-e" "CARGO_INCREMENTAL=0" "-e" "RUST_BACKTRACE=full" "-e" "RUSTFLAGS=--cap-lints=warn" "-e" "RUSTDOCFLAGS=--cap-lints=warn" "-e" "CARGO_HOME=/opt/rustwide/cargo-home" "-e" "RUSTUP_HOME=/opt/rustwide/rustup-home" "-w" "/opt/rustwide/workdir" "-m" "1610612736" "--user" "0:0" "--network" "none" "ghcr.io/rust-lang/crates-build-env/linux@sha256:2788e3201cd34a07e3172128adcd8b3090168a8e3bcc40d7c032b9dda1df7d1c" "/opt/rustwide/cargo-home/bin/cargo" "+1.75.0" "test" "--frozen", kill_on_drop: false }`
[INFO] [stdout] 1985d2f65f95b88168defbf935bcf837b1c18d8a5847edb39395897fcdc01382
[INFO] running `Command { std: "docker" "start" "-a" "1985d2f65f95b88168defbf935bcf837b1c18d8a5847edb39395897fcdc01382", kill_on_drop: false }`
[INFO] [stderr]     Finished test [unoptimized + debuginfo] target(s) in 0.10s
[INFO] [stderr]      Running unittests src/lib.rs (/opt/rustwide/target/debug/deps/flnet-08ede1e19a1e29db)
[INFO] [stdout] 
[INFO] [stdout] running 2 tests
[INFO] [stderr] [2024-01-05T04:11:02Z DEBUG flnet::network::tests] Message string is: {"Challenge":[2,"4169a0e3662e8f6fc1a0f79fc9e5c8832bc08bd8b141d8c03eb973f5c615cdbc"]}
[INFO] [stdout] test network::tests::test_serialize ... ok
[INFO] [stderr] [2024-01-05T04:11:02Z DEBUG flnet::config::tests] NodeConfig is: ---
[INFO] [stderr]     NodeConfigV1:
[INFO] [stderr]       info:
[INFO] [stderr]         name: responsible-station
[INFO] [stderr]         client: libc
[INFO] [stderr]         pubkey: E3oqUCLkEdsNmlxFsbJqNfb0m2smArYTAJyxVYCm6dA=
[INFO] [stderr]       keypair: HomGOcKifOGXryH/ncf7nmCEV7HseJI2j2rkbZjIo58TeipQIuQR2w2aXEWxsmo19vSbayYCthMAnLFVgKbp0A==
[INFO] [stderr]     
[INFO] [stdout] test config::tests::save_load ... ok
[INFO] [stdout] 
[INFO] [stdout] test result: ok. 2 passed; 0 failed; 0 ignored; 0 measured; 0 filtered out; finished in 0.00s
[INFO] [stdout] 
[INFO] [stderr]    Doc-tests flnet
[INFO] [stdout] 
[INFO] [stdout] running 6 tests
[INFO] [stdout] test src/lib.rs - (line 45) ... FAILED
[INFO] [stdout] test src/lib.rs - (line 119) ... FAILED
[INFO] [stdout] test src/lib.rs - (line 127) ... FAILED
[INFO] [stdout] test src/lib.rs - network_broker_start (line 227) ... FAILED
[INFO] [stdout] test src/lib.rs - (line 54) ... FAILED
[INFO] [stdout] test src/lib.rs - (line 76) ... FAILED
[INFO] [stdout] 
[INFO] [stdout] failures:
[INFO] [stdout] 
[INFO] [stdout] ---- src/lib.rs - (line 45) stdout ----
[INFO] [stdout] error: expected one of `!`, `.`, `::`, `;`, `?`, `{`, `}`, or an operator, found `cli`
[INFO] [stdout]  --> src/lib.rs:46:4
[INFO] [stdout]   |
[INFO] [stdout] 3 | cd cli; cargo run --bin flsignal -- -vv
[INFO] [stdout]   |    ^^^ expected one of 8 possible tokens
[INFO] [stdout] 
[INFO] [stdout] error: aborting due to previous error
[INFO] [stdout] 
[INFO] [stdout] Couldn't compile the test.
[INFO] [stdout] ---- src/lib.rs - (line 119) stdout ----
[INFO] [stdout] error: expected one of `.`, `;`, `?`, `}`, or an operator, found `,`
[INFO] [stdout]  --> src/lib.rs:121:29
[INFO] [stdout]   |
[INFO] [stdout] 5 | flnet = {features = ["wasm"], version = "0.7"}
[INFO] [stdout]   |                             ^ expected one of `.`, `;`, `?`, `}`, or an operator
[INFO] [stdout] 
[INFO] [stdout] error[E0423]: expected value, found crate `flnet`
[INFO] [stdout]  --> src/lib.rs:121:1
[INFO] [stdout]   |
[INFO] [stdout] 5 | flnet = {features = ["wasm"], version = "0.7"}
[INFO] [stdout]   | ^^^^^
[INFO] [stdout]   |
[INFO] [stdout] help: you might have meant to introduce a new binding
[INFO] [stdout]   |
[INFO] [stdout] 5 | let flnet = {features = ["wasm"], version = "0.7"}
[INFO] [stdout]   | +++
[INFO] [stdout] 
[INFO] [stdout] error: aborting due to 2 previous errors
[INFO] [stdout] 
[INFO] [stdout] For more information about this error, try `rustc --explain E0423`.
[INFO] [stdout] Couldn't compile the test.
[INFO] [stdout] ---- src/lib.rs - (line 127) stdout ----
[INFO] [stdout] error: expected one of `.`, `;`, `?`, `}`, or an operator, found `,`
[INFO] [stdout]  --> src/lib.rs:129:29
[INFO] [stdout]   |
[INFO] [stdout] 5 | flnet = {features = ["libc"], version = "0.7"}
[INFO] [stdout]   |                             ^ expected one of `.`, `;`, `?`, `}`, or an operator
[INFO] [stdout] 
[INFO] [stdout] error[E0423]: expected value, found crate `flnet`
[INFO] [stdout]  --> src/lib.rs:129:1
[INFO] [stdout]   |
[INFO] [stdout] 5 | flnet = {features = ["libc"], version = "0.7"}
[INFO] [stdout]   | ^^^^^
[INFO] [stdout]   |
[INFO] [stdout] help: you might have meant to introduce a new binding
[INFO] [stdout]   |
[INFO] [stdout] 5 | let flnet = {features = ["libc"], version = "0.7"}
[INFO] [stdout]   | +++
[INFO] [stdout] 
[INFO] [stdout] error: aborting due to 2 previous errors
[INFO] [stdout] 
[INFO] [stdout] For more information about this error, try `rustc --explain E0423`.
[INFO] [stdout] Couldn't compile the test.
[INFO] [stdout] ---- src/lib.rs - network_broker_start (line 227) stdout ----
[INFO] [stdout] error[E0412]: cannot find type `NetworkSetupError` in this scope
[INFO] [stdout]  --> src/lib.rs:228:40
[INFO] [stdout]   |
[INFO] [stdout] 3 | async fn start_network() -> Result<(), NetworkSetupError>{
[INFO] [stdout]   |                                        ^^^^^^^^^^^^^^^^^ not found in this scope
[INFO] [stdout]   |
[INFO] [stdout] help: consider importing this enum
[INFO] [stdout]   |
[INFO] [stdout] 2 + use flnet::NetworkSetupError;
[INFO] [stdout]   |
[INFO] [stdout] 
[INFO] [stdout] error[E0425]: cannot find function `network_broker_start` in this scope
[INFO] [stdout]  --> src/lib.rs:229:13
[INFO] [stdout]   |
[INFO] [stdout] 4 |   let net = network_broker_start();
[INFO] [stdout]   |             ^^^^^^^^^^^^^^^^^^^^ not found in this scope
[INFO] [stdout]   |
[INFO] [stdout] help: consider importing this function
[INFO] [stdout]   |
[INFO] [stdout] 2 + use flnet::network_broker_start;
[INFO] [stdout]   |
[INFO] [stdout] 
[INFO] [stdout] error: aborting due to 2 previous errors
[INFO] [stdout] 
[INFO] [stdout] Some errors have detailed explanations: E0412, E0425.
[INFO] [stdout] For more information about an error, try `rustc --explain E0412`.
[INFO] [stdout] Couldn't compile the test.
[INFO] [stdout] ---- src/lib.rs - (line 54) stdout ----
[INFO] [stdout] error[E0412]: cannot find type `BrokerError` in this scope
[INFO] [stdout]  --> src/lib.rs:57:33
[INFO] [stdout]   |
[INFO] [stdout] 6 | async fn server() -> Result<(), BrokerError> {
[INFO] [stdout]   |                                 ^^^^^^^^^^^ not found in this scope
[INFO] [stdout]   |
[INFO] [stdout] help: consider importing one of these items
[INFO] [stdout]   |
[INFO] [stdout] 3 + use flmodules::broker::BrokerError;
[INFO] [stdout]   |
[INFO] [stdout] 3 + use flnet::broker::BrokerError;
[INFO] [stdout]   |
[INFO] [stdout] 
[INFO] [stdout] error[E0308]: mismatched types
[INFO] [stdout]    --> src/lib.rs:61:52
[INFO] [stdout]     |
[INFO] [stdout] 10  |     let mut net = flnet::network_start(nc.clone(), "ws://localhost:8765")
[INFO] [stdout]     |                   --------------------             ^^^^^^^^^^^^^^^^^^^^^ expected `ConnectionConfig`, found `&str`
[INFO] [stdout]     |                   |
[INFO] [stdout]     |                   arguments to this function are incorrect
[INFO] [stdout]     |
[INFO] [stdout] note: function defined here
[INFO] [stdout]    --> /opt/rustwide/workdir/src/lib.rs:257:14
[INFO] [stdout]     |
[INFO] [stdout] 257 | pub async fn network_start(
[INFO] [stdout]     |              ^^^^^^^^^^^^^
[INFO] [stdout] 
[INFO] [stdout] error: aborting due to 2 previous errors
[INFO] [stdout] 
[INFO] [stdout] Some errors have detailed explanations: E0308, E0412.
[INFO] [stdout] For more information about an error, try `rustc --explain E0308`.
[INFO] [stdout] Couldn't compile the test.
[INFO] [stdout] ---- src/lib.rs - (line 76) stdout ----
[INFO] [stdout] error[E0412]: cannot find type `BrokerError` in this scope
[INFO] [stdout]  --> src/lib.rs:79:48
[INFO] [stdout]   |
[INFO] [stdout] 6 | async fn client(server_id: &str) -> Result<(), BrokerError> {
[INFO] [stdout]   |                                                ^^^^^^^^^^^ not found in this scope
[INFO] [stdout]   |
[INFO] [stdout] help: consider importing one of these items
[INFO] [stdout]   |
[INFO] [stdout] 3 + use flmodules::broker::BrokerError;
[INFO] [stdout]   |
[INFO] [stdout] 3 + use flnet::broker::BrokerError;
[INFO] [stdout]   |
[INFO] [stdout] 
[INFO] [stdout] error[E0433]: failed to resolve: use of undeclared type `U256`
[INFO] [stdout]   --> src/lib.rs:88:21
[INFO] [stdout]    |
[INFO] [stdout] 15 |     let server_id = U256::from_str(server_id).expect("get client id");
[INFO] [stdout]    |                     ^^^^ use of undeclared type `U256`
[INFO] [stdout]    |
[INFO] [stdout] help: consider importing one of these items
[INFO] [stdout]    |
[INFO] [stdout] 3  + use flmodules::nodeids::U256;
[INFO] [stdout]    |
[INFO] [stdout] 3  + use flnet::U256;
[INFO] [stdout]    |
[INFO] [stdout] 
[INFO] [stdout] error[E0425]: cannot find function `wait_ms` in this scope
[INFO] [stdout]   --> src/lib.rs:97:5
[INFO] [stdout]    |
[INFO] [stdout] 24 |     wait_ms(1000).await;
[INFO] [stdout]    |     ^^^^^^^ not found in this scope
[INFO] [stdout]    |
[INFO] [stdout] help: consider importing this function
[INFO] [stdout]    |
[INFO] [stdout] 3  + use flarch::wait_ms;
[INFO] [stdout]    |
[INFO] [stdout] 
[INFO] [stdout] error[E0308]: mismatched types
[INFO] [stdout]    --> src/lib.rs:83:52
[INFO] [stdout]     |
[INFO] [stdout] 10  |     let mut net = flnet::network_start(nc.clone(), "ws://localhost:8765")
[INFO] [stdout]     |                   --------------------             ^^^^^^^^^^^^^^^^^^^^^ expected `ConnectionConfig`, found `&str`
[INFO] [stdout]     |                   |
[INFO] [stdout]     |                   arguments to this function are incorrect
[INFO] [stdout]     |
[INFO] [stdout] note: function defined here
[INFO] [stdout]    --> /opt/rustwide/workdir/src/lib.rs:257:14
[INFO] [stdout]     |
[INFO] [stdout] 257 | pub async fn network_start(
[INFO] [stdout]     |              ^^^^^^^^^^^^^
[INFO] [stdout] 
[INFO] [stdout] error: aborting due to 4 previous errors
[INFO] [stdout] 
[INFO] [stdout] Some errors have detailed explanations: E0308, E0412, E0425, E0433.
[INFO] [stdout] For more information about an error, try `rustc --explain E0308`.
[INFO] [stdout] Couldn't compile the test.
[INFO] [stdout] 
[INFO] [stdout] failures:
[INFO] [stdout]     src/lib.rs - (line 119)
[INFO] [stdout]     src/lib.rs - (line 127)
[INFO] [stdout]     src/lib.rs - (line 45)
[INFO] [stdout]     src/lib.rs - (line 54)
[INFO] [stdout]     src/lib.rs - (line 76)
[INFO] [stdout]     src/lib.rs - network_broker_start (line 227)
[INFO] [stdout] 
[INFO] [stdout] test result: FAILED. 0 passed; 6 failed; 0 ignored; 0 measured; 0 filtered out; finished in 0.12s
[INFO] [stdout] 
[INFO] [stderr] error: doctest failed, to rerun pass `--doc`
[INFO] running `Command { std: "docker" "inspect" "1985d2f65f95b88168defbf935bcf837b1c18d8a5847edb39395897fcdc01382", kill_on_drop: false }`
[INFO] running `Command { std: "docker" "rm" "-f" "1985d2f65f95b88168defbf935bcf837b1c18d8a5847edb39395897fcdc01382", kill_on_drop: false }`
[INFO] [stdout] 1985d2f65f95b88168defbf935bcf837b1c18d8a5847edb39395897fcdc01382
