[INFO] fetching crate flipdot-serial 0.6.0...
[INFO] testing flipdot-serial-0.6.0 against 1.75.0 for beta-1.76-1
[INFO] extracting crate flipdot-serial 0.6.0 into /workspace/builds/worker-6-tc1/source
[INFO] validating manifest of crates.io crate flipdot-serial 0.6.0 on toolchain 1.75.0
[INFO] running `Command { std: CARGO_HOME="/workspace/cargo-home" RUSTUP_HOME="/workspace/rustup-home" "/workspace/cargo-home/bin/cargo" "+1.75.0" "metadata" "--manifest-path" "Cargo.toml" "--no-deps", kill_on_drop: false }`
[INFO] started tweaking crates.io crate flipdot-serial 0.6.0
[INFO] finished tweaking crates.io crate flipdot-serial 0.6.0
[INFO] tweaked toml for crates.io crate flipdot-serial 0.6.0 written to /workspace/builds/worker-6-tc1/source/Cargo.toml
[INFO] running `Command { std: CARGO_HOME="/workspace/cargo-home" RUSTUP_HOME="/workspace/rustup-home" "/workspace/cargo-home/bin/cargo" "+1.75.0" "generate-lockfile" "--manifest-path" "Cargo.toml", kill_on_drop: false }`
[INFO] [stderr]     Updating crates.io index
[INFO] running `Command { std: CARGO_HOME="/workspace/cargo-home" RUSTUP_HOME="/workspace/rustup-home" "/workspace/cargo-home/bin/cargo" "+1.75.0" "fetch" "--manifest-path" "Cargo.toml", kill_on_drop: false }`
[INFO] [stderr]  Downloading crates ...
[INFO] [stderr]   Downloaded flipdot-core v0.6.0
[INFO] [stderr]   Downloaded serial-core v0.4.0
[INFO] running `Command { std: "docker" "create" "-v" "/var/lib/crater-agent-workspace/builds/worker-6-tc1/target:/opt/rustwide/target:rw,Z" "-v" "/var/lib/crater-agent-workspace/builds/worker-6-tc1/source:/opt/rustwide/workdir:ro,Z" "-v" "/var/lib/crater-agent-workspace/cargo-home:/opt/rustwide/cargo-home:ro,Z" "-v" "/var/lib/crater-agent-workspace/rustup-home:/opt/rustwide/rustup-home:ro,Z" "-e" "SOURCE_DIR=/opt/rustwide/workdir" "-e" "CARGO_TARGET_DIR=/opt/rustwide/target" "-e" "CARGO_HOME=/opt/rustwide/cargo-home" "-e" "RUSTUP_HOME=/opt/rustwide/rustup-home" "-w" "/opt/rustwide/workdir" "-m" "1610612736" "--user" "0:0" "--network" "none" "ghcr.io/rust-lang/crates-build-env/linux@sha256:2788e3201cd34a07e3172128adcd8b3090168a8e3bcc40d7c032b9dda1df7d1c" "/opt/rustwide/cargo-home/bin/cargo" "+1.75.0" "metadata" "--no-deps" "--format-version=1", kill_on_drop: false }`
[INFO] [stdout] 8d806b0eaa5cc201be93c1434c498c80a439c59423e36f91cc0e2141335578b9
[INFO] running `Command { std: "docker" "start" "-a" "8d806b0eaa5cc201be93c1434c498c80a439c59423e36f91cc0e2141335578b9", kill_on_drop: false }`
[INFO] running `Command { std: "docker" "inspect" "8d806b0eaa5cc201be93c1434c498c80a439c59423e36f91cc0e2141335578b9", kill_on_drop: false }`
[INFO] running `Command { std: "docker" "rm" "-f" "8d806b0eaa5cc201be93c1434c498c80a439c59423e36f91cc0e2141335578b9", kill_on_drop: false }`
[INFO] [stdout] 8d806b0eaa5cc201be93c1434c498c80a439c59423e36f91cc0e2141335578b9
[INFO] running `Command { std: "docker" "create" "-v" "/var/lib/crater-agent-workspace/builds/worker-6-tc1/target:/opt/rustwide/target:rw,Z" "-v" "/var/lib/crater-agent-workspace/builds/worker-6-tc1/source:/opt/rustwide/workdir:ro,Z" "-v" "/var/lib/crater-agent-workspace/cargo-home:/opt/rustwide/cargo-home:ro,Z" "-v" "/var/lib/crater-agent-workspace/rustup-home:/opt/rustwide/rustup-home:ro,Z" "-e" "SOURCE_DIR=/opt/rustwide/workdir" "-e" "CARGO_TARGET_DIR=/opt/rustwide/target" "-e" "CARGO_INCREMENTAL=0" "-e" "RUST_BACKTRACE=full" "-e" "RUSTFLAGS=--cap-lints=warn" "-e" "RUSTDOCFLAGS=--cap-lints=warn" "-e" "CARGO_HOME=/opt/rustwide/cargo-home" "-e" "RUSTUP_HOME=/opt/rustwide/rustup-home" "-w" "/opt/rustwide/workdir" "-m" "1610612736" "--user" "0:0" "--network" "none" "ghcr.io/rust-lang/crates-build-env/linux@sha256:2788e3201cd34a07e3172128adcd8b3090168a8e3bcc40d7c032b9dda1df7d1c" "/opt/rustwide/cargo-home/bin/cargo" "+1.75.0" "build" "--frozen" "--message-format=json", kill_on_drop: false }`
[INFO] [stdout] fba9af958d549d091c6cb9291291ebc29a9cee24db717be5c71fdf85d837c6e7
[INFO] running `Command { std: "docker" "start" "-a" "fba9af958d549d091c6cb9291291ebc29a9cee24db717be5c71fdf85d837c6e7", kill_on_drop: false }`
[INFO] [stderr]    Compiling syn v1.0.109
[INFO] [stderr]    Compiling convert_case v0.4.0
[INFO] [stderr]    Compiling serial-core v0.4.0
[INFO] [stderr]    Compiling thiserror-impl v1.0.56
[INFO] [stderr]    Compiling thiserror v1.0.56
[INFO] [stderr]    Compiling derive_more v0.99.17
[INFO] [stderr]    Compiling flipdot-core v0.6.0
[INFO] [stderr]    Compiling flipdot-serial v0.6.0 (/opt/rustwide/workdir)
[INFO] [stderr]     Finished dev [unoptimized + debuginfo] target(s) in 7.30s
[INFO] running `Command { std: "docker" "inspect" "fba9af958d549d091c6cb9291291ebc29a9cee24db717be5c71fdf85d837c6e7", kill_on_drop: false }`
[INFO] running `Command { std: "docker" "rm" "-f" "fba9af958d549d091c6cb9291291ebc29a9cee24db717be5c71fdf85d837c6e7", kill_on_drop: false }`
[INFO] [stdout] fba9af958d549d091c6cb9291291ebc29a9cee24db717be5c71fdf85d837c6e7
[INFO] running `Command { std: "docker" "create" "-v" "/var/lib/crater-agent-workspace/builds/worker-6-tc1/target:/opt/rustwide/target:rw,Z" "-v" "/var/lib/crater-agent-workspace/builds/worker-6-tc1/source:/opt/rustwide/workdir:ro,Z" "-v" "/var/lib/crater-agent-workspace/cargo-home:/opt/rustwide/cargo-home:ro,Z" "-v" "/var/lib/crater-agent-workspace/rustup-home:/opt/rustwide/rustup-home:ro,Z" "-e" "SOURCE_DIR=/opt/rustwide/workdir" "-e" "CARGO_TARGET_DIR=/opt/rustwide/target" "-e" "CARGO_INCREMENTAL=0" "-e" "RUST_BACKTRACE=full" "-e" "RUSTFLAGS=--cap-lints=warn" "-e" "RUSTDOCFLAGS=--cap-lints=warn" "-e" "CARGO_HOME=/opt/rustwide/cargo-home" "-e" "RUSTUP_HOME=/opt/rustwide/rustup-home" "-w" "/opt/rustwide/workdir" "-m" "1610612736" "--user" "0:0" "--network" "none" "ghcr.io/rust-lang/crates-build-env/linux@sha256:2788e3201cd34a07e3172128adcd8b3090168a8e3bcc40d7c032b9dda1df7d1c" "/opt/rustwide/cargo-home/bin/cargo" "+1.75.0" "test" "--frozen" "--no-run" "--message-format=json", kill_on_drop: false }`
[INFO] [stdout] b9494bab9422b1116368c47e7e20ebab716ae726a080b59cab038594f1f455e8
[INFO] running `Command { std: "docker" "start" "-a" "b9494bab9422b1116368c47e7e20ebab716ae726a080b59cab038594f1f455e8", kill_on_drop: false }`
[INFO] [stderr]    Compiling flipdot-serial v0.6.0 (/opt/rustwide/workdir)
[INFO] [stderr]     Finished test [unoptimized + debuginfo] target(s) in 0.42s
[INFO] running `Command { std: "docker" "inspect" "b9494bab9422b1116368c47e7e20ebab716ae726a080b59cab038594f1f455e8", kill_on_drop: false }`
[INFO] running `Command { std: "docker" "rm" "-f" "b9494bab9422b1116368c47e7e20ebab716ae726a080b59cab038594f1f455e8", kill_on_drop: false }`
[INFO] [stdout] b9494bab9422b1116368c47e7e20ebab716ae726a080b59cab038594f1f455e8
[INFO] running `Command { std: "docker" "create" "-v" "/var/lib/crater-agent-workspace/builds/worker-6-tc1/target:/opt/rustwide/target:rw,Z" "-v" "/var/lib/crater-agent-workspace/builds/worker-6-tc1/source:/opt/rustwide/workdir:ro,Z" "-v" "/var/lib/crater-agent-workspace/cargo-home:/opt/rustwide/cargo-home:ro,Z" "-v" "/var/lib/crater-agent-workspace/rustup-home:/opt/rustwide/rustup-home:ro,Z" "-e" "SOURCE_DIR=/opt/rustwide/workdir" "-e" "CARGO_TARGET_DIR=/opt/rustwide/target" "-e" "CARGO_INCREMENTAL=0" "-e" "RUST_BACKTRACE=full" "-e" "RUSTFLAGS=--cap-lints=warn" "-e" "RUSTDOCFLAGS=--cap-lints=warn" "-e" "CARGO_HOME=/opt/rustwide/cargo-home" "-e" "RUSTUP_HOME=/opt/rustwide/rustup-home" "-w" "/opt/rustwide/workdir" "-m" "1610612736" "--user" "0:0" "--network" "none" "ghcr.io/rust-lang/crates-build-env/linux@sha256:2788e3201cd34a07e3172128adcd8b3090168a8e3bcc40d7c032b9dda1df7d1c" "/opt/rustwide/cargo-home/bin/cargo" "+1.75.0" "test" "--frozen", kill_on_drop: false }`
[INFO] [stdout] dc24dae5921b4adae4e085859ad805f6fb85a4922c53a2f3a7fb50c01093e613
[INFO] running `Command { std: "docker" "start" "-a" "dc24dae5921b4adae4e085859ad805f6fb85a4922c53a2f3a7fb50c01093e613", kill_on_drop: false }`
[INFO] [stderr]     Finished test [unoptimized + debuginfo] target(s) in 0.03s
[INFO] [stderr]      Running unittests src/lib.rs (/opt/rustwide/target/debug/deps/flipdot_serial-95df01210cfcc3cf)
[INFO] [stdout] 
[INFO] [stdout] running 0 tests
[INFO] [stdout] 
[INFO] [stdout] test result: ok. 0 passed; 0 failed; 0 ignored; 0 measured; 0 filtered out; finished in 0.00s
[INFO] [stdout] 
[INFO] [stderr]    Doc-tests flipdot-serial
[INFO] [stdout] 
[INFO] [stdout] running 4 tests
[INFO] [stdout] test src/serial_sign_bus.rs - serial_sign_bus::SerialSignBus (line 20) - compile ... FAILED
[INFO] [stdout] test src/serial_sign_bus.rs - serial_sign_bus::SerialSignBus<P>::try_new (line 48) - compile ... FAILED
[INFO] [stdout] test src/lib.rs - (line 13) - compile ... FAILED
[INFO] [stdout] test src/serial_port.rs - serial_port::configure_port (line 16) - compile ... FAILED
[INFO] [stdout] 
[INFO] [stdout] failures:
[INFO] [stdout] 
[INFO] [stdout] ---- src/serial_sign_bus.rs - serial_sign_bus::SerialSignBus (line 20) stdout ----
[INFO] [stdout] error[E0433]: failed to resolve: use of undeclared crate or module `serial`
[INFO] [stdout]  --> src/serial_sign_bus.rs:26:12
[INFO] [stdout]   |
[INFO] [stdout] 8 | let port = serial::open("/dev/ttyUSB0")?;
[INFO] [stdout]   |            ^^^^^^ use of undeclared crate or module `serial`
[INFO] [stdout] 
[INFO] [stdout] error: aborting due to previous error
[INFO] [stdout] 
[INFO] [stdout] For more information about this error, try `rustc --explain E0433`.
[INFO] [stdout] Couldn't compile the test.
[INFO] [stdout] ---- src/serial_sign_bus.rs - serial_sign_bus::SerialSignBus<P>::try_new (line 48) stdout ----
[INFO] [stdout] error[E0433]: failed to resolve: use of undeclared crate or module `serial`
[INFO] [stdout]  --> src/serial_sign_bus.rs:53:12
[INFO] [stdout]   |
[INFO] [stdout] 7 | let port = serial::open("COM3")?;
[INFO] [stdout]   |            ^^^^^^ use of undeclared crate or module `serial`
[INFO] [stdout] 
[INFO] [stdout] error: aborting due to previous error
[INFO] [stdout] 
[INFO] [stdout] For more information about this error, try `rustc --explain E0433`.
[INFO] [stdout] Couldn't compile the test.
[INFO] [stdout] ---- src/lib.rs - (line 13) stdout ----
[INFO] [stdout] error[E0433]: failed to resolve: use of undeclared crate or module `serial`
[INFO] [stdout]  --> src/lib.rs:19:16
[INFO] [stdout]   |
[INFO] [stdout] 8 | let mut port = serial::open("COM3")?;
[INFO] [stdout]   |                ^^^^^^ use of undeclared crate or module `serial`
[INFO] [stdout] 
[INFO] [stdout] error: aborting due to previous error
[INFO] [stdout] 
[INFO] [stdout] For more information about this error, try `rustc --explain E0433`.
[INFO] [stdout] Couldn't compile the test.
[INFO] [stdout] ---- src/serial_port.rs - serial_port::configure_port (line 16) stdout ----
[INFO] [stdout] error[E0433]: failed to resolve: use of undeclared crate or module `serial`
[INFO] [stdout]  --> src/serial_port.rs:22:16
[INFO] [stdout]   |
[INFO] [stdout] 8 | let mut port = serial::open("COM3")?;
[INFO] [stdout]   |                ^^^^^^ use of undeclared crate or module `serial`
[INFO] [stdout] 
[INFO] [stdout] error: aborting due to previous error
[INFO] [stdout] 
[INFO] [stdout] For more information about this error, try `rustc --explain E0433`.
[INFO] [stdout] Couldn't compile the test.
[INFO] [stdout] 
[INFO] [stdout] failures:
[INFO] [stdout]     src/lib.rs - (line 13)
[INFO] [stdout]     src/serial_port.rs - serial_port::configure_port (line 16)
[INFO] [stdout]     src/serial_sign_bus.rs - serial_sign_bus::SerialSignBus (line 20)
[INFO] [stdout]     src/serial_sign_bus.rs - serial_sign_bus::SerialSignBus<P>::try_new (line 48)
[INFO] [stdout] 
[INFO] [stdout] test result: FAILED. 0 passed; 4 failed; 0 ignored; 0 measured; 0 filtered out; finished in 0.15s
[INFO] [stdout] 
[INFO] [stderr] error: doctest failed, to rerun pass `--doc`
[INFO] running `Command { std: "docker" "inspect" "dc24dae5921b4adae4e085859ad805f6fb85a4922c53a2f3a7fb50c01093e613", kill_on_drop: false }`
[INFO] running `Command { std: "docker" "rm" "-f" "dc24dae5921b4adae4e085859ad805f6fb85a4922c53a2f3a7fb50c01093e613", kill_on_drop: false }`
[INFO] [stdout] dc24dae5921b4adae4e085859ad805f6fb85a4922c53a2f3a7fb50c01093e613
