[INFO] fetching crate flawless 1.0.0-alpha.2+brazilian-capybara...
[INFO] testing flawless-1.0.0-alpha.2+brazilian-capybara against 1.75.0 for beta-1.76-1
[INFO] extracting crate flawless 1.0.0-alpha.2+brazilian-capybara into /workspace/builds/worker-0-tc1/source
[INFO] validating manifest of crates.io crate flawless 1.0.0-alpha.2+brazilian-capybara on toolchain 1.75.0
[INFO] running `Command { std: CARGO_HOME="/workspace/cargo-home" RUSTUP_HOME="/workspace/rustup-home" "/workspace/cargo-home/bin/cargo" "+1.75.0" "metadata" "--manifest-path" "Cargo.toml" "--no-deps", kill_on_drop: false }`
[INFO] started tweaking crates.io crate flawless 1.0.0-alpha.2+brazilian-capybara
[INFO] finished tweaking crates.io crate flawless 1.0.0-alpha.2+brazilian-capybara
[INFO] tweaked toml for crates.io crate flawless 1.0.0-alpha.2+brazilian-capybara written to /workspace/builds/worker-0-tc1/source/Cargo.toml
[INFO] crate crates.io crate flawless 1.0.0-alpha.2+brazilian-capybara already has a lockfile, it will not be regenerated
[INFO] running `Command { std: CARGO_HOME="/workspace/cargo-home" RUSTUP_HOME="/workspace/rustup-home" "/workspace/cargo-home/bin/cargo" "+1.75.0" "fetch" "--manifest-path" "Cargo.toml", kill_on_drop: false }`
[INFO] [stderr]     Updating crates.io index
[INFO] [stderr]  Downloading crates ...
[INFO] [stderr]   Downloaded flawless-macros v1.0.0-alpha.2+brazilian-capybara
[INFO] [stderr]   Downloaded flawless-wasabi v1.0.0-alpha.2+brazilian-capybara
[INFO] [stderr]   Downloaded http-serde v1.1.3
[INFO] running `Command { std: "docker" "create" "-v" "/var/lib/crater-agent-workspace/builds/worker-0-tc1/target:/opt/rustwide/target:rw,Z" "-v" "/var/lib/crater-agent-workspace/builds/worker-0-tc1/source:/opt/rustwide/workdir:ro,Z" "-v" "/var/lib/crater-agent-workspace/cargo-home:/opt/rustwide/cargo-home:ro,Z" "-v" "/var/lib/crater-agent-workspace/rustup-home:/opt/rustwide/rustup-home:ro,Z" "-e" "SOURCE_DIR=/opt/rustwide/workdir" "-e" "CARGO_TARGET_DIR=/opt/rustwide/target" "-e" "CARGO_HOME=/opt/rustwide/cargo-home" "-e" "RUSTUP_HOME=/opt/rustwide/rustup-home" "-w" "/opt/rustwide/workdir" "-m" "1610612736" "--user" "0:0" "--network" "none" "ghcr.io/rust-lang/crates-build-env/linux@sha256:2788e3201cd34a07e3172128adcd8b3090168a8e3bcc40d7c032b9dda1df7d1c" "/opt/rustwide/cargo-home/bin/cargo" "+1.75.0" "metadata" "--no-deps" "--format-version=1", kill_on_drop: false }`
[INFO] [stdout] b9959e141de65d8e22b2ef4ea36394c0fcd4c649f97d2e5bed30ed98956881e7
[INFO] running `Command { std: "docker" "start" "-a" "b9959e141de65d8e22b2ef4ea36394c0fcd4c649f97d2e5bed30ed98956881e7", kill_on_drop: false }`
[INFO] running `Command { std: "docker" "inspect" "b9959e141de65d8e22b2ef4ea36394c0fcd4c649f97d2e5bed30ed98956881e7", kill_on_drop: false }`
[INFO] running `Command { std: "docker" "rm" "-f" "b9959e141de65d8e22b2ef4ea36394c0fcd4c649f97d2e5bed30ed98956881e7", kill_on_drop: false }`
[INFO] [stdout] b9959e141de65d8e22b2ef4ea36394c0fcd4c649f97d2e5bed30ed98956881e7
[INFO] running `Command { std: "docker" "create" "-v" "/var/lib/crater-agent-workspace/builds/worker-0-tc1/target:/opt/rustwide/target:rw,Z" "-v" "/var/lib/crater-agent-workspace/builds/worker-0-tc1/source:/opt/rustwide/workdir:ro,Z" "-v" "/var/lib/crater-agent-workspace/cargo-home:/opt/rustwide/cargo-home:ro,Z" "-v" "/var/lib/crater-agent-workspace/rustup-home:/opt/rustwide/rustup-home:ro,Z" "-e" "SOURCE_DIR=/opt/rustwide/workdir" "-e" "CARGO_TARGET_DIR=/opt/rustwide/target" "-e" "CARGO_INCREMENTAL=0" "-e" "RUST_BACKTRACE=full" "-e" "RUSTFLAGS=--cap-lints=warn" "-e" "RUSTDOCFLAGS=--cap-lints=warn" "-e" "CARGO_HOME=/opt/rustwide/cargo-home" "-e" "RUSTUP_HOME=/opt/rustwide/rustup-home" "-w" "/opt/rustwide/workdir" "-m" "1610612736" "--user" "0:0" "--network" "none" "ghcr.io/rust-lang/crates-build-env/linux@sha256:2788e3201cd34a07e3172128adcd8b3090168a8e3bcc40d7c032b9dda1df7d1c" "/opt/rustwide/cargo-home/bin/cargo" "+1.75.0" "build" "--frozen" "--message-format=json", kill_on_drop: false }`
[INFO] [stdout] 11041f8dcdb316ac031da6b6cdef322a730c2f68204a8a3ec04fe6cebe84d8ee
[INFO] running `Command { std: "docker" "start" "-a" "11041f8dcdb316ac031da6b6cdef322a730c2f68204a8a3ec04fe6cebe84d8ee", kill_on_drop: false }`
[INFO] [stderr]    Compiling proc-macro2 v1.0.69
[INFO] [stderr]    Compiling serde v1.0.192
[INFO] [stderr]    Compiling bytes v1.5.0
[INFO] [stderr]    Compiling fnv v1.0.7
[INFO] [stderr]    Compiling itoa v1.0.9
[INFO] [stderr]    Compiling flawless v1.0.0-alpha.2+brazilian-capybara (/opt/rustwide/workdir)
[INFO] [stderr]    Compiling http v0.2.11
[INFO] [stderr]    Compiling quote v1.0.33
[INFO] [stderr]    Compiling syn v2.0.39
[INFO] [stderr]    Compiling syn v1.0.109
[INFO] [stderr]    Compiling serde_derive v1.0.192
[INFO] [stderr]    Compiling flawless-macros v1.0.0-alpha.2+brazilian-capybara
[INFO] [stderr]    Compiling http-serde v1.1.3
[INFO] [stderr]    Compiling bincode v1.3.3
[INFO] [stderr]    Compiling flawless-wasabi v1.0.0-alpha.2+brazilian-capybara
[INFO] [stderr]     Finished dev [unoptimized + debuginfo] target(s) in 12.65s
[INFO] running `Command { std: "docker" "inspect" "11041f8dcdb316ac031da6b6cdef322a730c2f68204a8a3ec04fe6cebe84d8ee", kill_on_drop: false }`
[INFO] running `Command { std: "docker" "rm" "-f" "11041f8dcdb316ac031da6b6cdef322a730c2f68204a8a3ec04fe6cebe84d8ee", kill_on_drop: false }`
[INFO] [stdout] 11041f8dcdb316ac031da6b6cdef322a730c2f68204a8a3ec04fe6cebe84d8ee
[INFO] running `Command { std: "docker" "create" "-v" "/var/lib/crater-agent-workspace/builds/worker-0-tc1/target:/opt/rustwide/target:rw,Z" "-v" "/var/lib/crater-agent-workspace/builds/worker-0-tc1/source:/opt/rustwide/workdir:ro,Z" "-v" "/var/lib/crater-agent-workspace/cargo-home:/opt/rustwide/cargo-home:ro,Z" "-v" "/var/lib/crater-agent-workspace/rustup-home:/opt/rustwide/rustup-home:ro,Z" "-e" "SOURCE_DIR=/opt/rustwide/workdir" "-e" "CARGO_TARGET_DIR=/opt/rustwide/target" "-e" "CARGO_INCREMENTAL=0" "-e" "RUST_BACKTRACE=full" "-e" "RUSTFLAGS=--cap-lints=warn" "-e" "RUSTDOCFLAGS=--cap-lints=warn" "-e" "CARGO_HOME=/opt/rustwide/cargo-home" "-e" "RUSTUP_HOME=/opt/rustwide/rustup-home" "-w" "/opt/rustwide/workdir" "-m" "1610612736" "--user" "0:0" "--network" "none" "ghcr.io/rust-lang/crates-build-env/linux@sha256:2788e3201cd34a07e3172128adcd8b3090168a8e3bcc40d7c032b9dda1df7d1c" "/opt/rustwide/cargo-home/bin/cargo" "+1.75.0" "test" "--frozen" "--no-run" "--message-format=json", kill_on_drop: false }`
[INFO] [stdout] 09d17309594e3ec8202b4ed99d92c6b8e18250a1c7a94ce37cf10d06fe7ec2d5
[INFO] running `Command { std: "docker" "start" "-a" "09d17309594e3ec8202b4ed99d92c6b8e18250a1c7a94ce37cf10d06fe7ec2d5", kill_on_drop: false }`
[INFO] [stderr]    Compiling flawless v1.0.0-alpha.2+brazilian-capybara (/opt/rustwide/workdir)
[INFO] [stderr]     Finished test [unoptimized + debuginfo] target(s) in 0.50s
[INFO] running `Command { std: "docker" "inspect" "09d17309594e3ec8202b4ed99d92c6b8e18250a1c7a94ce37cf10d06fe7ec2d5", kill_on_drop: false }`
[INFO] running `Command { std: "docker" "rm" "-f" "09d17309594e3ec8202b4ed99d92c6b8e18250a1c7a94ce37cf10d06fe7ec2d5", kill_on_drop: false }`
[INFO] [stdout] 09d17309594e3ec8202b4ed99d92c6b8e18250a1c7a94ce37cf10d06fe7ec2d5
[INFO] running `Command { std: "docker" "create" "-v" "/var/lib/crater-agent-workspace/builds/worker-0-tc1/target:/opt/rustwide/target:rw,Z" "-v" "/var/lib/crater-agent-workspace/builds/worker-0-tc1/source:/opt/rustwide/workdir:ro,Z" "-v" "/var/lib/crater-agent-workspace/cargo-home:/opt/rustwide/cargo-home:ro,Z" "-v" "/var/lib/crater-agent-workspace/rustup-home:/opt/rustwide/rustup-home:ro,Z" "-e" "SOURCE_DIR=/opt/rustwide/workdir" "-e" "CARGO_TARGET_DIR=/opt/rustwide/target" "-e" "CARGO_INCREMENTAL=0" "-e" "RUST_BACKTRACE=full" "-e" "RUSTFLAGS=--cap-lints=warn" "-e" "RUSTDOCFLAGS=--cap-lints=warn" "-e" "CARGO_HOME=/opt/rustwide/cargo-home" "-e" "RUSTUP_HOME=/opt/rustwide/rustup-home" "-w" "/opt/rustwide/workdir" "-m" "1610612736" "--user" "0:0" "--network" "none" "ghcr.io/rust-lang/crates-build-env/linux@sha256:2788e3201cd34a07e3172128adcd8b3090168a8e3bcc40d7c032b9dda1df7d1c" "/opt/rustwide/cargo-home/bin/cargo" "+1.75.0" "test" "--frozen", kill_on_drop: false }`
[INFO] [stdout] 4424bfd4d04923f4cf6f3eac703c1159a0836e6438f065e7a90fb48dc5572716
[INFO] running `Command { std: "docker" "start" "-a" "4424bfd4d04923f4cf6f3eac703c1159a0836e6438f065e7a90fb48dc5572716", kill_on_drop: false }`
[INFO] [stderr]     Finished test [unoptimized + debuginfo] target(s) in 0.08s
[INFO] [stderr]      Running unittests src/lib.rs (/opt/rustwide/target/debug/deps/flawless-15f09d76cfdc9dc3)
[INFO] [stdout] 
[INFO] [stdout] running 0 tests
[INFO] [stdout] 
[INFO] [stdout] test result: ok. 0 passed; 0 failed; 0 ignored; 0 measured; 0 filtered out; finished in 0.00s
[INFO] [stdout] 
[INFO] [stderr]    Doc-tests flawless
[INFO] [stdout] 
[INFO] [stdout] running 1 test
[INFO] [stdout] test src/http.rs - http (line 6) ... FAILED
[INFO] [stdout] 
[INFO] [stdout] failures:
[INFO] [stdout] 
[INFO] [stdout] ---- src/http.rs - http (line 6) stdout ----
[INFO] [stdout] error: linking with `cc` failed: exit status: 1
[INFO] [stdout]   |
[INFO] [stdout]   = note: LC_ALL="C" PATH="/opt/rustwide/rustup-home/toolchains/1.75.0-x86_64-unknown-linux-gnu/lib/rustlib/x86_64-unknown-linux-gnu/bin:/opt/rustwide/cargo-home/bin:/usr/local/sbin:/usr/local/bin:/usr/sbin:/usr/bin:/sbin:/bin" VSLANG="1033" "cc" "-m64" "/tmp/rustcBNKgUU/symbols.o" "/tmp/rustdoctestJ4pIdZ/rust_out.rust_out.263fb70ac1c95110-cgu.0.rcgu.o" "/tmp/rustdoctestJ4pIdZ/rust_out.2uel00cfmdh5ufit.rcgu.o" "-Wl,--as-needed" "-L" "/opt/rustwide/target/debug/deps" "-L" "/opt/rustwide/target/debug/deps" "-L" "/opt/rustwide/rustup-home/toolchains/1.75.0-x86_64-unknown-linux-gnu/lib/rustlib/x86_64-unknown-linux-gnu/lib" "-Wl,-Bstatic" "/opt/rustwide/target/debug/deps/libflawless-2bc8ac1c4b39e5a6.rlib" "/opt/rustwide/target/debug/deps/libbincode-e726879f263f9362.rlib" "/opt/rustwide/target/debug/deps/libflawless_wasabi-fa1f851f982f32f4.rlib" "/opt/rustwide/target/debug/deps/libhttp_serde-35b6b225658500d2.rlib" "/opt/rustwide/target/debug/deps/libhttp-9f90e562c1e0df30.rlib" "/opt/rustwide/target/debug/deps/libitoa-05fb7c91ffbc0a79.rlib" "/opt/rustwide/target/debug/deps/libbytes-0a052f49710012b1.rlib" "/opt/rustwide/target/debug/deps/libfnv-18bf5144d055e772.rlib" "/opt/rustwide/target/debug/deps/libserde-d6a1db5dd78c9804.rlib" "/opt/rustwide/rustup-home/toolchains/1.75.0-x86_64-unknown-linux-gnu/lib/rustlib/x86_64-unknown-linux-gnu/lib/libstd-90f6ddbf82de36ec.rlib" "/opt/rustwide/rustup-home/toolchains/1.75.0-x86_64-unknown-linux-gnu/lib/rustlib/x86_64-unknown-linux-gnu/lib/libpanic_unwind-480c41e9d4e1f677.rlib" "/opt/rustwide/rustup-home/toolchains/1.75.0-x86_64-unknown-linux-gnu/lib/rustlib/x86_64-unknown-linux-gnu/lib/libobject-db744c0ca03eed1d.rlib" "/opt/rustwide/rustup-home/toolchains/1.75.0-x86_64-unknown-linux-gnu/lib/rustlib/x86_64-unknown-linux-gnu/lib/libmemchr-8ba652dc7d4b285a.rlib" "/opt/rustwide/rustup-home/toolchains/1.75.0-x86_64-unknown-linux-gnu/lib/rustlib/x86_64-unknown-linux-gnu/lib/libaddr2line-d5f4520a9ebc0d58.rlib" "/opt/rustwide/rustup-home/toolchains/1.75.0-x86_64-unknown-linux-gnu/lib/rustlib/x86_64-unknown-linux-gnu/lib/libgimli-4ad84de58f0cb463.rlib" "/opt/rustwide/rustup-home/toolchains/1.75.0-x86_64-unknown-linux-gnu/lib/rustlib/x86_64-unknown-linux-gnu/lib/librustc_demangle-0d10aae2e0f38735.rlib" "/opt/rustwide/rustup-home/toolchains/1.75.0-x86_64-unknown-linux-gnu/lib/rustlib/x86_64-unknown-linux-gnu/lib/libstd_detect-0c17cff739e6745b.rlib" "/opt/rustwide/rustup-home/toolchains/1.75.0-x86_64-unknown-linux-gnu/lib/rustlib/x86_64-unknown-linux-gnu/lib/libhashbrown-b29e17139dde1aa8.rlib" "/opt/rustwide/rustup-home/toolchains/1.75.0-x86_64-unknown-linux-gnu/lib/rustlib/x86_64-unknown-linux-gnu/lib/librustc_std_workspace_alloc-1f975299829cc7bd.rlib" "/opt/rustwide/rustup-home/toolchains/1.75.0-x86_64-unknown-linux-gnu/lib/rustlib/x86_64-unknown-linux-gnu/lib/libminiz_oxide-86bae3bc3079f89b.rlib" "/opt/rustwide/rustup-home/toolchains/1.75.0-x86_64-unknown-linux-gnu/lib/rustlib/x86_64-unknown-linux-gnu/lib/libadler-321b82c30dffdf5f.rlib" "/opt/rustwide/rustup-home/toolchains/1.75.0-x86_64-unknown-linux-gnu/lib/rustlib/x86_64-unknown-linux-gnu/lib/libunwind-3dd8a6810a0bdfef.rlib" "/opt/rustwide/rustup-home/toolchains/1.75.0-x86_64-unknown-linux-gnu/lib/rustlib/x86_64-unknown-linux-gnu/lib/libcfg_if-eb39a61c0c879984.rlib" "/opt/rustwide/rustup-home/toolchains/1.75.0-x86_64-unknown-linux-gnu/lib/rustlib/x86_64-unknown-linux-gnu/lib/liblibc-aa769569f91c3548.rlib" "/opt/rustwide/rustup-home/toolchains/1.75.0-x86_64-unknown-linux-gnu/lib/rustlib/x86_64-unknown-linux-gnu/lib/liballoc-510a192a50a983ed.rlib" "/opt/rustwide/rustup-home/toolchains/1.75.0-x86_64-unknown-linux-gnu/lib/rustlib/x86_64-unknown-linux-gnu/lib/librustc_std_workspace_core-0577018320f99037.rlib" "/opt/rustwide/rustup-home/toolchains/1.75.0-x86_64-unknown-linux-gnu/lib/rustlib/x86_64-unknown-linux-gnu/lib/libcore-193cf992125ccd4c.rlib" "/opt/rustwide/rustup-home/toolchains/1.75.0-x86_64-unknown-linux-gnu/lib/rustlib/x86_64-unknown-linux-gnu/lib/libcompiler_builtins-8e138eaf26ebb4a8.rlib" "-Wl,-Bdynamic" "-lgcc_s" "-lutil" "-lrt" "-lpthread" "-lm" "-ldl" "-lc" "-Wl,--eh-frame-hdr" "-Wl,-z,noexecstack" "-L" "/opt/rustwide/rustup-home/toolchains/1.75.0-x86_64-unknown-linux-gnu/lib/rustlib/x86_64-unknown-linux-gnu/lib" "-o" "/tmp/rustdoctestJ4pIdZ/rust_out" "-Wl,--gc-sections" "-pie" "-Wl,-z,relro,-z,now" "-nodefaultlibs"
[INFO] [stdout]   = note: /usr/bin/ld: /opt/rustwide/target/debug/deps/libflawless-2bc8ac1c4b39e5a6.rlib(flawless-2bc8ac1c4b39e5a6.flawless.226c84b70674f37c-cgu.4.rcgu.o): in function `flawless::wasabi::submit':
[INFO] [stdout]           /opt/rustwide/workdir/src/wasabi.rs:23: undefined reference to `submit'
[INFO] [stdout]           collect2: error: ld returned 1 exit status
[INFO] [stdout]           
[INFO] [stdout]   = note: some `extern` functions couldn't be found; some native libraries may need to be installed or have their path specified
[INFO] [stdout]   = note: use the `-l` flag to specify native libraries to link
[INFO] [stdout]   = note: use the `cargo:rustc-link-lib` directive to specify the native libraries to link with Cargo (see https://doc.rust-lang.org/cargo/reference/build-scripts.html#cargorustc-link-libkindname)
[INFO] [stdout] 
[INFO] [stdout] error: aborting due to previous error
[INFO] [stdout] 
[INFO] [stdout] Couldn't compile the test.
[INFO] [stdout] 
[INFO] [stdout] failures:
[INFO] [stdout]     src/http.rs - http (line 6)
[INFO] [stdout] 
[INFO] [stdout] test result: FAILED. 0 passed; 1 failed; 0 ignored; 0 measured; 0 filtered out; finished in 0.53s
[INFO] [stdout] 
[INFO] [stderr] error: doctest failed, to rerun pass `--doc`
[INFO] running `Command { std: "docker" "inspect" "4424bfd4d04923f4cf6f3eac703c1159a0836e6438f065e7a90fb48dc5572716", kill_on_drop: false }`
[INFO] running `Command { std: "docker" "rm" "-f" "4424bfd4d04923f4cf6f3eac703c1159a0836e6438f065e7a90fb48dc5572716", kill_on_drop: false }`
[INFO] [stdout] 4424bfd4d04923f4cf6f3eac703c1159a0836e6438f065e7a90fb48dc5572716
