[INFO] fetching crate flawless-macros 1.0.0-alpha.2+brazilian-capybara...
[INFO] testing flawless-macros-1.0.0-alpha.2+brazilian-capybara against 1.75.0 for beta-1.76-1
[INFO] extracting crate flawless-macros 1.0.0-alpha.2+brazilian-capybara into /workspace/builds/worker-0-tc1/source
[INFO] validating manifest of crates.io crate flawless-macros 1.0.0-alpha.2+brazilian-capybara on toolchain 1.75.0
[INFO] running `Command { std: CARGO_HOME="/workspace/cargo-home" RUSTUP_HOME="/workspace/rustup-home" "/workspace/cargo-home/bin/cargo" "+1.75.0" "metadata" "--manifest-path" "Cargo.toml" "--no-deps", kill_on_drop: false }`
[INFO] started tweaking crates.io crate flawless-macros 1.0.0-alpha.2+brazilian-capybara
[INFO] finished tweaking crates.io crate flawless-macros 1.0.0-alpha.2+brazilian-capybara
[INFO] tweaked toml for crates.io crate flawless-macros 1.0.0-alpha.2+brazilian-capybara written to /workspace/builds/worker-0-tc1/source/Cargo.toml
[INFO] running `Command { std: CARGO_HOME="/workspace/cargo-home" RUSTUP_HOME="/workspace/rustup-home" "/workspace/cargo-home/bin/cargo" "+1.75.0" "generate-lockfile" "--manifest-path" "Cargo.toml", kill_on_drop: false }`
[INFO] [stderr]     Updating crates.io index
[INFO] running `Command { std: CARGO_HOME="/workspace/cargo-home" RUSTUP_HOME="/workspace/rustup-home" "/workspace/cargo-home/bin/cargo" "+1.75.0" "fetch" "--manifest-path" "Cargo.toml", kill_on_drop: false }`
[INFO] running `Command { std: "docker" "create" "-v" "/var/lib/crater-agent-workspace/builds/worker-0-tc1/target:/opt/rustwide/target:rw,Z" "-v" "/var/lib/crater-agent-workspace/builds/worker-0-tc1/source:/opt/rustwide/workdir:ro,Z" "-v" "/var/lib/crater-agent-workspace/cargo-home:/opt/rustwide/cargo-home:ro,Z" "-v" "/var/lib/crater-agent-workspace/rustup-home:/opt/rustwide/rustup-home:ro,Z" "-e" "SOURCE_DIR=/opt/rustwide/workdir" "-e" "CARGO_TARGET_DIR=/opt/rustwide/target" "-e" "CARGO_HOME=/opt/rustwide/cargo-home" "-e" "RUSTUP_HOME=/opt/rustwide/rustup-home" "-w" "/opt/rustwide/workdir" "-m" "1610612736" "--user" "0:0" "--network" "none" "ghcr.io/rust-lang/crates-build-env/linux@sha256:2788e3201cd34a07e3172128adcd8b3090168a8e3bcc40d7c032b9dda1df7d1c" "/opt/rustwide/cargo-home/bin/cargo" "+1.75.0" "metadata" "--no-deps" "--format-version=1", kill_on_drop: false }`
[INFO] [stdout] e2f8320c674ba58420c4e45932765ebf1027c6db92b8e348a63e1ec6a375390c
[INFO] running `Command { std: "docker" "start" "-a" "e2f8320c674ba58420c4e45932765ebf1027c6db92b8e348a63e1ec6a375390c", kill_on_drop: false }`
[INFO] running `Command { std: "docker" "inspect" "e2f8320c674ba58420c4e45932765ebf1027c6db92b8e348a63e1ec6a375390c", kill_on_drop: false }`
[INFO] running `Command { std: "docker" "rm" "-f" "e2f8320c674ba58420c4e45932765ebf1027c6db92b8e348a63e1ec6a375390c", kill_on_drop: false }`
[INFO] [stdout] e2f8320c674ba58420c4e45932765ebf1027c6db92b8e348a63e1ec6a375390c
[INFO] running `Command { std: "docker" "create" "-v" "/var/lib/crater-agent-workspace/builds/worker-0-tc1/target:/opt/rustwide/target:rw,Z" "-v" "/var/lib/crater-agent-workspace/builds/worker-0-tc1/source:/opt/rustwide/workdir:ro,Z" "-v" "/var/lib/crater-agent-workspace/cargo-home:/opt/rustwide/cargo-home:ro,Z" "-v" "/var/lib/crater-agent-workspace/rustup-home:/opt/rustwide/rustup-home:ro,Z" "-e" "SOURCE_DIR=/opt/rustwide/workdir" "-e" "CARGO_TARGET_DIR=/opt/rustwide/target" "-e" "CARGO_INCREMENTAL=0" "-e" "RUST_BACKTRACE=full" "-e" "RUSTFLAGS=--cap-lints=warn" "-e" "RUSTDOCFLAGS=--cap-lints=warn" "-e" "CARGO_HOME=/opt/rustwide/cargo-home" "-e" "RUSTUP_HOME=/opt/rustwide/rustup-home" "-w" "/opt/rustwide/workdir" "-m" "1610612736" "--user" "0:0" "--network" "none" "ghcr.io/rust-lang/crates-build-env/linux@sha256:2788e3201cd34a07e3172128adcd8b3090168a8e3bcc40d7c032b9dda1df7d1c" "/opt/rustwide/cargo-home/bin/cargo" "+1.75.0" "build" "--frozen" "--message-format=json", kill_on_drop: false }`
[INFO] [stdout] 3a3bc9d8755641ae2b22d062a304afdd28b9a1b07c6a810acd0d990497de7127
[INFO] running `Command { std: "docker" "start" "-a" "3a3bc9d8755641ae2b22d062a304afdd28b9a1b07c6a810acd0d990497de7127", kill_on_drop: false }`
[INFO] [stderr]    Compiling proc-macro2 v1.0.75
[INFO] [stderr]    Compiling syn v1.0.109
[INFO] [stderr]    Compiling quote v1.0.35
[INFO] [stderr]    Compiling flawless-macros v1.0.0-alpha.2+brazilian-capybara (/opt/rustwide/workdir)
[INFO] [stderr]     Finished dev [unoptimized + debuginfo] target(s) in 3.98s
[INFO] running `Command { std: "docker" "inspect" "3a3bc9d8755641ae2b22d062a304afdd28b9a1b07c6a810acd0d990497de7127", kill_on_drop: false }`
[INFO] running `Command { std: "docker" "rm" "-f" "3a3bc9d8755641ae2b22d062a304afdd28b9a1b07c6a810acd0d990497de7127", kill_on_drop: false }`
[INFO] [stdout] 3a3bc9d8755641ae2b22d062a304afdd28b9a1b07c6a810acd0d990497de7127
[INFO] running `Command { std: "docker" "create" "-v" "/var/lib/crater-agent-workspace/builds/worker-0-tc1/target:/opt/rustwide/target:rw,Z" "-v" "/var/lib/crater-agent-workspace/builds/worker-0-tc1/source:/opt/rustwide/workdir:ro,Z" "-v" "/var/lib/crater-agent-workspace/cargo-home:/opt/rustwide/cargo-home:ro,Z" "-v" "/var/lib/crater-agent-workspace/rustup-home:/opt/rustwide/rustup-home:ro,Z" "-e" "SOURCE_DIR=/opt/rustwide/workdir" "-e" "CARGO_TARGET_DIR=/opt/rustwide/target" "-e" "CARGO_INCREMENTAL=0" "-e" "RUST_BACKTRACE=full" "-e" "RUSTFLAGS=--cap-lints=warn" "-e" "RUSTDOCFLAGS=--cap-lints=warn" "-e" "CARGO_HOME=/opt/rustwide/cargo-home" "-e" "RUSTUP_HOME=/opt/rustwide/rustup-home" "-w" "/opt/rustwide/workdir" "-m" "1610612736" "--user" "0:0" "--network" "none" "ghcr.io/rust-lang/crates-build-env/linux@sha256:2788e3201cd34a07e3172128adcd8b3090168a8e3bcc40d7c032b9dda1df7d1c" "/opt/rustwide/cargo-home/bin/cargo" "+1.75.0" "test" "--frozen" "--no-run" "--message-format=json", kill_on_drop: false }`
[INFO] [stdout] 1188d8e6306861d5b45409ce7adfafb5ae21e78ef66d707ba81f294df0d4a4f7
[INFO] running `Command { std: "docker" "start" "-a" "1188d8e6306861d5b45409ce7adfafb5ae21e78ef66d707ba81f294df0d4a4f7", kill_on_drop: false }`
[INFO] [stderr]    Compiling flawless-macros v1.0.0-alpha.2+brazilian-capybara (/opt/rustwide/workdir)
[INFO] [stderr]     Finished test [unoptimized + debuginfo] target(s) in 0.45s
[INFO] running `Command { std: "docker" "inspect" "1188d8e6306861d5b45409ce7adfafb5ae21e78ef66d707ba81f294df0d4a4f7", kill_on_drop: false }`
[INFO] running `Command { std: "docker" "rm" "-f" "1188d8e6306861d5b45409ce7adfafb5ae21e78ef66d707ba81f294df0d4a4f7", kill_on_drop: false }`
[INFO] [stdout] 1188d8e6306861d5b45409ce7adfafb5ae21e78ef66d707ba81f294df0d4a4f7
[INFO] running `Command { std: "docker" "create" "-v" "/var/lib/crater-agent-workspace/builds/worker-0-tc1/target:/opt/rustwide/target:rw,Z" "-v" "/var/lib/crater-agent-workspace/builds/worker-0-tc1/source:/opt/rustwide/workdir:ro,Z" "-v" "/var/lib/crater-agent-workspace/cargo-home:/opt/rustwide/cargo-home:ro,Z" "-v" "/var/lib/crater-agent-workspace/rustup-home:/opt/rustwide/rustup-home:ro,Z" "-e" "SOURCE_DIR=/opt/rustwide/workdir" "-e" "CARGO_TARGET_DIR=/opt/rustwide/target" "-e" "CARGO_INCREMENTAL=0" "-e" "RUST_BACKTRACE=full" "-e" "RUSTFLAGS=--cap-lints=warn" "-e" "RUSTDOCFLAGS=--cap-lints=warn" "-e" "CARGO_HOME=/opt/rustwide/cargo-home" "-e" "RUSTUP_HOME=/opt/rustwide/rustup-home" "-w" "/opt/rustwide/workdir" "-m" "1610612736" "--user" "0:0" "--network" "none" "ghcr.io/rust-lang/crates-build-env/linux@sha256:2788e3201cd34a07e3172128adcd8b3090168a8e3bcc40d7c032b9dda1df7d1c" "/opt/rustwide/cargo-home/bin/cargo" "+1.75.0" "test" "--frozen", kill_on_drop: false }`
[INFO] [stdout] 257655a303cebf28b6c994a15fff5522cb9e92a725d2343c2c6f2fe118fa5fe5
[INFO] running `Command { std: "docker" "start" "-a" "257655a303cebf28b6c994a15fff5522cb9e92a725d2343c2c6f2fe118fa5fe5", kill_on_drop: false }`
[INFO] [stderr]     Finished test [unoptimized + debuginfo] target(s) in 0.00s
[INFO] [stderr]      Running unittests src/lib.rs (/opt/rustwide/target/debug/deps/flawless_macros-9bcf54541fcf185c)
[INFO] [stdout] 
[INFO] [stdout] running 0 tests
[INFO] [stdout] 
[INFO] [stdout] test result: ok. 0 passed; 0 failed; 0 ignored; 0 measured; 0 filtered out; finished in 0.00s
[INFO] [stdout] 
[INFO] [stderr]    Doc-tests flawless-macros
[INFO] [stdout] 
[INFO] [stdout] running 1 test
[INFO] [stdout] test src/lib.rs - workflow (line 6) ... FAILED
[INFO] [stdout] 
[INFO] [stdout] failures:
[INFO] [stdout] 
[INFO] [stdout] ---- src/lib.rs - workflow (line 6) stdout ----
[INFO] [stdout] error: cannot find attribute `workflow` in this scope
[INFO] [stdout]  --> src/lib.rs:7:3
[INFO] [stdout]   |
[INFO] [stdout] 3 | #[workflow("hello_workflow")]
[INFO] [stdout]   |   ^^^^^^^^
[INFO] [stdout]   |
[INFO] [stdout] help: consider importing this attribute macro
[INFO] [stdout]   |
[INFO] [stdout] 2 + use flawless_macros::workflow;
[INFO] [stdout]   |
[INFO] [stdout] 
[INFO] [stdout] error: aborting due to previous error
[INFO] [stdout] 
[INFO] [stdout] Couldn't compile the test.
[INFO] [stdout] 
[INFO] [stdout] failures:
[INFO] [stdout]     src/lib.rs - workflow (line 6)
[INFO] [stdout] 
[INFO] [stdout] test result: FAILED. 0 passed; 1 failed; 0 ignored; 0 measured; 0 filtered out; finished in 0.06s
[INFO] [stdout] 
[INFO] [stderr] error: doctest failed, to rerun pass `--doc`
[INFO] running `Command { std: "docker" "inspect" "257655a303cebf28b6c994a15fff5522cb9e92a725d2343c2c6f2fe118fa5fe5", kill_on_drop: false }`
[INFO] running `Command { std: "docker" "rm" "-f" "257655a303cebf28b6c994a15fff5522cb9e92a725d2343c2c6f2fe118fa5fe5", kill_on_drop: false }`
[INFO] [stdout] 257655a303cebf28b6c994a15fff5522cb9e92a725d2343c2c6f2fe118fa5fe5
[INFO] testing flawless-macros-1.0.0-alpha.2+brazilian-capybara against beta-2023-12-22 for beta-1.76-1
[INFO] extracting crate flawless-macros 1.0.0-alpha.2+brazilian-capybara into /workspace/builds/worker-0-tc2/source
[INFO] validating manifest of crates.io crate flawless-macros 1.0.0-alpha.2+brazilian-capybara on toolchain beta-2023-12-22
[INFO] running `Command { std: CARGO_HOME="/workspace/cargo-home" RUSTUP_HOME="/workspace/rustup-home" "/workspace/cargo-home/bin/cargo" "+beta-2023-12-22" "metadata" "--manifest-path" "Cargo.toml" "--no-deps", kill_on_drop: false }`
[INFO] started tweaking crates.io crate flawless-macros 1.0.0-alpha.2+brazilian-capybara
[INFO] finished tweaking crates.io crate flawless-macros 1.0.0-alpha.2+brazilian-capybara
[INFO] tweaked toml for crates.io crate flawless-macros 1.0.0-alpha.2+brazilian-capybara written to /workspace/builds/worker-0-tc2/source/Cargo.toml
[INFO] running `Command { std: CARGO_HOME="/workspace/cargo-home" RUSTUP_HOME="/workspace/rustup-home" "/workspace/cargo-home/bin/cargo" "+beta-2023-12-22" "generate-lockfile" "--manifest-path" "Cargo.toml", kill_on_drop: false }`
[INFO] [stderr]     Updating crates.io index
[INFO] running `Command { std: CARGO_HOME="/workspace/cargo-home" RUSTUP_HOME="/workspace/rustup-home" "/workspace/cargo-home/bin/cargo" "+beta-2023-12-22" "fetch" "--manifest-path" "Cargo.toml", kill_on_drop: false }`
[INFO] running `Command { std: "docker" "create" "-v" "/var/lib/crater-agent-workspace/builds/worker-0-tc2/target:/opt/rustwide/target:rw,Z" "-v" "/var/lib/crater-agent-workspace/builds/worker-0-tc2/source:/opt/rustwide/workdir:ro,Z" "-v" "/var/lib/crater-agent-workspace/cargo-home:/opt/rustwide/cargo-home:ro,Z" "-v" "/var/lib/crater-agent-workspace/rustup-home:/opt/rustwide/rustup-home:ro,Z" "-e" "SOURCE_DIR=/opt/rustwide/workdir" "-e" "CARGO_TARGET_DIR=/opt/rustwide/target" "-e" "CARGO_HOME=/opt/rustwide/cargo-home" "-e" "RUSTUP_HOME=/opt/rustwide/rustup-home" "-w" "/opt/rustwide/workdir" "-m" "1610612736" "--user" "0:0" "--network" "none" "ghcr.io/rust-lang/crates-build-env/linux@sha256:2788e3201cd34a07e3172128adcd8b3090168a8e3bcc40d7c032b9dda1df7d1c" "/opt/rustwide/cargo-home/bin/cargo" "+beta-2023-12-22" "metadata" "--no-deps" "--format-version=1", kill_on_drop: false }`
[INFO] [stdout] dadad149c24c7593368c79e5d01ad8e00c7840373ac52ab3ec0404a9a319c8c4
[INFO] running `Command { std: "docker" "start" "-a" "dadad149c24c7593368c79e5d01ad8e00c7840373ac52ab3ec0404a9a319c8c4", kill_on_drop: false }`
[INFO] running `Command { std: "docker" "inspect" "dadad149c24c7593368c79e5d01ad8e00c7840373ac52ab3ec0404a9a319c8c4", kill_on_drop: false }`
[INFO] running `Command { std: "docker" "rm" "-f" "dadad149c24c7593368c79e5d01ad8e00c7840373ac52ab3ec0404a9a319c8c4", kill_on_drop: false }`
[INFO] [stdout] dadad149c24c7593368c79e5d01ad8e00c7840373ac52ab3ec0404a9a319c8c4
[INFO] running `Command { std: "docker" "create" "-v" "/var/lib/crater-agent-workspace/builds/worker-0-tc2/target:/opt/rustwide/target:rw,Z" "-v" "/var/lib/crater-agent-workspace/builds/worker-0-tc2/source:/opt/rustwide/workdir:ro,Z" "-v" "/var/lib/crater-agent-workspace/cargo-home:/opt/rustwide/cargo-home:ro,Z" "-v" "/var/lib/crater-agent-workspace/rustup-home:/opt/rustwide/rustup-home:ro,Z" "-e" "SOURCE_DIR=/opt/rustwide/workdir" "-e" "CARGO_TARGET_DIR=/opt/rustwide/target" "-e" "CARGO_INCREMENTAL=0" "-e" "RUST_BACKTRACE=full" "-e" "RUSTFLAGS=--cap-lints=warn" "-e" "RUSTDOCFLAGS=--cap-lints=warn" "-e" "CARGO_HOME=/opt/rustwide/cargo-home" "-e" "RUSTUP_HOME=/opt/rustwide/rustup-home" "-w" "/opt/rustwide/workdir" "-m" "1610612736" "--user" "0:0" "--network" "none" "ghcr.io/rust-lang/crates-build-env/linux@sha256:2788e3201cd34a07e3172128adcd8b3090168a8e3bcc40d7c032b9dda1df7d1c" "/opt/rustwide/cargo-home/bin/cargo" "+beta-2023-12-22" "build" "--frozen" "--message-format=json", kill_on_drop: false }`
[INFO] [stdout] 05a7f0b343d9098b82bf699b106dc1e1dbcb47fa63a8b2b789304dc25bdd444a
[INFO] running `Command { std: "docker" "start" "-a" "05a7f0b343d9098b82bf699b106dc1e1dbcb47fa63a8b2b789304dc25bdd444a", kill_on_drop: false }`
[INFO] [stderr]    Compiling proc-macro2 v1.0.75
[INFO] [stderr]    Compiling syn v1.0.109
[INFO] [stderr]    Compiling quote v1.0.35
[INFO] [stderr]    Compiling flawless-macros v1.0.0-alpha.2+brazilian-capybara (/opt/rustwide/workdir)
[INFO] [stderr]     Finished dev [unoptimized + debuginfo] target(s) in 3.77s
[INFO] running `Command { std: "docker" "inspect" "05a7f0b343d9098b82bf699b106dc1e1dbcb47fa63a8b2b789304dc25bdd444a", kill_on_drop: false }`
[INFO] running `Command { std: "docker" "rm" "-f" "05a7f0b343d9098b82bf699b106dc1e1dbcb47fa63a8b2b789304dc25bdd444a", kill_on_drop: false }`
[INFO] [stdout] 05a7f0b343d9098b82bf699b106dc1e1dbcb47fa63a8b2b789304dc25bdd444a
[INFO] running `Command { std: "docker" "create" "-v" "/var/lib/crater-agent-workspace/builds/worker-0-tc2/target:/opt/rustwide/target:rw,Z" "-v" "/var/lib/crater-agent-workspace/builds/worker-0-tc2/source:/opt/rustwide/workdir:ro,Z" "-v" "/var/lib/crater-agent-workspace/cargo-home:/opt/rustwide/cargo-home:ro,Z" "-v" "/var/lib/crater-agent-workspace/rustup-home:/opt/rustwide/rustup-home:ro,Z" "-e" "SOURCE_DIR=/opt/rustwide/workdir" "-e" "CARGO_TARGET_DIR=/opt/rustwide/target" "-e" "CARGO_INCREMENTAL=0" "-e" "RUST_BACKTRACE=full" "-e" "RUSTFLAGS=--cap-lints=warn" "-e" "RUSTDOCFLAGS=--cap-lints=warn" "-e" "CARGO_HOME=/opt/rustwide/cargo-home" "-e" "RUSTUP_HOME=/opt/rustwide/rustup-home" "-w" "/opt/rustwide/workdir" "-m" "1610612736" "--user" "0:0" "--network" "none" "ghcr.io/rust-lang/crates-build-env/linux@sha256:2788e3201cd34a07e3172128adcd8b3090168a8e3bcc40d7c032b9dda1df7d1c" "/opt/rustwide/cargo-home/bin/cargo" "+beta-2023-12-22" "test" "--frozen" "--no-run" "--message-format=json", kill_on_drop: false }`
[INFO] [stdout] 30404503ecbd14cf05dae35bf998a7c14a8bc2266251c274ea5aa2f56ec79eba
[INFO] running `Command { std: "docker" "start" "-a" "30404503ecbd14cf05dae35bf998a7c14a8bc2266251c274ea5aa2f56ec79eba", kill_on_drop: false }`
[INFO] [stderr]    Compiling flawless-macros v1.0.0-alpha.2+brazilian-capybara (/opt/rustwide/workdir)
[INFO] [stderr]     Finished test [unoptimized + debuginfo] target(s) in 0.42s
[INFO] running `Command { std: "docker" "inspect" "30404503ecbd14cf05dae35bf998a7c14a8bc2266251c274ea5aa2f56ec79eba", kill_on_drop: false }`
[INFO] running `Command { std: "docker" "rm" "-f" "30404503ecbd14cf05dae35bf998a7c14a8bc2266251c274ea5aa2f56ec79eba", kill_on_drop: false }`
[INFO] [stdout] 30404503ecbd14cf05dae35bf998a7c14a8bc2266251c274ea5aa2f56ec79eba
[INFO] running `Command { std: "docker" "create" "-v" "/var/lib/crater-agent-workspace/builds/worker-0-tc2/target:/opt/rustwide/target:rw,Z" "-v" "/var/lib/crater-agent-workspace/builds/worker-0-tc2/source:/opt/rustwide/workdir:ro,Z" "-v" "/var/lib/crater-agent-workspace/cargo-home:/opt/rustwide/cargo-home:ro,Z" "-v" "/var/lib/crater-agent-workspace/rustup-home:/opt/rustwide/rustup-home:ro,Z" "-e" "SOURCE_DIR=/opt/rustwide/workdir" "-e" "CARGO_TARGET_DIR=/opt/rustwide/target" "-e" "CARGO_INCREMENTAL=0" "-e" "RUST_BACKTRACE=full" "-e" "RUSTFLAGS=--cap-lints=warn" "-e" "RUSTDOCFLAGS=--cap-lints=warn" "-e" "CARGO_HOME=/opt/rustwide/cargo-home" "-e" "RUSTUP_HOME=/opt/rustwide/rustup-home" "-w" "/opt/rustwide/workdir" "-m" "1610612736" "--user" "0:0" "--network" "none" "ghcr.io/rust-lang/crates-build-env/linux@sha256:2788e3201cd34a07e3172128adcd8b3090168a8e3bcc40d7c032b9dda1df7d1c" "/opt/rustwide/cargo-home/bin/cargo" "+beta-2023-12-22" "test" "--frozen", kill_on_drop: false }`
[INFO] [stdout] 7e35e2cc38e27d0926501573114f6ed806bb6bbfd4ed820d72f5e51cb09af65e
[INFO] running `Command { std: "docker" "start" "-a" "7e35e2cc38e27d0926501573114f6ed806bb6bbfd4ed820d72f5e51cb09af65e", kill_on_drop: false }`
[INFO] [stderr]     Finished test [unoptimized + debuginfo] target(s) in 0.01s
[INFO] [stderr]      Running unittests src/lib.rs (/opt/rustwide/target/debug/deps/flawless_macros-c7525b34f7cab29c)
[INFO] [stdout] 
[INFO] [stdout] running 0 tests
[INFO] [stdout] 
[INFO] [stdout] test result: ok. 0 passed; 0 failed; 0 ignored; 0 measured; 0 filtered out; finished in 0.00s
[INFO] [stdout] 
[INFO] [stderr]    Doc-tests flawless-macros
[INFO] [stdout] 
[INFO] [stdout] running 1 test
[INFO] [stdout] test src/lib.rs - workflow (line 6) ... FAILED
[INFO] [stdout] 
[INFO] [stdout] failures:
[INFO] [stdout] 
[INFO] [stdout] ---- src/lib.rs - workflow (line 6) stdout ----
[INFO] [stdout] error: cannot find attribute `workflow` in this scope
[INFO] [stdout]  --> src/lib.rs:7:3
[INFO] [stdout]   |
[INFO] [stdout] 3 | #[workflow("hello_workflow")]
[INFO] [stdout]   |   ^^^^^^^^
[INFO] [stdout]   |
[INFO] [stdout] help: consider importing this attribute macro
[INFO] [stdout]   |
[INFO] [stdout] 2 + use flawless_macros::workflow;
[INFO] [stdout]   |
[INFO] [stdout] 
[INFO] [stdout] error: aborting due to 1 previous error
[INFO] [stdout] 
[INFO] [stdout] Couldn't compile the test.
[INFO] [stdout] 
[INFO] [stdout] failures:
[INFO] [stdout]     src/lib.rs - workflow (line 6)
[INFO] [stdout] 
[INFO] [stdout] test result: FAILED. 0 passed; 1 failed; 0 ignored; 0 measured; 0 filtered out; finished in 0.05s
[INFO] [stdout] 
[INFO] [stderr] error: doctest failed, to rerun pass `--doc`
[INFO] running `Command { std: "docker" "inspect" "7e35e2cc38e27d0926501573114f6ed806bb6bbfd4ed820d72f5e51cb09af65e", kill_on_drop: false }`
[INFO] running `Command { std: "docker" "rm" "-f" "7e35e2cc38e27d0926501573114f6ed806bb6bbfd4ed820d72f5e51cb09af65e", kill_on_drop: false }`
[INFO] [stdout] 7e35e2cc38e27d0926501573114f6ed806bb6bbfd4ed820d72f5e51cb09af65e
