[INFO] fetching crate flatpak 0.18.1...
[INFO] testing flatpak-0.18.1 against 1.75.0 for beta-1.76-1
[INFO] extracting crate flatpak 0.18.1 into /workspace/builds/worker-1-tc1/source
[INFO] validating manifest of crates.io crate flatpak 0.18.1 on toolchain 1.75.0
[INFO] running `Command { std: CARGO_HOME="/workspace/cargo-home" RUSTUP_HOME="/workspace/rustup-home" "/workspace/cargo-home/bin/cargo" "+1.75.0" "metadata" "--manifest-path" "Cargo.toml" "--no-deps", kill_on_drop: false }`
[INFO] started tweaking crates.io crate flatpak 0.18.1
[INFO] finished tweaking crates.io crate flatpak 0.18.1
[INFO] tweaked toml for crates.io crate flatpak 0.18.1 written to /workspace/builds/worker-1-tc1/source/Cargo.toml
[INFO] running `Command { std: CARGO_HOME="/workspace/cargo-home" RUSTUP_HOME="/workspace/rustup-home" "/workspace/cargo-home/bin/cargo" "+1.75.0" "generate-lockfile" "--manifest-path" "Cargo.toml", kill_on_drop: false }`
[INFO] [stderr]     Blocking waiting for file lock on package cache
[INFO] [stderr]     Updating crates.io index
[INFO] running `Command { std: CARGO_HOME="/workspace/cargo-home" RUSTUP_HOME="/workspace/rustup-home" "/workspace/cargo-home/bin/cargo" "+1.75.0" "fetch" "--manifest-path" "Cargo.toml", kill_on_drop: false }`
[INFO] running `Command { std: "docker" "create" "-v" "/var/lib/crater-agent-workspace/builds/worker-1-tc1/target:/opt/rustwide/target:rw,Z" "-v" "/var/lib/crater-agent-workspace/builds/worker-1-tc1/source:/opt/rustwide/workdir:ro,Z" "-v" "/var/lib/crater-agent-workspace/cargo-home:/opt/rustwide/cargo-home:ro,Z" "-v" "/var/lib/crater-agent-workspace/rustup-home:/opt/rustwide/rustup-home:ro,Z" "-e" "SOURCE_DIR=/opt/rustwide/workdir" "-e" "CARGO_TARGET_DIR=/opt/rustwide/target" "-e" "CARGO_HOME=/opt/rustwide/cargo-home" "-e" "RUSTUP_HOME=/opt/rustwide/rustup-home" "-w" "/opt/rustwide/workdir" "-m" "1610612736" "--user" "0:0" "--network" "none" "ghcr.io/rust-lang/crates-build-env/linux@sha256:2788e3201cd34a07e3172128adcd8b3090168a8e3bcc40d7c032b9dda1df7d1c" "/opt/rustwide/cargo-home/bin/cargo" "+1.75.0" "metadata" "--no-deps" "--format-version=1", kill_on_drop: false }`
[INFO] [stdout] 0069830e94481871a4fb5cc40f612de8cdfa4280588cc07ad0e84360e813f709
[INFO] running `Command { std: "docker" "start" "-a" "0069830e94481871a4fb5cc40f612de8cdfa4280588cc07ad0e84360e813f709", kill_on_drop: false }`
[INFO] running `Command { std: "docker" "inspect" "0069830e94481871a4fb5cc40f612de8cdfa4280588cc07ad0e84360e813f709", kill_on_drop: false }`
[INFO] running `Command { std: "docker" "rm" "-f" "0069830e94481871a4fb5cc40f612de8cdfa4280588cc07ad0e84360e813f709", kill_on_drop: false }`
[INFO] [stdout] 0069830e94481871a4fb5cc40f612de8cdfa4280588cc07ad0e84360e813f709
[INFO] running `Command { std: "docker" "create" "-v" "/var/lib/crater-agent-workspace/builds/worker-1-tc1/target:/opt/rustwide/target:rw,Z" "-v" "/var/lib/crater-agent-workspace/builds/worker-1-tc1/source:/opt/rustwide/workdir:ro,Z" "-v" "/var/lib/crater-agent-workspace/cargo-home:/opt/rustwide/cargo-home:ro,Z" "-v" "/var/lib/crater-agent-workspace/rustup-home:/opt/rustwide/rustup-home:ro,Z" "-e" "SOURCE_DIR=/opt/rustwide/workdir" "-e" "CARGO_TARGET_DIR=/opt/rustwide/target" "-e" "CARGO_INCREMENTAL=0" "-e" "RUST_BACKTRACE=full" "-e" "RUSTFLAGS=--cap-lints=warn" "-e" "RUSTDOCFLAGS=--cap-lints=warn" "-e" "CARGO_HOME=/opt/rustwide/cargo-home" "-e" "RUSTUP_HOME=/opt/rustwide/rustup-home" "-w" "/opt/rustwide/workdir" "-m" "1610612736" "--user" "0:0" "--network" "none" "ghcr.io/rust-lang/crates-build-env/linux@sha256:2788e3201cd34a07e3172128adcd8b3090168a8e3bcc40d7c032b9dda1df7d1c" "/opt/rustwide/cargo-home/bin/cargo" "+1.75.0" "build" "--frozen" "--message-format=json", kill_on_drop: false }`
[INFO] [stdout] 8a3e9ccdbb49d2a3105f3e39e6a74dbe6d91b6ff09ad9bdf83a2375cbaecb30f
[INFO] running `Command { std: "docker" "start" "-a" "8a3e9ccdbb49d2a3105f3e39e6a74dbe6d91b6ff09ad9bdf83a2375cbaecb30f", kill_on_drop: false }`
[INFO] [stderr]    Compiling proc-macro2 v1.0.75
[INFO] [stderr]    Compiling serde v1.0.194
[INFO] [stderr]    Compiling ryu v1.0.16
[INFO] [stderr]    Compiling hashbrown v0.14.3
[INFO] [stderr]    Compiling equivalent v1.0.1
[INFO] [stderr]    Compiling serde_json v1.0.111
[INFO] [stderr]    Compiling itoa v1.0.10
[INFO] [stderr]    Compiling unsafe-libyaml v0.2.10
[INFO] [stderr]    Compiling lazy_static v1.4.0
[INFO] [stderr]    Compiling quote v1.0.35
[INFO] [stderr]    Compiling indexmap v2.1.0
[INFO] [stderr]    Compiling syn v2.0.48
[INFO] [stderr]    Compiling serde_derive v1.0.194
[INFO] [stderr]    Compiling serde_yaml v0.9.30
[INFO] [stderr]    Compiling flatpak v0.18.1 (/opt/rustwide/workdir)
[INFO] [stdout] warning: unused imports: `Deserializer`, `Serializer`
[INFO] [stdout]  --> src/architecture.rs:1:26
[INFO] [stdout]   |
[INFO] [stdout] 1 | use serde::{Deserialize, Deserializer, Serializer};
[INFO] [stdout]   |                          ^^^^^^^^^^^^  ^^^^^^^^^^
[INFO] [stdout]   |
[INFO] [stdout]   = note: `#[warn(unused_imports)]` on by default
[INFO] [stdout] 
[INFO] [stdout] 
[INFO] [stdout] warning: unused doc comment
[INFO] [stdout]   --> src/source.rs:84:9
[INFO] [stdout]    |
[INFO] [stdout] 84 | /         /// This is not supported by flatpak-builder by default. This might
[INFO] [stdout] 85 | |         /// be a simple mistake though, so might be worth it to reasses later.
[INFO] [stdout]    | |______________________________________________________________________________^
[INFO] [stdout] 86 |           #[cfg(feature = "extended_mirror_urls_support")]
[INFO] [stdout] 87 | /         if *self == FlatpakSourceType::Git
[INFO] [stdout] 88 | |             || *self == FlatpakSourceType::Svn
[INFO] [stdout] 89 | |             || *self == FlatpakSourceType::Bazaar
[INFO] [stdout] 90 | |         {
[INFO] [stdout] 91 | |             return true;
[INFO] [stdout] 92 | |         }
[INFO] [stdout]    | |_________- rustdoc does not generate documentation for expressions
[INFO] [stdout]    |
[INFO] [stdout]    = help: use `//` for a plain comment
[INFO] [stdout]    = note: `#[warn(unused_doc_comments)]` on by default
[INFO] [stdout] 
[INFO] [stdout] 
[INFO] [stdout] warning: 2 warnings emitted
[INFO] [stdout] 
[INFO] [stdout] 
[INFO] [stderr]     Finished dev [unoptimized + debuginfo] target(s) in 7.37s
[INFO] running `Command { std: "docker" "inspect" "8a3e9ccdbb49d2a3105f3e39e6a74dbe6d91b6ff09ad9bdf83a2375cbaecb30f", kill_on_drop: false }`
[INFO] running `Command { std: "docker" "rm" "-f" "8a3e9ccdbb49d2a3105f3e39e6a74dbe6d91b6ff09ad9bdf83a2375cbaecb30f", kill_on_drop: false }`
[INFO] [stdout] 8a3e9ccdbb49d2a3105f3e39e6a74dbe6d91b6ff09ad9bdf83a2375cbaecb30f
[INFO] running `Command { std: "docker" "create" "-v" "/var/lib/crater-agent-workspace/builds/worker-1-tc1/target:/opt/rustwide/target:rw,Z" "-v" "/var/lib/crater-agent-workspace/builds/worker-1-tc1/source:/opt/rustwide/workdir:ro,Z" "-v" "/var/lib/crater-agent-workspace/cargo-home:/opt/rustwide/cargo-home:ro,Z" "-v" "/var/lib/crater-agent-workspace/rustup-home:/opt/rustwide/rustup-home:ro,Z" "-e" "SOURCE_DIR=/opt/rustwide/workdir" "-e" "CARGO_TARGET_DIR=/opt/rustwide/target" "-e" "CARGO_INCREMENTAL=0" "-e" "RUST_BACKTRACE=full" "-e" "RUSTFLAGS=--cap-lints=warn" "-e" "RUSTDOCFLAGS=--cap-lints=warn" "-e" "CARGO_HOME=/opt/rustwide/cargo-home" "-e" "RUSTUP_HOME=/opt/rustwide/rustup-home" "-w" "/opt/rustwide/workdir" "-m" "1610612736" "--user" "0:0" "--network" "none" "ghcr.io/rust-lang/crates-build-env/linux@sha256:2788e3201cd34a07e3172128adcd8b3090168a8e3bcc40d7c032b9dda1df7d1c" "/opt/rustwide/cargo-home/bin/cargo" "+1.75.0" "test" "--frozen" "--no-run" "--message-format=json", kill_on_drop: false }`
[INFO] [stdout] 1b278c55e78d6e6a51a20087b8513a8206a8a6a03ca21f8816c22c93e27b144f
[INFO] running `Command { std: "docker" "start" "-a" "1b278c55e78d6e6a51a20087b8513a8206a8a6a03ca21f8816c22c93e27b144f", kill_on_drop: false }`
[INFO] [stdout] warning: unused imports: `Deserializer`, `Serializer`
[INFO] [stdout]  --> src/architecture.rs:1:26
[INFO] [stdout]   |
[INFO] [stdout] 1 | use serde::{Deserialize, Deserializer, Serializer};
[INFO] [stdout]   |                          ^^^^^^^^^^^^  ^^^^^^^^^^
[INFO] [stdout]   |
[INFO] [stdout]   = note: `#[warn(unused_imports)]` on by default
[INFO] [stdout] 
[INFO] [stdout] 
[INFO] [stdout] warning: unused doc comment
[INFO] [stdout]   --> src/source.rs:84:9
[INFO] [stdout]    |
[INFO] [stdout] 84 | /         /// This is not supported by flatpak-builder by default. This might
[INFO] [stdout] 85 | |         /// be a simple mistake though, so might be worth it to reasses later.
[INFO] [stdout]    | |______________________________________________________________________________^
[INFO] [stdout] 86 |           #[cfg(feature = "extended_mirror_urls_support")]
[INFO] [stdout] 87 | /         if *self == FlatpakSourceType::Git
[INFO] [stdout] 88 | |             || *self == FlatpakSourceType::Svn
[INFO] [stdout] 89 | |             || *self == FlatpakSourceType::Bazaar
[INFO] [stdout] 90 | |         {
[INFO] [stdout] 91 | |             return true;
[INFO] [stdout] 92 | |         }
[INFO] [stdout]    | |_________- rustdoc does not generate documentation for expressions
[INFO] [stdout]    |
[INFO] [stdout]    = help: use `//` for a plain comment
[INFO] [stdout]    = note: `#[warn(unused_doc_comments)]` on by default
[INFO] [stdout] 
[INFO] [stdout] 
[INFO] [stdout] warning: 2 warnings emitted
[INFO] [stdout] 
[INFO] [stdout] 
[INFO] [stderr]    Compiling flatpak v0.18.1 (/opt/rustwide/workdir)
[INFO] [stdout] warning: unused imports: `Deserializer`, `Serializer`
[INFO] [stdout]  --> src/architecture.rs:1:26
[INFO] [stdout]   |
[INFO] [stdout] 1 | use serde::{Deserialize, Deserializer, Serializer};
[INFO] [stdout]   |                          ^^^^^^^^^^^^  ^^^^^^^^^^
[INFO] [stdout]   |
[INFO] [stdout]   = note: `#[warn(unused_imports)]` on by default
[INFO] [stdout] 
[INFO] [stdout] 
[INFO] [stdout] warning: unused doc comment
[INFO] [stdout]   --> src/source.rs:84:9
[INFO] [stdout]    |
[INFO] [stdout] 84 | /         /// This is not supported by flatpak-builder by default. This might
[INFO] [stdout] 85 | |         /// be a simple mistake though, so might be worth it to reasses later.
[INFO] [stdout]    | |______________________________________________________________________________^
[INFO] [stdout] 86 |           #[cfg(feature = "extended_mirror_urls_support")]
[INFO] [stdout] 87 | /         if *self == FlatpakSourceType::Git
[INFO] [stdout] 88 | |             || *self == FlatpakSourceType::Svn
[INFO] [stdout] 89 | |             || *self == FlatpakSourceType::Bazaar
[INFO] [stdout] 90 | |         {
[INFO] [stdout] 91 | |             return true;
[INFO] [stdout] 92 | |         }
[INFO] [stdout]    | |_________- rustdoc does not generate documentation for expressions
[INFO] [stdout]    |
[INFO] [stdout]    = help: use `//` for a plain comment
[INFO] [stdout]    = note: `#[warn(unused_doc_comments)]` on by default
[INFO] [stdout] 
[INFO] [stdout] 
[INFO] [stdout] warning: unused variable: `env`
[INFO] [stdout]    --> src/module.rs:707:51
[INFO] [stdout]     |
[INFO] [stdout] 707 |                     FlatpakBuildOptionsEnv::Array(env) => panic!("Env should be a dict."),
[INFO] [stdout]     |                                                   ^^^ help: if this is intentional, prefix it with an underscore: `_env`
[INFO] [stdout]     |
[INFO] [stdout]     = note: `#[warn(unused_variables)]` on by default
[INFO] [stdout] 
[INFO] [stdout] 
[INFO] [stdout] warning: unused variable: `env`
[INFO] [stdout]    --> src/module.rs:742:50
[INFO] [stdout]     |
[INFO] [stdout] 742 |                     FlatpakBuildOptionsEnv::Dict(env) => panic!("Env should be an array."),
[INFO] [stdout]     |                                                  ^^^ help: if this is intentional, prefix it with an underscore: `_env`
[INFO] [stdout] 
[INFO] [stdout] 
[INFO] [stdout] warning: 4 warnings emitted
[INFO] [stdout] 
[INFO] [stdout] 
[INFO] [stderr]     Finished test [unoptimized + debuginfo] target(s) in 2.07s
[INFO] running `Command { std: "docker" "inspect" "1b278c55e78d6e6a51a20087b8513a8206a8a6a03ca21f8816c22c93e27b144f", kill_on_drop: false }`
[INFO] running `Command { std: "docker" "rm" "-f" "1b278c55e78d6e6a51a20087b8513a8206a8a6a03ca21f8816c22c93e27b144f", kill_on_drop: false }`
[INFO] [stdout] 1b278c55e78d6e6a51a20087b8513a8206a8a6a03ca21f8816c22c93e27b144f
[INFO] running `Command { std: "docker" "create" "-v" "/var/lib/crater-agent-workspace/builds/worker-1-tc1/target:/opt/rustwide/target:rw,Z" "-v" "/var/lib/crater-agent-workspace/builds/worker-1-tc1/source:/opt/rustwide/workdir:ro,Z" "-v" "/var/lib/crater-agent-workspace/cargo-home:/opt/rustwide/cargo-home:ro,Z" "-v" "/var/lib/crater-agent-workspace/rustup-home:/opt/rustwide/rustup-home:ro,Z" "-e" "SOURCE_DIR=/opt/rustwide/workdir" "-e" "CARGO_TARGET_DIR=/opt/rustwide/target" "-e" "CARGO_INCREMENTAL=0" "-e" "RUST_BACKTRACE=full" "-e" "RUSTFLAGS=--cap-lints=warn" "-e" "RUSTDOCFLAGS=--cap-lints=warn" "-e" "CARGO_HOME=/opt/rustwide/cargo-home" "-e" "RUSTUP_HOME=/opt/rustwide/rustup-home" "-w" "/opt/rustwide/workdir" "-m" "1610612736" "--user" "0:0" "--network" "none" "ghcr.io/rust-lang/crates-build-env/linux@sha256:2788e3201cd34a07e3172128adcd8b3090168a8e3bcc40d7c032b9dda1df7d1c" "/opt/rustwide/cargo-home/bin/cargo" "+1.75.0" "test" "--frozen", kill_on_drop: false }`
[INFO] [stdout] c02550d0eb7e35a26d7760303abedfa6ab8ca1fb85a29a0e89e4a682cbe92a0e
[INFO] running `Command { std: "docker" "start" "-a" "c02550d0eb7e35a26d7760303abedfa6ab8ca1fb85a29a0e89e4a682cbe92a0e", kill_on_drop: false }`
[INFO] [stderr] warning: unused imports: `Deserializer`, `Serializer`
[INFO] [stderr]  --> src/architecture.rs:1:26
[INFO] [stderr]   |
[INFO] [stderr] 1 | use serde::{Deserialize, Deserializer, Serializer};
[INFO] [stderr]   |                          ^^^^^^^^^^^^  ^^^^^^^^^^
[INFO] [stderr]   |
[INFO] [stderr]   = note: `#[warn(unused_imports)]` on by default
[INFO] [stderr] 
[INFO] [stderr] warning: unused doc comment
[INFO] [stderr]   --> src/source.rs:84:9
[INFO] [stderr]    |
[INFO] [stderr] 84 | /         /// This is not supported by flatpak-builder by default. This might
[INFO] [stderr] 85 | |         /// be a simple mistake though, so might be worth it to reasses later.
[INFO] [stderr]    | |______________________________________________________________________________^
[INFO] [stderr] 86 |           #[cfg(feature = "extended_mirror_urls_support")]
[INFO] [stderr] 87 | /         if *self == FlatpakSourceType::Git
[INFO] [stderr] 88 | |             || *self == FlatpakSourceType::Svn
[INFO] [stderr] 89 | |             || *self == FlatpakSourceType::Bazaar
[INFO] [stderr] 90 | |         {
[INFO] [stderr] 91 | |             return true;
[INFO] [stderr] 92 | |         }
[INFO] [stderr]    | |_________- rustdoc does not generate documentation for expressions
[INFO] [stderr]    |
[INFO] [stderr]    = help: use `//` for a plain comment
[INFO] [stderr]    = note: `#[warn(unused_doc_comments)]` on by default
[INFO] [stderr] 
[INFO] [stderr] warning: unused variable: `env`
[INFO] [stderr]    --> src/module.rs:707:51
[INFO] [stderr]     |
[INFO] [stderr] 707 |                     FlatpakBuildOptionsEnv::Array(env) => panic!("Env should be a dict."),
[INFO] [stderr]     |                                                   ^^^ help: if this is intentional, prefix it with an underscore: `_env`
[INFO] [stderr]     |
[INFO] [stderr]     = note: `#[warn(unused_variables)]` on by default
[INFO] [stderr] 
[INFO] [stderr] warning: unused variable: `env`
[INFO] [stderr]    --> src/module.rs:742:50
[INFO] [stderr]     |
[INFO] [stderr] 742 |                     FlatpakBuildOptionsEnv::Dict(env) => panic!("Env should be an array."),
[INFO] [stderr]     |                                                  ^^^ help: if this is intentional, prefix it with an underscore: `_env`
[INFO] [stderr] 
[INFO] [stderr] warning: `flatpak` (lib) generated 2 warnings (run `cargo fix --lib -p flatpak` to apply 1 suggestion)
[INFO] [stderr] warning: `flatpak` (lib test) generated 4 warnings (2 duplicates) (run `cargo fix --lib -p flatpak --tests` to apply 2 suggestions)
[INFO] [stderr]     Finished test [unoptimized + debuginfo] target(s) in 0.01s
[INFO] [stderr]      Running unittests src/lib.rs (/opt/rustwide/target/debug/deps/flatpak-d9c05ce95159bbd3)
[INFO] [stdout] 
[INFO] [stdout] running 29 tests
[INFO] [stdout] test application::tests::test_parse_extension ... ok
[INFO] [stdout] test application::tests::test_parse_add_extensions ... ok
[INFO] [stdout] test application::tests::test_parse ... ok
[INFO] [stdout] test application::tests::test_parse_external_modules ... ok
[INFO] [stdout] test application::tests::test_parse_missing_fields ... ok
[INFO] [stdout] test application::tests::test_parse_json ... ok
[INFO] [stdout] test application::tests::test_parse_source_without_type ... ok
[INFO] [stdout] test application::tests::test_parse_string_source ... ok
[INFO] [stdout] test module::tests::test_parse_build_options_env ... ok
[INFO] [stdout] test application::tests::test_parse_json_with_comments ... ok
[INFO] [stdout] test module::tests::test_parse_builddir ... ignored
[INFO] [stdout] test application::tests::test_parse_json_with_multi_line_comments ... ok
[INFO] [stdout] test module::tests::test_parse_build_options ... ok
[INFO] [stdout] test module::tests::test_parse_invalid_source ... ok
[INFO] [stdout] test module::tests::test_parse_no_buildsystem ... ok
[INFO] [stdout] test source::tests::test_parse_archive_type ... ok
[INFO] [stdout] test module::tests::test_parse_helm_files ... ok
[INFO] [stdout] test source::tests::test_parse_empty_array ... ok
[INFO] [stdout] test source::tests::test_parse_invalid_archive_type ... ok
[INFO] [stdout] test source::tests::test_parse_invalid_type ... ok
[INFO] [stdout] test module::tests::test_parse_extra_data ... ok
[INFO] [stdout] test source::tests::test_parse_shell_type ... ok
[INFO] [stdout] test source::tests::test_parse_multiple_source_manifests ... ok
[INFO] [stdout] test source::tests::test_parse_random_yaml_file ... ok
[INFO] [stdout] test source::tests::test_parse_missing_source_type ... ok
[INFO] [stdout] test source::tests::test_parse_single_source_manifest ... ok
[INFO] [stdout] test application::tests::test_parse_recursive_modules ... ok
[INFO] [stdout] test reverse_dns::tests::test_file_path_matches ... ok
[INFO] [stdout] test application::tests::test_parse_invalid_yaml - should panic ... ok
[INFO] [stdout] 
[INFO] [stdout] test result: ok. 28 passed; 0 failed; 1 ignored; 0 measured; 0 filtered out; finished in 0.02s
[INFO] [stdout] 
[INFO] [stderr]    Doc-tests flatpak
[INFO] [stdout] 
[INFO] [stdout] running 6 tests
[INFO] [stdout] test src/lib.rs - (line 19) ... ignored
[INFO] [stdout] test src/lib.rs - (line 24) ... ignored
[INFO] [stdout] test src/lib.rs - (line 69) ... FAILED
[INFO] [stdout] test src/lib.rs - (line 35) ... FAILED
[INFO] [stdout] test src/archive.rs - archive::get_project_name_from_url (line 168) ... FAILED
[INFO] [stdout] test src/reverse_dns.rs - reverse_dns::from_url (line 16) ... FAILED
[INFO] [stdout] 
[INFO] [stdout] failures:
[INFO] [stdout] 
[INFO] [stdout] ---- src/lib.rs - (line 69) stdout ----
[INFO] [stdout] error[E0433]: failed to resolve: use of undeclared crate or module `flatpak_rs`
[INFO] [stdout]  --> src/lib.rs:73:5
[INFO] [stdout]   |
[INFO] [stdout] 6 | use flatpak_rs::application::FlatpakApplication;
[INFO] [stdout]   |     ^^^^^^^^^^ use of undeclared crate or module `flatpak_rs`
[INFO] [stdout]   |
[INFO] [stdout] help: there is a crate or module with a similar name
[INFO] [stdout]   |
[INFO] [stdout] 6 | use flatpak::application::FlatpakApplication;
[INFO] [stdout]   |     ~~~~~~~
[INFO] [stdout] 
[INFO] [stdout] error: aborting due to previous error
[INFO] [stdout] 
[INFO] [stdout] For more information about this error, try `rustc --explain E0433`.
[INFO] [stdout] Couldn't compile the test.
[INFO] [stdout] ---- src/lib.rs - (line 35) stdout ----
[INFO] [stdout] error[E0433]: failed to resolve: use of undeclared crate or module `flatpak_rs`
[INFO] [stdout]  --> src/lib.rs:37:5
[INFO] [stdout]   |
[INFO] [stdout] 5 | use flatpak_rs::application::FlatpakApplication;
[INFO] [stdout]   |     ^^^^^^^^^^ use of undeclared crate or module `flatpak_rs`
[INFO] [stdout]   |
[INFO] [stdout] help: there is a crate or module with a similar name
[INFO] [stdout]   |
[INFO] [stdout] 5 | use flatpak::application::FlatpakApplication;
[INFO] [stdout]   |     ~~~~~~~
[INFO] [stdout] 
[INFO] [stdout] error[E0433]: failed to resolve: use of undeclared crate or module `flatpak_rs`
[INFO] [stdout]  --> src/lib.rs:38:5
[INFO] [stdout]   |
[INFO] [stdout] 6 | use flatpak_rs::format::FlatpakManifestFormat;
[INFO] [stdout]   |     ^^^^^^^^^^ use of undeclared crate or module `flatpak_rs`
[INFO] [stdout]   |
[INFO] [stdout] help: there is a crate or module with a similar name
[INFO] [stdout]   |
[INFO] [stdout] 6 | use flatpak::format::FlatpakManifestFormat;
[INFO] [stdout]   |     ~~~~~~~
[INFO] [stdout] 
[INFO] [stdout] error: aborting due to 2 previous errors
[INFO] [stdout] 
[INFO] [stdout] For more information about this error, try `rustc --explain E0433`.
[INFO] [stdout] Couldn't compile the test.
[INFO] [stdout] ---- src/archive.rs - archive::get_project_name_from_url (line 168) stdout ----
[INFO] [stdout] error[E0433]: failed to resolve: use of undeclared crate or module `flatpak_rs`
[INFO] [stdout]  --> src/archive.rs:170:20
[INFO] [stdout]   |
[INFO] [stdout] 5 | let project_name = flatpak_rs::archive::get_project_name_from_url(
[INFO] [stdout]   |                    ^^^^^^^^^^ use of undeclared crate or module `flatpak_rs`
[INFO] [stdout]   |
[INFO] [stdout] help: there is a crate or module with a similar name
[INFO] [stdout]   |
[INFO] [stdout] 5 | let project_name = flatpak::archive::get_project_name_from_url(
[INFO] [stdout]   |                    ~~~~~~~
[INFO] [stdout] help: consider importing this module
[INFO] [stdout]   |
[INFO] [stdout] 2 + use flatpak::archive;
[INFO] [stdout]   |
[INFO] [stdout] help: if you import `archive`, refer to it directly
[INFO] [stdout]   |
[INFO] [stdout] 5 - let project_name = flatpak_rs::archive::get_project_name_from_url(
[INFO] [stdout] 5 + let project_name = archive::get_project_name_from_url(
[INFO] [stdout]   |
[INFO] [stdout] 
[INFO] [stdout] error[E0433]: failed to resolve: use of undeclared crate or module `flatpak_rs`
[INFO] [stdout]   --> src/archive.rs:176:20
[INFO] [stdout]    |
[INFO] [stdout] 11 | let project_name = flatpak_rs::archive::get_project_name_from_url(
[INFO] [stdout]    |                    ^^^^^^^^^^ use of undeclared crate or module `flatpak_rs`
[INFO] [stdout]    |
[INFO] [stdout] help: there is a crate or module with a similar name
[INFO] [stdout]    |
[INFO] [stdout] 11 | let project_name = flatpak::archive::get_project_name_from_url(
[INFO] [stdout]    |                    ~~~~~~~
[INFO] [stdout] help: consider importing this module
[INFO] [stdout]    |
[INFO] [stdout] 2  + use flatpak::archive;
[INFO] [stdout]    |
[INFO] [stdout] help: if you import `archive`, refer to it directly
[INFO] [stdout]    |
[INFO] [stdout] 11 - let project_name = flatpak_rs::archive::get_project_name_from_url(
[INFO] [stdout] 11 + let project_name = archive::get_project_name_from_url(
[INFO] [stdout]    |
[INFO] [stdout] 
[INFO] [stdout] error: aborting due to 2 previous errors
[INFO] [stdout] 
[INFO] [stdout] For more information about this error, try `rustc --explain E0433`.
[INFO] [stdout] Couldn't compile the test.
[INFO] [stdout] ---- src/reverse_dns.rs - reverse_dns::from_url (line 16) stdout ----
[INFO] [stdout] error[E0433]: failed to resolve: use of undeclared crate or module `flatpak_rs`
[INFO] [stdout]  --> src/reverse_dns.rs:18:23
[INFO] [stdout]   |
[INFO] [stdout] 5 | let mut reverse_dns = flatpak_rs::reverse_dns::from_url("https://github.com/louib/flatpak-rs.git");
[INFO] [stdout]   |                       ^^^^^^^^^^ use of undeclared crate or module `flatpak_rs`
[INFO] [stdout]   |
[INFO] [stdout] help: there is a crate or module with a similar name
[INFO] [stdout]   |
[INFO] [stdout] 5 | let mut reverse_dns = flatpak::reverse_dns::from_url("https://github.com/louib/flatpak-rs.git");
[INFO] [stdout]   |                       ~~~~~~~
[INFO] [stdout] help: consider importing this module
[INFO] [stdout]   |
[INFO] [stdout] 2 + use flatpak::reverse_dns;
[INFO] [stdout]   |
[INFO] [stdout] help: if you import `reverse_dns`, refer to it directly
[INFO] [stdout]   |
[INFO] [stdout] 5 - let mut reverse_dns = flatpak_rs::reverse_dns::from_url("https://github.com/louib/flatpak-rs.git");
[INFO] [stdout] 5 + let mut reverse_dns = reverse_dns::from_url("https://github.com/louib/flatpak-rs.git");
[INFO] [stdout]   |
[INFO] [stdout] 
[INFO] [stdout] error[E0433]: failed to resolve: use of undeclared crate or module `flatpak_rs`
[INFO] [stdout]  --> src/reverse_dns.rs:21:1
[INFO] [stdout]   |
[INFO] [stdout] 8 | flatpak_rs::reverse_dns::from_url("https://gitlab.com/louib/flatpak-rs.git");
[INFO] [stdout]   | ^^^^^^^^^^ use of undeclared crate or module `flatpak_rs`
[INFO] [stdout]   |
[INFO] [stdout] help: there is a crate or module with a similar name
[INFO] [stdout]   |
[INFO] [stdout] 8 | flatpak::reverse_dns::from_url("https://gitlab.com/louib/flatpak-rs.git");
[INFO] [stdout]   | ~~~~~~~
[INFO] [stdout] help: consider importing this module
[INFO] [stdout]   |
[INFO] [stdout] 2 + use flatpak::reverse_dns;
[INFO] [stdout]   |
[INFO] [stdout] help: if you import `reverse_dns`, refer to it directly
[INFO] [stdout]   |
[INFO] [stdout] 8 - flatpak_rs::reverse_dns::from_url("https://gitlab.com/louib/flatpak-rs.git");
[INFO] [stdout] 8 + reverse_dns::from_url("https://gitlab.com/louib/flatpak-rs.git");
[INFO] [stdout]   |
[INFO] [stdout] 
[INFO] [stdout] error[E0433]: failed to resolve: use of undeclared crate or module `flatpak_rs`
[INFO] [stdout]   --> src/reverse_dns.rs:23:15
[INFO] [stdout]    |
[INFO] [stdout] 10 | reverse_dns = flatpak_rs::reverse_dns::from_url("https://git.savannah.gnu.org/cgit/make.git");
[INFO] [stdout]    |               ^^^^^^^^^^ use of undeclared crate or module `flatpak_rs`
[INFO] [stdout]    |
[INFO] [stdout] help: there is a crate or module with a similar name
[INFO] [stdout]    |
[INFO] [stdout] 10 | reverse_dns = flatpak::reverse_dns::from_url("https://git.savannah.gnu.org/cgit/make.git");
[INFO] [stdout]    |               ~~~~~~~
[INFO] [stdout] help: consider importing this module
[INFO] [stdout]    |
[INFO] [stdout] 2  + use flatpak::reverse_dns;
[INFO] [stdout]    |
[INFO] [stdout] help: if you import `reverse_dns`, refer to it directly
[INFO] [stdout]    |
[INFO] [stdout] 10 - reverse_dns = flatpak_rs::reverse_dns::from_url("https://git.savannah.gnu.org/cgit/make.git");
[INFO] [stdout] 10 + reverse_dns = reverse_dns::from_url("https://git.savannah.gnu.org/cgit/make.git");
[INFO] [stdout]    |
[INFO] [stdout] 
[INFO] [stdout] error[E0433]: failed to resolve: use of undeclared crate or module `flatpak_rs`
[INFO] [stdout]   --> src/reverse_dns.rs:25:15
[INFO] [stdout]    |
[INFO] [stdout] 12 | reverse_dns = flatpak_rs::reverse_dns::from_url("https://gitlab.freedesktop.org/xorg/lib/libxmu");
[INFO] [stdout]    |               ^^^^^^^^^^ use of undeclared crate or module `flatpak_rs`
[INFO] [stdout]    |
[INFO] [stdout] help: there is a crate or module with a similar name
[INFO] [stdout]    |
[INFO] [stdout] 12 | reverse_dns = flatpak::reverse_dns::from_url("https://gitlab.freedesktop.org/xorg/lib/libxmu");
[INFO] [stdout]    |               ~~~~~~~
[INFO] [stdout] help: consider importing this module
[INFO] [stdout]    |
[INFO] [stdout] 2  + use flatpak::reverse_dns;
[INFO] [stdout]    |
[INFO] [stdout] help: if you import `reverse_dns`, refer to it directly
[INFO] [stdout]    |
[INFO] [stdout] 12 - reverse_dns = flatpak_rs::reverse_dns::from_url("https://gitlab.freedesktop.org/xorg/lib/libxmu");
[INFO] [stdout] 12 + reverse_dns = reverse_dns::from_url("https://gitlab.freedesktop.org/xorg/lib/libxmu");
[INFO] [stdout]    |
[INFO] [stdout] 
[INFO] [stdout] error: aborting due to 4 previous errors
[INFO] [stdout] 
[INFO] [stdout] For more information about this error, try `rustc --explain E0433`.
[INFO] [stdout] Couldn't compile the test.
[INFO] [stdout] 
[INFO] [stdout] failures:
[INFO] [stdout]     src/archive.rs - archive::get_project_name_from_url (line 168)
[INFO] [stdout]     src/lib.rs - (line 35)
[INFO] [stdout]     src/lib.rs - (line 69)
[INFO] [stdout]     src/reverse_dns.rs - reverse_dns::from_url (line 16)
[INFO] [stdout] 
[INFO] [stdout] test result: FAILED. 0 passed; 4 failed; 2 ignored; 0 measured; 0 filtered out; finished in 0.05s
[INFO] [stdout] 
[INFO] [stderr] error: doctest failed, to rerun pass `--doc`
[INFO] running `Command { std: "docker" "inspect" "c02550d0eb7e35a26d7760303abedfa6ab8ca1fb85a29a0e89e4a682cbe92a0e", kill_on_drop: false }`
[INFO] running `Command { std: "docker" "rm" "-f" "c02550d0eb7e35a26d7760303abedfa6ab8ca1fb85a29a0e89e4a682cbe92a0e", kill_on_drop: false }`
[INFO] [stdout] c02550d0eb7e35a26d7760303abedfa6ab8ca1fb85a29a0e89e4a682cbe92a0e
