[INFO] fetching crate flapigen 0.6.0...
[INFO] testing flapigen-0.6.0 against 1.75.0 for beta-1.76-1
[INFO] extracting crate flapigen 0.6.0 into /workspace/builds/worker-5-tc1/source
[INFO] validating manifest of crates.io crate flapigen 0.6.0 on toolchain 1.75.0
[INFO] running `Command { std: CARGO_HOME="/workspace/cargo-home" RUSTUP_HOME="/workspace/rustup-home" "/workspace/cargo-home/bin/cargo" "+1.75.0" "metadata" "--manifest-path" "Cargo.toml" "--no-deps", kill_on_drop: false }`
[INFO] started tweaking crates.io crate flapigen 0.6.0
[INFO] finished tweaking crates.io crate flapigen 0.6.0
[INFO] tweaked toml for crates.io crate flapigen 0.6.0 written to /workspace/builds/worker-5-tc1/source/Cargo.toml
[INFO] running `Command { std: CARGO_HOME="/workspace/cargo-home" RUSTUP_HOME="/workspace/rustup-home" "/workspace/cargo-home/bin/cargo" "+1.75.0" "generate-lockfile" "--manifest-path" "Cargo.toml", kill_on_drop: false }`
[INFO] [stderr]     Updating crates.io index
[INFO] running `Command { std: CARGO_HOME="/workspace/cargo-home" RUSTUP_HOME="/workspace/rustup-home" "/workspace/cargo-home/bin/cargo" "+1.75.0" "fetch" "--manifest-path" "Cargo.toml", kill_on_drop: false }`
[INFO] running `Command { std: "docker" "create" "-v" "/var/lib/crater-agent-workspace/builds/worker-5-tc1/target:/opt/rustwide/target:rw,Z" "-v" "/var/lib/crater-agent-workspace/builds/worker-5-tc1/source:/opt/rustwide/workdir:ro,Z" "-v" "/var/lib/crater-agent-workspace/cargo-home:/opt/rustwide/cargo-home:ro,Z" "-v" "/var/lib/crater-agent-workspace/rustup-home:/opt/rustwide/rustup-home:ro,Z" "-e" "SOURCE_DIR=/opt/rustwide/workdir" "-e" "CARGO_TARGET_DIR=/opt/rustwide/target" "-e" "CARGO_HOME=/opt/rustwide/cargo-home" "-e" "RUSTUP_HOME=/opt/rustwide/rustup-home" "-w" "/opt/rustwide/workdir" "-m" "1610612736" "--user" "0:0" "--network" "none" "ghcr.io/rust-lang/crates-build-env/linux@sha256:2788e3201cd34a07e3172128adcd8b3090168a8e3bcc40d7c032b9dda1df7d1c" "/opt/rustwide/cargo-home/bin/cargo" "+1.75.0" "metadata" "--no-deps" "--format-version=1", kill_on_drop: false }`
[INFO] [stdout] d91e8c6ba32cc7375e98ed3835849cb7adf5a7da83841326c7a07db0b1d0d29d
[INFO] running `Command { std: "docker" "start" "-a" "d91e8c6ba32cc7375e98ed3835849cb7adf5a7da83841326c7a07db0b1d0d29d", kill_on_drop: false }`
[INFO] running `Command { std: "docker" "inspect" "d91e8c6ba32cc7375e98ed3835849cb7adf5a7da83841326c7a07db0b1d0d29d", kill_on_drop: false }`
[INFO] running `Command { std: "docker" "rm" "-f" "d91e8c6ba32cc7375e98ed3835849cb7adf5a7da83841326c7a07db0b1d0d29d", kill_on_drop: false }`
[INFO] [stdout] d91e8c6ba32cc7375e98ed3835849cb7adf5a7da83841326c7a07db0b1d0d29d
[INFO] running `Command { std: "docker" "create" "-v" "/var/lib/crater-agent-workspace/builds/worker-5-tc1/target:/opt/rustwide/target:rw,Z" "-v" "/var/lib/crater-agent-workspace/builds/worker-5-tc1/source:/opt/rustwide/workdir:ro,Z" "-v" "/var/lib/crater-agent-workspace/cargo-home:/opt/rustwide/cargo-home:ro,Z" "-v" "/var/lib/crater-agent-workspace/rustup-home:/opt/rustwide/rustup-home:ro,Z" "-e" "SOURCE_DIR=/opt/rustwide/workdir" "-e" "CARGO_TARGET_DIR=/opt/rustwide/target" "-e" "CARGO_INCREMENTAL=0" "-e" "RUST_BACKTRACE=full" "-e" "RUSTFLAGS=--cap-lints=warn" "-e" "RUSTDOCFLAGS=--cap-lints=warn" "-e" "CARGO_HOME=/opt/rustwide/cargo-home" "-e" "RUSTUP_HOME=/opt/rustwide/rustup-home" "-w" "/opt/rustwide/workdir" "-m" "1610612736" "--user" "0:0" "--network" "none" "ghcr.io/rust-lang/crates-build-env/linux@sha256:2788e3201cd34a07e3172128adcd8b3090168a8e3bcc40d7c032b9dda1df7d1c" "/opt/rustwide/cargo-home/bin/cargo" "+1.75.0" "build" "--frozen" "--message-format=json", kill_on_drop: false }`
[INFO] [stdout] 80b8d51c22ace7bc609e4f2fe82016f3610e1908468751f8e36da85cf969e00c
[INFO] running `Command { std: "docker" "start" "-a" "80b8d51c22ace7bc609e4f2fe82016f3610e1908468751f8e36da85cf969e00c", kill_on_drop: false }`
[INFO] [stderr]    Compiling proc-macro2 v1.0.75
[INFO] [stderr]    Compiling unicode-ident v1.0.12
[INFO] [stderr]    Compiling syn v1.0.109
[INFO] [stderr]    Compiling rustversion v1.0.14
[INFO] [stderr]    Compiling rustix v0.38.28
[INFO] [stderr]    Compiling linux-raw-sys v0.4.12
[INFO] [stderr]    Compiling bitflags v2.4.1
[INFO] [stderr]    Compiling rustc-hash v1.1.0
[INFO] [stderr]    Compiling hashbrown v0.14.3
[INFO] [stderr]    Compiling heck v0.4.1
[INFO] [stderr]    Compiling equivalent v1.0.1
[INFO] [stderr]    Compiling fixedbitset v0.4.2
[INFO] [stderr]    Compiling either v1.9.0
[INFO] [stderr]    Compiling home v0.5.9
[INFO] [stderr]    Compiling smallvec v1.11.2
[INFO] [stderr]    Compiling smol_str v0.2.0
[INFO] [stderr]    Compiling lazy_static v1.4.0
[INFO] [stderr]    Compiling bitflags v1.3.2
[INFO] [stderr]    Compiling log v0.4.20
[INFO] [stderr]    Compiling indexmap v2.1.0
[INFO] [stderr]    Compiling quote v1.0.35
[INFO] [stderr]    Compiling petgraph v0.6.4
[INFO] [stderr]    Compiling which v4.4.2
[INFO] [stderr]    Compiling flapigen v0.6.0 (/opt/rustwide/workdir)
[INFO] [stderr]    Compiling strum_macros v0.24.3
[INFO] [stderr]    Compiling strum v0.24.1
[INFO] [stderr]     Finished dev [unoptimized + debuginfo] target(s) in 10.30s
[INFO] running `Command { std: "docker" "inspect" "80b8d51c22ace7bc609e4f2fe82016f3610e1908468751f8e36da85cf969e00c", kill_on_drop: false }`
[INFO] running `Command { std: "docker" "rm" "-f" "80b8d51c22ace7bc609e4f2fe82016f3610e1908468751f8e36da85cf969e00c", kill_on_drop: false }`
[INFO] [stdout] 80b8d51c22ace7bc609e4f2fe82016f3610e1908468751f8e36da85cf969e00c
[INFO] running `Command { std: "docker" "create" "-v" "/var/lib/crater-agent-workspace/builds/worker-5-tc1/target:/opt/rustwide/target:rw,Z" "-v" "/var/lib/crater-agent-workspace/builds/worker-5-tc1/source:/opt/rustwide/workdir:ro,Z" "-v" "/var/lib/crater-agent-workspace/cargo-home:/opt/rustwide/cargo-home:ro,Z" "-v" "/var/lib/crater-agent-workspace/rustup-home:/opt/rustwide/rustup-home:ro,Z" "-e" "SOURCE_DIR=/opt/rustwide/workdir" "-e" "CARGO_TARGET_DIR=/opt/rustwide/target" "-e" "CARGO_INCREMENTAL=0" "-e" "RUST_BACKTRACE=full" "-e" "RUSTFLAGS=--cap-lints=warn" "-e" "RUSTDOCFLAGS=--cap-lints=warn" "-e" "CARGO_HOME=/opt/rustwide/cargo-home" "-e" "RUSTUP_HOME=/opt/rustwide/rustup-home" "-w" "/opt/rustwide/workdir" "-m" "1610612736" "--user" "0:0" "--network" "none" "ghcr.io/rust-lang/crates-build-env/linux@sha256:2788e3201cd34a07e3172128adcd8b3090168a8e3bcc40d7c032b9dda1df7d1c" "/opt/rustwide/cargo-home/bin/cargo" "+1.75.0" "test" "--frozen" "--no-run" "--message-format=json", kill_on_drop: false }`
[INFO] [stdout] cc433c6985fd2b8bb7160b1e53385e7d6fece4e47e67ff7535db378762d46107
[INFO] running `Command { std: "docker" "start" "-a" "cc433c6985fd2b8bb7160b1e53385e7d6fece4e47e67ff7535db378762d46107", kill_on_drop: false }`
[INFO] [stderr]    Compiling memchr v2.7.1
[INFO] [stderr]    Compiling version_check v0.9.4
[INFO] [stderr]    Compiling regex-syntax v0.8.2
[INFO] [stderr]    Compiling pulldown-cmark v0.9.3
[INFO] [stderr]    Compiling unicode-width v0.1.11
[INFO] [stderr]    Compiling is-terminal v0.4.10
[INFO] [stderr]    Compiling termcolor v1.4.0
[INFO] [stderr]    Compiling humantime v2.1.0
[INFO] [stderr]    Compiling fastrand v2.0.1
[INFO] [stderr]    Compiling getopts v0.2.21
[INFO] [stderr]    Compiling cfg-if v1.0.0
[INFO] [stderr]    Compiling tempfile v3.9.0
[INFO] [stderr]    Compiling jni-sys v0.3.0
[INFO] [stderr]    Compiling unicase v2.7.0
[INFO] [stderr]    Compiling aho-corasick v1.1.2
[INFO] [stderr]    Compiling regex-automata v0.4.3
[INFO] [stderr]    Compiling regex v1.10.2
[INFO] [stderr]    Compiling env_logger v0.10.1
[INFO] [stderr]    Compiling flapigen v0.6.0 (/opt/rustwide/workdir)
[INFO] [stderr]     Finished test [unoptimized + debuginfo] target(s) in 11.78s
[INFO] running `Command { std: "docker" "inspect" "cc433c6985fd2b8bb7160b1e53385e7d6fece4e47e67ff7535db378762d46107", kill_on_drop: false }`
[INFO] running `Command { std: "docker" "rm" "-f" "cc433c6985fd2b8bb7160b1e53385e7d6fece4e47e67ff7535db378762d46107", kill_on_drop: false }`
[INFO] [stdout] cc433c6985fd2b8bb7160b1e53385e7d6fece4e47e67ff7535db378762d46107
[INFO] running `Command { std: "docker" "create" "-v" "/var/lib/crater-agent-workspace/builds/worker-5-tc1/target:/opt/rustwide/target:rw,Z" "-v" "/var/lib/crater-agent-workspace/builds/worker-5-tc1/source:/opt/rustwide/workdir:ro,Z" "-v" "/var/lib/crater-agent-workspace/cargo-home:/opt/rustwide/cargo-home:ro,Z" "-v" "/var/lib/crater-agent-workspace/rustup-home:/opt/rustwide/rustup-home:ro,Z" "-e" "SOURCE_DIR=/opt/rustwide/workdir" "-e" "CARGO_TARGET_DIR=/opt/rustwide/target" "-e" "CARGO_INCREMENTAL=0" "-e" "RUST_BACKTRACE=full" "-e" "RUSTFLAGS=--cap-lints=warn" "-e" "RUSTDOCFLAGS=--cap-lints=warn" "-e" "CARGO_HOME=/opt/rustwide/cargo-home" "-e" "RUSTUP_HOME=/opt/rustwide/rustup-home" "-w" "/opt/rustwide/workdir" "-m" "1610612736" "--user" "0:0" "--network" "none" "ghcr.io/rust-lang/crates-build-env/linux@sha256:2788e3201cd34a07e3172128adcd8b3090168a8e3bcc40d7c032b9dda1df7d1c" "/opt/rustwide/cargo-home/bin/cargo" "+1.75.0" "test" "--frozen", kill_on_drop: false }`
[INFO] [stdout] 66e29047acb9d9092388b345a22aa3849601f65545881ee2b074ced5e11b7c5a
[INFO] running `Command { std: "docker" "start" "-a" "66e29047acb9d9092388b345a22aa3849601f65545881ee2b074ced5e11b7c5a", kill_on_drop: false }`
[INFO] [stderr]     Finished test [unoptimized + debuginfo] target(s) in 0.04s
[INFO] [stderr]      Running unittests src/lib.rs (/opt/rustwide/target/debug/deps/flapigen-a9621b034dd863ff)
[INFO] [stdout] 
[INFO] [stdout] running 52 tests
[INFO] [stdout] test typemap::ast::tests::test_get_trait_bounds ... ok
[INFO] [stdout] test code_parse::tests::test_parse_foreign_callback_simple ... ok
[INFO] [stdout] test typemap::ast::tests::test_is_second_subst_of_first_extern_c_fn_ptr ... ok
[INFO] [stdout] test code_parse::tests::test_parse_foreign_callback_path ... ok
[INFO] [stdout] test code_parse::tests::test_parse_foreign_enum ... ok
[INFO] [stdout] test typemap::ast::tests::test_is_second_subst_of_first_char_pointer ... ok
[INFO] [stdout] test typemap::ast::tests::test_is_second_subst_of_first_impl_fnonce_with_ret ... ok
[INFO] [stdout] test code_parse::tests::test_parse_foreign_callback_multi_traits ... ok
[INFO] [stdout] test typemap::ast::tests::test_is_second_subst_of_first_pointer ... ok
[INFO] [stdout] test typemap::ast::tests::test_is_second_subst_of_first_impl_fnonce_no_ret ... ok
[INFO] [stdout] test typemap::ast::tests::test_normalize_ty ... ok
[INFO] [stdout] test typemap::ast::tests::test_list_lifetimes ... ok
[INFO] [stdout] test typemap::ast::tests::test_replace_all_types_with ... ok
[INFO] [stdout] test typemap::ast::tests::test_is_second_subst_of_first_span ... ok
[INFO] [stdout] test code_parse::tests::test_parse_foreign_class_with_copy_derive ... ok
[INFO] [stdout] test typemap::ast::tests::test_is_second_subst_of_first_tuple ... ok
[INFO] [stdout] test typemap::ast::tests::test_parse_type_spanned_macro ... ok
[INFO] [stdout] test typemap::ast::tests::test_work_with_option ... ok
[INFO] [stdout] test typemap::ast::tests::test_work_with_rc ... ok
[INFO] [stdout] test typemap::ast::tests::generic_type_conv_find ... ok
[INFO] [stdout] test code_parse::tests::test_do_parse_foreigner_class ... ok
[INFO] [stdout] test typemap::ast::tests::test_jlong_to_option_wrong_conv ... ok
[INFO] [stdout] test typemap::parse::tests::test_get_foreigner_hint_for_generic ... ok
[INFO] [stdout] test typemap::parse::tests::test_extract_trait_param_type ... ok
[INFO] [stdout] test typemap::parse::tests::test_my_syn_attrs_to_hashmap ... ok
[INFO] [stdout] test typemap::parse::tests::test_parse_cfg_target_width ... ok
[INFO] [stdout] test typemap::merge::tests::test_merge ... ok
[INFO] [stdout] test typemap::parse::tests::test_parse_foreign_types_map_mod ... ok
[INFO] [stdout] test typemap::parse::tests::test_parse_trait_with_code ... ok
[INFO] [stdout] test typemap::typemap_macro::tests::test_expand_generic_type_with_ptr ... ok
[INFO] [stdout] test typemap::parse::tests::test_parsing_only_types_map_mod ... ok
[INFO] [stdout] test typemap::parse::tests::test_parse_conv_impl_with_type_params ... ok
[INFO] [stdout] test typemap::ast::tests::test_work_with_result ... ok
[INFO] [stdout] test typemap::parse::tests::test_double_map_err ... ok
[INFO] [stdout] test typemap::typemap_macro::tests::test_foreign_typemap_cpp_pair_syntax ... ok
[INFO] [stdout] test typemap::typemap_macro::tests::test_foreign_typemap_cpp_bool ... ok
[INFO] [stdout] test typemap::typemap_macro::tests::test_foreign_typemap_cpp_pair_expand ... ok
[INFO] [stdout] test typemap::typemap_macro::tests::test_foreign_typemap_callback_to_future ... ok
[INFO] [stdout] test typemap::typemap_macro::tests::test_foreign_typemap_java_datetime ... ok
[INFO] [stdout] test typemap::typemap_macro::tests::test_foreign_typemap_cpp_ruststring ... ok
[INFO] [stdout] test typemap::parse::tests::test_parse_macros_conv ... ok
[INFO] [stdout] test typemap::typemap_macro::tests::test_foreign_typemap_qdatetime ... ok
[INFO] [stdout] test typemap::typemap_macro::tests::test_foreign_typemap_qstring ... ok
[INFO] [stdout] test typemap::typemap_macro::tests::test_foreign_typemap_jboolean ... ok
[INFO] [stdout] test typemap::typemap_macro::tests::test_foreign_typemap_simple_generic ... ok
[INFO] [stdout] test typemap::typemap_macro::tests::test_java_c_like_enum_generic ... ok
[INFO] [stdout] test typemap::typemap_macro::tests::test_foreign_typemap_bare_fn ... ok
[INFO] [stdout] test typemap::typemap_macro::tests::test_foreign_typemap_cpp_str ... ok
[INFO] [stdout] test typemap::typemap_macro::tests::test_foreign_typemap_simple_typemap ... ok
[INFO] [stdout] test typemap::typemap_macro::tests::test_foreign_typemap_unique_prefix ... ok
[INFO] [stdout] test typemap::tests::test_try_build_path ... ok
[INFO] [stdout] test typemap::parse::tests::test_parse_main_lang_typemaps ... ok
[INFO] [stdout] 
[INFO] [stdout] test result: ok. 52 passed; 0 failed; 0 ignored; 0 measured; 0 filtered out; finished in 0.37s
[INFO] [stdout] 
[INFO] [stderr]      Running tests/test_code_in_readme.rs (/opt/rustwide/target/debug/deps/test_code_in_readme-fdd3cbf319d0c64d)
[INFO] [stdout] 
[INFO] [stdout] running 1 test
[INFO] [stdout] test test_code_in_readme ... FAILED
[INFO] [stdout] 
[INFO] [stdout] failures:
[INFO] [stdout] 
[INFO] [stdout] ---- test_code_in_readme stdout ----
[INFO] [stdout] thread 'test_code_in_readme' panicked at tests/test_code_in_readme.rs:74:58:
[INFO] [stdout] Can not open README: Os { code: 2, kind: NotFound, message: "No such file or directory" }
[INFO] [stdout] stack backtrace:
[INFO] [stdout]    0:     0x55b6344bde2c - std::backtrace_rs::backtrace::libunwind::trace::ha637c64ce894333a
[INFO] [stdout]                                at /rustc/82e1608dfa6e0b5569232559e3d385fea5a93112/library/std/src/../../backtrace/src/backtrace/libunwind.rs:104:5
[INFO] [stdout]    1:     0x55b6344bde2c - std::backtrace_rs::backtrace::trace_unsynchronized::h47f62dea28e0c88d
[INFO] [stdout]                                at /rustc/82e1608dfa6e0b5569232559e3d385fea5a93112/library/std/src/../../backtrace/src/backtrace/mod.rs:66:5
[INFO] [stdout]    2:     0x55b6344bde2c - std::sys_common::backtrace::_print_fmt::h9eef0abe20ede486
[INFO] [stdout]                                at /rustc/82e1608dfa6e0b5569232559e3d385fea5a93112/library/std/src/sys_common/backtrace.rs:67:5
[INFO] [stdout]    3:     0x55b6344bde2c - <std::sys_common::backtrace::_print::DisplayBacktrace as core::fmt::Display>::fmt::hed7f999df88cc644
[INFO] [stdout]                                at /rustc/82e1608dfa6e0b5569232559e3d385fea5a93112/library/std/src/sys_common/backtrace.rs:44:22
[INFO] [stdout]    4:     0x55b6344e9510 - core::fmt::rt::Argument::fmt::h1539a9308b8d058d
[INFO] [stdout]                                at /rustc/82e1608dfa6e0b5569232559e3d385fea5a93112/library/core/src/fmt/rt.rs:142:9
[INFO] [stdout]    5:     0x55b6344e9510 - core::fmt::write::h3a39390d8560d9c9
[INFO] [stdout]                                at /rustc/82e1608dfa6e0b5569232559e3d385fea5a93112/library/core/src/fmt/mod.rs:1120:17
[INFO] [stdout]    6:     0x55b6344bb3bf - std::io::Write::write_fmt::h040b369f3a0f9cbc
[INFO] [stdout]                                at /rustc/82e1608dfa6e0b5569232559e3d385fea5a93112/library/std/src/io/mod.rs:1762:15
[INFO] [stdout]    7:     0x55b6344bdc14 - std::sys_common::backtrace::_print::h894006fb5c6f3d45
[INFO] [stdout]                                at /rustc/82e1608dfa6e0b5569232559e3d385fea5a93112/library/std/src/sys_common/backtrace.rs:47:5
[INFO] [stdout]    8:     0x55b6344bdc14 - std::sys_common::backtrace::print::h23a2d212c6fff936
[INFO] [stdout]                                at /rustc/82e1608dfa6e0b5569232559e3d385fea5a93112/library/std/src/sys_common/backtrace.rs:34:9
[INFO] [stdout]    9:     0x55b6344bf8d7 - std::panicking::default_hook::{{closure}}::h8a1d2ee00185001a
[INFO] [stdout]   10:     0x55b6344bf5c3 - std::panicking::default_hook::h6038f2eba384e475
[INFO] [stdout]                                at /rustc/82e1608dfa6e0b5569232559e3d385fea5a93112/library/std/src/panicking.rs:289:9
[INFO] [stdout]   11:     0x55b633f8c357 - <alloc::boxed::Box<F,A> as core::ops::function::Fn<Args>>::call::h0ad024c9bdc6d768
[INFO] [stdout]                                at /rustc/82e1608dfa6e0b5569232559e3d385fea5a93112/library/alloc/src/boxed.rs:2021:9
[INFO] [stdout]   12:     0x55b633f8c357 - test::test_main::{{closure}}::h7500b54257359db6
[INFO] [stdout]                                at /rustc/82e1608dfa6e0b5569232559e3d385fea5a93112/library/test/src/lib.rs:138:21
[INFO] [stdout]   13:     0x55b6344bfee8 - <alloc::boxed::Box<F,A> as core::ops::function::Fn<Args>>::call::h1f8f335eaa9cfaee
[INFO] [stdout]                                at /rustc/82e1608dfa6e0b5569232559e3d385fea5a93112/library/alloc/src/boxed.rs:2021:9
[INFO] [stdout]   14:     0x55b6344bfee8 - std::panicking::rust_panic_with_hook::h2b5517d590cab22e
[INFO] [stdout]                                at /rustc/82e1608dfa6e0b5569232559e3d385fea5a93112/library/std/src/panicking.rs:783:13
[INFO] [stdout]   15:     0x55b6344bfc3e - std::panicking::begin_panic_handler::{{closure}}::h233112c06e0ef43e
[INFO] [stdout]                                at /rustc/82e1608dfa6e0b5569232559e3d385fea5a93112/library/std/src/panicking.rs:657:13
[INFO] [stdout]   16:     0x55b6344be2f6 - std::sys_common::backtrace::__rust_end_short_backtrace::h6e893f24d7ebbff8
[INFO] [stdout]                                at /rustc/82e1608dfa6e0b5569232559e3d385fea5a93112/library/std/src/sys_common/backtrace.rs:170:18
[INFO] [stdout]   17:     0x55b6344bf9a2 - rust_begin_unwind
[INFO] [stdout]                                at /rustc/82e1608dfa6e0b5569232559e3d385fea5a93112/library/std/src/panicking.rs:645:5
[INFO] [stdout]   18:     0x55b633c9d1e5 - core::panicking::panic_fmt::hbf0e066aabfa482c
[INFO] [stdout]                                at /rustc/82e1608dfa6e0b5569232559e3d385fea5a93112/library/core/src/panicking.rs:72:14
[INFO] [stdout]   19:     0x55b633c9d7b3 - core::result::unwrap_failed::hddb4fea594200c52
[INFO] [stdout]                                at /rustc/82e1608dfa6e0b5569232559e3d385fea5a93112/library/core/src/result.rs:1653:5
[INFO] [stdout]   20:     0x55b633c9efad - core::result::Result<T,E>::expect::hfeae9f9950fdf189
[INFO] [stdout]                                at /rustc/82e1608dfa6e0b5569232559e3d385fea5a93112/library/core/src/result.rs:1034:23
[INFO] [stdout]   21:     0x55b633ca6622 - test_code_in_readme::parse_readme::haa34cdefc778769c
[INFO] [stdout]                                at /opt/rustwide/workdir/tests/test_code_in_readme.rs:74:20
[INFO] [stdout]   22:     0x55b633ca76b6 - test_code_in_readme::test_code_in_readme::he98d835bf542271b
[INFO] [stdout]                                at /opt/rustwide/workdir/tests/test_code_in_readme.rs:15:17
[INFO] [stdout]   23:     0x55b633ca7657 - test_code_in_readme::test_code_in_readme::{{closure}}::h15d74e530f2e3f64
[INFO] [stdout]                                at /opt/rustwide/workdir/tests/test_code_in_readme.rs:13:25
[INFO] [stdout]   24:     0x55b633c9e256 - core::ops::function::FnOnce::call_once::h047a2489d89cf485
[INFO] [stdout]                                at /rustc/82e1608dfa6e0b5569232559e3d385fea5a93112/library/core/src/ops/function.rs:250:5
[INFO] [stdout]   25:     0x55b633f919af - core::ops::function::FnOnce::call_once::h2b5d431d5046312d
[INFO] [stdout]                                at /rustc/82e1608dfa6e0b5569232559e3d385fea5a93112/library/core/src/ops/function.rs:250:5
[INFO] [stdout]   26:     0x55b633f919af - test::__rust_begin_short_backtrace::h7714669af176e207
[INFO] [stdout]                                at /rustc/82e1608dfa6e0b5569232559e3d385fea5a93112/library/test/src/lib.rs:628:18
[INFO] [stdout]   27:     0x55b633f909c5 - test::run_test_in_process::{{closure}}::h85218797dcbcec12
[INFO] [stdout]                                at /rustc/82e1608dfa6e0b5569232559e3d385fea5a93112/library/test/src/lib.rs:651:60
[INFO] [stdout]   28:     0x55b633f909c5 - <core::panic::unwind_safe::AssertUnwindSafe<F> as core::ops::function::FnOnce<()>>::call_once::h76c106ea31c14d7b
[INFO] [stdout]                                at /rustc/82e1608dfa6e0b5569232559e3d385fea5a93112/library/core/src/panic/unwind_safe.rs:272:9
[INFO] [stdout]   29:     0x55b633f909c5 - std::panicking::try::do_call::h3bd5d0f6620ee946
[INFO] [stdout]                                at /rustc/82e1608dfa6e0b5569232559e3d385fea5a93112/library/std/src/panicking.rs:552:40
[INFO] [stdout]   30:     0x55b633f909c5 - std::panicking::try::h232e535e4744fe31
[INFO] [stdout]                                at /rustc/82e1608dfa6e0b5569232559e3d385fea5a93112/library/std/src/panicking.rs:516:19
[INFO] [stdout]   31:     0x55b633f909c5 - std::panic::catch_unwind::h3ce3bd6ca8dbac68
[INFO] [stdout]                                at /rustc/82e1608dfa6e0b5569232559e3d385fea5a93112/library/std/src/panic.rs:142:14
[INFO] [stdout]   32:     0x55b633f909c5 - test::run_test_in_process::hc97b257c9621286a
[INFO] [stdout]                                at /rustc/82e1608dfa6e0b5569232559e3d385fea5a93112/library/test/src/lib.rs:651:27
[INFO] [stdout]   33:     0x55b633f909c5 - test::run_test::{{closure}}::h2aa798823a438d38
[INFO] [stdout]                                at /rustc/82e1608dfa6e0b5569232559e3d385fea5a93112/library/test/src/lib.rs:574:43
[INFO] [stdout]   34:     0x55b633f58c86 - test::run_test::{{closure}}::h87d231c78fb59832
[INFO] [stdout]                                at /rustc/82e1608dfa6e0b5569232559e3d385fea5a93112/library/test/src/lib.rs:602:41
[INFO] [stdout]   35:     0x55b633f58c86 - std::sys_common::backtrace::__rust_begin_short_backtrace::he6df152596625789
[INFO] [stdout]                                at /rustc/82e1608dfa6e0b5569232559e3d385fea5a93112/library/std/src/sys_common/backtrace.rs:154:18
[INFO] [stdout]   36:     0x55b633f5dd37 - std::thread::Builder::spawn_unchecked_::{{closure}}::{{closure}}::ha94be15d1e0acf36
[INFO] [stdout]                                at /rustc/82e1608dfa6e0b5569232559e3d385fea5a93112/library/std/src/thread/mod.rs:529:17
[INFO] [stdout]   37:     0x55b633f5dd37 - <core::panic::unwind_safe::AssertUnwindSafe<F> as core::ops::function::FnOnce<()>>::call_once::h9dc6bd6372f16606
[INFO] [stdout]                                at /rustc/82e1608dfa6e0b5569232559e3d385fea5a93112/library/core/src/panic/unwind_safe.rs:272:9
[INFO] [stdout]   38:     0x55b633f5dd37 - std::panicking::try::do_call::h9057517f80303cd4
[INFO] [stdout]                                at /rustc/82e1608dfa6e0b5569232559e3d385fea5a93112/library/std/src/panicking.rs:552:40
[INFO] [stdout]   39:     0x55b633f5dd37 - std::panicking::try::he3a30b11ee45340c
[INFO] [stdout]                                at /rustc/82e1608dfa6e0b5569232559e3d385fea5a93112/library/std/src/panicking.rs:516:19
[INFO] [stdout]   40:     0x55b633f5dd37 - std::panic::catch_unwind::h410458cfd3528b8b
[INFO] [stdout]                                at /rustc/82e1608dfa6e0b5569232559e3d385fea5a93112/library/std/src/panic.rs:142:14
[INFO] [stdout]   41:     0x55b633f5dd37 - std::thread::Builder::spawn_unchecked_::{{closure}}::h72ac3bdb567b737b
[INFO] [stdout]                                at /rustc/82e1608dfa6e0b5569232559e3d385fea5a93112/library/std/src/thread/mod.rs:528:30
[INFO] [stdout]   42:     0x55b633f5dd37 - core::ops::function::FnOnce::call_once{{vtable.shim}}::h38f34da3654a8344
[INFO] [stdout]                                at /rustc/82e1608dfa6e0b5569232559e3d385fea5a93112/library/core/src/ops/function.rs:250:5
[INFO] [stdout]   43:     0x55b6344c5765 - <alloc::boxed::Box<F,A> as core::ops::function::FnOnce<Args>>::call_once::hc7eafaff61e32df9
[INFO] [stdout]                                at /rustc/82e1608dfa6e0b5569232559e3d385fea5a93112/library/alloc/src/boxed.rs:2007:9
[INFO] [stdout]   44:     0x55b6344c5765 - <alloc::boxed::Box<F,A> as core::ops::function::FnOnce<Args>>::call_once::h6ba4a5de48dd2304
[INFO] [stdout]                                at /rustc/82e1608dfa6e0b5569232559e3d385fea5a93112/library/alloc/src/boxed.rs:2007:9
[INFO] [stdout]   45:     0x55b6344c5765 - std::sys::unix::thread::Thread::new::thread_start::he469335aef763e45
[INFO] [stdout]                                at /rustc/82e1608dfa6e0b5569232559e3d385fea5a93112/library/std/src/sys/unix/thread.rs:108:17
[INFO] [stdout]   46:     0x7f8978f77ac3 - <unknown>
[INFO] [stdout]   47:     0x7f8979008bf4 - __clone
[INFO] [stdout]   48:                0x0 - <unknown>
[INFO] [stdout] 
[INFO] [stdout] 
[INFO] [stdout] failures:
[INFO] [stdout]     test_code_in_readme
[INFO] [stdout] 
[INFO] [stdout] test result: FAILED. 0 passed; 1 failed; 0 ignored; 0 measured; 0 filtered out; finished in 0.02s
[INFO] [stdout] 
[INFO] [stderr] error: test failed, to rerun pass `--test test_code_in_readme`
[INFO] running `Command { std: "docker" "inspect" "66e29047acb9d9092388b345a22aa3849601f65545881ee2b074ced5e11b7c5a", kill_on_drop: false }`
[INFO] running `Command { std: "docker" "rm" "-f" "66e29047acb9d9092388b345a22aa3849601f65545881ee2b074ced5e11b7c5a", kill_on_drop: false }`
[INFO] [stdout] 66e29047acb9d9092388b345a22aa3849601f65545881ee2b074ced5e11b7c5a
