[INFO] fetching crate fl2rust-macro 0.5.17...
[INFO] testing fl2rust-macro-0.5.17 against 1.75.0 for beta-1.76-1
[INFO] extracting crate fl2rust-macro 0.5.17 into /workspace/builds/worker-5-tc1/source
[INFO] validating manifest of crates.io crate fl2rust-macro 0.5.17 on toolchain 1.75.0
[INFO] running `Command { std: CARGO_HOME="/workspace/cargo-home" RUSTUP_HOME="/workspace/rustup-home" "/workspace/cargo-home/bin/cargo" "+1.75.0" "metadata" "--manifest-path" "Cargo.toml" "--no-deps", kill_on_drop: false }`
[INFO] started tweaking crates.io crate fl2rust-macro 0.5.17
[INFO] finished tweaking crates.io crate fl2rust-macro 0.5.17
[INFO] tweaked toml for crates.io crate fl2rust-macro 0.5.17 written to /workspace/builds/worker-5-tc1/source/Cargo.toml
[INFO] running `Command { std: CARGO_HOME="/workspace/cargo-home" RUSTUP_HOME="/workspace/rustup-home" "/workspace/cargo-home/bin/cargo" "+1.75.0" "generate-lockfile" "--manifest-path" "Cargo.toml", kill_on_drop: false }`
[INFO] [stderr]     Updating crates.io index
[INFO] running `Command { std: CARGO_HOME="/workspace/cargo-home" RUSTUP_HOME="/workspace/rustup-home" "/workspace/cargo-home/bin/cargo" "+1.75.0" "fetch" "--manifest-path" "Cargo.toml", kill_on_drop: false }`
[INFO] [stderr]  Downloading crates ...
[INFO] [stderr]   Downloaded fl2rust v0.5.19
[INFO] [stderr]   Downloaded fluid-parser v0.1.15
[INFO] running `Command { std: "docker" "create" "-v" "/var/lib/crater-agent-workspace/builds/worker-5-tc1/target:/opt/rustwide/target:rw,Z" "-v" "/var/lib/crater-agent-workspace/builds/worker-5-tc1/source:/opt/rustwide/workdir:ro,Z" "-v" "/var/lib/crater-agent-workspace/cargo-home:/opt/rustwide/cargo-home:ro,Z" "-v" "/var/lib/crater-agent-workspace/rustup-home:/opt/rustwide/rustup-home:ro,Z" "-e" "SOURCE_DIR=/opt/rustwide/workdir" "-e" "CARGO_TARGET_DIR=/opt/rustwide/target" "-e" "CARGO_HOME=/opt/rustwide/cargo-home" "-e" "RUSTUP_HOME=/opt/rustwide/rustup-home" "-w" "/opt/rustwide/workdir" "-m" "1610612736" "--user" "0:0" "--network" "none" "ghcr.io/rust-lang/crates-build-env/linux@sha256:2788e3201cd34a07e3172128adcd8b3090168a8e3bcc40d7c032b9dda1df7d1c" "/opt/rustwide/cargo-home/bin/cargo" "+1.75.0" "metadata" "--no-deps" "--format-version=1", kill_on_drop: false }`
[INFO] [stdout] e5629f0c8e6097c850c9f1a22b5719e1d4a548a849a6e5435f29b5d2b945b947
[INFO] running `Command { std: "docker" "start" "-a" "e5629f0c8e6097c850c9f1a22b5719e1d4a548a849a6e5435f29b5d2b945b947", kill_on_drop: false }`
[INFO] running `Command { std: "docker" "inspect" "e5629f0c8e6097c850c9f1a22b5719e1d4a548a849a6e5435f29b5d2b945b947", kill_on_drop: false }`
[INFO] running `Command { std: "docker" "rm" "-f" "e5629f0c8e6097c850c9f1a22b5719e1d4a548a849a6e5435f29b5d2b945b947", kill_on_drop: false }`
[INFO] [stdout] e5629f0c8e6097c850c9f1a22b5719e1d4a548a849a6e5435f29b5d2b945b947
[INFO] running `Command { std: "docker" "create" "-v" "/var/lib/crater-agent-workspace/builds/worker-5-tc1/target:/opt/rustwide/target:rw,Z" "-v" "/var/lib/crater-agent-workspace/builds/worker-5-tc1/source:/opt/rustwide/workdir:ro,Z" "-v" "/var/lib/crater-agent-workspace/cargo-home:/opt/rustwide/cargo-home:ro,Z" "-v" "/var/lib/crater-agent-workspace/rustup-home:/opt/rustwide/rustup-home:ro,Z" "-e" "SOURCE_DIR=/opt/rustwide/workdir" "-e" "CARGO_TARGET_DIR=/opt/rustwide/target" "-e" "CARGO_INCREMENTAL=0" "-e" "RUST_BACKTRACE=full" "-e" "RUSTFLAGS=--cap-lints=warn" "-e" "RUSTDOCFLAGS=--cap-lints=warn" "-e" "CARGO_HOME=/opt/rustwide/cargo-home" "-e" "RUSTUP_HOME=/opt/rustwide/rustup-home" "-w" "/opt/rustwide/workdir" "-m" "1610612736" "--user" "0:0" "--network" "none" "ghcr.io/rust-lang/crates-build-env/linux@sha256:2788e3201cd34a07e3172128adcd8b3090168a8e3bcc40d7c032b9dda1df7d1c" "/opt/rustwide/cargo-home/bin/cargo" "+1.75.0" "build" "--frozen" "--message-format=json", kill_on_drop: false }`
[INFO] [stdout] bede02355a1184291cf11e86187c0be520c7607d8679bbe543ff9a47361f6b40
[INFO] running `Command { std: "docker" "start" "-a" "bede02355a1184291cf11e86187c0be520c7607d8679bbe543ff9a47361f6b40", kill_on_drop: false }`
[INFO] [stderr]    Compiling fluid-parser v0.1.15
[INFO] [stderr]    Compiling fl2rust v0.5.19
[INFO] [stderr]    Compiling fl2rust-macro v0.5.17 (/opt/rustwide/workdir)
[INFO] [stderr]     Finished dev [unoptimized + debuginfo] target(s) in 0.73s
[INFO] running `Command { std: "docker" "inspect" "bede02355a1184291cf11e86187c0be520c7607d8679bbe543ff9a47361f6b40", kill_on_drop: false }`
[INFO] running `Command { std: "docker" "rm" "-f" "bede02355a1184291cf11e86187c0be520c7607d8679bbe543ff9a47361f6b40", kill_on_drop: false }`
[INFO] [stdout] bede02355a1184291cf11e86187c0be520c7607d8679bbe543ff9a47361f6b40
[INFO] running `Command { std: "docker" "create" "-v" "/var/lib/crater-agent-workspace/builds/worker-5-tc1/target:/opt/rustwide/target:rw,Z" "-v" "/var/lib/crater-agent-workspace/builds/worker-5-tc1/source:/opt/rustwide/workdir:ro,Z" "-v" "/var/lib/crater-agent-workspace/cargo-home:/opt/rustwide/cargo-home:ro,Z" "-v" "/var/lib/crater-agent-workspace/rustup-home:/opt/rustwide/rustup-home:ro,Z" "-e" "SOURCE_DIR=/opt/rustwide/workdir" "-e" "CARGO_TARGET_DIR=/opt/rustwide/target" "-e" "CARGO_INCREMENTAL=0" "-e" "RUST_BACKTRACE=full" "-e" "RUSTFLAGS=--cap-lints=warn" "-e" "RUSTDOCFLAGS=--cap-lints=warn" "-e" "CARGO_HOME=/opt/rustwide/cargo-home" "-e" "RUSTUP_HOME=/opt/rustwide/rustup-home" "-w" "/opt/rustwide/workdir" "-m" "1610612736" "--user" "0:0" "--network" "none" "ghcr.io/rust-lang/crates-build-env/linux@sha256:2788e3201cd34a07e3172128adcd8b3090168a8e3bcc40d7c032b9dda1df7d1c" "/opt/rustwide/cargo-home/bin/cargo" "+1.75.0" "test" "--frozen" "--no-run" "--message-format=json", kill_on_drop: false }`
[INFO] [stdout] b71ba16759bdbc3bd47fe22f76bd5d4ce61f5ab3837e67813a56290fbddaa23f
[INFO] running `Command { std: "docker" "start" "-a" "b71ba16759bdbc3bd47fe22f76bd5d4ce61f5ab3837e67813a56290fbddaa23f", kill_on_drop: false }`
[INFO] [stderr]    Compiling fl2rust-macro v0.5.17 (/opt/rustwide/workdir)
[INFO] [stderr]     Finished test [unoptimized + debuginfo] target(s) in 0.21s
[INFO] running `Command { std: "docker" "inspect" "b71ba16759bdbc3bd47fe22f76bd5d4ce61f5ab3837e67813a56290fbddaa23f", kill_on_drop: false }`
[INFO] running `Command { std: "docker" "rm" "-f" "b71ba16759bdbc3bd47fe22f76bd5d4ce61f5ab3837e67813a56290fbddaa23f", kill_on_drop: false }`
[INFO] [stdout] b71ba16759bdbc3bd47fe22f76bd5d4ce61f5ab3837e67813a56290fbddaa23f
[INFO] running `Command { std: "docker" "create" "-v" "/var/lib/crater-agent-workspace/builds/worker-5-tc1/target:/opt/rustwide/target:rw,Z" "-v" "/var/lib/crater-agent-workspace/builds/worker-5-tc1/source:/opt/rustwide/workdir:ro,Z" "-v" "/var/lib/crater-agent-workspace/cargo-home:/opt/rustwide/cargo-home:ro,Z" "-v" "/var/lib/crater-agent-workspace/rustup-home:/opt/rustwide/rustup-home:ro,Z" "-e" "SOURCE_DIR=/opt/rustwide/workdir" "-e" "CARGO_TARGET_DIR=/opt/rustwide/target" "-e" "CARGO_INCREMENTAL=0" "-e" "RUST_BACKTRACE=full" "-e" "RUSTFLAGS=--cap-lints=warn" "-e" "RUSTDOCFLAGS=--cap-lints=warn" "-e" "CARGO_HOME=/opt/rustwide/cargo-home" "-e" "RUSTUP_HOME=/opt/rustwide/rustup-home" "-w" "/opt/rustwide/workdir" "-m" "1610612736" "--user" "0:0" "--network" "none" "ghcr.io/rust-lang/crates-build-env/linux@sha256:2788e3201cd34a07e3172128adcd8b3090168a8e3bcc40d7c032b9dda1df7d1c" "/opt/rustwide/cargo-home/bin/cargo" "+1.75.0" "test" "--frozen", kill_on_drop: false }`
[INFO] [stdout] 89c990d89eb54028bd0a6d735f531f4a85f719ea4721c3b681358afee61f2c1f
[INFO] running `Command { std: "docker" "start" "-a" "89c990d89eb54028bd0a6d735f531f4a85f719ea4721c3b681358afee61f2c1f", kill_on_drop: false }`
[INFO] [stderr]     Finished test [unoptimized + debuginfo] target(s) in 0.00s
[INFO] [stderr]      Running unittests src/lib.rs (/opt/rustwide/target/debug/deps/fl2rust_macro-3d49bd32a11a1214)
[INFO] [stdout] 
[INFO] [stdout] running 0 tests
[INFO] [stdout] 
[INFO] [stdout] test result: ok. 0 passed; 0 failed; 0 ignored; 0 measured; 0 filtered out; finished in 0.00s
[INFO] [stdout] 
[INFO] [stderr]    Doc-tests fl2rust-macro
[INFO] [stdout] 
[INFO] [stdout] running 10 tests
[INFO] [stdout] test src/lib.rs - (line 103) ... FAILED
[INFO] [stdout] test src/lib.rs - (line 163) ... FAILED
[INFO] [stdout] test src/lib.rs - (line 33) ... FAILED
[INFO] [stdout] test src/lib.rs - (line 13) ... FAILED
[INFO] [stdout] test src/lib.rs - (line 17) ... FAILED
[INFO] [stdout] test src/lib.rs - (line 124) ... FAILED
[INFO] [stdout] test src/lib.rs - (line 55) ... FAILED
[INFO] [stdout] test src/lib.rs - (line 135) ... FAILED
[INFO] [stdout] test src/lib.rs - (line 71) ... ok
[INFO] [stdout] test src/lib.rs - (line 90) ... FAILED
[INFO] [stdout] 
[INFO] [stdout] failures:
[INFO] [stdout] 
[INFO] [stdout] ---- src/lib.rs - (line 103) stdout ----
[INFO] [stdout] error: expected one of `!`, `.`, `::`, `;`, `?`, `{`, `}`, or an operator, found `file`
[INFO] [stdout]  --> src/lib.rs:104:6
[INFO] [stdout]   |
[INFO] [stdout] 3 | data file for the Fltk User Interface Designer (fluid)
[INFO] [stdout]   |      ^^^^ expected one of 8 possible tokens
[INFO] [stdout] 
[INFO] [stdout] error: aborting due to previous error
[INFO] [stdout] 
[INFO] [stdout] Couldn't compile the test.
[INFO] [stdout] ---- src/lib.rs - (line 163) stdout ----
[INFO] [stdout] error[E0463]: can't find crate for `tr`
[INFO] [stdout]  --> src/lib.rs:165:1
[INFO] [stdout]   |
[INFO] [stdout] 4 | extern crate tr;
[INFO] [stdout]   | ^^^^^^^^^^^^^^^^ can't find crate
[INFO] [stdout] 
[INFO] [stdout] error: aborting due to previous error
[INFO] [stdout] 
[INFO] [stdout] For more information about this error, try `rustc --explain E0463`.
[INFO] [stdout] Couldn't compile the test.
[INFO] [stdout] ---- src/lib.rs - (line 33) stdout ----
[INFO] [stdout] error: expected one of `!`, `.`, `::`, `;`, `?`, `{`, `}`, or an operator, found `file`
[INFO] [stdout]  --> src/lib.rs:34:6
[INFO] [stdout]   |
[INFO] [stdout] 3 | data file for the Fltk User Interface Designer (fluid)
[INFO] [stdout]   |      ^^^^ expected one of 8 possible tokens
[INFO] [stdout] 
[INFO] [stdout] error: aborting due to previous error
[INFO] [stdout] 
[INFO] [stdout] Couldn't compile the test.
[INFO] [stdout] ---- src/lib.rs - (line 13) stdout ----
[INFO] [stdout] error: expected expression, found `$`
[INFO] [stdout]  --> src/lib.rs:14:1
[INFO] [stdout]   |
[INFO] [stdout] 3 | $ cargo install fl2rust
[INFO] [stdout]   | ^ expected expression
[INFO] [stdout] 
[INFO] [stdout] error: aborting due to previous error
[INFO] [stdout] 
[INFO] [stdout] Couldn't compile the test.
[INFO] [stdout] ---- src/lib.rs - (line 17) stdout ----
[INFO] [stdout] error: expected expression, found `$`
[INFO] [stdout]  --> src/lib.rs:18:1
[INFO] [stdout]   |
[INFO] [stdout] 3 | $ fl2rust <fl file>.fl > <output file>.rs
[INFO] [stdout]   | ^ expected expression
[INFO] [stdout] 
[INFO] [stdout] error: aborting due to previous error
[INFO] [stdout] 
[INFO] [stdout] Couldn't compile the test.
[INFO] [stdout] ---- src/lib.rs - (line 124) stdout ----
[INFO] [stdout] error: environment variable `OUT_DIR` not defined at compile time
[INFO] [stdout]   --> src/lib.rs:132:18
[INFO] [stdout]    |
[INFO] [stdout] 10 | include!(concat!(env!("OUT_DIR"), "/myuifile.rs"));
[INFO] [stdout]    |                  ^^^^^^^^^^^^^^^
[INFO] [stdout]    |
[INFO] [stdout]    = help: Cargo sets build script variables at run time. Use `std::env::var("OUT_DIR")` instead
[INFO] [stdout]    = note: this error originates in the macro `env` (in Nightly builds, run with -Z macro-backtrace for more info)
[INFO] [stdout] 
[INFO] [stdout] error: aborting due to previous error
[INFO] [stdout] 
[INFO] [stdout] Couldn't compile the test.
[INFO] [stdout] ---- src/lib.rs - (line 55) stdout ----
[INFO] [stdout] error: proc macro panicked
[INFO] [stdout]  --> src/lib.rs:60:5
[INFO] [stdout]   |
[INFO] [stdout] 7 |     fl2rust_macro::include_ui!("src/myuifile.fl");
[INFO] [stdout]   |     ^^^^^^^^^^^^^^^^^^^^^^^^^^^^^^^^^^^^^^^^^^^^^
[INFO] [stdout]   |
[INFO] [stdout]   = help: message: called `Result::unwrap()` on an `Err` value: Os { code: 2, kind: NotFound, message: "No such file or directory" }
[INFO] [stdout] 
[INFO] [stdout] error[E0433]: failed to resolve: use of undeclared crate or module `fltk`
[INFO] [stdout]  --> src/lib.rs:57:5
[INFO] [stdout]   |
[INFO] [stdout] 4 | use fltk::{prelude::*, *};
[INFO] [stdout]   |     ^^^^ use of undeclared crate or module `fltk`
[INFO] [stdout] 
[INFO] [stdout] error[E0432]: unresolved import `fltk`
[INFO] [stdout]  --> src/lib.rs:57:5
[INFO] [stdout]   |
[INFO] [stdout] 4 | use fltk::{prelude::*, *};
[INFO] [stdout]   |     ^^^^ use of undeclared crate or module `fltk`
[INFO] [stdout] 
[INFO] [stdout] error[E0433]: failed to resolve: use of undeclared crate or module `app`
[INFO] [stdout]   --> src/lib.rs:64:13
[INFO] [stdout]    |
[INFO] [stdout] 11 |     let a = app::App::default();
[INFO] [stdout]    |             ^^^ use of undeclared crate or module `app`
[INFO] [stdout] 
[INFO] [stdout] error[E0433]: failed to resolve: could not find `UserInterface` in `ui`
[INFO] [stdout]   --> src/lib.rs:65:22
[INFO] [stdout]    |
[INFO] [stdout] 12 |     let mut ui = ui::UserInterface::make_window();
[INFO] [stdout]    |                      ^^^^^^^^^^^^^ could not find `UserInterface` in `ui`
[INFO] [stdout] 
[INFO] [stdout] error: aborting due to 5 previous errors
[INFO] [stdout] 
[INFO] [stdout] Some errors have detailed explanations: E0432, E0433.
[INFO] [stdout] For more information about an error, try `rustc --explain E0432`.
[INFO] [stdout] Couldn't compile the test.
[INFO] [stdout] ---- src/lib.rs - (line 135) stdout ----
[INFO] [stdout] error[E0583]: file not found for module `myuifile`
[INFO] [stdout]  --> src/lib.rs:138:1
[INFO] [stdout]   |
[INFO] [stdout] 4 | mod myuifile;
[INFO] [stdout]   | ^^^^^^^^^^^^^
[INFO] [stdout]   |
[INFO] [stdout]   = help: to create the module `myuifile`, create file "src/myuifile.rs" or "src/myuifile/mod.rs"
[INFO] [stdout]   = note: if there is a `mod myuifile` elsewhere in the crate already, import it with `use crate::...` instead
[INFO] [stdout] 
[INFO] [stdout] error[E0433]: failed to resolve: use of undeclared crate or module `fltk`
[INFO] [stdout]  --> src/lib.rs:137:5
[INFO] [stdout]   |
[INFO] [stdout] 3 | use fltk::{prelude::*, *};
[INFO] [stdout]   |     ^^^^ use of undeclared crate or module `fltk`
[INFO] [stdout] 
[INFO] [stdout] error[E0432]: unresolved import `fltk`
[INFO] [stdout]  --> src/lib.rs:137:5
[INFO] [stdout]   |
[INFO] [stdout] 3 | use fltk::{prelude::*, *};
[INFO] [stdout]   |     ^^^^ use of undeclared crate or module `fltk`
[INFO] [stdout] 
[INFO] [stdout] error[E0433]: failed to resolve: use of undeclared crate or module `app`
[INFO] [stdout]  --> src/lib.rs:141:15
[INFO] [stdout]   |
[INFO] [stdout] 7 |     let app = app::App::default();
[INFO] [stdout]   |               ^^^ use of undeclared crate or module `app`
[INFO] [stdout] 
[INFO] [stdout] error[E0433]: failed to resolve: could not find `UserInterface` in `myuifile`
[INFO] [stdout]  --> src/lib.rs:142:28
[INFO] [stdout]   |
[INFO] [stdout] 8 |     let mut ui = myuifile::UserInterface::make_window();
[INFO] [stdout]   |                            ^^^^^^^^^^^^^ could not find `UserInterface` in `myuifile`
[INFO] [stdout] 
[INFO] [stdout] error: aborting due to 5 previous errors
[INFO] [stdout] 
[INFO] [stdout] Some errors have detailed explanations: E0432, E0433, E0583.
[INFO] [stdout] For more information about an error, try `rustc --explain E0432`.
[INFO] [stdout] Couldn't compile the test.
[INFO] [stdout] ---- src/lib.rs - (line 90) stdout ----
[INFO] [stdout] Test executable failed (exit status: 101).
[INFO] [stdout] 
[INFO] [stdout] stdout:
[INFO] [stdout] cargo:rerun-if-changed=src/myuifile.fl
[INFO] [stdout] 
[INFO] [stdout] stderr:
[INFO] [stdout] thread 'main' panicked at src/lib.rs:8:54:
[INFO] [stdout] called `Result::unwrap()` on an `Err` value: NotPresent
[INFO] [stdout] stack backtrace:
[INFO] [stdout]    0:     0x561ea30560ec - std::backtrace_rs::backtrace::libunwind::trace::ha637c64ce894333a
[INFO] [stdout]                                at /rustc/82e1608dfa6e0b5569232559e3d385fea5a93112/library/std/src/../../backtrace/src/backtrace/libunwind.rs:104:5
[INFO] [stdout]    1:     0x561ea30560ec - std::backtrace_rs::backtrace::trace_unsynchronized::h47f62dea28e0c88d
[INFO] [stdout]                                at /rustc/82e1608dfa6e0b5569232559e3d385fea5a93112/library/std/src/../../backtrace/src/backtrace/mod.rs:66:5
[INFO] [stdout]    2:     0x561ea30560ec - std::sys_common::backtrace::_print_fmt::h9eef0abe20ede486
[INFO] [stdout]                                at /rustc/82e1608dfa6e0b5569232559e3d385fea5a93112/library/std/src/sys_common/backtrace.rs:67:5
[INFO] [stdout]    3:     0x561ea30560ec - <std::sys_common::backtrace::_print::DisplayBacktrace as core::fmt::Display>::fmt::hed7f999df88cc644
[INFO] [stdout]                                at /rustc/82e1608dfa6e0b5569232559e3d385fea5a93112/library/std/src/sys_common/backtrace.rs:44:22
[INFO] [stdout]    4:     0x561ea307a9f0 - core::fmt::rt::Argument::fmt::h1539a9308b8d058d
[INFO] [stdout]                                at /rustc/82e1608dfa6e0b5569232559e3d385fea5a93112/library/core/src/fmt/rt.rs:142:9
[INFO] [stdout]    5:     0x561ea307a9f0 - core::fmt::write::h3a39390d8560d9c9
[INFO] [stdout]                                at /rustc/82e1608dfa6e0b5569232559e3d385fea5a93112/library/core/src/fmt/mod.rs:1120:17
[INFO] [stdout]    6:     0x561ea305439f - std::io::Write::write_fmt::h5fc9997dfe05f882
[INFO] [stdout]                                at /rustc/82e1608dfa6e0b5569232559e3d385fea5a93112/library/std/src/io/mod.rs:1762:15
[INFO] [stdout]    7:     0x561ea3055ed4 - std::sys_common::backtrace::_print::h894006fb5c6f3d45
[INFO] [stdout]                                at /rustc/82e1608dfa6e0b5569232559e3d385fea5a93112/library/std/src/sys_common/backtrace.rs:47:5
[INFO] [stdout]    8:     0x561ea3055ed4 - std::sys_common::backtrace::print::h23a2d212c6fff936
[INFO] [stdout]                                at /rustc/82e1608dfa6e0b5569232559e3d385fea5a93112/library/std/src/sys_common/backtrace.rs:34:9
[INFO] [stdout]    9:     0x561ea30573e7 - std::panicking::default_hook::{{closure}}::h8a1d2ee00185001a
[INFO] [stdout]   10:     0x561ea305714f - std::panicking::default_hook::h6038f2eba384e475
[INFO] [stdout]                                at /rustc/82e1608dfa6e0b5569232559e3d385fea5a93112/library/std/src/panicking.rs:292:9
[INFO] [stdout]   11:     0x561ea3057868 - std::panicking::rust_panic_with_hook::h2b5517d590cab22e
[INFO] [stdout]                                at /rustc/82e1608dfa6e0b5569232559e3d385fea5a93112/library/std/src/panicking.rs:779:13
[INFO] [stdout]   12:     0x561ea305774e - std::panicking::begin_panic_handler::{{closure}}::h233112c06e0ef43e
[INFO] [stdout]                                at /rustc/82e1608dfa6e0b5569232559e3d385fea5a93112/library/std/src/panicking.rs:657:13
[INFO] [stdout]   13:     0x561ea30565b6 - std::sys_common::backtrace::__rust_end_short_backtrace::h6e893f24d7ebbff8
[INFO] [stdout]                                at /rustc/82e1608dfa6e0b5569232559e3d385fea5a93112/library/std/src/sys_common/backtrace.rs:170:18
[INFO] [stdout]   14:     0x561ea30574b2 - rust_begin_unwind
[INFO] [stdout]                                at /rustc/82e1608dfa6e0b5569232559e3d385fea5a93112/library/std/src/panicking.rs:645:5
[INFO] [stdout]   15:     0x561ea30091d5 - core::panicking::panic_fmt::hbf0e066aabfa482c
[INFO] [stdout]                                at /rustc/82e1608dfa6e0b5569232559e3d385fea5a93112/library/core/src/panicking.rs:72:14
[INFO] [stdout]   16:     0x561ea3009763 - core::result::unwrap_failed::hddb4fea594200c52
[INFO] [stdout]                                at /rustc/82e1608dfa6e0b5569232559e3d385fea5a93112/library/core/src/result.rs:1653:5
[INFO] [stdout]   17:     0x561ea300a784 - core::result::Result<T,E>::unwrap::ha8a2befa43d0ab41
[INFO] [stdout]   18:     0x561ea300b431 - rust_out::main::hc20c0d07e2402830
[INFO] [stdout]   19:     0x561ea300a3b3 - core::ops::function::FnOnce::call_once::hbc459743598298c4
[INFO] [stdout]   20:     0x561ea3009b96 - std::sys_common::backtrace::__rust_begin_short_backtrace::h62debe7d3058b76a
[INFO] [stdout]   21:     0x561ea300a159 - std::rt::lang_start::{{closure}}::h8f486f3e1e6418b2
[INFO] [stdout]   22:     0x561ea3050df7 - core::ops::function::impls::<impl core::ops::function::FnOnce<A> for &F>::call_once::hd95060ecd5e1ca24
[INFO] [stdout]                                at /rustc/82e1608dfa6e0b5569232559e3d385fea5a93112/library/core/src/ops/function.rs:284:13
[INFO] [stdout]   23:     0x561ea3050df7 - std::panicking::try::do_call::h6e8cf51db32a6e4b
[INFO] [stdout]                                at /rustc/82e1608dfa6e0b5569232559e3d385fea5a93112/library/std/src/panicking.rs:552:40
[INFO] [stdout]   24:     0x561ea3050df7 - std::panicking::try::h3a52eefe24fe3c29
[INFO] [stdout]                                at /rustc/82e1608dfa6e0b5569232559e3d385fea5a93112/library/std/src/panicking.rs:516:19
[INFO] [stdout]   25:     0x561ea3050df7 - std::panic::catch_unwind::h24c28c23c02c3841
[INFO] [stdout]                                at /rustc/82e1608dfa6e0b5569232559e3d385fea5a93112/library/std/src/panic.rs:142:14
[INFO] [stdout]   26:     0x561ea3050df7 - std::rt::lang_start_internal::{{closure}}::h705d3c9cbc06ef47
[INFO] [stdout]                                at /rustc/82e1608dfa6e0b5569232559e3d385fea5a93112/library/std/src/rt.rs:148:48
[INFO] [stdout]   27:     0x561ea3050df7 - std::panicking::try::do_call::ha21f52ba13158470
[INFO] [stdout]                                at /rustc/82e1608dfa6e0b5569232559e3d385fea5a93112/library/std/src/panicking.rs:552:40
[INFO] [stdout]   28:     0x561ea3050df7 - std::panicking::try::h5581346bf6aeb1f8
[INFO] [stdout]                                at /rustc/82e1608dfa6e0b5569232559e3d385fea5a93112/library/std/src/panicking.rs:516:19
[INFO] [stdout]   29:     0x561ea3050df7 - std::panic::catch_unwind::h7919645a6b72e25b
[INFO] [stdout]                                at /rustc/82e1608dfa6e0b5569232559e3d385fea5a93112/library/std/src/panic.rs:142:14
[INFO] [stdout]   30:     0x561ea3050df7 - std::rt::lang_start_internal::h12de51168669836e
[INFO] [stdout]                                at /rustc/82e1608dfa6e0b5569232559e3d385fea5a93112/library/std/src/rt.rs:148:20
[INFO] [stdout]   31:     0x561ea300a137 - std::rt::lang_start::h2c48f91a7bf85629
[INFO] [stdout]   32:     0x561ea300b5d5 - main
[INFO] [stdout]   33:     0x7f045adfed90 - <unknown>
[INFO] [stdout]   34:     0x7f045adfee40 - __libc_start_main
[INFO] [stdout]   35:     0x561ea3009a25 - _start
[INFO] [stdout]   36:                0x0 - <unknown>
[INFO] [stdout] 
[INFO] [stdout] 
[INFO] [stdout] 
[INFO] [stdout] failures:
[INFO] [stdout]     src/lib.rs - (line 103)
[INFO] [stdout]     src/lib.rs - (line 124)
[INFO] [stdout]     src/lib.rs - (line 13)
[INFO] [stdout]     src/lib.rs - (line 135)
[INFO] [stdout]     src/lib.rs - (line 163)
[INFO] [stdout]     src/lib.rs - (line 17)
[INFO] [stdout]     src/lib.rs - (line 33)
[INFO] [stdout]     src/lib.rs - (line 55)
[INFO] [stdout]     src/lib.rs - (line 90)
[INFO] [stdout] 
[INFO] [stdout] test result: FAILED. 1 passed; 9 failed; 0 ignored; 0 measured; 0 filtered out; finished in 0.23s
[INFO] [stdout] 
[INFO] [stderr] error: doctest failed, to rerun pass `--doc`
[INFO] running `Command { std: "docker" "inspect" "89c990d89eb54028bd0a6d735f531f4a85f719ea4721c3b681358afee61f2c1f", kill_on_drop: false }`
[INFO] running `Command { std: "docker" "rm" "-f" "89c990d89eb54028bd0a6d735f531f4a85f719ea4721c3b681358afee61f2c1f", kill_on_drop: false }`
[INFO] [stdout] 89c990d89eb54028bd0a6d735f531f4a85f719ea4721c3b681358afee61f2c1f
