[INFO] fetching crate fit-rust 0.1.2...
[INFO] testing fit-rust-0.1.2 against 1.75.0 for beta-1.76-1
[INFO] extracting crate fit-rust 0.1.2 into /workspace/builds/worker-2-tc1/source
[INFO] validating manifest of crates.io crate fit-rust 0.1.2 on toolchain 1.75.0
[INFO] running `Command { std: CARGO_HOME="/workspace/cargo-home" RUSTUP_HOME="/workspace/rustup-home" "/workspace/cargo-home/bin/cargo" "+1.75.0" "metadata" "--manifest-path" "Cargo.toml" "--no-deps", kill_on_drop: false }`
[INFO] started tweaking crates.io crate fit-rust 0.1.2
[INFO] finished tweaking crates.io crate fit-rust 0.1.2
[INFO] tweaked toml for crates.io crate fit-rust 0.1.2 written to /workspace/builds/worker-2-tc1/source/Cargo.toml
[INFO] crate crates.io crate fit-rust 0.1.2 already has a lockfile, it will not be regenerated
[INFO] running `Command { std: CARGO_HOME="/workspace/cargo-home" RUSTUP_HOME="/workspace/rustup-home" "/workspace/cargo-home/bin/cargo" "+1.75.0" "fetch" "--manifest-path" "Cargo.toml", kill_on_drop: false }`
[INFO] [stderr]     Updating crates.io index
[INFO] [stderr]  Downloading crates ...
[INFO] [stderr]   Downloaded array-init v2.1.0
[INFO] [stderr]   Downloaded binrw_derive v0.13.0
[INFO] [stderr]   Downloaded binrw v0.13.0
[INFO] running `Command { std: "docker" "create" "-v" "/var/lib/crater-agent-workspace/builds/worker-2-tc1/target:/opt/rustwide/target:rw,Z" "-v" "/var/lib/crater-agent-workspace/builds/worker-2-tc1/source:/opt/rustwide/workdir:ro,Z" "-v" "/var/lib/crater-agent-workspace/cargo-home:/opt/rustwide/cargo-home:ro,Z" "-v" "/var/lib/crater-agent-workspace/rustup-home:/opt/rustwide/rustup-home:ro,Z" "-e" "SOURCE_DIR=/opt/rustwide/workdir" "-e" "CARGO_TARGET_DIR=/opt/rustwide/target" "-e" "CARGO_HOME=/opt/rustwide/cargo-home" "-e" "RUSTUP_HOME=/opt/rustwide/rustup-home" "-w" "/opt/rustwide/workdir" "-m" "1610612736" "--user" "0:0" "--network" "none" "ghcr.io/rust-lang/crates-build-env/linux@sha256:2788e3201cd34a07e3172128adcd8b3090168a8e3bcc40d7c032b9dda1df7d1c" "/opt/rustwide/cargo-home/bin/cargo" "+1.75.0" "metadata" "--no-deps" "--format-version=1", kill_on_drop: false }`
[INFO] [stdout] 49c11404db2dd7d1b47860d2f8320181168dbbb8ac3229e01e4fb1323c7bf157
[INFO] running `Command { std: "docker" "start" "-a" "49c11404db2dd7d1b47860d2f8320181168dbbb8ac3229e01e4fb1323c7bf157", kill_on_drop: false }`
[INFO] running `Command { std: "docker" "inspect" "49c11404db2dd7d1b47860d2f8320181168dbbb8ac3229e01e4fb1323c7bf157", kill_on_drop: false }`
[INFO] running `Command { std: "docker" "rm" "-f" "49c11404db2dd7d1b47860d2f8320181168dbbb8ac3229e01e4fb1323c7bf157", kill_on_drop: false }`
[INFO] [stdout] 49c11404db2dd7d1b47860d2f8320181168dbbb8ac3229e01e4fb1323c7bf157
[INFO] running `Command { std: "docker" "create" "-v" "/var/lib/crater-agent-workspace/builds/worker-2-tc1/target:/opt/rustwide/target:rw,Z" "-v" "/var/lib/crater-agent-workspace/builds/worker-2-tc1/source:/opt/rustwide/workdir:ro,Z" "-v" "/var/lib/crater-agent-workspace/cargo-home:/opt/rustwide/cargo-home:ro,Z" "-v" "/var/lib/crater-agent-workspace/rustup-home:/opt/rustwide/rustup-home:ro,Z" "-e" "SOURCE_DIR=/opt/rustwide/workdir" "-e" "CARGO_TARGET_DIR=/opt/rustwide/target" "-e" "CARGO_INCREMENTAL=0" "-e" "RUST_BACKTRACE=full" "-e" "RUSTFLAGS=--cap-lints=warn" "-e" "RUSTDOCFLAGS=--cap-lints=warn" "-e" "CARGO_HOME=/opt/rustwide/cargo-home" "-e" "RUSTUP_HOME=/opt/rustwide/rustup-home" "-w" "/opt/rustwide/workdir" "-m" "1610612736" "--user" "0:0" "--network" "none" "ghcr.io/rust-lang/crates-build-env/linux@sha256:2788e3201cd34a07e3172128adcd8b3090168a8e3bcc40d7c032b9dda1df7d1c" "/opt/rustwide/cargo-home/bin/cargo" "+1.75.0" "build" "--frozen" "--message-format=json", kill_on_drop: false }`
[INFO] [stdout] 650a13256c4dedc1a14ada023996780a5a07e8f14e7b1b2cdb9d943a26160600
[INFO] running `Command { std: "docker" "start" "-a" "650a13256c4dedc1a14ada023996780a5a07e8f14e7b1b2cdb9d943a26160600", kill_on_drop: false }`
[INFO] [stderr]    Compiling proc-macro2 v1.0.69
[INFO] [stderr]    Compiling syn v1.0.109
[INFO] [stderr]    Compiling binrw_derive v0.13.0
[INFO] [stderr]    Compiling binrw v0.13.0
[INFO] [stderr]    Compiling owo-colors v3.5.0
[INFO] [stderr]    Compiling paste v1.0.14
[INFO] [stderr]    Compiling bytemuck v1.14.0
[INFO] [stderr]    Compiling array-init v2.1.0
[INFO] [stderr]    Compiling copyless v0.1.5
[INFO] [stderr]    Compiling quote v1.0.33
[INFO] [stderr]    Compiling fit-rust v0.1.2 (/opt/rustwide/workdir)
[INFO] [stderr]     Finished dev [unoptimized + debuginfo] target(s) in 11.88s
[INFO] running `Command { std: "docker" "inspect" "650a13256c4dedc1a14ada023996780a5a07e8f14e7b1b2cdb9d943a26160600", kill_on_drop: false }`
[INFO] running `Command { std: "docker" "rm" "-f" "650a13256c4dedc1a14ada023996780a5a07e8f14e7b1b2cdb9d943a26160600", kill_on_drop: false }`
[INFO] [stdout] 650a13256c4dedc1a14ada023996780a5a07e8f14e7b1b2cdb9d943a26160600
[INFO] running `Command { std: "docker" "create" "-v" "/var/lib/crater-agent-workspace/builds/worker-2-tc1/target:/opt/rustwide/target:rw,Z" "-v" "/var/lib/crater-agent-workspace/builds/worker-2-tc1/source:/opt/rustwide/workdir:ro,Z" "-v" "/var/lib/crater-agent-workspace/cargo-home:/opt/rustwide/cargo-home:ro,Z" "-v" "/var/lib/crater-agent-workspace/rustup-home:/opt/rustwide/rustup-home:ro,Z" "-e" "SOURCE_DIR=/opt/rustwide/workdir" "-e" "CARGO_TARGET_DIR=/opt/rustwide/target" "-e" "CARGO_INCREMENTAL=0" "-e" "RUST_BACKTRACE=full" "-e" "RUSTFLAGS=--cap-lints=warn" "-e" "RUSTDOCFLAGS=--cap-lints=warn" "-e" "CARGO_HOME=/opt/rustwide/cargo-home" "-e" "RUSTUP_HOME=/opt/rustwide/rustup-home" "-w" "/opt/rustwide/workdir" "-m" "1610612736" "--user" "0:0" "--network" "none" "ghcr.io/rust-lang/crates-build-env/linux@sha256:2788e3201cd34a07e3172128adcd8b3090168a8e3bcc40d7c032b9dda1df7d1c" "/opt/rustwide/cargo-home/bin/cargo" "+1.75.0" "test" "--frozen" "--no-run" "--message-format=json", kill_on_drop: false }`
[INFO] [stdout] 2675e6e79e88815e166b2e1a1ccbdeef9db4002199f30eb311466adf9510b205
[INFO] running `Command { std: "docker" "start" "-a" "2675e6e79e88815e166b2e1a1ccbdeef9db4002199f30eb311466adf9510b205", kill_on_drop: false }`
[INFO] [stderr]    Compiling fit-rust v0.1.2 (/opt/rustwide/workdir)
[INFO] [stderr]     Finished test [unoptimized + debuginfo] target(s) in 0.81s
[INFO] running `Command { std: "docker" "inspect" "2675e6e79e88815e166b2e1a1ccbdeef9db4002199f30eb311466adf9510b205", kill_on_drop: false }`
[INFO] running `Command { std: "docker" "rm" "-f" "2675e6e79e88815e166b2e1a1ccbdeef9db4002199f30eb311466adf9510b205", kill_on_drop: false }`
[INFO] [stdout] 2675e6e79e88815e166b2e1a1ccbdeef9db4002199f30eb311466adf9510b205
[INFO] running `Command { std: "docker" "create" "-v" "/var/lib/crater-agent-workspace/builds/worker-2-tc1/target:/opt/rustwide/target:rw,Z" "-v" "/var/lib/crater-agent-workspace/builds/worker-2-tc1/source:/opt/rustwide/workdir:ro,Z" "-v" "/var/lib/crater-agent-workspace/cargo-home:/opt/rustwide/cargo-home:ro,Z" "-v" "/var/lib/crater-agent-workspace/rustup-home:/opt/rustwide/rustup-home:ro,Z" "-e" "SOURCE_DIR=/opt/rustwide/workdir" "-e" "CARGO_TARGET_DIR=/opt/rustwide/target" "-e" "CARGO_INCREMENTAL=0" "-e" "RUST_BACKTRACE=full" "-e" "RUSTFLAGS=--cap-lints=warn" "-e" "RUSTDOCFLAGS=--cap-lints=warn" "-e" "CARGO_HOME=/opt/rustwide/cargo-home" "-e" "RUSTUP_HOME=/opt/rustwide/rustup-home" "-w" "/opt/rustwide/workdir" "-m" "1610612736" "--user" "0:0" "--network" "none" "ghcr.io/rust-lang/crates-build-env/linux@sha256:2788e3201cd34a07e3172128adcd8b3090168a8e3bcc40d7c032b9dda1df7d1c" "/opt/rustwide/cargo-home/bin/cargo" "+1.75.0" "test" "--frozen", kill_on_drop: false }`
[INFO] [stdout] e8cc3bf566e86b79c098fe1fbe3f9f32a46b03a0756a24d644e669f618857d14
[INFO] running `Command { std: "docker" "start" "-a" "e8cc3bf566e86b79c098fe1fbe3f9f32a46b03a0756a24d644e669f618857d14", kill_on_drop: false }`
[INFO] [stderr]     Finished test [unoptimized + debuginfo] target(s) in 0.01s
[INFO] [stderr]      Running unittests src/lib.rs (/opt/rustwide/target/debug/deps/fit_rust-63853380bc9ffe07)
[INFO] [stdout] 
[INFO] [stdout] running 1 test
[INFO] [stdout] test protocol::tests::fit_crc_get16_test ... ok
[INFO] [stdout] 
[INFO] [stdout] test result: ok. 1 passed; 0 failed; 0 ignored; 0 measured; 0 filtered out; finished in 0.00s
[INFO] [stdout] 
[INFO] [stderr]      Running unittests bin/test_std.rs (/opt/rustwide/target/debug/deps/test_std-08840b42cf6936e9)
[INFO] [stdout] 
[INFO] [stdout] running 0 tests
[INFO] [stdout] 
[INFO] [stdout] test result: ok. 0 passed; 0 failed; 0 ignored; 0 measured; 0 filtered out; finished in 0.00s
[INFO] [stdout] 
[INFO] [stderr]    Doc-tests fit-rust
[INFO] [stdout] 
[INFO] [stdout] running 4 tests
[INFO] [stdout] test src/protocol/get_field_scale.rs - protocol::get_field_scale::get_field_scale_fn (line 667) ... FAILED
[INFO] [stdout] test src/protocol/get_field_string_value.rs - protocol::get_field_string_value::define_field_mappings (line 126) ... FAILED
[INFO] [stdout] test src/protocol/get_field_offset.rs - protocol::get_field_offset::get_field_offset_fn (line 313) ... FAILED
[INFO] [stdout] test src/protocol/get_field_type.rs - protocol::get_field_type::get_field_type_fn (line 1568) ... FAILED
[INFO] [stdout] 
[INFO] [stdout] failures:
[INFO] [stdout] 
[INFO] [stdout] ---- src/protocol/get_field_scale.rs - protocol::get_field_scale::get_field_scale_fn (line 667) stdout ----
[INFO] [stdout] error[E0433]: failed to resolve: use of undeclared type `MessageType`
[INFO] [stdout]  --> src/protocol/get_field_scale.rs:668:20
[INFO] [stdout]   |
[INFO] [stdout] 3 | let message_type = MessageType::Workout;
[INFO] [stdout]   |                    ^^^^^^^^^^^ use of undeclared type `MessageType`
[INFO] [stdout]   |
[INFO] [stdout] help: consider importing this enum
[INFO] [stdout]   |
[INFO] [stdout] 2 + use fit_rust::protocol::message_type::MessageType;
[INFO] [stdout]   |
[INFO] [stdout] 
[INFO] [stdout] error[E0425]: cannot find function `match_message_scale` in this scope
[INFO] [stdout]  --> src/protocol/get_field_scale.rs:670:16
[INFO] [stdout]   |
[INFO] [stdout] 5 | let scale_fn = match_message_scale(message_type);
[INFO] [stdout]   |                ^^^^^^^^^^^^^^^^^^^ not found in this scope
[INFO] [stdout] 
[INFO] [stdout] error: aborting due to 2 previous errors
[INFO] [stdout] 
[INFO] [stdout] Some errors have detailed explanations: E0425, E0433.
[INFO] [stdout] For more information about an error, try `rustc --explain E0425`.
[INFO] [stdout] Couldn't compile the test.
[INFO] [stdout] ---- src/protocol/get_field_string_value.rs - protocol::get_field_string_value::define_field_mappings (line 126) stdout ----
[INFO] [stdout] error[E0433]: failed to resolve: use of undeclared type `FieldType`
[INFO] [stdout]  --> src/protocol/get_field_string_value.rs:127:18
[INFO] [stdout]   |
[INFO] [stdout] 3 | let field_type = FieldType::BodyLocation;
[INFO] [stdout]   |                  ^^^^^^^^^ use of undeclared type `FieldType`
[INFO] [stdout] 
[INFO] [stdout] error[E0425]: cannot find function `match_predefined_field_value` in this scope
[INFO] [stdout]  --> src/protocol/get_field_string_value.rs:129:23
[INFO] [stdout]   |
[INFO] [stdout] 5 | let predefined_text = match_predefined_field_value(field_type, parsed_value);
[INFO] [stdout]   |                       ^^^^^^^^^^^^^^^^^^^^^^^^^^^^ not found in this scope
[INFO] [stdout] 
[INFO] [stdout] error: aborting due to 2 previous errors
[INFO] [stdout] 
[INFO] [stdout] Some errors have detailed explanations: E0425, E0433.
[INFO] [stdout] For more information about an error, try `rustc --explain E0425`.
[INFO] [stdout] Couldn't compile the test.
[INFO] [stdout] ---- src/protocol/get_field_offset.rs - protocol::get_field_offset::get_field_offset_fn (line 313) stdout ----
[INFO] [stdout] error[E0433]: failed to resolve: use of undeclared type `MessageType`
[INFO] [stdout]  --> src/protocol/get_field_offset.rs:314:20
[INFO] [stdout]   |
[INFO] [stdout] 3 | let message_type = MessageType::Session;
[INFO] [stdout]   |                    ^^^^^^^^^^^ use of undeclared type `MessageType`
[INFO] [stdout]   |
[INFO] [stdout] help: consider importing this enum
[INFO] [stdout]   |
[INFO] [stdout] 2 + use fit_rust::protocol::message_type::MessageType;
[INFO] [stdout]   |
[INFO] [stdout] 
[INFO] [stdout] error[E0425]: cannot find function `match_message_offset` in this scope
[INFO] [stdout]  --> src/protocol/get_field_offset.rs:316:17
[INFO] [stdout]   |
[INFO] [stdout] 5 | let offset_fn = match_message_offset(message_type);
[INFO] [stdout]   |                 ^^^^^^^^^^^^^^^^^^^^ not found in this scope
[INFO] [stdout] 
[INFO] [stdout] error: aborting due to 2 previous errors
[INFO] [stdout] 
[INFO] [stdout] Some errors have detailed explanations: E0425, E0433.
[INFO] [stdout] For more information about an error, try `rustc --explain E0425`.
[INFO] [stdout] Couldn't compile the test.
[INFO] [stdout] ---- src/protocol/get_field_type.rs - protocol::get_field_type::get_field_type_fn (line 1568) stdout ----
[INFO] [stdout] error[E0433]: failed to resolve: use of undeclared type `MessageType`
[INFO] [stdout]  --> src/protocol/get_field_type.rs:1569:20
[INFO] [stdout]   |
[INFO] [stdout] 3 | let message_type = MessageType::WorkoutSession;
[INFO] [stdout]   |                    ^^^^^^^^^^^ use of undeclared type `MessageType`
[INFO] [stdout]   |
[INFO] [stdout] help: consider importing this enum
[INFO] [stdout]   |
[INFO] [stdout] 2 + use fit_rust::protocol::message_type::MessageType;
[INFO] [stdout]   |
[INFO] [stdout] 
[INFO] [stdout] error[E0425]: cannot find function `match_message_field` in this scope
[INFO] [stdout]  --> src/protocol/get_field_type.rs:1571:16
[INFO] [stdout]   |
[INFO] [stdout] 5 | let field_fn = match_message_field(message_type);
[INFO] [stdout]   |                ^^^^^^^^^^^^^^^^^^^ not found in this scope
[INFO] [stdout] 
[INFO] [stdout] error[E0433]: failed to resolve: use of undeclared type `FieldType`
[INFO] [stdout]  --> src/protocol/get_field_type.rs:1573:19
[INFO] [stdout]   |
[INFO] [stdout] 7 | assert_eq!(field, FieldType::Uint16);
[INFO] [stdout]   |                   ^^^^^^^^^ use of undeclared type `FieldType`
[INFO] [stdout] 
[INFO] [stdout] error: aborting due to 3 previous errors
[INFO] [stdout] 
[INFO] [stdout] Some errors have detailed explanations: E0425, E0433.
[INFO] [stdout] For more information about an error, try `rustc --explain E0425`.
[INFO] [stdout] Couldn't compile the test.
[INFO] [stdout] 
[INFO] [stdout] failures:
[INFO] [stdout]     src/protocol/get_field_offset.rs - protocol::get_field_offset::get_field_offset_fn (line 313)
[INFO] [stdout]     src/protocol/get_field_scale.rs - protocol::get_field_scale::get_field_scale_fn (line 667)
[INFO] [stdout]     src/protocol/get_field_string_value.rs - protocol::get_field_string_value::define_field_mappings (line 126)
[INFO] [stdout]     src/protocol/get_field_type.rs - protocol::get_field_type::get_field_type_fn (line 1568)
[INFO] [stdout] 
[INFO] [stdout] test result: FAILED. 0 passed; 4 failed; 0 ignored; 0 measured; 0 filtered out; finished in 0.45s
[INFO] [stdout] 
[INFO] [stderr] error: doctest failed, to rerun pass `--doc`
[INFO] running `Command { std: "docker" "inspect" "e8cc3bf566e86b79c098fe1fbe3f9f32a46b03a0756a24d644e669f618857d14", kill_on_drop: false }`
[INFO] running `Command { std: "docker" "rm" "-f" "e8cc3bf566e86b79c098fe1fbe3f9f32a46b03a0756a24d644e669f618857d14", kill_on_drop: false }`
[INFO] [stdout] e8cc3bf566e86b79c098fe1fbe3f9f32a46b03a0756a24d644e669f618857d14
[INFO] testing fit-rust-0.1.2 against beta-2023-12-22 for beta-1.76-1
[INFO] extracting crate fit-rust 0.1.2 into /workspace/builds/worker-2-tc2/source
[INFO] validating manifest of crates.io crate fit-rust 0.1.2 on toolchain beta-2023-12-22
[INFO] running `Command { std: CARGO_HOME="/workspace/cargo-home" RUSTUP_HOME="/workspace/rustup-home" "/workspace/cargo-home/bin/cargo" "+beta-2023-12-22" "metadata" "--manifest-path" "Cargo.toml" "--no-deps", kill_on_drop: false }`
[INFO] started tweaking crates.io crate fit-rust 0.1.2
[INFO] finished tweaking crates.io crate fit-rust 0.1.2
[INFO] tweaked toml for crates.io crate fit-rust 0.1.2 written to /workspace/builds/worker-2-tc2/source/Cargo.toml
[INFO] crate crates.io crate fit-rust 0.1.2 already has a lockfile, it will not be regenerated
[INFO] running `Command { std: CARGO_HOME="/workspace/cargo-home" RUSTUP_HOME="/workspace/rustup-home" "/workspace/cargo-home/bin/cargo" "+beta-2023-12-22" "fetch" "--manifest-path" "Cargo.toml", kill_on_drop: false }`
[INFO] running `Command { std: "docker" "create" "-v" "/var/lib/crater-agent-workspace/builds/worker-2-tc2/target:/opt/rustwide/target:rw,Z" "-v" "/var/lib/crater-agent-workspace/builds/worker-2-tc2/source:/opt/rustwide/workdir:ro,Z" "-v" "/var/lib/crater-agent-workspace/cargo-home:/opt/rustwide/cargo-home:ro,Z" "-v" "/var/lib/crater-agent-workspace/rustup-home:/opt/rustwide/rustup-home:ro,Z" "-e" "SOURCE_DIR=/opt/rustwide/workdir" "-e" "CARGO_TARGET_DIR=/opt/rustwide/target" "-e" "CARGO_HOME=/opt/rustwide/cargo-home" "-e" "RUSTUP_HOME=/opt/rustwide/rustup-home" "-w" "/opt/rustwide/workdir" "-m" "1610612736" "--user" "0:0" "--network" "none" "ghcr.io/rust-lang/crates-build-env/linux@sha256:2788e3201cd34a07e3172128adcd8b3090168a8e3bcc40d7c032b9dda1df7d1c" "/opt/rustwide/cargo-home/bin/cargo" "+beta-2023-12-22" "metadata" "--no-deps" "--format-version=1", kill_on_drop: false }`
[INFO] [stdout] 5be71aaa34acb16ccae21e703a6eb2780a583d2acb4b97fcbe7e389f5bd934b6
[INFO] running `Command { std: "docker" "start" "-a" "5be71aaa34acb16ccae21e703a6eb2780a583d2acb4b97fcbe7e389f5bd934b6", kill_on_drop: false }`
[INFO] running `Command { std: "docker" "inspect" "5be71aaa34acb16ccae21e703a6eb2780a583d2acb4b97fcbe7e389f5bd934b6", kill_on_drop: false }`
[INFO] running `Command { std: "docker" "rm" "-f" "5be71aaa34acb16ccae21e703a6eb2780a583d2acb4b97fcbe7e389f5bd934b6", kill_on_drop: false }`
[INFO] [stdout] 5be71aaa34acb16ccae21e703a6eb2780a583d2acb4b97fcbe7e389f5bd934b6
[INFO] running `Command { std: "docker" "create" "-v" "/var/lib/crater-agent-workspace/builds/worker-2-tc2/target:/opt/rustwide/target:rw,Z" "-v" "/var/lib/crater-agent-workspace/builds/worker-2-tc2/source:/opt/rustwide/workdir:ro,Z" "-v" "/var/lib/crater-agent-workspace/cargo-home:/opt/rustwide/cargo-home:ro,Z" "-v" "/var/lib/crater-agent-workspace/rustup-home:/opt/rustwide/rustup-home:ro,Z" "-e" "SOURCE_DIR=/opt/rustwide/workdir" "-e" "CARGO_TARGET_DIR=/opt/rustwide/target" "-e" "CARGO_INCREMENTAL=0" "-e" "RUST_BACKTRACE=full" "-e" "RUSTFLAGS=--cap-lints=warn" "-e" "RUSTDOCFLAGS=--cap-lints=warn" "-e" "CARGO_HOME=/opt/rustwide/cargo-home" "-e" "RUSTUP_HOME=/opt/rustwide/rustup-home" "-w" "/opt/rustwide/workdir" "-m" "1610612736" "--user" "0:0" "--network" "none" "ghcr.io/rust-lang/crates-build-env/linux@sha256:2788e3201cd34a07e3172128adcd8b3090168a8e3bcc40d7c032b9dda1df7d1c" "/opt/rustwide/cargo-home/bin/cargo" "+beta-2023-12-22" "build" "--frozen" "--message-format=json", kill_on_drop: false }`
[INFO] [stdout] 1b6d64279bb98f2866caa04b3723ceedd1c621bdd89cf9ded29aa551a6b50ecf
[INFO] running `Command { std: "docker" "start" "-a" "1b6d64279bb98f2866caa04b3723ceedd1c621bdd89cf9ded29aa551a6b50ecf", kill_on_drop: false }`
[INFO] [stderr]    Compiling proc-macro2 v1.0.69
[INFO] [stderr]    Compiling syn v1.0.109
[INFO] [stderr]    Compiling binrw_derive v0.13.0
[INFO] [stderr]    Compiling owo-colors v3.5.0
[INFO] [stderr]    Compiling paste v1.0.14
[INFO] [stderr]    Compiling binrw v0.13.0
[INFO] [stderr]    Compiling bytemuck v1.14.0
[INFO] [stderr]    Compiling array-init v2.1.0
[INFO] [stderr]    Compiling copyless v0.1.5
[INFO] [stderr]    Compiling quote v1.0.33
[INFO] [stderr]    Compiling fit-rust v0.1.2 (/opt/rustwide/workdir)
[INFO] [stderr]     Finished dev [unoptimized + debuginfo] target(s) in 11.28s
[INFO] running `Command { std: "docker" "inspect" "1b6d64279bb98f2866caa04b3723ceedd1c621bdd89cf9ded29aa551a6b50ecf", kill_on_drop: false }`
[INFO] running `Command { std: "docker" "rm" "-f" "1b6d64279bb98f2866caa04b3723ceedd1c621bdd89cf9ded29aa551a6b50ecf", kill_on_drop: false }`
[INFO] [stdout] 1b6d64279bb98f2866caa04b3723ceedd1c621bdd89cf9ded29aa551a6b50ecf
[INFO] running `Command { std: "docker" "create" "-v" "/var/lib/crater-agent-workspace/builds/worker-2-tc2/target:/opt/rustwide/target:rw,Z" "-v" "/var/lib/crater-agent-workspace/builds/worker-2-tc2/source:/opt/rustwide/workdir:ro,Z" "-v" "/var/lib/crater-agent-workspace/cargo-home:/opt/rustwide/cargo-home:ro,Z" "-v" "/var/lib/crater-agent-workspace/rustup-home:/opt/rustwide/rustup-home:ro,Z" "-e" "SOURCE_DIR=/opt/rustwide/workdir" "-e" "CARGO_TARGET_DIR=/opt/rustwide/target" "-e" "CARGO_INCREMENTAL=0" "-e" "RUST_BACKTRACE=full" "-e" "RUSTFLAGS=--cap-lints=warn" "-e" "RUSTDOCFLAGS=--cap-lints=warn" "-e" "CARGO_HOME=/opt/rustwide/cargo-home" "-e" "RUSTUP_HOME=/opt/rustwide/rustup-home" "-w" "/opt/rustwide/workdir" "-m" "1610612736" "--user" "0:0" "--network" "none" "ghcr.io/rust-lang/crates-build-env/linux@sha256:2788e3201cd34a07e3172128adcd8b3090168a8e3bcc40d7c032b9dda1df7d1c" "/opt/rustwide/cargo-home/bin/cargo" "+beta-2023-12-22" "test" "--frozen" "--no-run" "--message-format=json", kill_on_drop: false }`
[INFO] [stdout] 8017e5268af396b3e7124f488476e1362a27d2ce4e18f8cfc09102e3fd21a03d
[INFO] running `Command { std: "docker" "start" "-a" "8017e5268af396b3e7124f488476e1362a27d2ce4e18f8cfc09102e3fd21a03d", kill_on_drop: false }`
[INFO] [stderr]    Compiling fit-rust v0.1.2 (/opt/rustwide/workdir)
[INFO] [stderr]     Finished test [unoptimized + debuginfo] target(s) in 0.76s
[INFO] running `Command { std: "docker" "inspect" "8017e5268af396b3e7124f488476e1362a27d2ce4e18f8cfc09102e3fd21a03d", kill_on_drop: false }`
[INFO] running `Command { std: "docker" "rm" "-f" "8017e5268af396b3e7124f488476e1362a27d2ce4e18f8cfc09102e3fd21a03d", kill_on_drop: false }`
[INFO] [stdout] 8017e5268af396b3e7124f488476e1362a27d2ce4e18f8cfc09102e3fd21a03d
[INFO] running `Command { std: "docker" "create" "-v" "/var/lib/crater-agent-workspace/builds/worker-2-tc2/target:/opt/rustwide/target:rw,Z" "-v" "/var/lib/crater-agent-workspace/builds/worker-2-tc2/source:/opt/rustwide/workdir:ro,Z" "-v" "/var/lib/crater-agent-workspace/cargo-home:/opt/rustwide/cargo-home:ro,Z" "-v" "/var/lib/crater-agent-workspace/rustup-home:/opt/rustwide/rustup-home:ro,Z" "-e" "SOURCE_DIR=/opt/rustwide/workdir" "-e" "CARGO_TARGET_DIR=/opt/rustwide/target" "-e" "CARGO_INCREMENTAL=0" "-e" "RUST_BACKTRACE=full" "-e" "RUSTFLAGS=--cap-lints=warn" "-e" "RUSTDOCFLAGS=--cap-lints=warn" "-e" "CARGO_HOME=/opt/rustwide/cargo-home" "-e" "RUSTUP_HOME=/opt/rustwide/rustup-home" "-w" "/opt/rustwide/workdir" "-m" "1610612736" "--user" "0:0" "--network" "none" "ghcr.io/rust-lang/crates-build-env/linux@sha256:2788e3201cd34a07e3172128adcd8b3090168a8e3bcc40d7c032b9dda1df7d1c" "/opt/rustwide/cargo-home/bin/cargo" "+beta-2023-12-22" "test" "--frozen", kill_on_drop: false }`
[INFO] [stdout] 71051666e861ab6662747681a3f6c2d1d59051cd94dbfa8f0b9ff8089b66a03d
[INFO] running `Command { std: "docker" "start" "-a" "71051666e861ab6662747681a3f6c2d1d59051cd94dbfa8f0b9ff8089b66a03d", kill_on_drop: false }`
[INFO] [stderr]     Finished test [unoptimized + debuginfo] target(s) in 0.01s
[INFO] [stderr]      Running unittests src/lib.rs (/opt/rustwide/target/debug/deps/fit_rust-75a84e74d39d4f79)
[INFO] [stdout] 
[INFO] [stdout] running 1 test
[INFO] [stdout] test protocol::tests::fit_crc_get16_test ... ok
[INFO] [stdout] 
[INFO] [stdout] test result: ok. 1 passed; 0 failed; 0 ignored; 0 measured; 0 filtered out; finished in 0.00s
[INFO] [stdout] 
[INFO] [stderr]      Running unittests bin/test_std.rs (/opt/rustwide/target/debug/deps/test_std-015eac6c606594f4)
[INFO] [stdout] 
[INFO] [stdout] running 0 tests
[INFO] [stdout] 
[INFO] [stdout] test result: ok. 0 passed; 0 failed; 0 ignored; 0 measured; 0 filtered out; finished in 0.00s
[INFO] [stdout] 
[INFO] [stderr]    Doc-tests fit-rust
[INFO] [stdout] 
[INFO] [stdout] running 4 tests
[INFO] [stdout] test src/protocol/get_field_string_value.rs - protocol::get_field_string_value::define_field_mappings (line 126) ... FAILED
[INFO] [stdout] test src/protocol/get_field_scale.rs - protocol::get_field_scale::get_field_scale_fn (line 667) ... FAILED
[INFO] [stdout] test src/protocol/get_field_offset.rs - protocol::get_field_offset::get_field_offset_fn (line 313) ... FAILED
[INFO] [stdout] test src/protocol/get_field_type.rs - protocol::get_field_type::get_field_type_fn (line 1568) ... FAILED
[INFO] [stdout] 
[INFO] [stdout] failures:
[INFO] [stdout] 
[INFO] [stdout] ---- src/protocol/get_field_string_value.rs - protocol::get_field_string_value::define_field_mappings (line 126) stdout ----
[INFO] [stdout] error[E0433]: failed to resolve: use of undeclared type `FieldType`
[INFO] [stdout]  --> src/protocol/get_field_string_value.rs:127:18
[INFO] [stdout]   |
[INFO] [stdout] 3 | let field_type = FieldType::BodyLocation;
[INFO] [stdout]   |                  ^^^^^^^^^ use of undeclared type `FieldType`
[INFO] [stdout] 
[INFO] [stdout] error[E0425]: cannot find function `match_predefined_field_value` in this scope
[INFO] [stdout]  --> src/protocol/get_field_string_value.rs:129:23
[INFO] [stdout]   |
[INFO] [stdout] 5 | let predefined_text = match_predefined_field_value(field_type, parsed_value);
[INFO] [stdout]   |                       ^^^^^^^^^^^^^^^^^^^^^^^^^^^^ not found in this scope
[INFO] [stdout] 
[INFO] [stdout] error: aborting due to 2 previous errors
[INFO] [stdout] 
[INFO] [stdout] Some errors have detailed explanations: E0425, E0433.
[INFO] [stdout] For more information about an error, try `rustc --explain E0425`.
[INFO] [stdout] Couldn't compile the test.
[INFO] [stdout] ---- src/protocol/get_field_scale.rs - protocol::get_field_scale::get_field_scale_fn (line 667) stdout ----
[INFO] [stdout] error[E0433]: failed to resolve: use of undeclared type `MessageType`
[INFO] [stdout]  --> src/protocol/get_field_scale.rs:668:20
[INFO] [stdout]   |
[INFO] [stdout] 3 | let message_type = MessageType::Workout;
[INFO] [stdout]   |                    ^^^^^^^^^^^ use of undeclared type `MessageType`
[INFO] [stdout]   |
[INFO] [stdout] help: consider importing this enum
[INFO] [stdout]   |
[INFO] [stdout] 2 + use fit_rust::protocol::message_type::MessageType;
[INFO] [stdout]   |
[INFO] [stdout] 
[INFO] [stdout] error[E0425]: cannot find function `match_message_scale` in this scope
[INFO] [stdout]  --> src/protocol/get_field_scale.rs:670:16
[INFO] [stdout]   |
[INFO] [stdout] 5 | let scale_fn = match_message_scale(message_type);
[INFO] [stdout]   |                ^^^^^^^^^^^^^^^^^^^ not found in this scope
[INFO] [stdout] 
[INFO] [stdout] error: aborting due to 2 previous errors
[INFO] [stdout] 
[INFO] [stdout] Some errors have detailed explanations: E0425, E0433.
[INFO] [stdout] For more information about an error, try `rustc --explain E0425`.
[INFO] [stdout] Couldn't compile the test.
[INFO] [stdout] ---- src/protocol/get_field_offset.rs - protocol::get_field_offset::get_field_offset_fn (line 313) stdout ----
[INFO] [stdout] error[E0433]: failed to resolve: use of undeclared type `MessageType`
[INFO] [stdout]  --> src/protocol/get_field_offset.rs:314:20
[INFO] [stdout]   |
[INFO] [stdout] 3 | let message_type = MessageType::Session;
[INFO] [stdout]   |                    ^^^^^^^^^^^ use of undeclared type `MessageType`
[INFO] [stdout]   |
[INFO] [stdout] help: consider importing this enum
[INFO] [stdout]   |
[INFO] [stdout] 2 + use fit_rust::protocol::message_type::MessageType;
[INFO] [stdout]   |
[INFO] [stdout] 
[INFO] [stdout] error[E0425]: cannot find function `match_message_offset` in this scope
[INFO] [stdout]  --> src/protocol/get_field_offset.rs:316:17
[INFO] [stdout]   |
[INFO] [stdout] 5 | let offset_fn = match_message_offset(message_type);
[INFO] [stdout]   |                 ^^^^^^^^^^^^^^^^^^^^ not found in this scope
[INFO] [stdout] 
[INFO] [stdout] error: aborting due to 2 previous errors
[INFO] [stdout] 
[INFO] [stdout] Some errors have detailed explanations: E0425, E0433.
[INFO] [stdout] For more information about an error, try `rustc --explain E0425`.
[INFO] [stdout] Couldn't compile the test.
[INFO] [stdout] ---- src/protocol/get_field_type.rs - protocol::get_field_type::get_field_type_fn (line 1568) stdout ----
[INFO] [stdout] error[E0433]: failed to resolve: use of undeclared type `MessageType`
[INFO] [stdout]  --> src/protocol/get_field_type.rs:1569:20
[INFO] [stdout]   |
[INFO] [stdout] 3 | let message_type = MessageType::WorkoutSession;
[INFO] [stdout]   |                    ^^^^^^^^^^^ use of undeclared type `MessageType`
[INFO] [stdout]   |
[INFO] [stdout] help: consider importing this enum
[INFO] [stdout]   |
[INFO] [stdout] 2 + use fit_rust::protocol::message_type::MessageType;
[INFO] [stdout]   |
[INFO] [stdout] 
[INFO] [stdout] error[E0425]: cannot find function `match_message_field` in this scope
[INFO] [stdout]  --> src/protocol/get_field_type.rs:1571:16
[INFO] [stdout]   |
[INFO] [stdout] 5 | let field_fn = match_message_field(message_type);
[INFO] [stdout]   |                ^^^^^^^^^^^^^^^^^^^ not found in this scope
[INFO] [stdout] 
[INFO] [stdout] error[E0433]: failed to resolve: use of undeclared type `FieldType`
[INFO] [stdout]  --> src/protocol/get_field_type.rs:1573:19
[INFO] [stdout]   |
[INFO] [stdout] 7 | assert_eq!(field, FieldType::Uint16);
[INFO] [stdout]   |                   ^^^^^^^^^ use of undeclared type `FieldType`
[INFO] [stdout] 
[INFO] [stdout] error: aborting due to 3 previous errors
[INFO] [stdout] 
[INFO] [stdout] Some errors have detailed explanations: E0425, E0433.
[INFO] [stdout] For more information about an error, try `rustc --explain E0425`.
[INFO] [stdout] Couldn't compile the test.
[INFO] [stdout] 
[INFO] [stdout] failures:
[INFO] [stdout]     src/protocol/get_field_offset.rs - protocol::get_field_offset::get_field_offset_fn (line 313)
[INFO] [stdout]     src/protocol/get_field_scale.rs - protocol::get_field_scale::get_field_scale_fn (line 667)
[INFO] [stdout]     src/protocol/get_field_string_value.rs - protocol::get_field_string_value::define_field_mappings (line 126)
[INFO] [stdout]     src/protocol/get_field_type.rs - protocol::get_field_type::get_field_type_fn (line 1568)
[INFO] [stdout] 
[INFO] [stdout] test result: FAILED. 0 passed; 4 failed; 0 ignored; 0 measured; 0 filtered out; finished in 0.34s
[INFO] [stdout] 
[INFO] [stderr] error: doctest failed, to rerun pass `--doc`
[INFO] running `Command { std: "docker" "inspect" "71051666e861ab6662747681a3f6c2d1d59051cd94dbfa8f0b9ff8089b66a03d", kill_on_drop: false }`
[INFO] running `Command { std: "docker" "rm" "-f" "71051666e861ab6662747681a3f6c2d1d59051cd94dbfa8f0b9ff8089b66a03d", kill_on_drop: false }`
[INFO] [stdout] 71051666e861ab6662747681a3f6c2d1d59051cd94dbfa8f0b9ff8089b66a03d
