[INFO] fetching crate fhirbolt-element 0.4.0...
[INFO] testing fhirbolt-element-0.4.0 against 1.75.0 for beta-1.76-1
[INFO] extracting crate fhirbolt-element 0.4.0 into /workspace/builds/worker-4-tc1/source
[INFO] validating manifest of crates.io crate fhirbolt-element 0.4.0 on toolchain 1.75.0
[INFO] running `Command { std: CARGO_HOME="/workspace/cargo-home" RUSTUP_HOME="/workspace/rustup-home" "/workspace/cargo-home/bin/cargo" "+1.75.0" "metadata" "--manifest-path" "Cargo.toml" "--no-deps", kill_on_drop: false }`
[INFO] started tweaking crates.io crate fhirbolt-element 0.4.0
[INFO] finished tweaking crates.io crate fhirbolt-element 0.4.0
[INFO] tweaked toml for crates.io crate fhirbolt-element 0.4.0 written to /workspace/builds/worker-4-tc1/source/Cargo.toml
[INFO] running `Command { std: CARGO_HOME="/workspace/cargo-home" RUSTUP_HOME="/workspace/rustup-home" "/workspace/cargo-home/bin/cargo" "+1.75.0" "generate-lockfile" "--manifest-path" "Cargo.toml", kill_on_drop: false }`
[INFO] [stderr]     Blocking waiting for file lock on package cache
[INFO] [stderr]     Updating crates.io index
[INFO] running `Command { std: CARGO_HOME="/workspace/cargo-home" RUSTUP_HOME="/workspace/rustup-home" "/workspace/cargo-home/bin/cargo" "+1.75.0" "fetch" "--manifest-path" "Cargo.toml", kill_on_drop: false }`
[INFO] running `Command { std: "docker" "create" "-v" "/var/lib/crater-agent-workspace/builds/worker-4-tc1/target:/opt/rustwide/target:rw,Z" "-v" "/var/lib/crater-agent-workspace/builds/worker-4-tc1/source:/opt/rustwide/workdir:ro,Z" "-v" "/var/lib/crater-agent-workspace/cargo-home:/opt/rustwide/cargo-home:ro,Z" "-v" "/var/lib/crater-agent-workspace/rustup-home:/opt/rustwide/rustup-home:ro,Z" "-e" "SOURCE_DIR=/opt/rustwide/workdir" "-e" "CARGO_TARGET_DIR=/opt/rustwide/target" "-e" "CARGO_HOME=/opt/rustwide/cargo-home" "-e" "RUSTUP_HOME=/opt/rustwide/rustup-home" "-w" "/opt/rustwide/workdir" "-m" "1610612736" "--user" "0:0" "--network" "none" "ghcr.io/rust-lang/crates-build-env/linux@sha256:2788e3201cd34a07e3172128adcd8b3090168a8e3bcc40d7c032b9dda1df7d1c" "/opt/rustwide/cargo-home/bin/cargo" "+1.75.0" "metadata" "--no-deps" "--format-version=1", kill_on_drop: false }`
[INFO] [stdout] 374649bd1000ee5edaf18ccab08532b7a2d237cfb497f57124c742ac3588db54
[INFO] running `Command { std: "docker" "start" "-a" "374649bd1000ee5edaf18ccab08532b7a2d237cfb497f57124c742ac3588db54", kill_on_drop: false }`
[INFO] running `Command { std: "docker" "inspect" "374649bd1000ee5edaf18ccab08532b7a2d237cfb497f57124c742ac3588db54", kill_on_drop: false }`
[INFO] running `Command { std: "docker" "rm" "-f" "374649bd1000ee5edaf18ccab08532b7a2d237cfb497f57124c742ac3588db54", kill_on_drop: false }`
[INFO] [stdout] 374649bd1000ee5edaf18ccab08532b7a2d237cfb497f57124c742ac3588db54
[INFO] running `Command { std: "docker" "create" "-v" "/var/lib/crater-agent-workspace/builds/worker-4-tc1/target:/opt/rustwide/target:rw,Z" "-v" "/var/lib/crater-agent-workspace/builds/worker-4-tc1/source:/opt/rustwide/workdir:ro,Z" "-v" "/var/lib/crater-agent-workspace/cargo-home:/opt/rustwide/cargo-home:ro,Z" "-v" "/var/lib/crater-agent-workspace/rustup-home:/opt/rustwide/rustup-home:ro,Z" "-e" "SOURCE_DIR=/opt/rustwide/workdir" "-e" "CARGO_TARGET_DIR=/opt/rustwide/target" "-e" "CARGO_INCREMENTAL=0" "-e" "RUST_BACKTRACE=full" "-e" "RUSTFLAGS=--cap-lints=warn" "-e" "RUSTDOCFLAGS=--cap-lints=warn" "-e" "CARGO_HOME=/opt/rustwide/cargo-home" "-e" "RUSTUP_HOME=/opt/rustwide/rustup-home" "-w" "/opt/rustwide/workdir" "-m" "1610612736" "--user" "0:0" "--network" "none" "ghcr.io/rust-lang/crates-build-env/linux@sha256:2788e3201cd34a07e3172128adcd8b3090168a8e3bcc40d7c032b9dda1df7d1c" "/opt/rustwide/cargo-home/bin/cargo" "+1.75.0" "build" "--frozen" "--message-format=json", kill_on_drop: false }`
[INFO] [stdout] 0c8573a535412f7b9cb5d063f9439d5f5d77ee5606f47cafaff76d748ad04079
[INFO] running `Command { std: "docker" "start" "-a" "0c8573a535412f7b9cb5d063f9439d5f5d77ee5606f47cafaff76d748ad04079", kill_on_drop: false }`
[INFO] [stderr]    Compiling proc-macro2 v1.0.75
[INFO] [stderr]    Compiling unicode-ident v1.0.12
[INFO] [stderr]    Compiling rand_core v0.6.4
[INFO] [stderr]    Compiling siphasher v0.3.11
[INFO] [stderr]    Compiling autocfg v1.1.0
[INFO] [stderr]    Compiling hashbrown v0.12.3
[INFO] [stderr]    Compiling rand v0.8.5
[INFO] [stderr]    Compiling phf_shared v0.11.2
[INFO] [stderr]    Compiling indexmap v1.9.3
[INFO] [stderr]    Compiling phf_generator v0.11.2
[INFO] [stderr]    Compiling quote v1.0.35
[INFO] [stderr]    Compiling syn v2.0.48
[INFO] [stderr]    Compiling phf_macros v0.11.2
[INFO] [stderr]    Compiling phf v0.11.2
[INFO] [stderr]    Compiling fhirbolt-shared v0.4.0
[INFO] [stderr]    Compiling fhirbolt-element v0.4.0 (/opt/rustwide/workdir)
[INFO] [stderr]     Finished dev [unoptimized + debuginfo] target(s) in 7.30s
[INFO] running `Command { std: "docker" "inspect" "0c8573a535412f7b9cb5d063f9439d5f5d77ee5606f47cafaff76d748ad04079", kill_on_drop: false }`
[INFO] running `Command { std: "docker" "rm" "-f" "0c8573a535412f7b9cb5d063f9439d5f5d77ee5606f47cafaff76d748ad04079", kill_on_drop: false }`
[INFO] [stdout] 0c8573a535412f7b9cb5d063f9439d5f5d77ee5606f47cafaff76d748ad04079
[INFO] running `Command { std: "docker" "create" "-v" "/var/lib/crater-agent-workspace/builds/worker-4-tc1/target:/opt/rustwide/target:rw,Z" "-v" "/var/lib/crater-agent-workspace/builds/worker-4-tc1/source:/opt/rustwide/workdir:ro,Z" "-v" "/var/lib/crater-agent-workspace/cargo-home:/opt/rustwide/cargo-home:ro,Z" "-v" "/var/lib/crater-agent-workspace/rustup-home:/opt/rustwide/rustup-home:ro,Z" "-e" "SOURCE_DIR=/opt/rustwide/workdir" "-e" "CARGO_TARGET_DIR=/opt/rustwide/target" "-e" "CARGO_INCREMENTAL=0" "-e" "RUST_BACKTRACE=full" "-e" "RUSTFLAGS=--cap-lints=warn" "-e" "RUSTDOCFLAGS=--cap-lints=warn" "-e" "CARGO_HOME=/opt/rustwide/cargo-home" "-e" "RUSTUP_HOME=/opt/rustwide/rustup-home" "-w" "/opt/rustwide/workdir" "-m" "1610612736" "--user" "0:0" "--network" "none" "ghcr.io/rust-lang/crates-build-env/linux@sha256:2788e3201cd34a07e3172128adcd8b3090168a8e3bcc40d7c032b9dda1df7d1c" "/opt/rustwide/cargo-home/bin/cargo" "+1.75.0" "test" "--frozen" "--no-run" "--message-format=json", kill_on_drop: false }`
[INFO] [stdout] 2510fb7b5b7452da33633abc658767e2f25610f06ea59d2feba56f49e455e5e1
[INFO] running `Command { std: "docker" "start" "-a" "2510fb7b5b7452da33633abc658767e2f25610f06ea59d2feba56f49e455e5e1", kill_on_drop: false }`
[INFO] [stderr]    Compiling fhirbolt-element v0.4.0 (/opt/rustwide/workdir)
[INFO] [stderr]     Finished test [unoptimized + debuginfo] target(s) in 0.21s
[INFO] running `Command { std: "docker" "inspect" "2510fb7b5b7452da33633abc658767e2f25610f06ea59d2feba56f49e455e5e1", kill_on_drop: false }`
[INFO] running `Command { std: "docker" "rm" "-f" "2510fb7b5b7452da33633abc658767e2f25610f06ea59d2feba56f49e455e5e1", kill_on_drop: false }`
[INFO] [stdout] 2510fb7b5b7452da33633abc658767e2f25610f06ea59d2feba56f49e455e5e1
[INFO] running `Command { std: "docker" "create" "-v" "/var/lib/crater-agent-workspace/builds/worker-4-tc1/target:/opt/rustwide/target:rw,Z" "-v" "/var/lib/crater-agent-workspace/builds/worker-4-tc1/source:/opt/rustwide/workdir:ro,Z" "-v" "/var/lib/crater-agent-workspace/cargo-home:/opt/rustwide/cargo-home:ro,Z" "-v" "/var/lib/crater-agent-workspace/rustup-home:/opt/rustwide/rustup-home:ro,Z" "-e" "SOURCE_DIR=/opt/rustwide/workdir" "-e" "CARGO_TARGET_DIR=/opt/rustwide/target" "-e" "CARGO_INCREMENTAL=0" "-e" "RUST_BACKTRACE=full" "-e" "RUSTFLAGS=--cap-lints=warn" "-e" "RUSTDOCFLAGS=--cap-lints=warn" "-e" "CARGO_HOME=/opt/rustwide/cargo-home" "-e" "RUSTUP_HOME=/opt/rustwide/rustup-home" "-w" "/opt/rustwide/workdir" "-m" "1610612736" "--user" "0:0" "--network" "none" "ghcr.io/rust-lang/crates-build-env/linux@sha256:2788e3201cd34a07e3172128adcd8b3090168a8e3bcc40d7c032b9dda1df7d1c" "/opt/rustwide/cargo-home/bin/cargo" "+1.75.0" "test" "--frozen", kill_on_drop: false }`
[INFO] [stdout] d4101e53227cec71ea9435f84867bb094c542517c9faadedf6a703faf2af8da7
[INFO] running `Command { std: "docker" "start" "-a" "d4101e53227cec71ea9435f84867bb094c542517c9faadedf6a703faf2af8da7", kill_on_drop: false }`
[INFO] [stderr]     Finished test [unoptimized + debuginfo] target(s) in 0.01s
[INFO] [stderr]      Running unittests src/lib.rs (/opt/rustwide/target/debug/deps/fhirbolt_element-835f48a13a28496a)
[INFO] [stdout] 
[INFO] [stdout] running 0 tests
[INFO] [stdout] 
[INFO] [stdout] test result: ok. 0 passed; 0 failed; 0 ignored; 0 measured; 0 filtered out; finished in 0.00s
[INFO] [stdout] 
[INFO] [stderr]    Doc-tests fhirbolt-element
[INFO] [stdout] 
[INFO] [stdout] running 4 tests
[INFO] [stdout] test src/lib.rs - Element (line 66) ... FAILED
[INFO] [stdout] test src/lib.rs - (line 7) ... FAILED
[INFO] [stdout] test src/lib.rs - Element (line 31) ... FAILED
[INFO] [stdout] test src/lib.rs - Element (line 56) ... FAILED
[INFO] [stdout] 
[INFO] [stdout] failures:
[INFO] [stdout] 
[INFO] [stdout] ---- src/lib.rs - Element (line 66) stdout ----
[INFO] [stdout] error[E0433]: failed to resolve: use of undeclared crate or module `fhirbolt`
[INFO] [stdout]  --> src/lib.rs:68:5
[INFO] [stdout]   |
[INFO] [stdout] 4 | use fhirbolt::element::{Element, Value, Primitive};
[INFO] [stdout]   |     ^^^^^^^^ use of undeclared crate or module `fhirbolt`
[INFO] [stdout] 
[INFO] [stdout] error[E0432]: unresolved import `fhirbolt`
[INFO] [stdout]  --> src/lib.rs:67:5
[INFO] [stdout]   |
[INFO] [stdout] 3 | use fhirbolt::FhirReleases;
[INFO] [stdout]   |     ^^^^^^^^ use of undeclared crate or module `fhirbolt`
[INFO] [stdout] 
[INFO] [stdout] error: aborting due to 2 previous errors
[INFO] [stdout] 
[INFO] [stdout] Some errors have detailed explanations: E0432, E0433.
[INFO] [stdout] For more information about an error, try `rustc --explain E0432`.
[INFO] [stdout] Couldn't compile the test.
[INFO] [stdout] ---- src/lib.rs - (line 7) stdout ----
[INFO] [stdout] error[E0433]: failed to resolve: use of undeclared crate or module `fhirbolt`
[INFO] [stdout]  --> src/lib.rs:9:5
[INFO] [stdout]   |
[INFO] [stdout] 4 | use fhirbolt::element::{Element, Value, Primitive};
[INFO] [stdout]   |     ^^^^^^^^ use of undeclared crate or module `fhirbolt`
[INFO] [stdout] 
[INFO] [stdout] error[E0432]: unresolved import `fhirbolt`
[INFO] [stdout]  --> src/lib.rs:8:5
[INFO] [stdout]   |
[INFO] [stdout] 3 | use fhirbolt::FhirReleases;
[INFO] [stdout]   |     ^^^^^^^^ use of undeclared crate or module `fhirbolt`
[INFO] [stdout] 
[INFO] [stdout] error: aborting due to 2 previous errors
[INFO] [stdout] 
[INFO] [stdout] Some errors have detailed explanations: E0432, E0433.
[INFO] [stdout] For more information about an error, try `rustc --explain E0432`.
[INFO] [stdout] Couldn't compile the test.
[INFO] [stdout] ---- src/lib.rs - Element (line 31) stdout ----
[INFO] [stdout] error[E0433]: failed to resolve: use of undeclared crate or module `fhirbolt`
[INFO] [stdout]  --> src/lib.rs:33:5
[INFO] [stdout]   |
[INFO] [stdout] 4 | use fhirbolt::element::{Element, Value, Primitive};
[INFO] [stdout]   |     ^^^^^^^^ use of undeclared crate or module `fhirbolt`
[INFO] [stdout] 
[INFO] [stdout] error[E0432]: unresolved import `fhirbolt`
[INFO] [stdout]  --> src/lib.rs:32:5
[INFO] [stdout]   |
[INFO] [stdout] 3 | use fhirbolt::FhirReleases;
[INFO] [stdout]   |     ^^^^^^^^ use of undeclared crate or module `fhirbolt`
[INFO] [stdout] 
[INFO] [stdout] error: cannot determine resolution for the macro `Element`
[INFO] [stdout]  --> src/lib.rs:35:46
[INFO] [stdout]   |
[INFO] [stdout] 6 | let element: Element<{ FhirReleases::R4 }> = Element! {
[INFO] [stdout]   |                                              ^^^^^^^
[INFO] [stdout]   |
[INFO] [stdout]   = note: import resolution is stuck, try simplifying macro imports
[INFO] [stdout] 
[INFO] [stdout] error: aborting due to 3 previous errors
[INFO] [stdout] 
[INFO] [stdout] Some errors have detailed explanations: E0432, E0433.
[INFO] [stdout] For more information about an error, try `rustc --explain E0432`.
[INFO] [stdout] Couldn't compile the test.
[INFO] [stdout] ---- src/lib.rs - Element (line 56) stdout ----
[INFO] [stdout] error[E0433]: failed to resolve: use of undeclared crate or module `fhirbolt`
[INFO] [stdout]  --> src/lib.rs:58:5
[INFO] [stdout]   |
[INFO] [stdout] 4 | use fhirbolt::element::{Element, Value, Primitive};
[INFO] [stdout]   |     ^^^^^^^^ use of undeclared crate or module `fhirbolt`
[INFO] [stdout] 
[INFO] [stdout] error[E0432]: unresolved import `fhirbolt`
[INFO] [stdout]  --> src/lib.rs:57:5
[INFO] [stdout]   |
[INFO] [stdout] 3 | use fhirbolt::FhirReleases;
[INFO] [stdout]   |     ^^^^^^^^ use of undeclared crate or module `fhirbolt`
[INFO] [stdout] 
[INFO] [stdout] error: cannot determine resolution for the macro `Element`
[INFO] [stdout]  --> src/lib.rs:60:46
[INFO] [stdout]   |
[INFO] [stdout] 6 | let element: Element<{ FhirReleases::R4 }> = Element! {
[INFO] [stdout]   |                                              ^^^^^^^
[INFO] [stdout]   |
[INFO] [stdout]   = note: import resolution is stuck, try simplifying macro imports
[INFO] [stdout] 
[INFO] [stdout] error: aborting due to 3 previous errors
[INFO] [stdout] 
[INFO] [stdout] Some errors have detailed explanations: E0432, E0433.
[INFO] [stdout] For more information about an error, try `rustc --explain E0432`.
[INFO] [stdout] Couldn't compile the test.
[INFO] [stdout] 
[INFO] [stdout] failures:
[INFO] [stdout]     src/lib.rs - (line 7)
[INFO] [stdout]     src/lib.rs - Element (line 31)
[INFO] [stdout]     src/lib.rs - Element (line 56)
[INFO] [stdout]     src/lib.rs - Element (line 66)
[INFO] [stdout] 
[INFO] [stdout] test result: FAILED. 0 passed; 4 failed; 0 ignored; 0 measured; 0 filtered out; finished in 0.03s
[INFO] [stdout] 
[INFO] [stderr] error: doctest failed, to rerun pass `--doc`
[INFO] running `Command { std: "docker" "inspect" "d4101e53227cec71ea9435f84867bb094c542517c9faadedf6a703faf2af8da7", kill_on_drop: false }`
[INFO] running `Command { std: "docker" "rm" "-f" "d4101e53227cec71ea9435f84867bb094c542517c9faadedf6a703faf2af8da7", kill_on_drop: false }`
[INFO] [stdout] d4101e53227cec71ea9435f84867bb094c542517c9faadedf6a703faf2af8da7
