[INFO] fetching crate ffs_os_type 2.3.0...
[INFO] testing ffs_os_type-2.3.0 against 1.75.0 for beta-1.76-1
[INFO] extracting crate ffs_os_type 2.3.0 into /workspace/builds/worker-4-tc1/source
[INFO] validating manifest of crates.io crate ffs_os_type 2.3.0 on toolchain 1.75.0
[INFO] running `Command { std: CARGO_HOME="/workspace/cargo-home" RUSTUP_HOME="/workspace/rustup-home" "/workspace/cargo-home/bin/cargo" "+1.75.0" "metadata" "--manifest-path" "Cargo.toml" "--no-deps", kill_on_drop: false }`
[INFO] started tweaking crates.io crate ffs_os_type 2.3.0
[INFO] finished tweaking crates.io crate ffs_os_type 2.3.0
[INFO] tweaked toml for crates.io crate ffs_os_type 2.3.0 written to /workspace/builds/worker-4-tc1/source/Cargo.toml
[INFO] running `Command { std: CARGO_HOME="/workspace/cargo-home" RUSTUP_HOME="/workspace/rustup-home" "/workspace/cargo-home/bin/cargo" "+1.75.0" "generate-lockfile" "--manifest-path" "Cargo.toml", kill_on_drop: false }`
[INFO] [stderr]     Updating crates.io index
[INFO] running `Command { std: CARGO_HOME="/workspace/cargo-home" RUSTUP_HOME="/workspace/rustup-home" "/workspace/cargo-home/bin/cargo" "+1.75.0" "fetch" "--manifest-path" "Cargo.toml", kill_on_drop: false }`
[INFO] running `Command { std: "docker" "create" "-v" "/var/lib/crater-agent-workspace/builds/worker-4-tc1/target:/opt/rustwide/target:rw,Z" "-v" "/var/lib/crater-agent-workspace/builds/worker-4-tc1/source:/opt/rustwide/workdir:ro,Z" "-v" "/var/lib/crater-agent-workspace/cargo-home:/opt/rustwide/cargo-home:ro,Z" "-v" "/var/lib/crater-agent-workspace/rustup-home:/opt/rustwide/rustup-home:ro,Z" "-e" "SOURCE_DIR=/opt/rustwide/workdir" "-e" "CARGO_TARGET_DIR=/opt/rustwide/target" "-e" "CARGO_HOME=/opt/rustwide/cargo-home" "-e" "RUSTUP_HOME=/opt/rustwide/rustup-home" "-w" "/opt/rustwide/workdir" "-m" "1610612736" "--user" "0:0" "--network" "none" "ghcr.io/rust-lang/crates-build-env/linux@sha256:2788e3201cd34a07e3172128adcd8b3090168a8e3bcc40d7c032b9dda1df7d1c" "/opt/rustwide/cargo-home/bin/cargo" "+1.75.0" "metadata" "--no-deps" "--format-version=1", kill_on_drop: false }`
[INFO] [stdout] 9dead66589d73f05e1c8a34b854bd648329777ada03a99062e53e7c59ab81af2
[INFO] running `Command { std: "docker" "start" "-a" "9dead66589d73f05e1c8a34b854bd648329777ada03a99062e53e7c59ab81af2", kill_on_drop: false }`
[INFO] running `Command { std: "docker" "inspect" "9dead66589d73f05e1c8a34b854bd648329777ada03a99062e53e7c59ab81af2", kill_on_drop: false }`
[INFO] running `Command { std: "docker" "rm" "-f" "9dead66589d73f05e1c8a34b854bd648329777ada03a99062e53e7c59ab81af2", kill_on_drop: false }`
[INFO] [stdout] 9dead66589d73f05e1c8a34b854bd648329777ada03a99062e53e7c59ab81af2
[INFO] running `Command { std: "docker" "create" "-v" "/var/lib/crater-agent-workspace/builds/worker-4-tc1/target:/opt/rustwide/target:rw,Z" "-v" "/var/lib/crater-agent-workspace/builds/worker-4-tc1/source:/opt/rustwide/workdir:ro,Z" "-v" "/var/lib/crater-agent-workspace/cargo-home:/opt/rustwide/cargo-home:ro,Z" "-v" "/var/lib/crater-agent-workspace/rustup-home:/opt/rustwide/rustup-home:ro,Z" "-e" "SOURCE_DIR=/opt/rustwide/workdir" "-e" "CARGO_TARGET_DIR=/opt/rustwide/target" "-e" "CARGO_INCREMENTAL=0" "-e" "RUST_BACKTRACE=full" "-e" "RUSTFLAGS=--cap-lints=warn" "-e" "RUSTDOCFLAGS=--cap-lints=warn" "-e" "CARGO_HOME=/opt/rustwide/cargo-home" "-e" "RUSTUP_HOME=/opt/rustwide/rustup-home" "-w" "/opt/rustwide/workdir" "-m" "1610612736" "--user" "0:0" "--network" "none" "ghcr.io/rust-lang/crates-build-env/linux@sha256:2788e3201cd34a07e3172128adcd8b3090168a8e3bcc40d7c032b9dda1df7d1c" "/opt/rustwide/cargo-home/bin/cargo" "+1.75.0" "build" "--frozen" "--message-format=json", kill_on_drop: false }`
[INFO] [stdout] ee085572975b3f81c2a0176ded8120975cf342ca560aab50edfbf4730c24264a
[INFO] running `Command { std: "docker" "start" "-a" "ee085572975b3f81c2a0176ded8120975cf342ca560aab50edfbf4730c24264a", kill_on_drop: false }`
[INFO] [stderr]    Compiling memchr v2.7.1
[INFO] [stderr]    Compiling regex-syntax v0.8.2
[INFO] [stderr]    Compiling aho-corasick v1.1.2
[INFO] [stderr]    Compiling regex-automata v0.4.3
[INFO] [stderr]    Compiling regex v1.10.2
[INFO] [stderr]    Compiling ffs_os_type v2.3.0 (/opt/rustwide/workdir)
[INFO] [stdout] warning: unused import: `super::*`
[INFO] [stdout]   --> src/os_release.rs:60:9
[INFO] [stdout]    |
[INFO] [stdout] 60 |     use super::*;
[INFO] [stdout]    |         ^^^^^^^^
[INFO] [stdout]    |
[INFO] [stdout]    = note: `#[warn(unused_imports)]` on by default
[INFO] [stdout] 
[INFO] [stdout] 
[INFO] [stdout] warning: struct `WindowsVer` is never constructed
[INFO] [stdout]  --> src/windows_ver.rs:4:12
[INFO] [stdout]   |
[INFO] [stdout] 4 | pub struct WindowsVer {
[INFO] [stdout]   |            ^^^^^^^^^^
[INFO] [stdout]   |
[INFO] [stdout]   = note: `#[warn(dead_code)]` on by default
[INFO] [stdout] 
[INFO] [stdout] 
[INFO] [stdout] warning: function `retrieve` is never used
[INFO] [stdout]  --> src/windows_ver.rs:8:8
[INFO] [stdout]   |
[INFO] [stdout] 8 | pub fn retrieve() -> Option<WindowsVer> {
[INFO] [stdout]   |        ^^^^^^^^
[INFO] [stdout] 
[INFO] [stdout] 
[INFO] [stdout] warning: function `parse` is never used
[INFO] [stdout]   --> src/windows_ver.rs:17:8
[INFO] [stdout]    |
[INFO] [stdout] 17 | pub fn parse(output: String) -> WindowsVer {
[INFO] [stdout]    |        ^^^^^
[INFO] [stdout] 
[INFO] [stdout] 
[INFO] [stdout] warning: function `is_os_x` is never used
[INFO] [stdout]   --> src/sw_vers.rs:27:8
[INFO] [stdout]    |
[INFO] [stdout] 27 | pub fn is_os_x() -> bool {
[INFO] [stdout]    |        ^^^^^^^
[INFO] [stdout] 
[INFO] [stdout] 
[INFO] [stdout] warning: 5 warnings emitted
[INFO] [stdout] 
[INFO] [stdout] 
[INFO] [stderr]     Finished dev [unoptimized + debuginfo] target(s) in 13.74s
[INFO] running `Command { std: "docker" "inspect" "ee085572975b3f81c2a0176ded8120975cf342ca560aab50edfbf4730c24264a", kill_on_drop: false }`
[INFO] running `Command { std: "docker" "rm" "-f" "ee085572975b3f81c2a0176ded8120975cf342ca560aab50edfbf4730c24264a", kill_on_drop: false }`
[INFO] [stdout] ee085572975b3f81c2a0176ded8120975cf342ca560aab50edfbf4730c24264a
[INFO] running `Command { std: "docker" "create" "-v" "/var/lib/crater-agent-workspace/builds/worker-4-tc1/target:/opt/rustwide/target:rw,Z" "-v" "/var/lib/crater-agent-workspace/builds/worker-4-tc1/source:/opt/rustwide/workdir:ro,Z" "-v" "/var/lib/crater-agent-workspace/cargo-home:/opt/rustwide/cargo-home:ro,Z" "-v" "/var/lib/crater-agent-workspace/rustup-home:/opt/rustwide/rustup-home:ro,Z" "-e" "SOURCE_DIR=/opt/rustwide/workdir" "-e" "CARGO_TARGET_DIR=/opt/rustwide/target" "-e" "CARGO_INCREMENTAL=0" "-e" "RUST_BACKTRACE=full" "-e" "RUSTFLAGS=--cap-lints=warn" "-e" "RUSTDOCFLAGS=--cap-lints=warn" "-e" "CARGO_HOME=/opt/rustwide/cargo-home" "-e" "RUSTUP_HOME=/opt/rustwide/rustup-home" "-w" "/opt/rustwide/workdir" "-m" "1610612736" "--user" "0:0" "--network" "none" "ghcr.io/rust-lang/crates-build-env/linux@sha256:2788e3201cd34a07e3172128adcd8b3090168a8e3bcc40d7c032b9dda1df7d1c" "/opt/rustwide/cargo-home/bin/cargo" "+1.75.0" "test" "--frozen" "--no-run" "--message-format=json", kill_on_drop: false }`
[INFO] [stdout] db19561aa0072675e38ad2a76b08a108f66a3268f2d089c869dbeafeb9034926
[INFO] running `Command { std: "docker" "start" "-a" "db19561aa0072675e38ad2a76b08a108f66a3268f2d089c869dbeafeb9034926", kill_on_drop: false }`
[INFO] [stdout] warning: unused import: `super::*`
[INFO] [stdout]   --> src/os_release.rs:60:9
[INFO] [stdout]    |
[INFO] [stdout] 60 |     use super::*;
[INFO] [stdout]    |         ^^^^^^^^
[INFO] [stdout]    |
[INFO] [stdout]    = note: `#[warn(unused_imports)]` on by default
[INFO] [stdout] 
[INFO] [stdout] 
[INFO] [stdout] warning: struct `WindowsVer` is never constructed
[INFO] [stdout]  --> src/windows_ver.rs:4:12
[INFO] [stdout]   |
[INFO] [stdout] 4 | pub struct WindowsVer {
[INFO] [stdout]   |            ^^^^^^^^^^
[INFO] [stdout]   |
[INFO] [stdout]   = note: `#[warn(dead_code)]` on by default
[INFO] [stdout] 
[INFO] [stdout] 
[INFO] [stdout] warning: function `retrieve` is never used
[INFO] [stdout]  --> src/windows_ver.rs:8:8
[INFO] [stdout]   |
[INFO] [stdout] 8 | pub fn retrieve() -> Option<WindowsVer> {
[INFO] [stdout]   |        ^^^^^^^^
[INFO] [stdout] 
[INFO] [stdout] 
[INFO] [stdout] warning: function `parse` is never used
[INFO] [stdout]   --> src/windows_ver.rs:17:8
[INFO] [stdout]    |
[INFO] [stdout] 17 | pub fn parse(output: String) -> WindowsVer {
[INFO] [stdout]    |        ^^^^^
[INFO] [stdout] 
[INFO] [stdout] 
[INFO] [stdout] warning: function `is_os_x` is never used
[INFO] [stdout]   --> src/sw_vers.rs:27:8
[INFO] [stdout]    |
[INFO] [stdout] 27 | pub fn is_os_x() -> bool {
[INFO] [stdout]    |        ^^^^^^^
[INFO] [stdout] 
[INFO] [stdout] 
[INFO] [stdout] warning: 5 warnings emitted
[INFO] [stdout] 
[INFO] [stdout] 
[INFO] [stderr]    Compiling ffs_os_type v2.3.0 (/opt/rustwide/workdir)
[INFO] [stdout] warning: function `is_os_x` is never used
[INFO] [stdout]   --> tests/../src/sw_vers.rs:27:8
[INFO] [stdout]    |
[INFO] [stdout] 27 | pub fn is_os_x() -> bool {
[INFO] [stdout]    |        ^^^^^^^
[INFO] [stdout]    |
[INFO] [stdout]    = note: `#[warn(dead_code)]` on by default
[INFO] [stdout] 
[INFO] [stdout] 
[INFO] [stdout] warning: function `retrieve` is never used
[INFO] [stdout]   --> tests/../src/sw_vers.rs:34:8
[INFO] [stdout]    |
[INFO] [stdout] 34 | pub fn retrieve() -> Option<SwVers> {
[INFO] [stdout]    |        ^^^^^^^^
[INFO] [stdout] 
[INFO] [stdout] 
[INFO] [stdout] warning: function `file_exists` is never used
[INFO] [stdout]  --> tests/../src/utils.rs:5:8
[INFO] [stdout]   |
[INFO] [stdout] 5 | pub fn file_exists<P: AsRef<Path>>(path: P) -> bool {
[INFO] [stdout]   |        ^^^^^^^^^^^
[INFO] [stdout] 
[INFO] [stdout] 
[INFO] [stdout] warning: function `read_file` is never used
[INFO] [stdout]   --> tests/../src/rhel_release.rs:12:4
[INFO] [stdout]    |
[INFO] [stdout] 12 | fn read_file(filename: &str) -> Result<String, Error> {
[INFO] [stdout]    |    ^^^^^^^^^
[INFO] [stdout]    |
[INFO] [stdout]    = note: `#[warn(dead_code)]` on by default
[INFO] [stdout] 
[INFO] [stdout] 
[INFO] [stdout] warning: function `retrieve` is never used
[INFO] [stdout]   --> tests/../src/rhel_release.rs:19:8
[INFO] [stdout]    |
[INFO] [stdout] 19 | pub fn retrieve() -> Option<RHELRelease> {
[INFO] [stdout]    |        ^^^^^^^^
[INFO] [stdout] 
[INFO] [stdout] 
[INFO] [stdout] warning: function `file_exists` is never used
[INFO] [stdout]  --> tests/../src/utils.rs:5:8
[INFO] [stdout]   |
[INFO] [stdout] 5 | pub fn file_exists<P: AsRef<Path>>(path: P) -> bool {
[INFO] [stdout]   |        ^^^^^^^^^^^
[INFO] [stdout] 
[INFO] [stdout] 
[INFO] [stdout] warning: function `retrieve` is never used
[INFO] [stdout]  --> tests/../src/lsb_release.rs:9:8
[INFO] [stdout]   |
[INFO] [stdout] 9 | pub fn retrieve() -> Option<LsbRelease> {
[INFO] [stdout]   |        ^^^^^^^^
[INFO] [stdout]   |
[INFO] [stdout]   = note: `#[warn(dead_code)]` on by default
[INFO] [stdout] 
[INFO] [stdout] 
[INFO] [stdout] warning: function `is_available` is never used
[INFO] [stdout]   --> tests/../src/lsb_release.rs:18:8
[INFO] [stdout]    |
[INFO] [stdout] 18 | pub fn is_available() -> bool {
[INFO] [stdout]    |        ^^^^^^^^^^^^
[INFO] [stdout] 
[INFO] [stdout] 
[INFO] [stdout] warning: function `file_exists` is never used
[INFO] [stdout]  --> tests/../src/utils.rs:5:8
[INFO] [stdout]   |
[INFO] [stdout] 5 | pub fn file_exists<P: AsRef<Path>>(path: P) -> bool {
[INFO] [stdout]   |        ^^^^^^^^^^^
[INFO] [stdout] 
[INFO] [stdout] 
[INFO] [stdout] warning: struct `WindowsVer` is never constructed
[INFO] [stdout]  --> src/windows_ver.rs:4:12
[INFO] [stdout]   |
[INFO] [stdout] 4 | pub struct WindowsVer {
[INFO] [stdout]   |            ^^^^^^^^^^
[INFO] [stdout]   |
[INFO] [stdout]   = note: `#[warn(dead_code)]` on by default
[INFO] [stdout] 
[INFO] [stdout] 
[INFO] [stdout] warning: function `retrieve` is never used
[INFO] [stdout]  --> src/windows_ver.rs:8:8
[INFO] [stdout]   |
[INFO] [stdout] 8 | pub fn retrieve() -> Option<WindowsVer> {
[INFO] [stdout]   |        ^^^^^^^^
[INFO] [stdout] 
[INFO] [stdout] 
[INFO] [stdout] warning: function `parse` is never used
[INFO] [stdout]   --> src/windows_ver.rs:17:8
[INFO] [stdout]    |
[INFO] [stdout] 17 | pub fn parse(output: String) -> WindowsVer {
[INFO] [stdout]    |        ^^^^^
[INFO] [stdout] 
[INFO] [stdout] 
[INFO] [stdout] warning: function `is_os_x` is never used
[INFO] [stdout]   --> src/sw_vers.rs:27:8
[INFO] [stdout]    |
[INFO] [stdout] 27 | pub fn is_os_x() -> bool {
[INFO] [stdout]    |        ^^^^^^^
[INFO] [stdout] 
[INFO] [stdout] 
[INFO] [stdout] warning: 4 warnings emitted
[INFO] [stdout] 
[INFO] [stdout] 
[INFO] [stdout] warning: 3 warnings emitted
[INFO] [stdout] 
[INFO] [stdout] 
[INFO] [stdout] warning: 3 warnings emitted
[INFO] [stdout] 
[INFO] [stdout] 
[INFO] [stdout] warning: 3 warnings emitted
[INFO] [stdout] 
[INFO] [stdout] 
[INFO] [stderr]     Finished test [unoptimized + debuginfo] target(s) in 3.80s
[INFO] running `Command { std: "docker" "inspect" "db19561aa0072675e38ad2a76b08a108f66a3268f2d089c869dbeafeb9034926", kill_on_drop: false }`
[INFO] running `Command { std: "docker" "rm" "-f" "db19561aa0072675e38ad2a76b08a108f66a3268f2d089c869dbeafeb9034926", kill_on_drop: false }`
[INFO] [stdout] db19561aa0072675e38ad2a76b08a108f66a3268f2d089c869dbeafeb9034926
[INFO] running `Command { std: "docker" "create" "-v" "/var/lib/crater-agent-workspace/builds/worker-4-tc1/target:/opt/rustwide/target:rw,Z" "-v" "/var/lib/crater-agent-workspace/builds/worker-4-tc1/source:/opt/rustwide/workdir:ro,Z" "-v" "/var/lib/crater-agent-workspace/cargo-home:/opt/rustwide/cargo-home:ro,Z" "-v" "/var/lib/crater-agent-workspace/rustup-home:/opt/rustwide/rustup-home:ro,Z" "-e" "SOURCE_DIR=/opt/rustwide/workdir" "-e" "CARGO_TARGET_DIR=/opt/rustwide/target" "-e" "CARGO_INCREMENTAL=0" "-e" "RUST_BACKTRACE=full" "-e" "RUSTFLAGS=--cap-lints=warn" "-e" "RUSTDOCFLAGS=--cap-lints=warn" "-e" "CARGO_HOME=/opt/rustwide/cargo-home" "-e" "RUSTUP_HOME=/opt/rustwide/rustup-home" "-w" "/opt/rustwide/workdir" "-m" "1610612736" "--user" "0:0" "--network" "none" "ghcr.io/rust-lang/crates-build-env/linux@sha256:2788e3201cd34a07e3172128adcd8b3090168a8e3bcc40d7c032b9dda1df7d1c" "/opt/rustwide/cargo-home/bin/cargo" "+1.75.0" "test" "--frozen", kill_on_drop: false }`
[INFO] [stdout] 7dbf5bfb6593e4d9a9d20d6e0b4540db356e33411213c48a4982694e4de30bc1
[INFO] running `Command { std: "docker" "start" "-a" "7dbf5bfb6593e4d9a9d20d6e0b4540db356e33411213c48a4982694e4de30bc1", kill_on_drop: false }`
[INFO] [stderr] warning: unused import: `super::*`
[INFO] [stderr]   --> src/os_release.rs:60:9
[INFO] [stderr]    |
[INFO] [stderr] 60 |     use super::*;
[INFO] [stderr]    |         ^^^^^^^^
[INFO] [stderr]    |
[INFO] [stderr]    = note: `#[warn(unused_imports)]` on by default
[INFO] [stderr] 
[INFO] [stderr] warning: struct `WindowsVer` is never constructed
[INFO] [stderr]  --> src/windows_ver.rs:4:12
[INFO] [stderr]   |
[INFO] [stderr] 4 | pub struct WindowsVer {
[INFO] [stderr]   |            ^^^^^^^^^^
[INFO] [stderr]   |
[INFO] [stderr]   = note: `#[warn(dead_code)]` on by default
[INFO] [stderr] 
[INFO] [stderr] warning: function `retrieve` is never used
[INFO] [stderr]  --> src/windows_ver.rs:8:8
[INFO] [stderr]   |
[INFO] [stderr] 8 | pub fn retrieve() -> Option<WindowsVer> {
[INFO] [stderr]   |        ^^^^^^^^
[INFO] [stderr] 
[INFO] [stderr] warning: function `parse` is never used
[INFO] [stderr]   --> src/windows_ver.rs:17:8
[INFO] [stderr]    |
[INFO] [stderr] 17 | pub fn parse(output: String) -> WindowsVer {
[INFO] [stderr]    |        ^^^^^
[INFO] [stderr] 
[INFO] [stderr] warning: function `is_os_x` is never used
[INFO] [stderr]   --> src/sw_vers.rs:27:8
[INFO] [stderr]    |
[INFO] [stderr] 27 | pub fn is_os_x() -> bool {
[INFO] [stderr]    |        ^^^^^^^
[INFO] [stderr] 
[INFO] [stderr] warning: `ffs_os_type` (lib) generated 5 warnings (run `cargo fix --lib -p ffs_os_type` to apply 1 suggestion)
[INFO] [stderr] warning: `ffs_os_type` (lib test) generated 4 warnings (4 duplicates)
[INFO] [stderr] warning: function `retrieve` is never used
[INFO] [stderr]  --> tests/../src/lsb_release.rs:9:8
[INFO] [stderr]   |
[INFO] [stderr] 9 | pub fn retrieve() -> Option<LsbRelease> {
[INFO] [stderr]   |        ^^^^^^^^
[INFO] [stderr]   |
[INFO] [stderr]   = note: `#[warn(dead_code)]` on by default
[INFO] [stderr] 
[INFO] [stderr] warning: function `is_available` is never used
[INFO] [stderr]   --> tests/../src/lsb_release.rs:18:8
[INFO] [stderr]    |
[INFO] [stderr] 18 | pub fn is_available() -> bool {
[INFO] [stderr]    |        ^^^^^^^^^^^^
[INFO] [stderr] 
[INFO] [stderr] warning: function `file_exists` is never used
[INFO] [stderr]  --> tests/../src/utils.rs:5:8
[INFO] [stderr]   |
[INFO] [stderr] 5 | pub fn file_exists<P: AsRef<Path>>(path: P) -> bool {
[INFO] [stderr]   |        ^^^^^^^^^^^
[INFO] [stderr] 
[INFO] [stderr] warning: function `read_file` is never used
[INFO] [stderr]   --> tests/../src/rhel_release.rs:12:4
[INFO] [stderr]    |
[INFO] [stderr] 12 | fn read_file(filename: &str) -> Result<String, Error> {
[INFO] [stderr]    |    ^^^^^^^^^
[INFO] [stderr]    |
[INFO] [stderr]    = note: `#[warn(dead_code)]` on by default
[INFO] [stderr] 
[INFO] [stderr] warning: function `retrieve` is never used
[INFO] [stderr]   --> tests/../src/rhel_release.rs:19:8
[INFO] [stderr]    |
[INFO] [stderr] 19 | pub fn retrieve() -> Option<RHELRelease> {
[INFO] [stderr]    |        ^^^^^^^^
[INFO] [stderr] 
[INFO] [stderr] warning: function `is_os_x` is never used
[INFO] [stderr]   --> tests/../src/sw_vers.rs:27:8
[INFO] [stderr]    |
[INFO] [stderr] 27 | pub fn is_os_x() -> bool {
[INFO] [stderr]    |        ^^^^^^^
[INFO] [stderr]    |
[INFO] [stderr]    = note: `#[warn(dead_code)]` on by default
[INFO] [stderr] 
[INFO] [stderr] warning: function `retrieve` is never used
[INFO] [stderr]   --> tests/../src/sw_vers.rs:34:8
[INFO] [stderr]    |
[INFO] [stderr] 34 | pub fn retrieve() -> Option<SwVers> {
[INFO] [stderr]    |        ^^^^^^^^
[INFO] [stderr] 
[INFO] [stderr] warning: `ffs_os_type` (test "lsb_release_test") generated 3 warnings
[INFO] [stderr] warning: `ffs_os_type` (test "centos_release_test") generated 3 warnings (1 duplicate)
[INFO] [stderr] warning: `ffs_os_type` (test "sw_vers_test") generated 3 warnings (1 duplicate)
[INFO] [stderr]     Finished test [unoptimized + debuginfo] target(s) in 0.02s
[INFO] [stderr]      Running unittests src/lib.rs (/opt/rustwide/target/debug/deps/ffs_os_type-f498dade85927d76)
[INFO] [stdout] 
[INFO] [stdout] running 3 tests
[INFO] [stdout] test os_release::tests::parse_alpine_3_9_5_os_release ... ok
[INFO] [stdout] test os_release::tests::parse_deepin_20_3_os_release ... ok
[INFO] [stdout] test os_release::tests::parse_ubuntu_18_04_os_release ... ok
[INFO] [stderr]      Running tests/centos_release_test.rs (/opt/rustwide/target/debug/deps/centos_release_test-104027165f0bfad9)
[INFO] [stdout] 
[INFO] [stdout] test result: ok. 3 passed; 0 failed; 0 ignored; 0 measured; 0 filtered out; finished in 0.10s
[INFO] [stdout] 
[INFO] [stdout] 
[INFO] [stdout] running 2 tests
[INFO] [stdout] test test_parses_version ... ok
[INFO] [stdout] test test_parses_distribution ... ok
[INFO] [stderr]      Running tests/lsb_release_test.rs (/opt/rustwide/target/debug/deps/lsb_release_test-926fcdcb3ad76409)
[INFO] [stdout] 
[INFO] [stdout] test result: ok. 2 passed; 0 failed; 0 ignored; 0 measured; 0 filtered out; finished in 0.08s
[INFO] [stdout] 
[INFO] [stdout] 
[INFO] [stdout] running 8 tests
[INFO] [stdout] test test_parses_manjaro_lsb_version ... ok
[INFO] [stdout] test test_parses_arch_lsb_version ... ok
[INFO] [stdout] test test_parses_manjaro_lsb_distro ... ok
[INFO] [stdout] test test_parses_arch_lsb_distro ... ok
[INFO] [stdout] test test_parses_opensuse_lsb_version ... ok
[INFO] [stdout] test test_parses_lsb_version ... ok
[INFO] [stdout] test test_parses_lsb_distro ... ok
[INFO] [stdout] test test_parses_opensuse_lsb_distro ... ok
[INFO] [stdout] 
[INFO] [stdout] test result: ok. 8 passed; 0 failed; 0 ignored; 0 measured; 0 filtered out; finished in 0.14s
[INFO] [stdout] 
[INFO] [stderr]      Running tests/sw_vers_test.rs (/opt/rustwide/target/debug/deps/sw_vers_test-ec4458e21195cb18)
[INFO] [stdout] 
[INFO] [stdout] running 3 tests
[INFO] [stdout] test parses_product_version ... ok
[INFO] [stdout] test parses_build_version ... ok
[INFO] [stdout] test parses_product_name ... ok
[INFO] [stdout] 
[INFO] [stdout] test result: ok. 3 passed; 0 failed; 0 ignored; 0 measured; 0 filtered out; finished in 0.19s
[INFO] [stdout] 
[INFO] [stderr]    Doc-tests ffs_os_type
[INFO] [stdout] 
[INFO] [stdout] running 1 test
[INFO] [stdout] test src/lib.rs - current_platform (line 188) ... FAILED
[INFO] [stdout] 
[INFO] [stdout] failures:
[INFO] [stdout] 
[INFO] [stdout] ---- src/lib.rs - current_platform (line 188) stdout ----
[INFO] [stdout] error[E0432]: unresolved import `os_type`
[INFO] [stdout]  --> src/lib.rs:189:5
[INFO] [stdout]   |
[INFO] [stdout] 3 | use os_type;
[INFO] [stdout]   |     ^^^^^^^ no `os_type` in the root
[INFO] [stdout] 
[INFO] [stdout] error: aborting due to previous error
[INFO] [stdout] 
[INFO] [stdout] For more information about this error, try `rustc --explain E0432`.
[INFO] [stdout] Couldn't compile the test.
[INFO] [stdout] 
[INFO] [stdout] failures:
[INFO] [stdout]     src/lib.rs - current_platform (line 188)
[INFO] [stdout] 
[INFO] [stdout] test result: FAILED. 0 passed; 1 failed; 0 ignored; 0 measured; 0 filtered out; finished in 0.08s
[INFO] [stdout] 
[INFO] [stderr] error: doctest failed, to rerun pass `--doc`
[INFO] running `Command { std: "docker" "inspect" "7dbf5bfb6593e4d9a9d20d6e0b4540db356e33411213c48a4982694e4de30bc1", kill_on_drop: false }`
[INFO] running `Command { std: "docker" "rm" "-f" "7dbf5bfb6593e4d9a9d20d6e0b4540db356e33411213c48a4982694e4de30bc1", kill_on_drop: false }`
[INFO] [stdout] 7dbf5bfb6593e4d9a9d20d6e0b4540db356e33411213c48a4982694e4de30bc1
[INFO] testing ffs_os_type-2.3.0 against beta-2023-12-22 for beta-1.76-1
[INFO] extracting crate ffs_os_type 2.3.0 into /workspace/builds/worker-4-tc2/source
[INFO] validating manifest of crates.io crate ffs_os_type 2.3.0 on toolchain beta-2023-12-22
[INFO] running `Command { std: CARGO_HOME="/workspace/cargo-home" RUSTUP_HOME="/workspace/rustup-home" "/workspace/cargo-home/bin/cargo" "+beta-2023-12-22" "metadata" "--manifest-path" "Cargo.toml" "--no-deps", kill_on_drop: false }`
[INFO] started tweaking crates.io crate ffs_os_type 2.3.0
[INFO] finished tweaking crates.io crate ffs_os_type 2.3.0
[INFO] tweaked toml for crates.io crate ffs_os_type 2.3.0 written to /workspace/builds/worker-4-tc2/source/Cargo.toml
[INFO] running `Command { std: CARGO_HOME="/workspace/cargo-home" RUSTUP_HOME="/workspace/rustup-home" "/workspace/cargo-home/bin/cargo" "+beta-2023-12-22" "generate-lockfile" "--manifest-path" "Cargo.toml", kill_on_drop: false }`
[INFO] [stderr]     Updating crates.io index
[INFO] running `Command { std: CARGO_HOME="/workspace/cargo-home" RUSTUP_HOME="/workspace/rustup-home" "/workspace/cargo-home/bin/cargo" "+beta-2023-12-22" "fetch" "--manifest-path" "Cargo.toml", kill_on_drop: false }`
[INFO] running `Command { std: "docker" "create" "-v" "/var/lib/crater-agent-workspace/builds/worker-4-tc2/target:/opt/rustwide/target:rw,Z" "-v" "/var/lib/crater-agent-workspace/builds/worker-4-tc2/source:/opt/rustwide/workdir:ro,Z" "-v" "/var/lib/crater-agent-workspace/cargo-home:/opt/rustwide/cargo-home:ro,Z" "-v" "/var/lib/crater-agent-workspace/rustup-home:/opt/rustwide/rustup-home:ro,Z" "-e" "SOURCE_DIR=/opt/rustwide/workdir" "-e" "CARGO_TARGET_DIR=/opt/rustwide/target" "-e" "CARGO_HOME=/opt/rustwide/cargo-home" "-e" "RUSTUP_HOME=/opt/rustwide/rustup-home" "-w" "/opt/rustwide/workdir" "-m" "1610612736" "--user" "0:0" "--network" "none" "ghcr.io/rust-lang/crates-build-env/linux@sha256:2788e3201cd34a07e3172128adcd8b3090168a8e3bcc40d7c032b9dda1df7d1c" "/opt/rustwide/cargo-home/bin/cargo" "+beta-2023-12-22" "metadata" "--no-deps" "--format-version=1", kill_on_drop: false }`
[INFO] [stdout] 49ada7be5fb75d01e83a7b544377416115681146b11305e321d19a79dda4c172
[INFO] running `Command { std: "docker" "start" "-a" "49ada7be5fb75d01e83a7b544377416115681146b11305e321d19a79dda4c172", kill_on_drop: false }`
[INFO] running `Command { std: "docker" "inspect" "49ada7be5fb75d01e83a7b544377416115681146b11305e321d19a79dda4c172", kill_on_drop: false }`
[INFO] running `Command { std: "docker" "rm" "-f" "49ada7be5fb75d01e83a7b544377416115681146b11305e321d19a79dda4c172", kill_on_drop: false }`
[INFO] [stdout] 49ada7be5fb75d01e83a7b544377416115681146b11305e321d19a79dda4c172
[INFO] running `Command { std: "docker" "create" "-v" "/var/lib/crater-agent-workspace/builds/worker-4-tc2/target:/opt/rustwide/target:rw,Z" "-v" "/var/lib/crater-agent-workspace/builds/worker-4-tc2/source:/opt/rustwide/workdir:ro,Z" "-v" "/var/lib/crater-agent-workspace/cargo-home:/opt/rustwide/cargo-home:ro,Z" "-v" "/var/lib/crater-agent-workspace/rustup-home:/opt/rustwide/rustup-home:ro,Z" "-e" "SOURCE_DIR=/opt/rustwide/workdir" "-e" "CARGO_TARGET_DIR=/opt/rustwide/target" "-e" "CARGO_INCREMENTAL=0" "-e" "RUST_BACKTRACE=full" "-e" "RUSTFLAGS=--cap-lints=warn" "-e" "RUSTDOCFLAGS=--cap-lints=warn" "-e" "CARGO_HOME=/opt/rustwide/cargo-home" "-e" "RUSTUP_HOME=/opt/rustwide/rustup-home" "-w" "/opt/rustwide/workdir" "-m" "1610612736" "--user" "0:0" "--network" "none" "ghcr.io/rust-lang/crates-build-env/linux@sha256:2788e3201cd34a07e3172128adcd8b3090168a8e3bcc40d7c032b9dda1df7d1c" "/opt/rustwide/cargo-home/bin/cargo" "+beta-2023-12-22" "build" "--frozen" "--message-format=json", kill_on_drop: false }`
[INFO] [stdout] a14e361a27f792ca337c3c86e373346d526e73a71944f5f5c82cf723ca2edd7b
[INFO] running `Command { std: "docker" "start" "-a" "a14e361a27f792ca337c3c86e373346d526e73a71944f5f5c82cf723ca2edd7b", kill_on_drop: false }`
[INFO] [stderr]    Compiling memchr v2.7.1
[INFO] [stderr]    Compiling regex-syntax v0.8.2
[INFO] [stderr]    Compiling aho-corasick v1.1.2
[INFO] [stderr]    Compiling regex-automata v0.4.3
[INFO] [stderr]    Compiling regex v1.10.2
[INFO] [stderr]    Compiling ffs_os_type v2.3.0 (/opt/rustwide/workdir)
[INFO] [stdout] warning: unused import: `super::*`
[INFO] [stdout]   --> src/os_release.rs:60:9
[INFO] [stdout]    |
[INFO] [stdout] 60 |     use super::*;
[INFO] [stdout]    |         ^^^^^^^^
[INFO] [stdout]    |
[INFO] [stdout]    = note: `#[warn(unused_imports)]` on by default
[INFO] [stdout] 
[INFO] [stdout] 
[INFO] [stdout] warning: struct `WindowsVer` is never constructed
[INFO] [stdout]  --> src/windows_ver.rs:4:12
[INFO] [stdout]   |
[INFO] [stdout] 4 | pub struct WindowsVer {
[INFO] [stdout]   |            ^^^^^^^^^^
[INFO] [stdout]   |
[INFO] [stdout]   = note: `#[warn(dead_code)]` on by default
[INFO] [stdout] 
[INFO] [stdout] 
[INFO] [stdout] warning: function `retrieve` is never used
[INFO] [stdout]  --> src/windows_ver.rs:8:8
[INFO] [stdout]   |
[INFO] [stdout] 8 | pub fn retrieve() -> Option<WindowsVer> {
[INFO] [stdout]   |        ^^^^^^^^
[INFO] [stdout] 
[INFO] [stdout] 
[INFO] [stdout] warning: function `parse` is never used
[INFO] [stdout]   --> src/windows_ver.rs:17:8
[INFO] [stdout]    |
[INFO] [stdout] 17 | pub fn parse(output: String) -> WindowsVer {
[INFO] [stdout]    |        ^^^^^
[INFO] [stdout] 
[INFO] [stdout] 
[INFO] [stdout] warning: function `is_os_x` is never used
[INFO] [stdout]   --> src/sw_vers.rs:27:8
[INFO] [stdout]    |
[INFO] [stdout] 27 | pub fn is_os_x() -> bool {
[INFO] [stdout]    |        ^^^^^^^
[INFO] [stdout] 
[INFO] [stdout] 
[INFO] [stdout] warning: 5 warnings emitted
[INFO] [stdout] 
[INFO] [stdout] 
[INFO] [stderr]     Finished dev [unoptimized + debuginfo] target(s) in 14.42s
[INFO] running `Command { std: "docker" "inspect" "a14e361a27f792ca337c3c86e373346d526e73a71944f5f5c82cf723ca2edd7b", kill_on_drop: false }`
[INFO] running `Command { std: "docker" "rm" "-f" "a14e361a27f792ca337c3c86e373346d526e73a71944f5f5c82cf723ca2edd7b", kill_on_drop: false }`
[INFO] [stdout] a14e361a27f792ca337c3c86e373346d526e73a71944f5f5c82cf723ca2edd7b
[INFO] running `Command { std: "docker" "create" "-v" "/var/lib/crater-agent-workspace/builds/worker-4-tc2/target:/opt/rustwide/target:rw,Z" "-v" "/var/lib/crater-agent-workspace/builds/worker-4-tc2/source:/opt/rustwide/workdir:ro,Z" "-v" "/var/lib/crater-agent-workspace/cargo-home:/opt/rustwide/cargo-home:ro,Z" "-v" "/var/lib/crater-agent-workspace/rustup-home:/opt/rustwide/rustup-home:ro,Z" "-e" "SOURCE_DIR=/opt/rustwide/workdir" "-e" "CARGO_TARGET_DIR=/opt/rustwide/target" "-e" "CARGO_INCREMENTAL=0" "-e" "RUST_BACKTRACE=full" "-e" "RUSTFLAGS=--cap-lints=warn" "-e" "RUSTDOCFLAGS=--cap-lints=warn" "-e" "CARGO_HOME=/opt/rustwide/cargo-home" "-e" "RUSTUP_HOME=/opt/rustwide/rustup-home" "-w" "/opt/rustwide/workdir" "-m" "1610612736" "--user" "0:0" "--network" "none" "ghcr.io/rust-lang/crates-build-env/linux@sha256:2788e3201cd34a07e3172128adcd8b3090168a8e3bcc40d7c032b9dda1df7d1c" "/opt/rustwide/cargo-home/bin/cargo" "+beta-2023-12-22" "test" "--frozen" "--no-run" "--message-format=json", kill_on_drop: false }`
[INFO] [stdout] baa98e6c66e96afb3732f1ba8ed9fb22421feb20e4d13a2a3762a4246bce0057
[INFO] running `Command { std: "docker" "start" "-a" "baa98e6c66e96afb3732f1ba8ed9fb22421feb20e4d13a2a3762a4246bce0057", kill_on_drop: false }`
[INFO] [stdout] warning: unused import: `super::*`
[INFO] [stdout]   --> src/os_release.rs:60:9
[INFO] [stdout]    |
[INFO] [stdout] 60 |     use super::*;
[INFO] [stdout]    |         ^^^^^^^^
[INFO] [stdout]    |
[INFO] [stdout]    = note: `#[warn(unused_imports)]` on by default
[INFO] [stdout] 
[INFO] [stdout] 
[INFO] [stdout] warning: struct `WindowsVer` is never constructed
[INFO] [stdout]  --> src/windows_ver.rs:4:12
[INFO] [stdout]   |
[INFO] [stdout] 4 | pub struct WindowsVer {
[INFO] [stdout]   |            ^^^^^^^^^^
[INFO] [stdout]   |
[INFO] [stdout]   = note: `#[warn(dead_code)]` on by default
[INFO] [stdout] 
[INFO] [stdout] 
[INFO] [stdout] warning: function `retrieve` is never used
[INFO] [stdout]  --> src/windows_ver.rs:8:8
[INFO] [stdout]   |
[INFO] [stdout] 8 | pub fn retrieve() -> Option<WindowsVer> {
[INFO] [stdout]   |        ^^^^^^^^
[INFO] [stdout] 
[INFO] [stdout] 
[INFO] [stdout] warning: function `parse` is never used
[INFO] [stdout]   --> src/windows_ver.rs:17:8
[INFO] [stdout]    |
[INFO] [stdout] 17 | pub fn parse(output: String) -> WindowsVer {
[INFO] [stdout]    |        ^^^^^
[INFO] [stdout] 
[INFO] [stdout] 
[INFO] [stdout] warning: function `is_os_x` is never used
[INFO] [stdout]   --> src/sw_vers.rs:27:8
[INFO] [stdout]    |
[INFO] [stdout] 27 | pub fn is_os_x() -> bool {
[INFO] [stdout]    |        ^^^^^^^
[INFO] [stdout] 
[INFO] [stdout] 
[INFO] [stderr]    Compiling ffs_os_type v2.3.0 (/opt/rustwide/workdir)
[INFO] [stdout] warning: 5 warnings emitted
[INFO] [stdout] 
[INFO] [stdout] 
[INFO] [stdout] warning: function `is_os_x` is never used
[INFO] [stdout]   --> tests/../src/sw_vers.rs:27:8
[INFO] [stdout]    |
[INFO] [stdout] 27 | pub fn is_os_x() -> bool {
[INFO] [stdout]    |        ^^^^^^^
[INFO] [stdout]    |
[INFO] [stdout]    = note: `#[warn(dead_code)]` on by default
[INFO] [stdout] 
[INFO] [stdout] 
[INFO] [stdout] warning: function `retrieve` is never used
[INFO] [stdout]   --> tests/../src/sw_vers.rs:34:8
[INFO] [stdout]    |
[INFO] [stdout] 34 | pub fn retrieve() -> Option<SwVers> {
[INFO] [stdout]    |        ^^^^^^^^
[INFO] [stdout] 
[INFO] [stdout] 
[INFO] [stdout] warning: function `file_exists` is never used
[INFO] [stdout]  --> tests/../src/utils.rs:5:8
[INFO] [stdout]   |
[INFO] [stdout] 5 | pub fn file_exists<P: AsRef<Path>>(path: P) -> bool {
[INFO] [stdout]   |        ^^^^^^^^^^^
[INFO] [stdout] 
[INFO] [stdout] 
[INFO] [stdout] warning: function `read_file` is never used
[INFO] [stdout]   --> tests/../src/rhel_release.rs:12:4
[INFO] [stdout]    |
[INFO] [stdout] 12 | fn read_file(filename: &str) -> Result<String, Error> {
[INFO] [stdout]    |    ^^^^^^^^^
[INFO] [stdout]    |
[INFO] [stdout]    = note: `#[warn(dead_code)]` on by default
[INFO] [stdout] 
[INFO] [stdout] 
[INFO] [stdout] warning: function `retrieve` is never used
[INFO] [stdout]   --> tests/../src/rhel_release.rs:19:8
[INFO] [stdout]    |
[INFO] [stdout] 19 | pub fn retrieve() -> Option<RHELRelease> {
[INFO] [stdout]    |        ^^^^^^^^
[INFO] [stdout] 
[INFO] [stdout] 
[INFO] [stdout] warning: function `file_exists` is never used
[INFO] [stdout]  --> tests/../src/utils.rs:5:8
[INFO] [stdout]   |
[INFO] [stdout] 5 | pub fn file_exists<P: AsRef<Path>>(path: P) -> bool {
[INFO] [stdout]   |        ^^^^^^^^^^^
[INFO] [stdout] 
[INFO] [stdout] 
[INFO] [stdout] warning: function `retrieve` is never used
[INFO] [stdout]  --> tests/../src/lsb_release.rs:9:8
[INFO] [stdout]   |
[INFO] [stdout] 9 | pub fn retrieve() -> Option<LsbRelease> {
[INFO] [stdout]   |        ^^^^^^^^
[INFO] [stdout]   |
[INFO] [stdout]   = note: `#[warn(dead_code)]` on by default
[INFO] [stdout] 
[INFO] [stdout] 
[INFO] [stdout] warning: function `is_available` is never used
[INFO] [stdout]   --> tests/../src/lsb_release.rs:18:8
[INFO] [stdout]    |
[INFO] [stdout] 18 | pub fn is_available() -> bool {
[INFO] [stdout]    |        ^^^^^^^^^^^^
[INFO] [stdout] 
[INFO] [stdout] 
[INFO] [stdout] warning: function `file_exists` is never used
[INFO] [stdout]  --> tests/../src/utils.rs:5:8
[INFO] [stdout]   |
[INFO] [stdout] 5 | pub fn file_exists<P: AsRef<Path>>(path: P) -> bool {
[INFO] [stdout]   |        ^^^^^^^^^^^
[INFO] [stdout] 
[INFO] [stdout] 
[INFO] [stdout] warning: struct `WindowsVer` is never constructed
[INFO] [stdout]  --> src/windows_ver.rs:4:12
[INFO] [stdout]   |
[INFO] [stdout] 4 | pub struct WindowsVer {
[INFO] [stdout]   |            ^^^^^^^^^^
[INFO] [stdout]   |
[INFO] [stdout]   = note: `#[warn(dead_code)]` on by default
[INFO] [stdout] 
[INFO] [stdout] 
[INFO] [stdout] warning: function `retrieve` is never used
[INFO] [stdout]  --> src/windows_ver.rs:8:8
[INFO] [stdout]   |
[INFO] [stdout] 8 | pub fn retrieve() -> Option<WindowsVer> {
[INFO] [stdout]   |        ^^^^^^^^
[INFO] [stdout] 
[INFO] [stdout] 
[INFO] [stdout] warning: function `parse` is never used
[INFO] [stdout]   --> src/windows_ver.rs:17:8
[INFO] [stdout]    |
[INFO] [stdout] 17 | pub fn parse(output: String) -> WindowsVer {
[INFO] [stdout]    |        ^^^^^
[INFO] [stdout] 
[INFO] [stdout] 
[INFO] [stdout] warning: function `is_os_x` is never used
[INFO] [stdout]   --> src/sw_vers.rs:27:8
[INFO] [stdout]    |
[INFO] [stdout] 27 | pub fn is_os_x() -> bool {
[INFO] [stdout]    |        ^^^^^^^
[INFO] [stdout] 
[INFO] [stdout] 
[INFO] [stdout] warning: 3 warnings emitted
[INFO] [stdout] 
[INFO] [stdout] 
[INFO] [stdout] warning: 3 warnings emitted
[INFO] [stdout] 
[INFO] [stdout] 
[INFO] [stdout] warning: 3 warnings emitted
[INFO] [stdout] 
[INFO] [stdout] 
[INFO] [stdout] warning: 4 warnings emitted
[INFO] [stdout] 
[INFO] [stdout] 
[INFO] [stderr]     Finished test [unoptimized + debuginfo] target(s) in 3.84s
[INFO] running `Command { std: "docker" "inspect" "baa98e6c66e96afb3732f1ba8ed9fb22421feb20e4d13a2a3762a4246bce0057", kill_on_drop: false }`
[INFO] running `Command { std: "docker" "rm" "-f" "baa98e6c66e96afb3732f1ba8ed9fb22421feb20e4d13a2a3762a4246bce0057", kill_on_drop: false }`
[INFO] [stdout] baa98e6c66e96afb3732f1ba8ed9fb22421feb20e4d13a2a3762a4246bce0057
[INFO] running `Command { std: "docker" "create" "-v" "/var/lib/crater-agent-workspace/builds/worker-4-tc2/target:/opt/rustwide/target:rw,Z" "-v" "/var/lib/crater-agent-workspace/builds/worker-4-tc2/source:/opt/rustwide/workdir:ro,Z" "-v" "/var/lib/crater-agent-workspace/cargo-home:/opt/rustwide/cargo-home:ro,Z" "-v" "/var/lib/crater-agent-workspace/rustup-home:/opt/rustwide/rustup-home:ro,Z" "-e" "SOURCE_DIR=/opt/rustwide/workdir" "-e" "CARGO_TARGET_DIR=/opt/rustwide/target" "-e" "CARGO_INCREMENTAL=0" "-e" "RUST_BACKTRACE=full" "-e" "RUSTFLAGS=--cap-lints=warn" "-e" "RUSTDOCFLAGS=--cap-lints=warn" "-e" "CARGO_HOME=/opt/rustwide/cargo-home" "-e" "RUSTUP_HOME=/opt/rustwide/rustup-home" "-w" "/opt/rustwide/workdir" "-m" "1610612736" "--user" "0:0" "--network" "none" "ghcr.io/rust-lang/crates-build-env/linux@sha256:2788e3201cd34a07e3172128adcd8b3090168a8e3bcc40d7c032b9dda1df7d1c" "/opt/rustwide/cargo-home/bin/cargo" "+beta-2023-12-22" "test" "--frozen", kill_on_drop: false }`
[INFO] [stdout] 5808962a07b4030c2d32aa215efbd6357d0db985eb03657816b3ce89e3f1969d
[INFO] running `Command { std: "docker" "start" "-a" "5808962a07b4030c2d32aa215efbd6357d0db985eb03657816b3ce89e3f1969d", kill_on_drop: false }`
[INFO] [stderr] warning: unused import: `super::*`
[INFO] [stderr]   --> src/os_release.rs:60:9
[INFO] [stderr]    |
[INFO] [stderr] 60 |     use super::*;
[INFO] [stderr]    |         ^^^^^^^^
[INFO] [stderr]    |
[INFO] [stderr]    = note: `#[warn(unused_imports)]` on by default
[INFO] [stderr] 
[INFO] [stderr] warning: struct `WindowsVer` is never constructed
[INFO] [stderr]  --> src/windows_ver.rs:4:12
[INFO] [stderr]   |
[INFO] [stderr] 4 | pub struct WindowsVer {
[INFO] [stderr]   |            ^^^^^^^^^^
[INFO] [stderr]   |
[INFO] [stderr]   = note: `#[warn(dead_code)]` on by default
[INFO] [stderr] 
[INFO] [stderr] warning: function `retrieve` is never used
[INFO] [stderr]  --> src/windows_ver.rs:8:8
[INFO] [stderr]   |
[INFO] [stderr] 8 | pub fn retrieve() -> Option<WindowsVer> {
[INFO] [stderr]   |        ^^^^^^^^
[INFO] [stderr] 
[INFO] [stderr] warning: function `parse` is never used
[INFO] [stderr]   --> src/windows_ver.rs:17:8
[INFO] [stderr]    |
[INFO] [stderr] 17 | pub fn parse(output: String) -> WindowsVer {
[INFO] [stderr]    |        ^^^^^
[INFO] [stderr] 
[INFO] [stderr] warning: function `is_os_x` is never used
[INFO] [stderr]   --> src/sw_vers.rs:27:8
[INFO] [stderr]    |
[INFO] [stderr] 27 | pub fn is_os_x() -> bool {
[INFO] [stderr]    |        ^^^^^^^
[INFO] [stderr] 
[INFO] [stderr] warning: `ffs_os_type` (lib) generated 5 warnings (run `cargo fix --lib -p ffs_os_type` to apply 1 suggestion)
[INFO] [stderr] warning: `ffs_os_type` (lib test) generated 4 warnings (4 duplicates)
[INFO] [stderr] warning: function `read_file` is never used
[INFO] [stderr]   --> tests/../src/rhel_release.rs:12:4
[INFO] [stderr]    |
[INFO] [stderr] 12 | fn read_file(filename: &str) -> Result<String, Error> {
[INFO] [stderr]    |    ^^^^^^^^^
[INFO] [stderr]    |
[INFO] [stderr]    = note: `#[warn(dead_code)]` on by default
[INFO] [stderr] 
[INFO] [stderr] warning: function `retrieve` is never used
[INFO] [stderr]   --> tests/../src/rhel_release.rs:19:8
[INFO] [stderr]    |
[INFO] [stderr] 19 | pub fn retrieve() -> Option<RHELRelease> {
[INFO] [stderr]    |        ^^^^^^^^
[INFO] [stderr] 
[INFO] [stderr] warning: function `file_exists` is never used
[INFO] [stderr]  --> tests/../src/utils.rs:5:8
[INFO] [stderr]   |
[INFO] [stderr] 5 | pub fn file_exists<P: AsRef<Path>>(path: P) -> bool {
[INFO] [stderr]   |        ^^^^^^^^^^^
[INFO] [stderr] 
[INFO] [stderr] warning: function `retrieve` is never used
[INFO] [stderr]  --> tests/../src/lsb_release.rs:9:8
[INFO] [stderr]   |
[INFO] [stderr] 9 | pub fn retrieve() -> Option<LsbRelease> {
[INFO] [stderr]   |        ^^^^^^^^
[INFO] [stderr]   |
[INFO] [stderr]   = note: `#[warn(dead_code)]` on by default
[INFO] [stderr] 
[INFO] [stderr] warning: function `is_available` is never used
[INFO] [stderr]   --> tests/../src/lsb_release.rs:18:8
[INFO] [stderr]    |
[INFO] [stderr] 18 | pub fn is_available() -> bool {
[INFO] [stderr]    |        ^^^^^^^^^^^^
[INFO] [stderr] 
[INFO] [stderr] warning: function `is_os_x` is never used
[INFO] [stderr]   --> tests/../src/sw_vers.rs:27:8
[INFO] [stderr]    |
[INFO] [stderr] 27 | pub fn is_os_x() -> bool {
[INFO] [stderr]    |        ^^^^^^^
[INFO] [stderr]    |
[INFO] [stderr]    = note: `#[warn(dead_code)]` on by default
[INFO] [stderr] 
[INFO] [stderr] warning: function `retrieve` is never used
[INFO] [stderr]   --> tests/../src/sw_vers.rs:34:8
[INFO] [stderr]    |
[INFO] [stderr] 34 | pub fn retrieve() -> Option<SwVers> {
[INFO] [stderr]    |        ^^^^^^^^
[INFO] [stderr] 
[INFO] [stderr] warning: `ffs_os_type` (test "centos_release_test") generated 3 warnings
[INFO] [stderr] warning: `ffs_os_type` (test "lsb_release_test") generated 3 warnings (1 duplicate)
[INFO] [stderr] warning: `ffs_os_type` (test "sw_vers_test") generated 3 warnings (1 duplicate)
[INFO] [stderr]     Finished test [unoptimized + debuginfo] target(s) in 0.02s
[INFO] [stderr]      Running unittests src/lib.rs (/opt/rustwide/target/debug/deps/ffs_os_type-996a24935d5df656)
[INFO] [stdout] 
[INFO] [stdout] running 3 tests
[INFO] [stdout] test os_release::tests::parse_ubuntu_18_04_os_release ... ok
[INFO] [stdout] test os_release::tests::parse_deepin_20_3_os_release ... ok
[INFO] [stdout] test os_release::tests::parse_alpine_3_9_5_os_release ... ok
[INFO] [stdout] 
[INFO] [stdout] test result: ok. 3 passed; 0 failed; 0 ignored; 0 measured; 0 filtered out; finished in 0.15s
[INFO] [stdout] 
[INFO] [stderr]      Running tests/centos_release_test.rs (/opt/rustwide/target/debug/deps/centos_release_test-eef35ab181fb7ec7)
[INFO] [stdout] 
[INFO] [stdout] running 2 tests
[INFO] [stdout] test test_parses_version ... ok
[INFO] [stdout] test test_parses_distribution ... ok
[INFO] [stdout] 
[INFO] [stdout] test result: ok. 2 passed; 0 failed; 0 ignored; 0 measured; 0 filtered out; finished in 0.08s
[INFO] [stdout] 
[INFO] [stderr]      Running tests/lsb_release_test.rs (/opt/rustwide/target/debug/deps/lsb_release_test-2a641de06ad2aad8)
[INFO] [stdout] 
[INFO] [stdout] running 8 tests
[INFO] [stdout] test test_parses_lsb_distro ... ok
[INFO] [stdout] test test_parses_manjaro_lsb_version ... ok
[INFO] [stdout] test test_parses_arch_lsb_distro ... ok
[INFO] [stdout] test test_parses_opensuse_lsb_version ... ok
[INFO] [stdout] test test_parses_arch_lsb_version ... ok
[INFO] [stdout] test test_parses_opensuse_lsb_distro ... ok
[INFO] [stdout] test test_parses_manjaro_lsb_distro ... ok
[INFO] [stdout] test test_parses_lsb_version ... ok
[INFO] [stdout] 
[INFO] [stdout] test result: ok. 8 passed; 0 failed; 0 ignored; 0 measured; 0 filtered out; finished in 0.16s
[INFO] [stdout] 
[INFO] [stderr]      Running tests/sw_vers_test.rs (/opt/rustwide/target/debug/deps/sw_vers_test-cc3fd411ed9beb2a)
[INFO] [stdout] 
[INFO] [stdout] running 3 tests
[INFO] [stdout] test parses_build_version ... ok
[INFO] [stdout] test parses_product_version ... ok
[INFO] [stdout] test parses_product_name ... ok
[INFO] [stderr]    Doc-tests ffs_os_type
[INFO] [stdout] 
[INFO] [stdout] test result: ok. 3 passed; 0 failed; 0 ignored; 0 measured; 0 filtered out; finished in 0.17s
[INFO] [stdout] 
[INFO] [stdout] 
[INFO] [stdout] running 1 test
[INFO] [stdout] test src/lib.rs - current_platform (line 188) ... FAILED
[INFO] [stdout] 
[INFO] [stdout] failures:
[INFO] [stdout] 
[INFO] [stdout] ---- src/lib.rs - current_platform (line 188) stdout ----
[INFO] [stdout] error[E0432]: unresolved import `os_type`
[INFO] [stdout]  --> src/lib.rs:189:5
[INFO] [stdout]   |
[INFO] [stdout] 3 | use os_type;
[INFO] [stdout]   |     ^^^^^^^ no `os_type` in the root
[INFO] [stdout] 
[INFO] [stdout] error: aborting due to 1 previous error
[INFO] [stdout] 
[INFO] [stdout] For more information about this error, try `rustc --explain E0432`.
[INFO] [stdout] Couldn't compile the test.
[INFO] [stdout] 
[INFO] [stdout] failures:
[INFO] [stdout]     src/lib.rs - current_platform (line 188)
[INFO] [stdout] 
[INFO] [stdout] test result: FAILED. 0 passed; 1 failed; 0 ignored; 0 measured; 0 filtered out; finished in 0.09s
[INFO] [stdout] 
[INFO] [stderr] error: doctest failed, to rerun pass `--doc`
[INFO] running `Command { std: "docker" "inspect" "5808962a07b4030c2d32aa215efbd6357d0db985eb03657816b3ce89e3f1969d", kill_on_drop: false }`
[INFO] running `Command { std: "docker" "rm" "-f" "5808962a07b4030c2d32aa215efbd6357d0db985eb03657816b3ce89e3f1969d", kill_on_drop: false }`
[INFO] [stdout] 5808962a07b4030c2d32aa215efbd6357d0db985eb03657816b3ce89e3f1969d
