[INFO] fetching crate fern_sim_test 0.1.0...
[INFO] testing fern_sim_test-0.1.0 against 1.75.0 for beta-1.76-1
[INFO] extracting crate fern_sim_test 0.1.0 into /workspace/builds/worker-5-tc1/source
[INFO] validating manifest of crates.io crate fern_sim_test 0.1.0 on toolchain 1.75.0
[INFO] running `Command { std: CARGO_HOME="/workspace/cargo-home" RUSTUP_HOME="/workspace/rustup-home" "/workspace/cargo-home/bin/cargo" "+1.75.0" "metadata" "--manifest-path" "Cargo.toml" "--no-deps", kill_on_drop: false }`
[INFO] started tweaking crates.io crate fern_sim_test 0.1.0
[INFO] finished tweaking crates.io crate fern_sim_test 0.1.0
[INFO] tweaked toml for crates.io crate fern_sim_test 0.1.0 written to /workspace/builds/worker-5-tc1/source/Cargo.toml
[INFO] crate crates.io crate fern_sim_test 0.1.0 already has a lockfile, it will not be regenerated
[INFO] running `Command { std: CARGO_HOME="/workspace/cargo-home" RUSTUP_HOME="/workspace/rustup-home" "/workspace/cargo-home/bin/cargo" "+1.75.0" "fetch" "--manifest-path" "Cargo.toml", kill_on_drop: false }`
[INFO] running `Command { std: "docker" "create" "-v" "/var/lib/crater-agent-workspace/builds/worker-5-tc1/target:/opt/rustwide/target:rw,Z" "-v" "/var/lib/crater-agent-workspace/builds/worker-5-tc1/source:/opt/rustwide/workdir:ro,Z" "-v" "/var/lib/crater-agent-workspace/cargo-home:/opt/rustwide/cargo-home:ro,Z" "-v" "/var/lib/crater-agent-workspace/rustup-home:/opt/rustwide/rustup-home:ro,Z" "-e" "SOURCE_DIR=/opt/rustwide/workdir" "-e" "CARGO_TARGET_DIR=/opt/rustwide/target" "-e" "CARGO_HOME=/opt/rustwide/cargo-home" "-e" "RUSTUP_HOME=/opt/rustwide/rustup-home" "-w" "/opt/rustwide/workdir" "-m" "1610612736" "--user" "0:0" "--network" "none" "ghcr.io/rust-lang/crates-build-env/linux@sha256:2788e3201cd34a07e3172128adcd8b3090168a8e3bcc40d7c032b9dda1df7d1c" "/opt/rustwide/cargo-home/bin/cargo" "+1.75.0" "metadata" "--no-deps" "--format-version=1", kill_on_drop: false }`
[INFO] [stdout] 13ec53e991dd789acc8a6ea9c665b8db99b90723a7ac76d2eb21ac89b2ba144a
[INFO] running `Command { std: "docker" "start" "-a" "13ec53e991dd789acc8a6ea9c665b8db99b90723a7ac76d2eb21ac89b2ba144a", kill_on_drop: false }`
[INFO] running `Command { std: "docker" "inspect" "13ec53e991dd789acc8a6ea9c665b8db99b90723a7ac76d2eb21ac89b2ba144a", kill_on_drop: false }`
[INFO] running `Command { std: "docker" "rm" "-f" "13ec53e991dd789acc8a6ea9c665b8db99b90723a7ac76d2eb21ac89b2ba144a", kill_on_drop: false }`
[INFO] [stdout] 13ec53e991dd789acc8a6ea9c665b8db99b90723a7ac76d2eb21ac89b2ba144a
[INFO] running `Command { std: "docker" "create" "-v" "/var/lib/crater-agent-workspace/builds/worker-5-tc1/target:/opt/rustwide/target:rw,Z" "-v" "/var/lib/crater-agent-workspace/builds/worker-5-tc1/source:/opt/rustwide/workdir:ro,Z" "-v" "/var/lib/crater-agent-workspace/cargo-home:/opt/rustwide/cargo-home:ro,Z" "-v" "/var/lib/crater-agent-workspace/rustup-home:/opt/rustwide/rustup-home:ro,Z" "-e" "SOURCE_DIR=/opt/rustwide/workdir" "-e" "CARGO_TARGET_DIR=/opt/rustwide/target" "-e" "CARGO_INCREMENTAL=0" "-e" "RUST_BACKTRACE=full" "-e" "RUSTFLAGS=--cap-lints=warn" "-e" "RUSTDOCFLAGS=--cap-lints=warn" "-e" "CARGO_HOME=/opt/rustwide/cargo-home" "-e" "RUSTUP_HOME=/opt/rustwide/rustup-home" "-w" "/opt/rustwide/workdir" "-m" "1610612736" "--user" "0:0" "--network" "none" "ghcr.io/rust-lang/crates-build-env/linux@sha256:2788e3201cd34a07e3172128adcd8b3090168a8e3bcc40d7c032b9dda1df7d1c" "/opt/rustwide/cargo-home/bin/cargo" "+1.75.0" "build" "--frozen" "--message-format=json", kill_on_drop: false }`
[INFO] [stdout] bbb48bec6662b89fc8e74c2b287e101e75601614db8fd2ee1affd966011a9339
[INFO] running `Command { std: "docker" "start" "-a" "bbb48bec6662b89fc8e74c2b287e101e75601614db8fd2ee1affd966011a9339", kill_on_drop: false }`
[INFO] [stderr]    Compiling fern_sim_test v0.1.0 (/opt/rustwide/workdir)
[INFO] [stdout] warning: unused variable: `time`
[INFO] [stdout]   --> src/simulation.rs:37:38
[INFO] [stdout]    |
[INFO] [stdout] 37 |     pub fn apply_sunlight(&mut self, time: Duration) {
[INFO] [stdout]    |                                      ^^^^ help: if this is intentional, prefix it with an underscore: `_time`
[INFO] [stdout]    |
[INFO] [stdout]    = note: `#[warn(unused_variables)]` on by default
[INFO] [stdout] 
[INFO] [stdout] 
[INFO] [stdout] warning: unused variable: `factory`
[INFO] [stdout]  --> src/spores.rs:9:22
[INFO] [stdout]   |
[INFO] [stdout] 9 | pub fn produce_spore(factory: &mut i32) -> Spore {
[INFO] [stdout]   |                      ^^^^^^^ help: if this is intentional, prefix it with an underscore: `_factory`
[INFO] [stdout] 
[INFO] [stdout] 
[INFO] [stdout] warning: unused variable: `spore`
[INFO] [stdout]   --> src/spores.rs:13:21
[INFO] [stdout]    |
[INFO] [stdout] 13 | pub(crate) fn genes(spore: &Spore) -> Vec<Gene> {
[INFO] [stdout]    |                     ^^^^^ help: if this is intentional, prefix it with an underscore: `_spore`
[INFO] [stdout] 
[INFO] [stdout] 
[INFO] [stdout] warning: unused variable: `parent`
[INFO] [stdout]   --> src/spores.rs:17:14
[INFO] [stdout]    |
[INFO] [stdout] 17 | fn recombine(parent: &mut Cell) {
[INFO] [stdout]    |              ^^^^^^ help: if this is intentional, prefix it with an underscore: `_parent`
[INFO] [stdout] 
[INFO] [stdout] 
[INFO] [stdout] warning: field `size` is never read
[INFO] [stdout]  --> src/spores.rs:6:5
[INFO] [stdout]   |
[INFO] [stdout] 5 | pub struct Spore {
[INFO] [stdout]   |            ----- field in this struct
[INFO] [stdout] 6 |     size: f64,
[INFO] [stdout]   |     ^^^^
[INFO] [stdout]   |
[INFO] [stdout]   = note: `#[warn(dead_code)]` on by default
[INFO] [stdout] 
[INFO] [stdout] 
[INFO] [stdout] warning: function `genes` is never used
[INFO] [stdout]   --> src/spores.rs:13:15
[INFO] [stdout]    |
[INFO] [stdout] 13 | pub(crate) fn genes(spore: &Spore) -> Vec<Gene> {
[INFO] [stdout]    |               ^^^^^
[INFO] [stdout] 
[INFO] [stdout] 
[INFO] [stdout] warning: function `recombine` is never used
[INFO] [stdout]   --> src/spores.rs:17:4
[INFO] [stdout]    |
[INFO] [stdout] 17 | fn recombine(parent: &mut Cell) {
[INFO] [stdout]    |    ^^^^^^^^^
[INFO] [stdout] 
[INFO] [stdout] 
[INFO] [stdout] warning: struct `Cell` is never constructed
[INFO] [stdout]   --> src/spores.rs:22:16
[INFO] [stdout]    |
[INFO] [stdout] 22 |     pub struct Cell {
[INFO] [stdout]    |                ^^^^
[INFO] [stdout] 
[INFO] [stdout] 
[INFO] [stdout] warning: method `distance_from_origin` is never used
[INFO] [stdout]   --> src/spores.rs:27:16
[INFO] [stdout]    |
[INFO] [stdout] 26 |     impl Cell {
[INFO] [stdout]    |     --------- method in this implementation
[INFO] [stdout] 27 |         pub fn distance_from_origin(&self) -> f64 {
[INFO] [stdout]    |                ^^^^^^^^^^^^^^^^^^^^
[INFO] [stdout] 
[INFO] [stdout] 
[INFO] [stdout] warning: struct `Gene` is never constructed
[INFO] [stdout]   --> src/spores.rs:32:16
[INFO] [stdout]    |
[INFO] [stdout] 32 |     pub struct Gene;
[INFO] [stdout]    |                ^^^^
[INFO] [stdout] 
[INFO] [stdout] 
[INFO] [stdout] warning: 10 warnings emitted
[INFO] [stdout] 
[INFO] [stdout] 
[INFO] [stderr]     Finished dev [unoptimized + debuginfo] target(s) in 0.46s
[INFO] running `Command { std: "docker" "inspect" "bbb48bec6662b89fc8e74c2b287e101e75601614db8fd2ee1affd966011a9339", kill_on_drop: false }`
[INFO] running `Command { std: "docker" "rm" "-f" "bbb48bec6662b89fc8e74c2b287e101e75601614db8fd2ee1affd966011a9339", kill_on_drop: false }`
[INFO] [stdout] bbb48bec6662b89fc8e74c2b287e101e75601614db8fd2ee1affd966011a9339
[INFO] running `Command { std: "docker" "create" "-v" "/var/lib/crater-agent-workspace/builds/worker-5-tc1/target:/opt/rustwide/target:rw,Z" "-v" "/var/lib/crater-agent-workspace/builds/worker-5-tc1/source:/opt/rustwide/workdir:ro,Z" "-v" "/var/lib/crater-agent-workspace/cargo-home:/opt/rustwide/cargo-home:ro,Z" "-v" "/var/lib/crater-agent-workspace/rustup-home:/opt/rustwide/rustup-home:ro,Z" "-e" "SOURCE_DIR=/opt/rustwide/workdir" "-e" "CARGO_TARGET_DIR=/opt/rustwide/target" "-e" "CARGO_INCREMENTAL=0" "-e" "RUST_BACKTRACE=full" "-e" "RUSTFLAGS=--cap-lints=warn" "-e" "RUSTDOCFLAGS=--cap-lints=warn" "-e" "CARGO_HOME=/opt/rustwide/cargo-home" "-e" "RUSTUP_HOME=/opt/rustwide/rustup-home" "-w" "/opt/rustwide/workdir" "-m" "1610612736" "--user" "0:0" "--network" "none" "ghcr.io/rust-lang/crates-build-env/linux@sha256:2788e3201cd34a07e3172128adcd8b3090168a8e3bcc40d7c032b9dda1df7d1c" "/opt/rustwide/cargo-home/bin/cargo" "+1.75.0" "test" "--frozen" "--no-run" "--message-format=json", kill_on_drop: false }`
[INFO] [stdout] 0709f68e6d4422a2bdd6720310cdd38c64d626d48c4a4e0fc8272153560bfa73
[INFO] running `Command { std: "docker" "start" "-a" "0709f68e6d4422a2bdd6720310cdd38c64d626d48c4a4e0fc8272153560bfa73", kill_on_drop: false }`
[INFO] [stderr]    Compiling fern_sim_test v0.1.0 (/opt/rustwide/workdir)
[INFO] [stdout] warning: unused variable: `time`
[INFO] [stdout]   --> src/simulation.rs:37:38
[INFO] [stdout]    |
[INFO] [stdout] 37 |     pub fn apply_sunlight(&mut self, time: Duration) {
[INFO] [stdout]    |                                      ^^^^ help: if this is intentional, prefix it with an underscore: `_time`
[INFO] [stdout]    |
[INFO] [stdout]    = note: `#[warn(unused_variables)]` on by default
[INFO] [stdout] 
[INFO] [stdout] 
[INFO] [stdout] warning: unused variable: `factory`
[INFO] [stdout]  --> src/spores.rs:9:22
[INFO] [stdout]   |
[INFO] [stdout] 9 | pub fn produce_spore(factory: &mut i32) -> Spore {
[INFO] [stdout]   |                      ^^^^^^^ help: if this is intentional, prefix it with an underscore: `_factory`
[INFO] [stdout] 
[INFO] [stdout] 
[INFO] [stdout] warning: unused variable: `spore`
[INFO] [stdout]   --> src/spores.rs:13:21
[INFO] [stdout]    |
[INFO] [stdout] 13 | pub(crate) fn genes(spore: &Spore) -> Vec<Gene> {
[INFO] [stdout]    |                     ^^^^^ help: if this is intentional, prefix it with an underscore: `_spore`
[INFO] [stdout] 
[INFO] [stdout] 
[INFO] [stdout] warning: unused variable: `parent`
[INFO] [stdout]   --> src/spores.rs:17:14
[INFO] [stdout]    |
[INFO] [stdout] 17 | fn recombine(parent: &mut Cell) {
[INFO] [stdout]    |              ^^^^^^ help: if this is intentional, prefix it with an underscore: `_parent`
[INFO] [stdout] 
[INFO] [stdout] 
[INFO] [stdout] warning: field `size` is never read
[INFO] [stdout]  --> src/spores.rs:6:5
[INFO] [stdout]   |
[INFO] [stdout] 5 | pub struct Spore {
[INFO] [stdout]   |            ----- field in this struct
[INFO] [stdout] 6 |     size: f64,
[INFO] [stdout]   |     ^^^^
[INFO] [stdout]   |
[INFO] [stdout]   = note: `#[warn(dead_code)]` on by default
[INFO] [stdout] 
[INFO] [stdout] 
[INFO] [stdout] warning: function `genes` is never used
[INFO] [stdout]   --> src/spores.rs:13:15
[INFO] [stdout]    |
[INFO] [stdout] 13 | pub(crate) fn genes(spore: &Spore) -> Vec<Gene> {
[INFO] [stdout]    |               ^^^^^
[INFO] [stdout] 
[INFO] [stdout] 
[INFO] [stdout] warning: function `recombine` is never used
[INFO] [stdout]   --> src/spores.rs:17:4
[INFO] [stdout]    |
[INFO] [stdout] 17 | fn recombine(parent: &mut Cell) {
[INFO] [stdout]    |    ^^^^^^^^^
[INFO] [stdout] 
[INFO] [stdout] 
[INFO] [stdout] warning: struct `Cell` is never constructed
[INFO] [stdout]   --> src/spores.rs:22:16
[INFO] [stdout]    |
[INFO] [stdout] 22 |     pub struct Cell {
[INFO] [stdout]    |                ^^^^
[INFO] [stdout] 
[INFO] [stdout] 
[INFO] [stdout] warning: method `distance_from_origin` is never used
[INFO] [stdout]   --> src/spores.rs:27:16
[INFO] [stdout]    |
[INFO] [stdout] 26 |     impl Cell {
[INFO] [stdout]    |     --------- method in this implementation
[INFO] [stdout] 27 |         pub fn distance_from_origin(&self) -> f64 {
[INFO] [stdout]    |                ^^^^^^^^^^^^^^^^^^^^
[INFO] [stdout] 
[INFO] [stdout] 
[INFO] [stdout] warning: struct `Gene` is never constructed
[INFO] [stdout]   --> src/spores.rs:32:16
[INFO] [stdout]    |
[INFO] [stdout] 32 |     pub struct Gene;
[INFO] [stdout]    |                ^^^^
[INFO] [stdout] 
[INFO] [stdout] 
[INFO] [stdout] warning: 10 warnings emitted
[INFO] [stdout] 
[INFO] [stdout] 
[INFO] [stdout] warning: unused variable: `time`
[INFO] [stdout]   --> src/simulation.rs:37:38
[INFO] [stdout]    |
[INFO] [stdout] 37 |     pub fn apply_sunlight(&mut self, time: Duration) {
[INFO] [stdout]    |                                      ^^^^ help: if this is intentional, prefix it with an underscore: `_time`
[INFO] [stdout]    |
[INFO] [stdout]    = note: `#[warn(unused_variables)]` on by default
[INFO] [stdout] 
[INFO] [stdout] 
[INFO] [stdout] warning: unused variable: `factory`
[INFO] [stdout]  --> src/spores.rs:9:22
[INFO] [stdout]   |
[INFO] [stdout] 9 | pub fn produce_spore(factory: &mut i32) -> Spore {
[INFO] [stdout]   |                      ^^^^^^^ help: if this is intentional, prefix it with an underscore: `_factory`
[INFO] [stdout] 
[INFO] [stdout] 
[INFO] [stdout] warning: unused variable: `spore`
[INFO] [stdout]   --> src/spores.rs:13:21
[INFO] [stdout]    |
[INFO] [stdout] 13 | pub(crate) fn genes(spore: &Spore) -> Vec<Gene> {
[INFO] [stdout]    |                     ^^^^^ help: if this is intentional, prefix it with an underscore: `_spore`
[INFO] [stdout] 
[INFO] [stdout] 
[INFO] [stdout] warning: unused variable: `parent`
[INFO] [stdout]   --> src/spores.rs:17:14
[INFO] [stdout]    |
[INFO] [stdout] 17 | fn recombine(parent: &mut Cell) {
[INFO] [stdout]    |              ^^^^^^ help: if this is intentional, prefix it with an underscore: `_parent`
[INFO] [stdout] 
[INFO] [stdout] 
[INFO] [stdout] warning: field `size` is never read
[INFO] [stdout]  --> src/spores.rs:6:5
[INFO] [stdout]   |
[INFO] [stdout] 5 | pub struct Spore {
[INFO] [stdout]   |            ----- field in this struct
[INFO] [stdout] 6 |     size: f64,
[INFO] [stdout]   |     ^^^^
[INFO] [stdout]   |
[INFO] [stdout]   = note: `#[warn(dead_code)]` on by default
[INFO] [stdout] 
[INFO] [stdout] 
[INFO] [stdout] warning: function `genes` is never used
[INFO] [stdout]   --> src/spores.rs:13:15
[INFO] [stdout]    |
[INFO] [stdout] 13 | pub(crate) fn genes(spore: &Spore) -> Vec<Gene> {
[INFO] [stdout]    |               ^^^^^
[INFO] [stdout] 
[INFO] [stdout] 
[INFO] [stdout] warning: function `recombine` is never used
[INFO] [stdout]   --> src/spores.rs:17:4
[INFO] [stdout]    |
[INFO] [stdout] 17 | fn recombine(parent: &mut Cell) {
[INFO] [stdout]    |    ^^^^^^^^^
[INFO] [stdout] 
[INFO] [stdout] 
[INFO] [stdout] warning: struct `Cell` is never constructed
[INFO] [stdout]   --> src/spores.rs:22:16
[INFO] [stdout]    |
[INFO] [stdout] 22 |     pub struct Cell {
[INFO] [stdout]    |                ^^^^
[INFO] [stdout] 
[INFO] [stdout] 
[INFO] [stdout] warning: method `distance_from_origin` is never used
[INFO] [stdout]   --> src/spores.rs:27:16
[INFO] [stdout]    |
[INFO] [stdout] 26 |     impl Cell {
[INFO] [stdout]    |     --------- method in this implementation
[INFO] [stdout] 27 |         pub fn distance_from_origin(&self) -> f64 {
[INFO] [stdout]    |                ^^^^^^^^^^^^^^^^^^^^
[INFO] [stdout] 
[INFO] [stdout] 
[INFO] [stdout] warning: struct `Gene` is never constructed
[INFO] [stdout]   --> src/spores.rs:32:16
[INFO] [stdout]    |
[INFO] [stdout] 32 |     pub struct Gene;
[INFO] [stdout]    |                ^^^^
[INFO] [stdout] 
[INFO] [stdout] 
[INFO] [stderr]     Finished test [unoptimized + debuginfo] target(s) in 0.51s
[INFO] [stdout] warning: 10 warnings emitted
[INFO] [stdout] 
[INFO] [stdout] 
[INFO] running `Command { std: "docker" "inspect" "0709f68e6d4422a2bdd6720310cdd38c64d626d48c4a4e0fc8272153560bfa73", kill_on_drop: false }`
[INFO] running `Command { std: "docker" "rm" "-f" "0709f68e6d4422a2bdd6720310cdd38c64d626d48c4a4e0fc8272153560bfa73", kill_on_drop: false }`
[INFO] [stdout] 0709f68e6d4422a2bdd6720310cdd38c64d626d48c4a4e0fc8272153560bfa73
[INFO] running `Command { std: "docker" "create" "-v" "/var/lib/crater-agent-workspace/builds/worker-5-tc1/target:/opt/rustwide/target:rw,Z" "-v" "/var/lib/crater-agent-workspace/builds/worker-5-tc1/source:/opt/rustwide/workdir:ro,Z" "-v" "/var/lib/crater-agent-workspace/cargo-home:/opt/rustwide/cargo-home:ro,Z" "-v" "/var/lib/crater-agent-workspace/rustup-home:/opt/rustwide/rustup-home:ro,Z" "-e" "SOURCE_DIR=/opt/rustwide/workdir" "-e" "CARGO_TARGET_DIR=/opt/rustwide/target" "-e" "CARGO_INCREMENTAL=0" "-e" "RUST_BACKTRACE=full" "-e" "RUSTFLAGS=--cap-lints=warn" "-e" "RUSTDOCFLAGS=--cap-lints=warn" "-e" "CARGO_HOME=/opt/rustwide/cargo-home" "-e" "RUSTUP_HOME=/opt/rustwide/rustup-home" "-w" "/opt/rustwide/workdir" "-m" "1610612736" "--user" "0:0" "--network" "none" "ghcr.io/rust-lang/crates-build-env/linux@sha256:2788e3201cd34a07e3172128adcd8b3090168a8e3bcc40d7c032b9dda1df7d1c" "/opt/rustwide/cargo-home/bin/cargo" "+1.75.0" "test" "--frozen", kill_on_drop: false }`
[INFO] [stdout] 7f99df8a55c39bcaacc451ede88dcb83cbd68fc9aaa06f6391a40647d4212407
[INFO] running `Command { std: "docker" "start" "-a" "7f99df8a55c39bcaacc451ede88dcb83cbd68fc9aaa06f6391a40647d4212407", kill_on_drop: false }`
[INFO] [stderr] warning: unused variable: `time`
[INFO] [stderr]   --> src/simulation.rs:37:38
[INFO] [stderr]    |
[INFO] [stderr] 37 |     pub fn apply_sunlight(&mut self, time: Duration) {
[INFO] [stderr]    |                                      ^^^^ help: if this is intentional, prefix it with an underscore: `_time`
[INFO] [stderr]    |
[INFO] [stderr]    = note: `#[warn(unused_variables)]` on by default
[INFO] [stderr] 
[INFO] [stderr] warning: unused variable: `factory`
[INFO] [stderr]  --> src/spores.rs:9:22
[INFO] [stderr]   |
[INFO] [stderr] 9 | pub fn produce_spore(factory: &mut i32) -> Spore {
[INFO] [stderr]   |                      ^^^^^^^ help: if this is intentional, prefix it with an underscore: `_factory`
[INFO] [stderr] 
[INFO] [stderr] warning: unused variable: `spore`
[INFO] [stderr]   --> src/spores.rs:13:21
[INFO] [stderr]    |
[INFO] [stderr] 13 | pub(crate) fn genes(spore: &Spore) -> Vec<Gene> {
[INFO] [stderr]    |                     ^^^^^ help: if this is intentional, prefix it with an underscore: `_spore`
[INFO] [stderr] 
[INFO] [stderr] warning: unused variable: `parent`
[INFO] [stderr]   --> src/spores.rs:17:14
[INFO] [stderr]    |
[INFO] [stderr] 17 | fn recombine(parent: &mut Cell) {
[INFO] [stderr]    |              ^^^^^^ help: if this is intentional, prefix it with an underscore: `_parent`
[INFO] [stderr] 
[INFO] [stderr] warning: field `size` is never read
[INFO] [stderr]  --> src/spores.rs:6:5
[INFO] [stderr]   |
[INFO] [stderr] 5 | pub struct Spore {
[INFO] [stderr]   |            ----- field in this struct
[INFO] [stderr] 6 |     size: f64,
[INFO] [stderr]   |     ^^^^
[INFO] [stderr]   |
[INFO] [stderr]   = note: `#[warn(dead_code)]` on by default
[INFO] [stderr] 
[INFO] [stderr] warning: function `genes` is never used
[INFO] [stderr]   --> src/spores.rs:13:15
[INFO] [stderr]    |
[INFO] [stderr] 13 | pub(crate) fn genes(spore: &Spore) -> Vec<Gene> {
[INFO] [stderr]    |               ^^^^^
[INFO] [stderr] 
[INFO] [stderr] warning: function `recombine` is never used
[INFO] [stderr]   --> src/spores.rs:17:4
[INFO] [stderr]    |
[INFO] [stderr] 17 | fn recombine(parent: &mut Cell) {
[INFO] [stderr]    |    ^^^^^^^^^
[INFO] [stderr] 
[INFO] [stderr] warning: struct `Cell` is never constructed
[INFO] [stderr]   --> src/spores.rs:22:16
[INFO] [stderr]    |
[INFO] [stderr] 22 |     pub struct Cell {
[INFO] [stderr]    |                ^^^^
[INFO] [stderr] 
[INFO] [stderr] warning: method `distance_from_origin` is never used
[INFO] [stderr]   --> src/spores.rs:27:16
[INFO] [stderr]    |
[INFO] [stderr] 26 |     impl Cell {
[INFO] [stderr]    |     --------- method in this implementation
[INFO] [stderr] 27 |         pub fn distance_from_origin(&self) -> f64 {
[INFO] [stderr]    |                ^^^^^^^^^^^^^^^^^^^^
[INFO] [stderr] 
[INFO] [stderr] warning: struct `Gene` is never constructed
[INFO] [stderr]   --> src/spores.rs:32:16
[INFO] [stderr]    |
[INFO] [stderr] 32 |     pub struct Gene;
[INFO] [stderr]    |                ^^^^
[INFO] [stderr] 
[INFO] [stderr] warning: `fern_sim_test` (lib) generated 10 warnings (run `cargo fix --lib -p fern_sim_test` to apply 4 suggestions)
[INFO] [stderr] warning: `fern_sim_test` (lib test) generated 10 warnings (10 duplicates)
[INFO] [stderr]     Finished test [unoptimized + debuginfo] target(s) in 0.01s
[INFO] [stderr]      Running unittests src/lib.rs (/opt/rustwide/target/debug/deps/fern_sim_test-4c67976b610b9573)
[INFO] [stdout] 
[INFO] [stdout] running 0 tests
[INFO] [stdout] 
[INFO] [stdout] test result: ok. 0 passed; 0 failed; 0 ignored; 0 measured; 0 filtered out; finished in 0.00s
[INFO] [stdout] 
[INFO] [stderr]      Running unittests src/bin/efern.rs (/opt/rustwide/target/debug/deps/efern-67dedb47dcb64041)
[INFO] [stdout] 
[INFO] [stdout] running 0 tests
[INFO] [stdout] 
[INFO] [stdout] test result: ok. 0 passed; 0 failed; 0 ignored; 0 measured; 0 filtered out; finished in 0.00s
[INFO] [stdout] 
[INFO] [stderr]      Running tests/unfurl.rs (/opt/rustwide/target/debug/deps/unfurl-6febd889d4487f44)
[INFO] [stdout] 
[INFO] [stdout] running 1 test
[INFO] [stdout] test test_fiddlehead_unfurling ... ok
[INFO] [stdout] 
[INFO] [stdout] test result: ok. 1 passed; 0 failed; 0 ignored; 0 measured; 0 filtered out; finished in 0.00s
[INFO] [stdout] 
[INFO] [stderr]    Doc-tests fern_sim_test
[INFO] [stdout] 
[INFO] [stdout] running 1 test
[INFO] [stdout] test src/simulation.rs - simulation::Terrarium::apply_sunlight (line 32) ... FAILED
[INFO] [stdout] 
[INFO] [stdout] failures:
[INFO] [stdout] 
[INFO] [stdout] ---- src/simulation.rs - simulation::Terrarium::apply_sunlight (line 32) stdout ----
[INFO] [stdout] error[E0432]: unresolved import `fern_sim`
[INFO] [stdout]  --> src/simulation.rs:33:5
[INFO] [stdout]   |
[INFO] [stdout] 3 | use fern_sim::Terrarium;
[INFO] [stdout]   |     ^^^^^^^^ use of undeclared crate or module `fern_sim`
[INFO] [stdout] 
[INFO] [stdout] error: aborting due to previous error
[INFO] [stdout] 
[INFO] [stdout] For more information about this error, try `rustc --explain E0432`.
[INFO] [stdout] Couldn't compile the test.
[INFO] [stdout] 
[INFO] [stdout] failures:
[INFO] [stdout]     src/simulation.rs - simulation::Terrarium::apply_sunlight (line 32)
[INFO] [stdout] 
[INFO] [stdout] test result: FAILED. 0 passed; 1 failed; 0 ignored; 0 measured; 0 filtered out; finished in 0.04s
[INFO] [stdout] 
[INFO] [stderr] error: doctest failed, to rerun pass `--doc`
[INFO] running `Command { std: "docker" "inspect" "7f99df8a55c39bcaacc451ede88dcb83cbd68fc9aaa06f6391a40647d4212407", kill_on_drop: false }`
[INFO] running `Command { std: "docker" "rm" "-f" "7f99df8a55c39bcaacc451ede88dcb83cbd68fc9aaa06f6391a40647d4212407", kill_on_drop: false }`
[INFO] [stdout] 7f99df8a55c39bcaacc451ede88dcb83cbd68fc9aaa06f6391a40647d4212407
[INFO] testing fern_sim_test-0.1.0 against beta-2023-12-22 for beta-1.76-1
[INFO] extracting crate fern_sim_test 0.1.0 into /workspace/builds/worker-5-tc2/source
[INFO] validating manifest of crates.io crate fern_sim_test 0.1.0 on toolchain beta-2023-12-22
[INFO] running `Command { std: CARGO_HOME="/workspace/cargo-home" RUSTUP_HOME="/workspace/rustup-home" "/workspace/cargo-home/bin/cargo" "+beta-2023-12-22" "metadata" "--manifest-path" "Cargo.toml" "--no-deps", kill_on_drop: false }`
[INFO] started tweaking crates.io crate fern_sim_test 0.1.0
[INFO] finished tweaking crates.io crate fern_sim_test 0.1.0
[INFO] tweaked toml for crates.io crate fern_sim_test 0.1.0 written to /workspace/builds/worker-5-tc2/source/Cargo.toml
[INFO] crate crates.io crate fern_sim_test 0.1.0 already has a lockfile, it will not be regenerated
[INFO] running `Command { std: CARGO_HOME="/workspace/cargo-home" RUSTUP_HOME="/workspace/rustup-home" "/workspace/cargo-home/bin/cargo" "+beta-2023-12-22" "fetch" "--manifest-path" "Cargo.toml", kill_on_drop: false }`
[INFO] running `Command { std: "docker" "create" "-v" "/var/lib/crater-agent-workspace/builds/worker-5-tc2/target:/opt/rustwide/target:rw,Z" "-v" "/var/lib/crater-agent-workspace/builds/worker-5-tc2/source:/opt/rustwide/workdir:ro,Z" "-v" "/var/lib/crater-agent-workspace/cargo-home:/opt/rustwide/cargo-home:ro,Z" "-v" "/var/lib/crater-agent-workspace/rustup-home:/opt/rustwide/rustup-home:ro,Z" "-e" "SOURCE_DIR=/opt/rustwide/workdir" "-e" "CARGO_TARGET_DIR=/opt/rustwide/target" "-e" "CARGO_HOME=/opt/rustwide/cargo-home" "-e" "RUSTUP_HOME=/opt/rustwide/rustup-home" "-w" "/opt/rustwide/workdir" "-m" "1610612736" "--user" "0:0" "--network" "none" "ghcr.io/rust-lang/crates-build-env/linux@sha256:2788e3201cd34a07e3172128adcd8b3090168a8e3bcc40d7c032b9dda1df7d1c" "/opt/rustwide/cargo-home/bin/cargo" "+beta-2023-12-22" "metadata" "--no-deps" "--format-version=1", kill_on_drop: false }`
[INFO] [stdout] 321948b922a972fc05d4da005a4c79cc781438dd0c8a0d2a1c1e69f9f4ad6262
[INFO] running `Command { std: "docker" "start" "-a" "321948b922a972fc05d4da005a4c79cc781438dd0c8a0d2a1c1e69f9f4ad6262", kill_on_drop: false }`
[INFO] running `Command { std: "docker" "inspect" "321948b922a972fc05d4da005a4c79cc781438dd0c8a0d2a1c1e69f9f4ad6262", kill_on_drop: false }`
[INFO] running `Command { std: "docker" "rm" "-f" "321948b922a972fc05d4da005a4c79cc781438dd0c8a0d2a1c1e69f9f4ad6262", kill_on_drop: false }`
[INFO] [stdout] 321948b922a972fc05d4da005a4c79cc781438dd0c8a0d2a1c1e69f9f4ad6262
[INFO] running `Command { std: "docker" "create" "-v" "/var/lib/crater-agent-workspace/builds/worker-5-tc2/target:/opt/rustwide/target:rw,Z" "-v" "/var/lib/crater-agent-workspace/builds/worker-5-tc2/source:/opt/rustwide/workdir:ro,Z" "-v" "/var/lib/crater-agent-workspace/cargo-home:/opt/rustwide/cargo-home:ro,Z" "-v" "/var/lib/crater-agent-workspace/rustup-home:/opt/rustwide/rustup-home:ro,Z" "-e" "SOURCE_DIR=/opt/rustwide/workdir" "-e" "CARGO_TARGET_DIR=/opt/rustwide/target" "-e" "CARGO_INCREMENTAL=0" "-e" "RUST_BACKTRACE=full" "-e" "RUSTFLAGS=--cap-lints=warn" "-e" "RUSTDOCFLAGS=--cap-lints=warn" "-e" "CARGO_HOME=/opt/rustwide/cargo-home" "-e" "RUSTUP_HOME=/opt/rustwide/rustup-home" "-w" "/opt/rustwide/workdir" "-m" "1610612736" "--user" "0:0" "--network" "none" "ghcr.io/rust-lang/crates-build-env/linux@sha256:2788e3201cd34a07e3172128adcd8b3090168a8e3bcc40d7c032b9dda1df7d1c" "/opt/rustwide/cargo-home/bin/cargo" "+beta-2023-12-22" "build" "--frozen" "--message-format=json", kill_on_drop: false }`
[INFO] [stdout] 4fd1bfd2295480ab6cc1e0f4320c9f2c43b6d422cdeff460d2000b0b634309a3
[INFO] running `Command { std: "docker" "start" "-a" "4fd1bfd2295480ab6cc1e0f4320c9f2c43b6d422cdeff460d2000b0b634309a3", kill_on_drop: false }`
[INFO] [stderr]    Compiling fern_sim_test v0.1.0 (/opt/rustwide/workdir)
[INFO] [stdout] warning: unused variable: `time`
[INFO] [stdout]   --> src/simulation.rs:37:38
[INFO] [stdout]    |
[INFO] [stdout] 37 |     pub fn apply_sunlight(&mut self, time: Duration) {
[INFO] [stdout]    |                                      ^^^^ help: if this is intentional, prefix it with an underscore: `_time`
[INFO] [stdout]    |
[INFO] [stdout]    = note: `#[warn(unused_variables)]` on by default
[INFO] [stdout] 
[INFO] [stdout] 
[INFO] [stdout] warning: unused variable: `factory`
[INFO] [stdout]  --> src/spores.rs:9:22
[INFO] [stdout]   |
[INFO] [stdout] 9 | pub fn produce_spore(factory: &mut i32) -> Spore {
[INFO] [stdout]   |                      ^^^^^^^ help: if this is intentional, prefix it with an underscore: `_factory`
[INFO] [stdout] 
[INFO] [stdout] 
[INFO] [stdout] warning: unused variable: `spore`
[INFO] [stdout]   --> src/spores.rs:13:21
[INFO] [stdout]    |
[INFO] [stdout] 13 | pub(crate) fn genes(spore: &Spore) -> Vec<Gene> {
[INFO] [stdout]    |                     ^^^^^ help: if this is intentional, prefix it with an underscore: `_spore`
[INFO] [stdout] 
[INFO] [stdout] 
[INFO] [stdout] warning: unused variable: `parent`
[INFO] [stdout]   --> src/spores.rs:17:14
[INFO] [stdout]    |
[INFO] [stdout] 17 | fn recombine(parent: &mut Cell) {
[INFO] [stdout]    |              ^^^^^^ help: if this is intentional, prefix it with an underscore: `_parent`
[INFO] [stdout] 
[INFO] [stdout] 
[INFO] [stdout] warning: field `size` is never read
[INFO] [stdout]  --> src/spores.rs:6:5
[INFO] [stdout]   |
[INFO] [stdout] 5 | pub struct Spore {
[INFO] [stdout]   |            ----- field in this struct
[INFO] [stdout] 6 |     size: f64,
[INFO] [stdout]   |     ^^^^
[INFO] [stdout]   |
[INFO] [stdout]   = note: `#[warn(dead_code)]` on by default
[INFO] [stdout] 
[INFO] [stdout] 
[INFO] [stdout] warning: function `genes` is never used
[INFO] [stdout]   --> src/spores.rs:13:15
[INFO] [stdout]    |
[INFO] [stdout] 13 | pub(crate) fn genes(spore: &Spore) -> Vec<Gene> {
[INFO] [stdout]    |               ^^^^^
[INFO] [stdout] 
[INFO] [stdout] 
[INFO] [stdout] warning: function `recombine` is never used
[INFO] [stdout]   --> src/spores.rs:17:4
[INFO] [stdout]    |
[INFO] [stdout] 17 | fn recombine(parent: &mut Cell) {
[INFO] [stdout]    |    ^^^^^^^^^
[INFO] [stdout] 
[INFO] [stdout] 
[INFO] [stdout] warning: struct `Cell` is never constructed
[INFO] [stdout]   --> src/spores.rs:22:16
[INFO] [stdout]    |
[INFO] [stdout] 22 |     pub struct Cell {
[INFO] [stdout]    |                ^^^^
[INFO] [stdout] 
[INFO] [stdout] 
[INFO] [stdout] warning: method `distance_from_origin` is never used
[INFO] [stdout]   --> src/spores.rs:27:16
[INFO] [stdout]    |
[INFO] [stdout] 26 |     impl Cell {
[INFO] [stdout]    |     --------- method in this implementation
[INFO] [stdout] 27 |         pub fn distance_from_origin(&self) -> f64 {
[INFO] [stdout]    |                ^^^^^^^^^^^^^^^^^^^^
[INFO] [stdout] 
[INFO] [stdout] 
[INFO] [stdout] warning: struct `Gene` is never constructed
[INFO] [stdout]   --> src/spores.rs:32:16
[INFO] [stdout]    |
[INFO] [stdout] 32 |     pub struct Gene;
[INFO] [stdout]    |                ^^^^
[INFO] [stdout] 
[INFO] [stdout] 
[INFO] [stdout] warning: 10 warnings emitted
[INFO] [stdout] 
[INFO] [stdout] 
[INFO] [stderr]     Finished dev [unoptimized + debuginfo] target(s) in 0.37s
[INFO] running `Command { std: "docker" "inspect" "4fd1bfd2295480ab6cc1e0f4320c9f2c43b6d422cdeff460d2000b0b634309a3", kill_on_drop: false }`
[INFO] running `Command { std: "docker" "rm" "-f" "4fd1bfd2295480ab6cc1e0f4320c9f2c43b6d422cdeff460d2000b0b634309a3", kill_on_drop: false }`
[INFO] [stdout] 4fd1bfd2295480ab6cc1e0f4320c9f2c43b6d422cdeff460d2000b0b634309a3
[INFO] running `Command { std: "docker" "create" "-v" "/var/lib/crater-agent-workspace/builds/worker-5-tc2/target:/opt/rustwide/target:rw,Z" "-v" "/var/lib/crater-agent-workspace/builds/worker-5-tc2/source:/opt/rustwide/workdir:ro,Z" "-v" "/var/lib/crater-agent-workspace/cargo-home:/opt/rustwide/cargo-home:ro,Z" "-v" "/var/lib/crater-agent-workspace/rustup-home:/opt/rustwide/rustup-home:ro,Z" "-e" "SOURCE_DIR=/opt/rustwide/workdir" "-e" "CARGO_TARGET_DIR=/opt/rustwide/target" "-e" "CARGO_INCREMENTAL=0" "-e" "RUST_BACKTRACE=full" "-e" "RUSTFLAGS=--cap-lints=warn" "-e" "RUSTDOCFLAGS=--cap-lints=warn" "-e" "CARGO_HOME=/opt/rustwide/cargo-home" "-e" "RUSTUP_HOME=/opt/rustwide/rustup-home" "-w" "/opt/rustwide/workdir" "-m" "1610612736" "--user" "0:0" "--network" "none" "ghcr.io/rust-lang/crates-build-env/linux@sha256:2788e3201cd34a07e3172128adcd8b3090168a8e3bcc40d7c032b9dda1df7d1c" "/opt/rustwide/cargo-home/bin/cargo" "+beta-2023-12-22" "test" "--frozen" "--no-run" "--message-format=json", kill_on_drop: false }`
[INFO] [stdout] 0533c87d226d210f2739a7b3c06b16a7a688ec53cd7da550e9e5bb0733bb5994
[INFO] running `Command { std: "docker" "start" "-a" "0533c87d226d210f2739a7b3c06b16a7a688ec53cd7da550e9e5bb0733bb5994", kill_on_drop: false }`
[INFO] [stdout] warning: unused variable: `time`
[INFO] [stdout]   --> src/simulation.rs:37:38
[INFO] [stdout]    |
[INFO] [stdout] 37 |     pub fn apply_sunlight(&mut self, time: Duration) {
[INFO] [stdout]    |                                      ^^^^ help: if this is intentional, prefix it with an underscore: `_time`
[INFO] [stdout]    |
[INFO] [stdout]    = note: `#[warn(unused_variables)]` on by default
[INFO] [stdout] 
[INFO] [stdout] 
[INFO] [stdout] warning: unused variable: `factory`
[INFO] [stdout]  --> src/spores.rs:9:22
[INFO] [stdout]   |
[INFO] [stdout] 9 | pub fn produce_spore(factory: &mut i32) -> Spore {
[INFO] [stdout]   |                      ^^^^^^^ help: if this is intentional, prefix it with an underscore: `_factory`
[INFO] [stdout] 
[INFO] [stdout] 
[INFO] [stdout] warning: unused variable: `spore`
[INFO] [stdout]   --> src/spores.rs:13:21
[INFO] [stdout]    |
[INFO] [stdout] 13 | pub(crate) fn genes(spore: &Spore) -> Vec<Gene> {
[INFO] [stdout]    |                     ^^^^^ help: if this is intentional, prefix it with an underscore: `_spore`
[INFO] [stdout] 
[INFO] [stdout] 
[INFO] [stdout] warning: unused variable: `parent`
[INFO] [stdout]   --> src/spores.rs:17:14
[INFO] [stdout]    |
[INFO] [stdout] 17 | fn recombine(parent: &mut Cell) {
[INFO] [stdout]    |              ^^^^^^ help: if this is intentional, prefix it with an underscore: `_parent`
[INFO] [stdout] 
[INFO] [stdout] 
[INFO] [stdout] warning: field `size` is never read
[INFO] [stdout]  --> src/spores.rs:6:5
[INFO] [stdout]   |
[INFO] [stdout] 5 | pub struct Spore {
[INFO] [stdout]   |            ----- field in this struct
[INFO] [stdout] 6 |     size: f64,
[INFO] [stdout]   |     ^^^^
[INFO] [stdout]   |
[INFO] [stdout]   = note: `#[warn(dead_code)]` on by default
[INFO] [stdout] 
[INFO] [stdout] 
[INFO] [stdout] warning: function `genes` is never used
[INFO] [stdout]   --> src/spores.rs:13:15
[INFO] [stdout]    |
[INFO] [stdout] 13 | pub(crate) fn genes(spore: &Spore) -> Vec<Gene> {
[INFO] [stdout]    |               ^^^^^
[INFO] [stdout] 
[INFO] [stdout] 
[INFO] [stdout] warning: function `recombine` is never used
[INFO] [stdout]   --> src/spores.rs:17:4
[INFO] [stdout]    |
[INFO] [stdout] 17 | fn recombine(parent: &mut Cell) {
[INFO] [stdout]    |    ^^^^^^^^^
[INFO] [stdout] 
[INFO] [stdout] 
[INFO] [stdout] warning: struct `Cell` is never constructed
[INFO] [stdout]   --> src/spores.rs:22:16
[INFO] [stdout]    |
[INFO] [stdout] 22 |     pub struct Cell {
[INFO] [stdout]    |                ^^^^
[INFO] [stdout] 
[INFO] [stdout] 
[INFO] [stdout] warning: method `distance_from_origin` is never used
[INFO] [stdout]   --> src/spores.rs:27:16
[INFO] [stdout]    |
[INFO] [stdout] 26 |     impl Cell {
[INFO] [stdout]    |     --------- method in this implementation
[INFO] [stdout] 27 |         pub fn distance_from_origin(&self) -> f64 {
[INFO] [stdout]    |                ^^^^^^^^^^^^^^^^^^^^
[INFO] [stdout] 
[INFO] [stdout] 
[INFO] [stdout] warning: struct `Gene` is never constructed
[INFO] [stdout]   --> src/spores.rs:32:16
[INFO] [stdout]    |
[INFO] [stdout] 32 |     pub struct Gene;
[INFO] [stdout]    |                ^^^^
[INFO] [stdout] 
[INFO] [stdout] 
[INFO] [stdout] warning: 10 warnings emitted
[INFO] [stdout] 
[INFO] [stdout] 
[INFO] [stderr]    Compiling fern_sim_test v0.1.0 (/opt/rustwide/workdir)
[INFO] [stdout] warning: unused variable: `time`
[INFO] [stdout]   --> src/simulation.rs:37:38
[INFO] [stdout]    |
[INFO] [stdout] 37 |     pub fn apply_sunlight(&mut self, time: Duration) {
[INFO] [stdout]    |                                      ^^^^ help: if this is intentional, prefix it with an underscore: `_time`
[INFO] [stdout]    |
[INFO] [stdout]    = note: `#[warn(unused_variables)]` on by default
[INFO] [stdout] 
[INFO] [stdout] 
[INFO] [stdout] warning: unused variable: `factory`
[INFO] [stdout]  --> src/spores.rs:9:22
[INFO] [stdout]   |
[INFO] [stdout] 9 | pub fn produce_spore(factory: &mut i32) -> Spore {
[INFO] [stdout]   |                      ^^^^^^^ help: if this is intentional, prefix it with an underscore: `_factory`
[INFO] [stdout] 
[INFO] [stdout] 
[INFO] [stdout] warning: unused variable: `spore`
[INFO] [stdout]   --> src/spores.rs:13:21
[INFO] [stdout]    |
[INFO] [stdout] 13 | pub(crate) fn genes(spore: &Spore) -> Vec<Gene> {
[INFO] [stdout]    |                     ^^^^^ help: if this is intentional, prefix it with an underscore: `_spore`
[INFO] [stdout] 
[INFO] [stdout] 
[INFO] [stdout] warning: unused variable: `parent`
[INFO] [stdout]   --> src/spores.rs:17:14
[INFO] [stdout]    |
[INFO] [stdout] 17 | fn recombine(parent: &mut Cell) {
[INFO] [stdout]    |              ^^^^^^ help: if this is intentional, prefix it with an underscore: `_parent`
[INFO] [stdout] 
[INFO] [stdout] 
[INFO] [stdout] warning: field `size` is never read
[INFO] [stdout]  --> src/spores.rs:6:5
[INFO] [stdout]   |
[INFO] [stdout] 5 | pub struct Spore {
[INFO] [stdout]   |            ----- field in this struct
[INFO] [stdout] 6 |     size: f64,
[INFO] [stdout]   |     ^^^^
[INFO] [stdout]   |
[INFO] [stdout]   = note: `#[warn(dead_code)]` on by default
[INFO] [stdout] 
[INFO] [stdout] 
[INFO] [stdout] warning: function `genes` is never used
[INFO] [stdout]   --> src/spores.rs:13:15
[INFO] [stdout]    |
[INFO] [stdout] 13 | pub(crate) fn genes(spore: &Spore) -> Vec<Gene> {
[INFO] [stdout]    |               ^^^^^
[INFO] [stdout] 
[INFO] [stdout] 
[INFO] [stdout] warning: function `recombine` is never used
[INFO] [stdout]   --> src/spores.rs:17:4
[INFO] [stdout]    |
[INFO] [stdout] 17 | fn recombine(parent: &mut Cell) {
[INFO] [stdout]    |    ^^^^^^^^^
[INFO] [stdout] 
[INFO] [stdout] 
[INFO] [stdout] warning: struct `Cell` is never constructed
[INFO] [stdout]   --> src/spores.rs:22:16
[INFO] [stdout]    |
[INFO] [stdout] 22 |     pub struct Cell {
[INFO] [stdout]    |                ^^^^
[INFO] [stdout] 
[INFO] [stdout] 
[INFO] [stdout] warning: method `distance_from_origin` is never used
[INFO] [stdout]   --> src/spores.rs:27:16
[INFO] [stdout]    |
[INFO] [stdout] 26 |     impl Cell {
[INFO] [stdout]    |     --------- method in this implementation
[INFO] [stdout] 27 |         pub fn distance_from_origin(&self) -> f64 {
[INFO] [stdout]    |                ^^^^^^^^^^^^^^^^^^^^
[INFO] [stdout] 
[INFO] [stdout] 
[INFO] [stdout] warning: struct `Gene` is never constructed
[INFO] [stdout]   --> src/spores.rs:32:16
[INFO] [stdout]    |
[INFO] [stdout] 32 |     pub struct Gene;
[INFO] [stdout]    |                ^^^^
[INFO] [stdout] 
[INFO] [stdout] 
[INFO] [stdout] warning: 10 warnings emitted
[INFO] [stdout] 
[INFO] [stdout] 
[INFO] [stderr]     Finished test [unoptimized + debuginfo] target(s) in 0.41s
[INFO] running `Command { std: "docker" "inspect" "0533c87d226d210f2739a7b3c06b16a7a688ec53cd7da550e9e5bb0733bb5994", kill_on_drop: false }`
[INFO] running `Command { std: "docker" "rm" "-f" "0533c87d226d210f2739a7b3c06b16a7a688ec53cd7da550e9e5bb0733bb5994", kill_on_drop: false }`
[INFO] [stdout] 0533c87d226d210f2739a7b3c06b16a7a688ec53cd7da550e9e5bb0733bb5994
[INFO] running `Command { std: "docker" "create" "-v" "/var/lib/crater-agent-workspace/builds/worker-5-tc2/target:/opt/rustwide/target:rw,Z" "-v" "/var/lib/crater-agent-workspace/builds/worker-5-tc2/source:/opt/rustwide/workdir:ro,Z" "-v" "/var/lib/crater-agent-workspace/cargo-home:/opt/rustwide/cargo-home:ro,Z" "-v" "/var/lib/crater-agent-workspace/rustup-home:/opt/rustwide/rustup-home:ro,Z" "-e" "SOURCE_DIR=/opt/rustwide/workdir" "-e" "CARGO_TARGET_DIR=/opt/rustwide/target" "-e" "CARGO_INCREMENTAL=0" "-e" "RUST_BACKTRACE=full" "-e" "RUSTFLAGS=--cap-lints=warn" "-e" "RUSTDOCFLAGS=--cap-lints=warn" "-e" "CARGO_HOME=/opt/rustwide/cargo-home" "-e" "RUSTUP_HOME=/opt/rustwide/rustup-home" "-w" "/opt/rustwide/workdir" "-m" "1610612736" "--user" "0:0" "--network" "none" "ghcr.io/rust-lang/crates-build-env/linux@sha256:2788e3201cd34a07e3172128adcd8b3090168a8e3bcc40d7c032b9dda1df7d1c" "/opt/rustwide/cargo-home/bin/cargo" "+beta-2023-12-22" "test" "--frozen", kill_on_drop: false }`
[INFO] [stdout] 761237c2b81d4b2477563d348979c026d70f94d4130ee3e2852dc5260fa90643
[INFO] running `Command { std: "docker" "start" "-a" "761237c2b81d4b2477563d348979c026d70f94d4130ee3e2852dc5260fa90643", kill_on_drop: false }`
[INFO] [stderr] warning: unused variable: `time`
[INFO] [stderr]   --> src/simulation.rs:37:38
[INFO] [stderr]    |
[INFO] [stderr] 37 |     pub fn apply_sunlight(&mut self, time: Duration) {
[INFO] [stderr]    |                                      ^^^^ help: if this is intentional, prefix it with an underscore: `_time`
[INFO] [stderr]    |
[INFO] [stderr]    = note: `#[warn(unused_variables)]` on by default
[INFO] [stderr] 
[INFO] [stderr] warning: unused variable: `factory`
[INFO] [stderr]  --> src/spores.rs:9:22
[INFO] [stderr]   |
[INFO] [stderr] 9 | pub fn produce_spore(factory: &mut i32) -> Spore {
[INFO] [stderr]   |                      ^^^^^^^ help: if this is intentional, prefix it with an underscore: `_factory`
[INFO] [stderr] 
[INFO] [stderr] warning: unused variable: `spore`
[INFO] [stderr]   --> src/spores.rs:13:21
[INFO] [stderr]    |
[INFO] [stderr] 13 | pub(crate) fn genes(spore: &Spore) -> Vec<Gene> {
[INFO] [stderr]    |                     ^^^^^ help: if this is intentional, prefix it with an underscore: `_spore`
[INFO] [stderr] 
[INFO] [stderr] warning: unused variable: `parent`
[INFO] [stderr]   --> src/spores.rs:17:14
[INFO] [stderr]    |
[INFO] [stderr] 17 | fn recombine(parent: &mut Cell) {
[INFO] [stderr]    |              ^^^^^^ help: if this is intentional, prefix it with an underscore: `_parent`
[INFO] [stderr] 
[INFO] [stderr] warning: field `size` is never read
[INFO] [stderr]  --> src/spores.rs:6:5
[INFO] [stderr]   |
[INFO] [stderr] 5 | pub struct Spore {
[INFO] [stderr]   |            ----- field in this struct
[INFO] [stderr] 6 |     size: f64,
[INFO] [stderr]   |     ^^^^
[INFO] [stderr]   |
[INFO] [stderr]   = note: `#[warn(dead_code)]` on by default
[INFO] [stderr] 
[INFO] [stderr] warning: function `genes` is never used
[INFO] [stderr]   --> src/spores.rs:13:15
[INFO] [stderr]    |
[INFO] [stderr] 13 | pub(crate) fn genes(spore: &Spore) -> Vec<Gene> {
[INFO] [stderr]    |               ^^^^^
[INFO] [stderr] 
[INFO] [stderr] warning: function `recombine` is never used
[INFO] [stderr]   --> src/spores.rs:17:4
[INFO] [stderr]    |
[INFO] [stderr] 17 | fn recombine(parent: &mut Cell) {
[INFO] [stderr]    |    ^^^^^^^^^
[INFO] [stderr] 
[INFO] [stderr] warning: struct `Cell` is never constructed
[INFO] [stderr]   --> src/spores.rs:22:16
[INFO] [stderr]    |
[INFO] [stderr] 22 |     pub struct Cell {
[INFO] [stderr]    |                ^^^^
[INFO] [stderr] 
[INFO] [stderr] warning: method `distance_from_origin` is never used
[INFO] [stderr]   --> src/spores.rs:27:16
[INFO] [stderr]    |
[INFO] [stderr] 26 |     impl Cell {
[INFO] [stderr]    |     --------- method in this implementation
[INFO] [stderr] 27 |         pub fn distance_from_origin(&self) -> f64 {
[INFO] [stderr]    |                ^^^^^^^^^^^^^^^^^^^^
[INFO] [stderr] 
[INFO] [stderr] warning: struct `Gene` is never constructed
[INFO] [stderr]   --> src/spores.rs:32:16
[INFO] [stderr]    |
[INFO] [stderr] 32 |     pub struct Gene;
[INFO] [stderr]    |                ^^^^
[INFO] [stderr] 
[INFO] [stderr] warning: `fern_sim_test` (lib) generated 10 warnings (run `cargo fix --lib -p fern_sim_test` to apply 4 suggestions)
[INFO] [stderr] warning: `fern_sim_test` (lib test) generated 10 warnings (10 duplicates)
[INFO] [stderr]     Finished test [unoptimized + debuginfo] target(s) in 0.01s
[INFO] [stderr]      Running unittests src/lib.rs (/opt/rustwide/target/debug/deps/fern_sim_test-77c3c66d4ffed1f1)
[INFO] [stderr]      Running unittests src/bin/efern.rs (/opt/rustwide/target/debug/deps/efern-5b07cfae1270707c)
[INFO] [stdout] 
[INFO] [stdout] running 0 tests
[INFO] [stdout] 
[INFO] [stdout] test result: ok. 0 passed; 0 failed; 0 ignored; 0 measured; 0 filtered out; finished in 0.00s
[INFO] [stdout] 
[INFO] [stdout] 
[INFO] [stdout] running 0 tests
[INFO] [stdout] 
[INFO] [stdout] test result: ok. 0 passed; 0 failed; 0 ignored; 0 measured; 0 filtered out; finished in 0.00s
[INFO] [stdout] 
[INFO] [stderr]      Running tests/unfurl.rs (/opt/rustwide/target/debug/deps/unfurl-30ce13acd52191d9)
[INFO] [stdout] 
[INFO] [stdout] running 1 test
[INFO] [stdout] test test_fiddlehead_unfurling ... ok
[INFO] [stdout] 
[INFO] [stdout] test result: ok. 1 passed; 0 failed; 0 ignored; 0 measured; 0 filtered out; finished in 0.00s
[INFO] [stdout] 
[INFO] [stderr]    Doc-tests fern_sim_test
[INFO] [stdout] 
[INFO] [stdout] running 1 test
[INFO] [stdout] test src/simulation.rs - simulation::Terrarium::apply_sunlight (line 32) ... FAILED
[INFO] [stdout] 
[INFO] [stdout] failures:
[INFO] [stdout] 
[INFO] [stdout] ---- src/simulation.rs - simulation::Terrarium::apply_sunlight (line 32) stdout ----
[INFO] [stdout] error[E0432]: unresolved import `fern_sim`
[INFO] [stdout]  --> src/simulation.rs:33:5
[INFO] [stdout]   |
[INFO] [stdout] 3 | use fern_sim::Terrarium;
[INFO] [stdout]   |     ^^^^^^^^ use of undeclared crate or module `fern_sim`
[INFO] [stdout] 
[INFO] [stdout] error: aborting due to 1 previous error
[INFO] [stdout] 
[INFO] [stdout] For more information about this error, try `rustc --explain E0432`.
[INFO] [stdout] Couldn't compile the test.
[INFO] [stdout] 
[INFO] [stdout] failures:
[INFO] [stdout]     src/simulation.rs - simulation::Terrarium::apply_sunlight (line 32)
[INFO] [stdout] 
[INFO] [stdout] test result: FAILED. 0 passed; 1 failed; 0 ignored; 0 measured; 0 filtered out; finished in 0.04s
[INFO] [stdout] 
[INFO] [stderr] error: doctest failed, to rerun pass `--doc`
[INFO] running `Command { std: "docker" "inspect" "761237c2b81d4b2477563d348979c026d70f94d4130ee3e2852dc5260fa90643", kill_on_drop: false }`
[INFO] running `Command { std: "docker" "rm" "-f" "761237c2b81d4b2477563d348979c026d70f94d4130ee3e2852dc5260fa90643", kill_on_drop: false }`
[INFO] [stdout] 761237c2b81d4b2477563d348979c026d70f94d4130ee3e2852dc5260fa90643
