[INFO] fetching crate fates 0.1.9...
[INFO] testing fates-0.1.9 against 1.75.0 for beta-1.76-1
[INFO] extracting crate fates 0.1.9 into /workspace/builds/worker-4-tc1/source
[INFO] validating manifest of crates.io crate fates 0.1.9 on toolchain 1.75.0
[INFO] running `Command { std: CARGO_HOME="/workspace/cargo-home" RUSTUP_HOME="/workspace/rustup-home" "/workspace/cargo-home/bin/cargo" "+1.75.0" "metadata" "--manifest-path" "Cargo.toml" "--no-deps", kill_on_drop: false }`
[INFO] started tweaking crates.io crate fates 0.1.9
[INFO] finished tweaking crates.io crate fates 0.1.9
[INFO] tweaked toml for crates.io crate fates 0.1.9 written to /workspace/builds/worker-4-tc1/source/Cargo.toml
[INFO] running `Command { std: CARGO_HOME="/workspace/cargo-home" RUSTUP_HOME="/workspace/rustup-home" "/workspace/cargo-home/bin/cargo" "+1.75.0" "generate-lockfile" "--manifest-path" "Cargo.toml", kill_on_drop: false }`
[INFO] [stderr]     Updating crates.io index
[INFO] running `Command { std: CARGO_HOME="/workspace/cargo-home" RUSTUP_HOME="/workspace/rustup-home" "/workspace/cargo-home/bin/cargo" "+1.75.0" "fetch" "--manifest-path" "Cargo.toml", kill_on_drop: false }`
[INFO] [stderr]  Downloading crates ...
[INFO] [stderr]   Downloaded fates_macro v0.1.9
[INFO] running `Command { std: "docker" "create" "-v" "/var/lib/crater-agent-workspace/builds/worker-4-tc1/target:/opt/rustwide/target:rw,Z" "-v" "/var/lib/crater-agent-workspace/builds/worker-4-tc1/source:/opt/rustwide/workdir:ro,Z" "-v" "/var/lib/crater-agent-workspace/cargo-home:/opt/rustwide/cargo-home:ro,Z" "-v" "/var/lib/crater-agent-workspace/rustup-home:/opt/rustwide/rustup-home:ro,Z" "-e" "SOURCE_DIR=/opt/rustwide/workdir" "-e" "CARGO_TARGET_DIR=/opt/rustwide/target" "-e" "CARGO_HOME=/opt/rustwide/cargo-home" "-e" "RUSTUP_HOME=/opt/rustwide/rustup-home" "-w" "/opt/rustwide/workdir" "-m" "1610612736" "--user" "0:0" "--network" "none" "ghcr.io/rust-lang/crates-build-env/linux@sha256:2788e3201cd34a07e3172128adcd8b3090168a8e3bcc40d7c032b9dda1df7d1c" "/opt/rustwide/cargo-home/bin/cargo" "+1.75.0" "metadata" "--no-deps" "--format-version=1", kill_on_drop: false }`
[INFO] [stdout] db09abac586924f5a0544fbd47022425bbf0c07b684dbc91163732d95da67306
[INFO] running `Command { std: "docker" "start" "-a" "db09abac586924f5a0544fbd47022425bbf0c07b684dbc91163732d95da67306", kill_on_drop: false }`
[INFO] running `Command { std: "docker" "inspect" "db09abac586924f5a0544fbd47022425bbf0c07b684dbc91163732d95da67306", kill_on_drop: false }`
[INFO] running `Command { std: "docker" "rm" "-f" "db09abac586924f5a0544fbd47022425bbf0c07b684dbc91163732d95da67306", kill_on_drop: false }`
[INFO] [stdout] db09abac586924f5a0544fbd47022425bbf0c07b684dbc91163732d95da67306
[INFO] running `Command { std: "docker" "create" "-v" "/var/lib/crater-agent-workspace/builds/worker-4-tc1/target:/opt/rustwide/target:rw,Z" "-v" "/var/lib/crater-agent-workspace/builds/worker-4-tc1/source:/opt/rustwide/workdir:ro,Z" "-v" "/var/lib/crater-agent-workspace/cargo-home:/opt/rustwide/cargo-home:ro,Z" "-v" "/var/lib/crater-agent-workspace/rustup-home:/opt/rustwide/rustup-home:ro,Z" "-e" "SOURCE_DIR=/opt/rustwide/workdir" "-e" "CARGO_TARGET_DIR=/opt/rustwide/target" "-e" "CARGO_INCREMENTAL=0" "-e" "RUST_BACKTRACE=full" "-e" "RUSTFLAGS=--cap-lints=warn" "-e" "RUSTDOCFLAGS=--cap-lints=warn" "-e" "CARGO_HOME=/opt/rustwide/cargo-home" "-e" "RUSTUP_HOME=/opt/rustwide/rustup-home" "-w" "/opt/rustwide/workdir" "-m" "1610612736" "--user" "0:0" "--network" "none" "ghcr.io/rust-lang/crates-build-env/linux@sha256:2788e3201cd34a07e3172128adcd8b3090168a8e3bcc40d7c032b9dda1df7d1c" "/opt/rustwide/cargo-home/bin/cargo" "+1.75.0" "build" "--frozen" "--message-format=json", kill_on_drop: false }`
[INFO] [stdout] 9da0dae6c3089e93784f4c64d4f1d2f6cde093c945315ff56a4a104bc93d2b73
[INFO] running `Command { std: "docker" "start" "-a" "9da0dae6c3089e93784f4c64d4f1d2f6cde093c945315ff56a4a104bc93d2b73", kill_on_drop: false }`
[INFO] [stderr]    Compiling autocfg v1.1.0
[INFO] [stderr]    Compiling libc v0.2.151
[INFO] [stderr]    Compiling syn v1.0.109
[INFO] [stderr]    Compiling parking_lot_core v0.8.6
[INFO] [stderr]    Compiling smallvec v1.11.2
[INFO] [stderr]    Compiling scopeguard v1.2.0
[INFO] [stderr]    Compiling instant v0.1.12
[INFO] [stderr]    Compiling lock_api v0.4.11
[INFO] [stderr]    Compiling parking_lot v0.11.2
[INFO] [stderr]    Compiling fates_macro v0.1.9
[INFO] [stderr]    Compiling fates v0.1.9 (/opt/rustwide/workdir)
[INFO] [stderr]     Finished dev [unoptimized + debuginfo] target(s) in 3.65s
[INFO] running `Command { std: "docker" "inspect" "9da0dae6c3089e93784f4c64d4f1d2f6cde093c945315ff56a4a104bc93d2b73", kill_on_drop: false }`
[INFO] running `Command { std: "docker" "rm" "-f" "9da0dae6c3089e93784f4c64d4f1d2f6cde093c945315ff56a4a104bc93d2b73", kill_on_drop: false }`
[INFO] [stdout] 9da0dae6c3089e93784f4c64d4f1d2f6cde093c945315ff56a4a104bc93d2b73
[INFO] running `Command { std: "docker" "create" "-v" "/var/lib/crater-agent-workspace/builds/worker-4-tc1/target:/opt/rustwide/target:rw,Z" "-v" "/var/lib/crater-agent-workspace/builds/worker-4-tc1/source:/opt/rustwide/workdir:ro,Z" "-v" "/var/lib/crater-agent-workspace/cargo-home:/opt/rustwide/cargo-home:ro,Z" "-v" "/var/lib/crater-agent-workspace/rustup-home:/opt/rustwide/rustup-home:ro,Z" "-e" "SOURCE_DIR=/opt/rustwide/workdir" "-e" "CARGO_TARGET_DIR=/opt/rustwide/target" "-e" "CARGO_INCREMENTAL=0" "-e" "RUST_BACKTRACE=full" "-e" "RUSTFLAGS=--cap-lints=warn" "-e" "RUSTDOCFLAGS=--cap-lints=warn" "-e" "CARGO_HOME=/opt/rustwide/cargo-home" "-e" "RUSTUP_HOME=/opt/rustwide/rustup-home" "-w" "/opt/rustwide/workdir" "-m" "1610612736" "--user" "0:0" "--network" "none" "ghcr.io/rust-lang/crates-build-env/linux@sha256:2788e3201cd34a07e3172128adcd8b3090168a8e3bcc40d7c032b9dda1df7d1c" "/opt/rustwide/cargo-home/bin/cargo" "+1.75.0" "test" "--frozen" "--no-run" "--message-format=json", kill_on_drop: false }`
[INFO] [stdout] e04784dc46839cf204d4482fcd3d69fc71aa4ae5fffbfa2d834c2c81815d477b
[INFO] running `Command { std: "docker" "start" "-a" "e04784dc46839cf204d4482fcd3d69fc71aa4ae5fffbfa2d834c2c81815d477b", kill_on_drop: false }`
[INFO] [stderr]    Compiling fates v0.1.9 (/opt/rustwide/workdir)
[INFO] [stderr]     Finished test [unoptimized + debuginfo] target(s) in 0.39s
[INFO] running `Command { std: "docker" "inspect" "e04784dc46839cf204d4482fcd3d69fc71aa4ae5fffbfa2d834c2c81815d477b", kill_on_drop: false }`
[INFO] running `Command { std: "docker" "rm" "-f" "e04784dc46839cf204d4482fcd3d69fc71aa4ae5fffbfa2d834c2c81815d477b", kill_on_drop: false }`
[INFO] [stdout] e04784dc46839cf204d4482fcd3d69fc71aa4ae5fffbfa2d834c2c81815d477b
[INFO] running `Command { std: "docker" "create" "-v" "/var/lib/crater-agent-workspace/builds/worker-4-tc1/target:/opt/rustwide/target:rw,Z" "-v" "/var/lib/crater-agent-workspace/builds/worker-4-tc1/source:/opt/rustwide/workdir:ro,Z" "-v" "/var/lib/crater-agent-workspace/cargo-home:/opt/rustwide/cargo-home:ro,Z" "-v" "/var/lib/crater-agent-workspace/rustup-home:/opt/rustwide/rustup-home:ro,Z" "-e" "SOURCE_DIR=/opt/rustwide/workdir" "-e" "CARGO_TARGET_DIR=/opt/rustwide/target" "-e" "CARGO_INCREMENTAL=0" "-e" "RUST_BACKTRACE=full" "-e" "RUSTFLAGS=--cap-lints=warn" "-e" "RUSTDOCFLAGS=--cap-lints=warn" "-e" "CARGO_HOME=/opt/rustwide/cargo-home" "-e" "RUSTUP_HOME=/opt/rustwide/rustup-home" "-w" "/opt/rustwide/workdir" "-m" "1610612736" "--user" "0:0" "--network" "none" "ghcr.io/rust-lang/crates-build-env/linux@sha256:2788e3201cd34a07e3172128adcd8b3090168a8e3bcc40d7c032b9dda1df7d1c" "/opt/rustwide/cargo-home/bin/cargo" "+1.75.0" "test" "--frozen", kill_on_drop: false }`
[INFO] [stdout] 42396e278d123bc85ab8e58f64423a7d3b3a4787d336b51163dcb0dd88f9f3c0
[INFO] running `Command { std: "docker" "start" "-a" "42396e278d123bc85ab8e58f64423a7d3b3a4787d336b51163dcb0dd88f9f3c0", kill_on_drop: false }`
[INFO] [stderr]     Finished test [unoptimized + debuginfo] target(s) in 0.01s
[INFO] [stderr]      Running unittests src/lib.rs (/opt/rustwide/target/debug/deps/fates-b88fda311f4be149)
[INFO] [stdout] 
[INFO] [stdout] running 12 tests
[INFO] [stdout] test fates::tests::chain ... ok
[INFO] [stdout] test fates::tests::dependent_child_clone ... ok
[INFO] [stdout] test fates::tests::explicit_fate_test ... ok
[INFO] [stdout] test fates::tests::is_value_test ... ok
[INFO] [stdout] test fates::tests::less_simple ... ok
[INFO] [stdout] test fates::tests::macro_simple_test ... ok
[INFO] [stdout] test fates::tests::mix_types_test ... ok
[INFO] [stdout] test fates::tests::ref_test ... ok
[INFO] [stdout] test fates::tests::simple ... ok
[INFO] [stdout] test fates::tests::string_example_test ... ok
[INFO] [stdout] test fates::tests::value_capture_test ... ok
[INFO] [stdout] test fates::tests::thread_safe_test ... ok
[INFO] [stdout] 
[INFO] [stdout] test result: ok. 12 passed; 0 failed; 0 ignored; 0 measured; 0 filtered out; finished in 0.01s
[INFO] [stdout] 
[INFO] [stderr]    Doc-tests fates
[INFO] [stdout] 
[INFO] [stdout] running 1 test
[INFO] [stdout] test src/fates.rs - fates::Fate<T>::create_dependent_clone (line 171) ... FAILED
[INFO] [stdout] 
[INFO] [stdout] failures:
[INFO] [stdout] 
[INFO] [stdout] ---- src/fates.rs - fates::Fate<T>::create_dependent_clone (line 171) stdout ----
[INFO] [stdout] error: cannot find macro `fate` in this scope
[INFO] [stdout]  --> src/fates.rs:172:1
[INFO] [stdout]   |
[INFO] [stdout] 3 | fate! {
[INFO] [stdout]   | ^^^^
[INFO] [stdout]   |
[INFO] [stdout] help: consider importing one of these items
[INFO] [stdout]   |
[INFO] [stdout] 2 + use fates::fate;
[INFO] [stdout]   |
[INFO] [stdout] 2 + use fates_macro::fate;
[INFO] [stdout]   |
[INFO] [stdout] 
[INFO] [stdout] error: cannot find macro `fate` in this scope
[INFO] [stdout]  --> src/fates.rs:178:1
[INFO] [stdout]   |
[INFO] [stdout] 9 | fate! {
[INFO] [stdout]   | ^^^^
[INFO] [stdout]   |
[INFO] [stdout] help: consider importing one of these items
[INFO] [stdout]   |
[INFO] [stdout] 2 + use fates::fate;
[INFO] [stdout]   |
[INFO] [stdout] 2 + use fates_macro::fate;
[INFO] [stdout]   |
[INFO] [stdout] 
[INFO] [stdout] error[E0425]: cannot find value `b` in this scope
[INFO] [stdout]  --> src/fates.rs:176:13
[INFO] [stdout]   |
[INFO] [stdout] 7 | let child = b.create_dependent_clone();
[INFO] [stdout]   |             ^ not found in this scope
[INFO] [stdout] 
[INFO] [stdout] error[E0425]: cannot find value `b` in this scope
[INFO] [stdout]   --> src/fates.rs:181:12
[INFO] [stdout]    |
[INFO] [stdout] 12 | assert_eq!(b.get(), 13);
[INFO] [stdout]    |            ^ not found in this scope
[INFO] [stdout] 
[INFO] [stdout] error[E0425]: cannot find value `b` in this scope
[INFO] [stdout]   --> src/fates.rs:182:12
[INFO] [stdout]    |
[INFO] [stdout] 13 | assert_eq!(b.is_dirty(), false);
[INFO] [stdout]    |            ^ not found in this scope
[INFO] [stdout] 
[INFO] [stdout] error: aborting due to 5 previous errors
[INFO] [stdout] 
[INFO] [stdout] For more information about this error, try `rustc --explain E0425`.
[INFO] [stdout] Couldn't compile the test.
[INFO] [stdout] 
[INFO] [stdout] failures:
[INFO] [stdout]     src/fates.rs - fates::Fate<T>::create_dependent_clone (line 171)
[INFO] [stdout] 
[INFO] [stdout] test result: FAILED. 0 passed; 1 failed; 0 ignored; 0 measured; 0 filtered out; finished in 0.04s
[INFO] [stdout] 
[INFO] [stderr] error: doctest failed, to rerun pass `--doc`
[INFO] running `Command { std: "docker" "inspect" "42396e278d123bc85ab8e58f64423a7d3b3a4787d336b51163dcb0dd88f9f3c0", kill_on_drop: false }`
[INFO] running `Command { std: "docker" "rm" "-f" "42396e278d123bc85ab8e58f64423a7d3b3a4787d336b51163dcb0dd88f9f3c0", kill_on_drop: false }`
[INFO] [stdout] 42396e278d123bc85ab8e58f64423a7d3b3a4787d336b51163dcb0dd88f9f3c0
