[INFO] fetching crate fastpasta_toml_macro 0.1.1...
[INFO] testing fastpasta_toml_macro-0.1.1 against 1.75.0 for beta-1.76-1
[INFO] extracting crate fastpasta_toml_macro 0.1.1 into /workspace/builds/worker-3-tc1/source
[INFO] validating manifest of crates.io crate fastpasta_toml_macro 0.1.1 on toolchain 1.75.0
[INFO] running `Command { std: CARGO_HOME="/workspace/cargo-home" RUSTUP_HOME="/workspace/rustup-home" "/workspace/cargo-home/bin/cargo" "+1.75.0" "metadata" "--manifest-path" "Cargo.toml" "--no-deps", kill_on_drop: false }`
[INFO] started tweaking crates.io crate fastpasta_toml_macro 0.1.1
[INFO] finished tweaking crates.io crate fastpasta_toml_macro 0.1.1
[INFO] tweaked toml for crates.io crate fastpasta_toml_macro 0.1.1 written to /workspace/builds/worker-3-tc1/source/Cargo.toml
[INFO] running `Command { std: CARGO_HOME="/workspace/cargo-home" RUSTUP_HOME="/workspace/rustup-home" "/workspace/cargo-home/bin/cargo" "+1.75.0" "generate-lockfile" "--manifest-path" "Cargo.toml", kill_on_drop: false }`
[INFO] [stderr]     Updating crates.io index
[INFO] running `Command { std: CARGO_HOME="/workspace/cargo-home" RUSTUP_HOME="/workspace/rustup-home" "/workspace/cargo-home/bin/cargo" "+1.75.0" "fetch" "--manifest-path" "Cargo.toml", kill_on_drop: false }`
[INFO] [stderr]  Downloading crates ...
[INFO] [stderr]   Downloaded fastpasta_toml_macro_derive v0.1.1
[INFO] running `Command { std: "docker" "create" "-v" "/var/lib/crater-agent-workspace/builds/worker-3-tc1/target:/opt/rustwide/target:rw,Z" "-v" "/var/lib/crater-agent-workspace/builds/worker-3-tc1/source:/opt/rustwide/workdir:ro,Z" "-v" "/var/lib/crater-agent-workspace/cargo-home:/opt/rustwide/cargo-home:ro,Z" "-v" "/var/lib/crater-agent-workspace/rustup-home:/opt/rustwide/rustup-home:ro,Z" "-e" "SOURCE_DIR=/opt/rustwide/workdir" "-e" "CARGO_TARGET_DIR=/opt/rustwide/target" "-e" "CARGO_HOME=/opt/rustwide/cargo-home" "-e" "RUSTUP_HOME=/opt/rustwide/rustup-home" "-w" "/opt/rustwide/workdir" "-m" "1610612736" "--user" "0:0" "--network" "none" "ghcr.io/rust-lang/crates-build-env/linux@sha256:2788e3201cd34a07e3172128adcd8b3090168a8e3bcc40d7c032b9dda1df7d1c" "/opt/rustwide/cargo-home/bin/cargo" "+1.75.0" "metadata" "--no-deps" "--format-version=1", kill_on_drop: false }`
[INFO] [stdout] 4fd98e666a3c69700dc7c02edd35c4055aa298455790845d88b51f49aa1e99aa
[INFO] running `Command { std: "docker" "start" "-a" "4fd98e666a3c69700dc7c02edd35c4055aa298455790845d88b51f49aa1e99aa", kill_on_drop: false }`
[INFO] running `Command { std: "docker" "inspect" "4fd98e666a3c69700dc7c02edd35c4055aa298455790845d88b51f49aa1e99aa", kill_on_drop: false }`
[INFO] running `Command { std: "docker" "rm" "-f" "4fd98e666a3c69700dc7c02edd35c4055aa298455790845d88b51f49aa1e99aa", kill_on_drop: false }`
[INFO] [stdout] 4fd98e666a3c69700dc7c02edd35c4055aa298455790845d88b51f49aa1e99aa
[INFO] running `Command { std: "docker" "create" "-v" "/var/lib/crater-agent-workspace/builds/worker-3-tc1/target:/opt/rustwide/target:rw,Z" "-v" "/var/lib/crater-agent-workspace/builds/worker-3-tc1/source:/opt/rustwide/workdir:ro,Z" "-v" "/var/lib/crater-agent-workspace/cargo-home:/opt/rustwide/cargo-home:ro,Z" "-v" "/var/lib/crater-agent-workspace/rustup-home:/opt/rustwide/rustup-home:ro,Z" "-e" "SOURCE_DIR=/opt/rustwide/workdir" "-e" "CARGO_TARGET_DIR=/opt/rustwide/target" "-e" "CARGO_INCREMENTAL=0" "-e" "RUST_BACKTRACE=full" "-e" "RUSTFLAGS=--cap-lints=warn" "-e" "RUSTDOCFLAGS=--cap-lints=warn" "-e" "CARGO_HOME=/opt/rustwide/cargo-home" "-e" "RUSTUP_HOME=/opt/rustwide/rustup-home" "-w" "/opt/rustwide/workdir" "-m" "1610612736" "--user" "0:0" "--network" "none" "ghcr.io/rust-lang/crates-build-env/linux@sha256:2788e3201cd34a07e3172128adcd8b3090168a8e3bcc40d7c032b9dda1df7d1c" "/opt/rustwide/cargo-home/bin/cargo" "+1.75.0" "build" "--frozen" "--message-format=json", kill_on_drop: false }`
[INFO] [stdout] 4666123f84af2bd28eccc9ba759b7d6955cb9c3f8cc8822881e68322ad030976
[INFO] running `Command { std: "docker" "start" "-a" "4666123f84af2bd28eccc9ba759b7d6955cb9c3f8cc8822881e68322ad030976", kill_on_drop: false }`
[INFO] [stderr]    Compiling proc-macro2 v1.0.75
[INFO] [stderr]    Compiling quote v1.0.35
[INFO] [stderr]    Compiling syn v2.0.48
[INFO] [stderr]    Compiling fastpasta_toml_macro_derive v0.1.1
[INFO] [stderr]    Compiling fastpasta_toml_macro v0.1.1 (/opt/rustwide/workdir)
[INFO] [stderr]     Finished dev [unoptimized + debuginfo] target(s) in 2.33s
[INFO] running `Command { std: "docker" "inspect" "4666123f84af2bd28eccc9ba759b7d6955cb9c3f8cc8822881e68322ad030976", kill_on_drop: false }`
[INFO] running `Command { std: "docker" "rm" "-f" "4666123f84af2bd28eccc9ba759b7d6955cb9c3f8cc8822881e68322ad030976", kill_on_drop: false }`
[INFO] [stdout] 4666123f84af2bd28eccc9ba759b7d6955cb9c3f8cc8822881e68322ad030976
[INFO] running `Command { std: "docker" "create" "-v" "/var/lib/crater-agent-workspace/builds/worker-3-tc1/target:/opt/rustwide/target:rw,Z" "-v" "/var/lib/crater-agent-workspace/builds/worker-3-tc1/source:/opt/rustwide/workdir:ro,Z" "-v" "/var/lib/crater-agent-workspace/cargo-home:/opt/rustwide/cargo-home:ro,Z" "-v" "/var/lib/crater-agent-workspace/rustup-home:/opt/rustwide/rustup-home:ro,Z" "-e" "SOURCE_DIR=/opt/rustwide/workdir" "-e" "CARGO_TARGET_DIR=/opt/rustwide/target" "-e" "CARGO_INCREMENTAL=0" "-e" "RUST_BACKTRACE=full" "-e" "RUSTFLAGS=--cap-lints=warn" "-e" "RUSTDOCFLAGS=--cap-lints=warn" "-e" "CARGO_HOME=/opt/rustwide/cargo-home" "-e" "RUSTUP_HOME=/opt/rustwide/rustup-home" "-w" "/opt/rustwide/workdir" "-m" "1610612736" "--user" "0:0" "--network" "none" "ghcr.io/rust-lang/crates-build-env/linux@sha256:2788e3201cd34a07e3172128adcd8b3090168a8e3bcc40d7c032b9dda1df7d1c" "/opt/rustwide/cargo-home/bin/cargo" "+1.75.0" "test" "--frozen" "--no-run" "--message-format=json", kill_on_drop: false }`
[INFO] [stdout] fc0b60311fffe7d451047bcfa4aa02da817e1ab1c4b9873804264d77aa68dc58
[INFO] running `Command { std: "docker" "start" "-a" "fc0b60311fffe7d451047bcfa4aa02da817e1ab1c4b9873804264d77aa68dc58", kill_on_drop: false }`
[INFO] [stderr]    Compiling fastpasta_toml_macro v0.1.1 (/opt/rustwide/workdir)
[INFO] [stderr]     Finished test [unoptimized + debuginfo] target(s) in 0.18s
[INFO] running `Command { std: "docker" "inspect" "fc0b60311fffe7d451047bcfa4aa02da817e1ab1c4b9873804264d77aa68dc58", kill_on_drop: false }`
[INFO] running `Command { std: "docker" "rm" "-f" "fc0b60311fffe7d451047bcfa4aa02da817e1ab1c4b9873804264d77aa68dc58", kill_on_drop: false }`
[INFO] [stdout] fc0b60311fffe7d451047bcfa4aa02da817e1ab1c4b9873804264d77aa68dc58
[INFO] running `Command { std: "docker" "create" "-v" "/var/lib/crater-agent-workspace/builds/worker-3-tc1/target:/opt/rustwide/target:rw,Z" "-v" "/var/lib/crater-agent-workspace/builds/worker-3-tc1/source:/opt/rustwide/workdir:ro,Z" "-v" "/var/lib/crater-agent-workspace/cargo-home:/opt/rustwide/cargo-home:ro,Z" "-v" "/var/lib/crater-agent-workspace/rustup-home:/opt/rustwide/rustup-home:ro,Z" "-e" "SOURCE_DIR=/opt/rustwide/workdir" "-e" "CARGO_TARGET_DIR=/opt/rustwide/target" "-e" "CARGO_INCREMENTAL=0" "-e" "RUST_BACKTRACE=full" "-e" "RUSTFLAGS=--cap-lints=warn" "-e" "RUSTDOCFLAGS=--cap-lints=warn" "-e" "CARGO_HOME=/opt/rustwide/cargo-home" "-e" "RUSTUP_HOME=/opt/rustwide/rustup-home" "-w" "/opt/rustwide/workdir" "-m" "1610612736" "--user" "0:0" "--network" "none" "ghcr.io/rust-lang/crates-build-env/linux@sha256:2788e3201cd34a07e3172128adcd8b3090168a8e3bcc40d7c032b9dda1df7d1c" "/opt/rustwide/cargo-home/bin/cargo" "+1.75.0" "test" "--frozen", kill_on_drop: false }`
[INFO] [stdout] a9b3ef781443fa3bd815a783c18e4807e1c4b6d83d9c81e6a0d404eee57ddf26
[INFO] running `Command { std: "docker" "start" "-a" "a9b3ef781443fa3bd815a783c18e4807e1c4b6d83d9c81e6a0d404eee57ddf26", kill_on_drop: false }`
[INFO] [stderr]     Finished test [unoptimized + debuginfo] target(s) in 0.00s
[INFO] [stderr]      Running unittests src/lib.rs (/opt/rustwide/target/debug/deps/fastpasta_toml_macro-ceba8db29cee1a6d)
[INFO] [stdout] 
[INFO] [stdout] running 0 tests
[INFO] [stdout] 
[INFO] [stdout] test result: ok. 0 passed; 0 failed; 0 ignored; 0 measured; 0 filtered out; finished in 0.00s
[INFO] [stdout] 
[INFO] [stderr]    Doc-tests fastpasta_toml_macro
[INFO] [stdout] 
[INFO] [stdout] running 2 tests
[INFO] [stdout] test src/lib.rs - (line 17) ... FAILED
[INFO] [stdout] test src/lib.rs - (line 6) ... ok
[INFO] [stdout] 
[INFO] [stdout] failures:
[INFO] [stdout] 
[INFO] [stdout] ---- src/lib.rs - (line 17) stdout ----
[INFO] [stdout] error: format argument must be a string literal
[INFO] [stdout]  --> src/lib.rs:19:10
[INFO] [stdout]   |
[INFO] [stdout] 4 | println!({}, toml_string);
[INFO] [stdout]   |          ^^
[INFO] [stdout]   |
[INFO] [stdout] help: you might be missing a string literal to format with
[INFO] [stdout]   |
[INFO] [stdout] 4 | println!("{} {}", {}, toml_string);
[INFO] [stdout]   |          ++++++++
[INFO] [stdout] 
[INFO] [stdout] error[E0433]: failed to resolve: use of undeclared type `CustomChecks`
[INFO] [stdout]  --> src/lib.rs:18:19
[INFO] [stdout]   |
[INFO] [stdout] 3 | let toml_string = CustomChecks::default().to_string_pretty_toml();
[INFO] [stdout]   |                   ^^^^^^^^^^^^ use of undeclared type `CustomChecks`
[INFO] [stdout] 
[INFO] [stdout] error: aborting due to 2 previous errors
[INFO] [stdout] 
[INFO] [stdout] For more information about this error, try `rustc --explain E0433`.
[INFO] [stdout] Couldn't compile the test.
[INFO] [stdout] 
[INFO] [stdout] failures:
[INFO] [stdout]     src/lib.rs - (line 17)
[INFO] [stdout] 
[INFO] [stdout] test result: FAILED. 1 passed; 1 failed; 0 ignored; 0 measured; 0 filtered out; finished in 0.16s
[INFO] [stdout] 
[INFO] [stderr] error: doctest failed, to rerun pass `--doc`
[INFO] running `Command { std: "docker" "inspect" "a9b3ef781443fa3bd815a783c18e4807e1c4b6d83d9c81e6a0d404eee57ddf26", kill_on_drop: false }`
[INFO] running `Command { std: "docker" "rm" "-f" "a9b3ef781443fa3bd815a783c18e4807e1c4b6d83d9c81e6a0d404eee57ddf26", kill_on_drop: false }`
[INFO] [stdout] a9b3ef781443fa3bd815a783c18e4807e1c4b6d83d9c81e6a0d404eee57ddf26
