[INFO] fetching crate fastcrypto 0.1.7...
[INFO] testing fastcrypto-0.1.7 against 1.75.0 for beta-1.76-1
[INFO] extracting crate fastcrypto 0.1.7 into /workspace/builds/worker-6-tc1/source
[INFO] validating manifest of crates.io crate fastcrypto 0.1.7 on toolchain 1.75.0
[INFO] running `Command { std: CARGO_HOME="/workspace/cargo-home" RUSTUP_HOME="/workspace/rustup-home" "/workspace/cargo-home/bin/cargo" "+1.75.0" "metadata" "--manifest-path" "Cargo.toml" "--no-deps", kill_on_drop: false }`
[INFO] started tweaking crates.io crate fastcrypto 0.1.7
[INFO] finished tweaking crates.io crate fastcrypto 0.1.7
[INFO] tweaked toml for crates.io crate fastcrypto 0.1.7 written to /workspace/builds/worker-6-tc1/source/Cargo.toml
[INFO] running `Command { std: CARGO_HOME="/workspace/cargo-home" RUSTUP_HOME="/workspace/rustup-home" "/workspace/cargo-home/bin/cargo" "+1.75.0" "generate-lockfile" "--manifest-path" "Cargo.toml", kill_on_drop: false }`
[INFO] [stderr]     Updating crates.io index
[INFO] running `Command { std: CARGO_HOME="/workspace/cargo-home" RUSTUP_HOME="/workspace/rustup-home" "/workspace/cargo-home/bin/cargo" "+1.75.0" "fetch" "--manifest-path" "Cargo.toml", kill_on_drop: false }`
[INFO] [stderr]  Downloading crates ...
[INFO] [stderr]   Downloaded base58 v0.2.0
[INFO] [stderr]   Downloaded serde-big-array v0.5.1
[INFO] [stderr]   Downloaded ark-secp256r1 v0.4.0
[INFO] [stderr]   Downloaded clear_on_drop v0.2.5
[INFO] [stderr]   Downloaded pkcs1 v0.4.1
[INFO] [stderr]   Downloaded rust-base58 v0.0.4
[INFO] [stderr]   Downloaded pem-rfc7468 v0.6.0
[INFO] [stderr]   Downloaded readonly v0.2.12
[INFO] [stderr]   Downloaded fastcrypto-derive v0.1.3
[INFO] [stderr]   Downloaded auto_ops v0.3.0
[INFO] [stderr]   Downloaded serde-reflection v0.3.6
[INFO] [stderr]   Downloaded bitcoin_hashes v0.12.0
[INFO] [stderr]   Downloaded ed25519-consensus v2.1.0
[INFO] [stderr]   Downloaded rsa v0.8.2
[INFO] [stderr]   Downloaded radix64 v0.6.2
[INFO] [stderr]   Downloaded bitcoin-private v0.1.0
[INFO] [stderr]   Downloaded bulletproofs v4.0.0
[INFO] [stderr]   Downloaded wycheproof v0.5.1
[INFO] running `Command { std: "docker" "create" "-v" "/var/lib/crater-agent-workspace/builds/worker-6-tc1/target:/opt/rustwide/target:rw,Z" "-v" "/var/lib/crater-agent-workspace/builds/worker-6-tc1/source:/opt/rustwide/workdir:ro,Z" "-v" "/var/lib/crater-agent-workspace/cargo-home:/opt/rustwide/cargo-home:ro,Z" "-v" "/var/lib/crater-agent-workspace/rustup-home:/opt/rustwide/rustup-home:ro,Z" "-e" "SOURCE_DIR=/opt/rustwide/workdir" "-e" "CARGO_TARGET_DIR=/opt/rustwide/target" "-e" "CARGO_HOME=/opt/rustwide/cargo-home" "-e" "RUSTUP_HOME=/opt/rustwide/rustup-home" "-w" "/opt/rustwide/workdir" "-m" "1610612736" "--user" "0:0" "--network" "none" "ghcr.io/rust-lang/crates-build-env/linux@sha256:2788e3201cd34a07e3172128adcd8b3090168a8e3bcc40d7c032b9dda1df7d1c" "/opt/rustwide/cargo-home/bin/cargo" "+1.75.0" "metadata" "--no-deps" "--format-version=1", kill_on_drop: false }`
[INFO] [stdout] 9f2dd030def8445096fb86d6b45fc62c6caa6eae3128f433bc6b68a8ea287814
[INFO] running `Command { std: "docker" "start" "-a" "9f2dd030def8445096fb86d6b45fc62c6caa6eae3128f433bc6b68a8ea287814", kill_on_drop: false }`
[INFO] running `Command { std: "docker" "inspect" "9f2dd030def8445096fb86d6b45fc62c6caa6eae3128f433bc6b68a8ea287814", kill_on_drop: false }`
[INFO] running `Command { std: "docker" "rm" "-f" "9f2dd030def8445096fb86d6b45fc62c6caa6eae3128f433bc6b68a8ea287814", kill_on_drop: false }`
[INFO] [stdout] 9f2dd030def8445096fb86d6b45fc62c6caa6eae3128f433bc6b68a8ea287814
[INFO] running `Command { std: "docker" "create" "-v" "/var/lib/crater-agent-workspace/builds/worker-6-tc1/target:/opt/rustwide/target:rw,Z" "-v" "/var/lib/crater-agent-workspace/builds/worker-6-tc1/source:/opt/rustwide/workdir:ro,Z" "-v" "/var/lib/crater-agent-workspace/cargo-home:/opt/rustwide/cargo-home:ro,Z" "-v" "/var/lib/crater-agent-workspace/rustup-home:/opt/rustwide/rustup-home:ro,Z" "-e" "SOURCE_DIR=/opt/rustwide/workdir" "-e" "CARGO_TARGET_DIR=/opt/rustwide/target" "-e" "CARGO_INCREMENTAL=0" "-e" "RUST_BACKTRACE=full" "-e" "RUSTFLAGS=--cap-lints=warn" "-e" "RUSTDOCFLAGS=--cap-lints=warn" "-e" "CARGO_HOME=/opt/rustwide/cargo-home" "-e" "RUSTUP_HOME=/opt/rustwide/rustup-home" "-w" "/opt/rustwide/workdir" "-m" "1610612736" "--user" "0:0" "--network" "none" "ghcr.io/rust-lang/crates-build-env/linux@sha256:2788e3201cd34a07e3172128adcd8b3090168a8e3bcc40d7c032b9dda1df7d1c" "/opt/rustwide/cargo-home/bin/cargo" "+1.75.0" "build" "--frozen" "--message-format=json", kill_on_drop: false }`
[INFO] [stdout] c656a5786fd69d7dd3b358ba4af6c3778a86bab19b8b52b4b3d1d9330eba9433
[INFO] running `Command { std: "docker" "start" "-a" "c656a5786fd69d7dd3b358ba4af6c3778a86bab19b8b52b4b3d1d9330eba9433", kill_on_drop: false }`
[INFO] [stderr]    Compiling serde v1.0.194
[INFO] [stderr]    Compiling const-oid v0.9.6
[INFO] [stderr]    Compiling subtle v2.5.0
[INFO] [stderr]    Compiling libc v0.2.151
[INFO] [stderr]    Compiling syn v1.0.109
[INFO] [stderr]    Compiling base64ct v1.6.0
[INFO] [stderr]    Compiling libm v0.2.8
[INFO] [stderr]    Compiling generic-array v0.14.7
[INFO] [stderr]    Compiling num-integer v0.1.45
[INFO] [stderr]    Compiling num-traits v0.2.17
[INFO] [stderr]    Compiling num-bigint v0.4.4
[INFO] [stderr]    Compiling opaque-debug v0.3.0
[INFO] [stderr]    Compiling syn v2.0.48
[INFO] [stderr]    Compiling byteorder v1.5.0
[INFO] [stderr]    Compiling rand v0.8.5
[INFO] [stderr]    Compiling fnv v1.0.7
[INFO] [stderr]    Compiling ff v0.13.0
[INFO] [stderr]    Compiling either v1.9.0
[INFO] [stderr]    Compiling base16ct v0.2.0
[INFO] [stderr]    Compiling ident_case v1.0.1
[INFO] [stderr]    Compiling pem-rfc7468 v0.7.0
[INFO] [stderr]    Compiling pem-rfc7468 v0.6.0
[INFO] [stderr]    Compiling block-padding v0.2.1
[INFO] [stderr]    Compiling strsim v0.10.0
[INFO] [stderr]    Compiling itertools v0.10.5
[INFO] [stderr]    Compiling group v0.13.0
[INFO] [stderr]    Compiling num-iter v0.1.43
[INFO] [stderr]    Compiling bitcoin-private v0.1.0
[INFO] [stderr]    Compiling hashbrown v0.13.2
[INFO] [stderr]    Compiling subtle-ng v2.5.0
[INFO] [stderr]    Compiling serde_json v1.0.111
[INFO] [stderr]    Compiling num-bigint-dig v0.8.4
[INFO] [stderr]    Compiling lazy_static v1.4.0
[INFO] [stderr]    Compiling eyre v0.6.11
[INFO] [stderr]    Compiling schemars v0.8.16
[INFO] [stderr]    Compiling convert_case v0.6.0
[INFO] [stderr]    Compiling threadpool v1.8.1
[INFO] [stderr]    Compiling convert_case v0.4.0
[INFO] [stderr]    Compiling arrayref v0.3.7
[INFO] [stderr]    Compiling arrayvec v0.7.4
[INFO] [stderr]    Compiling constant_time_eq v0.3.0
[INFO] [stderr]    Compiling bitcoin_hashes v0.12.0
[INFO] [stderr]    Compiling dyn-clone v1.0.16
[INFO] [stderr]    Compiling indenter v0.3.3
[INFO] [stderr]    Compiling auto_ops v0.3.0
[INFO] [stderr]    Compiling bs58 v0.4.0
[INFO] [stderr]    Compiling static_assertions v1.1.0
[INFO] [stderr]    Compiling cc v1.0.83
[INFO] [stderr]    Compiling ark-std v0.4.0
[INFO] [stderr]    Compiling clear_on_drop v0.2.5
[INFO] [stderr]    Compiling secp256k1-sys v0.8.1
[INFO] [stderr]    Compiling blake3 v1.5.0
[INFO] [stderr]    Compiling blst v0.3.11
[INFO] [stderr]    Compiling serde_derive_internals v0.26.0
[INFO] [stderr]    Compiling darling_core v0.20.3
[INFO] [stderr]    Compiling zeroize_derive v1.4.2
[INFO] [stderr]    Compiling serde_derive v1.0.194
[INFO] [stderr]    Compiling thiserror-impl v1.0.56
[INFO] [stderr]    Compiling tokio-macros v2.2.0
[INFO] [stderr]    Compiling readonly v0.2.12
[INFO] [stderr]    Compiling ark-serialize-derive v0.4.2
[INFO] [stderr]    Compiling derivative v2.2.0
[INFO] [stderr]    Compiling ark-ff-macros v0.4.2
[INFO] [stderr]    Compiling ark-ff-asm v0.4.2
[INFO] [stderr]    Compiling schemars_derive v0.8.16
[INFO] [stderr]    Compiling fastcrypto-derive v0.1.3
[INFO] [stderr]    Compiling derive_more v0.99.17
[INFO] [stderr]    Compiling tokio v1.35.1
[INFO] [stderr]    Compiling secp256k1 v0.27.0
[INFO] [stderr]    Compiling zeroize v1.7.0
[INFO] [stderr]    Compiling der v0.7.8
[INFO] [stderr]    Compiling der v0.6.1
[INFO] [stderr]    Compiling merlin v3.0.0
[INFO] [stderr]    Compiling darling_macro v0.20.3
[INFO] [stderr]    Compiling thiserror v1.0.56
[INFO] [stderr]    Compiling darling v0.20.3
[INFO] [stderr]    Compiling spki v0.6.0
[INFO] [stderr]    Compiling serde_with_macros v2.3.3
[INFO] [stderr]    Compiling pkcs8 v0.9.0
[INFO] [stderr]    Compiling spki v0.7.3
[INFO] [stderr]    Compiling pkcs1 v0.4.1
[INFO] [stderr]    Compiling pkcs8 v0.10.2
[INFO] [stderr]    Compiling serde_with v2.3.3
[INFO] [stderr]    Compiling bincode v1.3.3
[INFO] [stderr]    Compiling serde_bytes v0.11.14
[INFO] [stderr]    Compiling crypto-common v0.1.6
[INFO] [stderr]    Compiling block-buffer v0.10.4
[INFO] [stderr]    Compiling block-padding v0.3.3
[INFO] [stderr]    Compiling digest v0.9.0
[INFO] [stderr]    Compiling crypto-bigint v0.5.5
[INFO] [stderr]    Compiling block-buffer v0.9.0
[INFO] [stderr]    Compiling sec1 v0.7.3
[INFO] [stderr]    Compiling universal-hash v0.5.1
[INFO] [stderr]    Compiling aead v0.5.2
[INFO] [stderr]    Compiling curve25519-dalek-ng v4.1.1
[INFO] [stderr]    Compiling sha2 v0.9.9
[INFO] [stderr]    Compiling sha3 v0.9.1
[INFO] [stderr]    Compiling digest v0.10.7
[INFO] [stderr]    Compiling inout v0.1.3
[INFO] [stderr]    Compiling polyval v0.6.1
[INFO] [stderr]    Compiling cipher v0.4.4
[INFO] [stderr]    Compiling ark-serialize v0.4.2
[INFO] [stderr]    Compiling hmac v0.12.1
[INFO] [stderr]    Compiling signature v2.2.0
[INFO] [stderr]    Compiling sha2 v0.10.8
[INFO] [stderr]    Compiling blake2 v0.10.6
[INFO] [stderr]    Compiling sha3 v0.10.8
[INFO] [stderr]    Compiling ghash v0.5.0
[INFO] [stderr]    Compiling rfc6979 v0.4.0
[INFO] [stderr]    Compiling hkdf v0.12.4
[INFO] [stderr]    Compiling ctr v0.9.2
[INFO] [stderr]    Compiling aes v0.8.3
[INFO] [stderr]    Compiling cbc v0.1.2
[INFO] [stderr]    Compiling ark-ff v0.4.2
[INFO] [stderr]    Compiling rsa v0.8.2
[INFO] [stderr]    Compiling bulletproofs v4.0.0
[INFO] [stderr]    Compiling ed25519-consensus v2.1.0
[INFO] [stderr]    Compiling aes-gcm v0.10.3
[INFO] [stderr]    Compiling elliptic-curve v0.13.8
[INFO] [stderr]    Compiling ecdsa v0.16.9
[INFO] [stderr]    Compiling primeorder v0.13.6
[INFO] [stderr]    Compiling p256 v0.13.2
[INFO] [stderr]    Compiling ark-poly v0.4.2
[INFO] [stderr]    Compiling ark-ec v0.4.2
[INFO] [stderr]    Compiling ark-secp256r1 v0.4.0
[INFO] [stderr]    Compiling fastcrypto v0.1.7 (/opt/rustwide/workdir)
[INFO] [stderr]     Finished dev [unoptimized + debuginfo] target(s) in 31.44s
[INFO] running `Command { std: "docker" "inspect" "c656a5786fd69d7dd3b358ba4af6c3778a86bab19b8b52b4b3d1d9330eba9433", kill_on_drop: false }`
[INFO] running `Command { std: "docker" "rm" "-f" "c656a5786fd69d7dd3b358ba4af6c3778a86bab19b8b52b4b3d1d9330eba9433", kill_on_drop: false }`
[INFO] [stdout] c656a5786fd69d7dd3b358ba4af6c3778a86bab19b8b52b4b3d1d9330eba9433
[INFO] running `Command { std: "docker" "create" "-v" "/var/lib/crater-agent-workspace/builds/worker-6-tc1/target:/opt/rustwide/target:rw,Z" "-v" "/var/lib/crater-agent-workspace/builds/worker-6-tc1/source:/opt/rustwide/workdir:ro,Z" "-v" "/var/lib/crater-agent-workspace/cargo-home:/opt/rustwide/cargo-home:ro,Z" "-v" "/var/lib/crater-agent-workspace/rustup-home:/opt/rustwide/rustup-home:ro,Z" "-e" "SOURCE_DIR=/opt/rustwide/workdir" "-e" "CARGO_TARGET_DIR=/opt/rustwide/target" "-e" "CARGO_INCREMENTAL=0" "-e" "RUST_BACKTRACE=full" "-e" "RUSTFLAGS=--cap-lints=warn" "-e" "RUSTDOCFLAGS=--cap-lints=warn" "-e" "CARGO_HOME=/opt/rustwide/cargo-home" "-e" "RUSTUP_HOME=/opt/rustwide/rustup-home" "-w" "/opt/rustwide/workdir" "-m" "1610612736" "--user" "0:0" "--network" "none" "ghcr.io/rust-lang/crates-build-env/linux@sha256:2788e3201cd34a07e3172128adcd8b3090168a8e3bcc40d7c032b9dda1df7d1c" "/opt/rustwide/cargo-home/bin/cargo" "+1.75.0" "test" "--frozen" "--no-run" "--message-format=json", kill_on_drop: false }`
[INFO] [stdout] 4ef81a4e86b48586ab65b517a3d0e949396759b688ddc60f73e538dee34b9fa8
[INFO] running `Command { std: "docker" "start" "-a" "4ef81a4e86b48586ab65b517a3d0e949396759b688ddc60f73e538dee34b9fa8", kill_on_drop: false }`
[INFO] [stderr]    Compiling num-traits v0.2.17
[INFO] [stderr]    Compiling num-integer v0.1.45
[INFO] [stderr]    Compiling num-bigint v0.4.4
[INFO] [stderr]    Compiling either v1.9.0
[INFO] [stderr]    Compiling fnv v1.0.7
[INFO] [stderr]    Compiling num-iter v0.1.43
[INFO] [stderr]    Compiling crossbeam-utils v0.8.18
[INFO] [stderr]    Compiling rustix v0.38.28
[INFO] [stderr]    Compiling crypto-bigint v0.4.9
[INFO] [stderr]    Compiling ff v0.12.1
[INFO] [stderr]    Compiling indexmap v1.9.3
[INFO] [stderr]    Compiling num-rational v0.4.1
[INFO] [stderr]    Compiling base16ct v0.1.1
[INFO] [stderr]    Compiling bitflags v2.4.1
[INFO] [stderr]    Compiling darling_core v0.20.3
[INFO] [stderr]    Compiling linux-raw-sys v0.4.12
[INFO] [stderr]    Compiling itertools v0.10.5
[INFO] [stderr]    Compiling rayon-core v1.12.0
[INFO] [stderr]    Compiling sec1 v0.3.0
[INFO] [stderr]    Compiling group v0.12.1
[INFO] [stderr]    Compiling fastrand v2.0.1
[INFO] [stderr]    Compiling plotters-backend v0.3.5
[INFO] [stderr]    Compiling half v1.8.2
[INFO] [stderr]    Compiling os_str_bytes v6.6.1
[INFO] [stderr]    Compiling ciborium-io v0.2.1
[INFO] [stderr]    Compiling plotters-svg v0.3.5
[INFO] [stderr]    Compiling regex-automata v0.4.3
[INFO] [stderr]    Compiling signature v1.6.4
[INFO] [stderr]    Compiling wait-timeout v0.2.0
[INFO] [stderr]    Compiling bitflags v1.3.2
[INFO] [stderr]    Compiling same-file v1.0.6
[INFO] [stderr]    Compiling cast v0.3.0
[INFO] [stderr]    Compiling textwrap v0.16.0
[INFO] [stderr]    Compiling ciborium-ll v0.2.1
[INFO] [stderr]    Compiling clap_lex v0.2.4
[INFO] [stderr]    Compiling bit-vec v0.6.3
[INFO] [stderr]    Compiling crossbeam-epoch v0.9.17
[INFO] [stderr]    Compiling rfc6979 v0.3.1
[INFO] [stderr]    Compiling elliptic-curve v0.12.3
[INFO] [stderr]    Compiling quick-error v1.2.3
[INFO] [stderr]    Compiling bit-set v0.5.3
[INFO] [stderr]    Compiling clap v3.2.25
[INFO] [stderr]    Compiling crossbeam-deque v0.8.4
[INFO] [stderr]    Compiling ciborium v0.2.1
[INFO] [stderr]    Compiling walkdir v2.4.0
[INFO] [stderr]    Compiling tinytemplate v1.2.1
[INFO] [stderr]    Compiling rand_xorshift v0.3.0
[INFO] [stderr]    Compiling atty v0.2.14
[INFO] [stderr]    Compiling ecdsa v0.14.8
[INFO] [stderr]    Compiling cfg-if v0.1.10
[INFO] [stderr]    Compiling oorandom v11.1.3
[INFO] [stderr]    Compiling unarray v0.1.4
[INFO] [stderr]    Compiling anes v0.1.6
[INFO] [stderr]    Compiling wycheproof v0.5.1
[INFO] [stderr]    Compiling radix64 v0.6.2
[INFO] [stderr]    Compiling serde-reflection v0.3.6
[INFO] [stderr]    Compiling criterion-plot v0.5.0
[INFO] [stderr]    Compiling bcs v0.1.6
[INFO] [stderr]    Compiling k256 v0.11.6
[INFO] [stderr]    Compiling ark-std v0.4.0
[INFO] [stderr]    Compiling num-complex v0.4.4
[INFO] [stderr]    Compiling plotters v0.3.5
[INFO] [stderr]    Compiling hex-literal v0.3.4
[INFO] [stderr]    Compiling rayon v1.8.0
[INFO] [stderr]    Compiling base58 v0.2.0
[INFO] [stderr]    Compiling ark-ff-macros v0.4.2
[INFO] [stderr]    Compiling rustc-hex v2.1.0
[INFO] [stderr]    Compiling faster-hex v0.6.1
[INFO] [stderr]    Compiling num-bigint-dig v0.8.4
[INFO] [stderr]    Compiling regex v1.10.2
[INFO] [stderr]    Compiling tempfile v3.9.0
[INFO] [stderr]    Compiling rusty-fork v0.3.0
[INFO] [stderr]    Compiling darling_macro v0.20.3
[INFO] [stderr]    Compiling proptest v1.4.0
[INFO] [stderr]    Compiling ark-serialize v0.4.2
[INFO] [stderr]    Compiling rsa v0.8.2
[INFO] [stderr]    Compiling num v0.4.1
[INFO] [stderr]    Compiling rust-base58 v0.0.4
[INFO] [stderr]    Compiling ark-ff v0.4.2
[INFO] [stderr]    Compiling criterion v0.4.0
[INFO] [stderr]    Compiling darling v0.20.3
[INFO] [stderr]    Compiling serde_with_macros v2.3.3
[INFO] [stderr]    Compiling serde_with v2.3.3
[INFO] [stderr]    Compiling ark-poly v0.4.2
[INFO] [stderr]    Compiling ark-ec v0.4.2
[INFO] [stderr]    Compiling ark-secp256r1 v0.4.0
[INFO] [stderr]    Compiling fastcrypto v0.1.7 (/opt/rustwide/workdir)
[INFO] [stderr]     Finished test [unoptimized + debuginfo] target(s) in 31.00s
[INFO] running `Command { std: "docker" "inspect" "4ef81a4e86b48586ab65b517a3d0e949396759b688ddc60f73e538dee34b9fa8", kill_on_drop: false }`
[INFO] running `Command { std: "docker" "rm" "-f" "4ef81a4e86b48586ab65b517a3d0e949396759b688ddc60f73e538dee34b9fa8", kill_on_drop: false }`
[INFO] [stdout] 4ef81a4e86b48586ab65b517a3d0e949396759b688ddc60f73e538dee34b9fa8
[INFO] running `Command { std: "docker" "create" "-v" "/var/lib/crater-agent-workspace/builds/worker-6-tc1/target:/opt/rustwide/target:rw,Z" "-v" "/var/lib/crater-agent-workspace/builds/worker-6-tc1/source:/opt/rustwide/workdir:ro,Z" "-v" "/var/lib/crater-agent-workspace/cargo-home:/opt/rustwide/cargo-home:ro,Z" "-v" "/var/lib/crater-agent-workspace/rustup-home:/opt/rustwide/rustup-home:ro,Z" "-e" "SOURCE_DIR=/opt/rustwide/workdir" "-e" "CARGO_TARGET_DIR=/opt/rustwide/target" "-e" "CARGO_INCREMENTAL=0" "-e" "RUST_BACKTRACE=full" "-e" "RUSTFLAGS=--cap-lints=warn" "-e" "RUSTDOCFLAGS=--cap-lints=warn" "-e" "CARGO_HOME=/opt/rustwide/cargo-home" "-e" "RUSTUP_HOME=/opt/rustwide/rustup-home" "-w" "/opt/rustwide/workdir" "-m" "1610612736" "--user" "0:0" "--network" "none" "ghcr.io/rust-lang/crates-build-env/linux@sha256:2788e3201cd34a07e3172128adcd8b3090168a8e3bcc40d7c032b9dda1df7d1c" "/opt/rustwide/cargo-home/bin/cargo" "+1.75.0" "test" "--frozen", kill_on_drop: false }`
[INFO] [stdout] d6185cb9d337b52d40622cd8e4c5f63c01147c17a4ba2965930e5b5f2c961648
[INFO] running `Command { std: "docker" "start" "-a" "d6185cb9d337b52d40622cd8e4c5f63c01147c17a4ba2965930e5b5f2c961648", kill_on_drop: false }`
[INFO] [stderr]     Finished test [unoptimized + debuginfo] target(s) in 0.47s
[INFO] [stderr]      Running unittests src/lib.rs (/opt/rustwide/target/debug/deps/fastcrypto-0439c3a2f470399d)
[INFO] [stdout] 
[INFO] [stdout] running 303 tests
[INFO] [stdout] test aes_tests::test_aes128gcm_encrypt_and_decrypt ... ok
[INFO] [stdout] test bls12381_group_tests::test_gt_arithmetic ... ok
[INFO] [stdout] test aes_tests::test_aes128cbc_encrypt_and_decrypt ... ok
[INFO] [stdout] test bls12381_group_tests::test_g1_arithmetic ... ok
[INFO] [stdout] test aes_tests::test_aes256gcm_encrypt_and_decrypt ... ok
[INFO] [stdout] test aes_tests::serialize_deserialize_key ... ok
[INFO] [stdout] test bls12381_group_tests::test_pairing_and_hash_to_curve ... ok
[INFO] [stdout] test bls12381_group_tests::test_consistent_bls12381_serialization ... ok
[INFO] [stdout] test aes_tests::serialize_deserialize_iv ... ok
[INFO] [stdout] test aes_tests::test_aes192ctr_encrypt_and_decrypt ... ok
[INFO] [stdout] test bls12381_group_tests::test_g2_arithmetic ... ok
[INFO] [stdout] test aes_tests::test_aes128ctr_encrypt_and_decrypt ... ok
[INFO] [stdout] test bls12381_group_tests::test_scalar_arithmetic ... ok
[INFO] [stdout] test bls12381_tests::min_pk::batch_verify_missing_parameters_length_mismatch ... ok
[INFO] [stdout] test bls12381_tests::min_pk::fmt_signature ... ok
[INFO] [stdout] test aes_tests::test_aes256cbc_encrypt_and_decrypt ... ok
[INFO] [stdout] test bls12381_group_tests::test_g2_msm ... ok
[INFO] [stdout] test bls12381_tests::min_pk::fmt_public_key ... ok
[INFO] [stdout] test bls12381_tests::min_pk::import_export_public_key ... ok
[INFO] [stdout] test bls12381_tests::min_pk::regression_test ... ok
[INFO] [stdout] test bls12381_tests::min_pk::public_key_ordering ... ok
[INFO] [stdout] test bls12381_group_tests::test_serde_and_regression ... ok
[INFO] [stdout] test bls12381_tests::min_pk::batch_verify_aggregate_signature ... ok
[INFO] [stdout] test bls12381_tests::min_pk::hash_signature ... ok
[INFO] [stdout] test bls12381_tests::min_pk::dont_display_secrets ... ok
[INFO] [stdout] test bls12381_tests::min_pk::batch_verify_missing_keys_in_batch ... ok
[INFO] [stdout] test aes_tests::test_sk_zeroization_on_drop ... ok
[INFO] [stdout] test bls12381_tests::min_pk::test_hkdf_generate_from_ikm ... ok
[INFO] [stdout] test bls12381_tests::min_pk::test_add_signatures_to_aggregate ... ok
[INFO] [stdout] test bls12381_tests::min_pk::test_pk_verify ... ok
[INFO] [stdout] test bls12381_tests::min_pk::import_export_secret_key ... ok
[INFO] [stdout] test aes_tests::test_aes256ctr_encrypt_and_decrypt ... ok
[INFO] [stdout] test bls12381_tests::min_pk::test_human_readable_signatures ... ok
[INFO] [stdout] test bls12381_tests::min_pk::test_serialize_deserialize_aggregate_signatures ... ok
[INFO] [stdout] test bls12381_tests::min_pk::test_add_signatures_to_aggregate_different_messages ... ok
[INFO] [stdout] test bls12381_group_tests::test_g1_msm ... ok
[INFO] [stdout] test bls12381_tests::min_pk::verify_batch_missing_public_keys ... ok
[INFO] [stdout] test bls12381_tests::min_pk::test_basic_deser_signature ... ok
[INFO] [stdout] test bls12381_tests::min_pk::verify_empty_batch ... ok
[INFO] [stdout] test bls12381_tests::min_pk::test_basic_deser_privatekey ... ok
[INFO] [stdout] test bls12381_tests::min_pk::test_verify_drand_signature ... ok
[INFO] [stdout] test bls12381_tests::min_pk::to_from_bytes_signature ... ok
[INFO] [stdout] test aes_tests::wycheproof_test ... ok
[INFO] [stdout] test bls12381_tests::min_pk::test_sk_zeroization_on_drop ... ok
[INFO] [stdout] test bls12381_tests::min_pk::verify_invalid_batch ... ok
[INFO] [stdout] test bls12381_tests::min_pk::test_basic_deser_publickey ... ok
[INFO] [stdout] test bls12381_tests::min_pk::verify_valid_batch_different_msg ... ok
[INFO] [stdout] test bls12381_tests::min_pk::test_serialize_deserialize_standard_sig ... ok
[INFO] [stdout] test bls12381_tests::min_sig::hash_signature ... ok
[INFO] [stdout] test bls12381_tests::min_pk::verify_valid_batch ... ok
[INFO] [stdout] test bls12381_tests::min_sig::fmt_public_key ... ok
[INFO] [stdout] test bls12381_tests::min_pk::test_verify_with_default_values ... ok
[INFO] [stdout] test bls12381_tests::min_sig::batch_verify_missing_parameters_length_mismatch ... ok
[INFO] [stdout] test bls12381_tests::min_sig::fmt_signature ... ok
[INFO] [stdout] test bls12381_tests::min_pk::verify_invalid_batch_different_msg ... ok
[INFO] [stdout] test bls12381_tests::min_sig::batch_verify_missing_keys_in_batch ... ok
[INFO] [stdout] test bls12381_tests::min_sig::public_key_ordering ... ok
[INFO] [stdout] test bls12381_tests::min_sig::import_export_public_key ... ok
[INFO] [stdout] test bls12381_tests::min_sig::batch_verify_aggregate_signature ... ok
[INFO] [stdout] test bls12381_tests::min_sig::test_add_signatures_to_aggregate ... ok
[INFO] [stdout] test bls12381_tests::min_sig::regression_test ... ok
[INFO] [stdout] test bls12381_tests::min_sig::dont_display_secrets ... ok
[INFO] [stdout] test bls12381_tests::min_sig::test_add_signatures_to_aggregate_different_messages ... ok
[INFO] [stdout] test bls12381_tests::min_sig::test_hkdf_generate_from_ikm ... ok
[INFO] [stdout] test bls12381_tests::min_sig::test_human_readable_signatures ... ok
[INFO] [stdout] test bls12381_tests::min_sig::test_serialize_deserialize_aggregate_signatures ... ok
[INFO] [stdout] test bls12381_tests::min_sig::import_export_secret_key ... ok
[INFO] [stdout] test bls12381_tests::min_sig::test_pk_verify ... ok
[INFO] [stdout] test bls12381_tests::min_sig::test_sk_zeroization_on_drop ... ok
[INFO] [stdout] test bls12381_tests::min_sig::test_basic_deser_publickey ... ok
[INFO] [stdout] test bls12381_tests::min_sig::test_basic_deser_privatekey ... ok
[INFO] [stdout] test bls12381_tests::min_sig::to_from_bytes_signature ... ok
[INFO] [stdout] test bls12381_tests::min_sig::verify_batch_missing_public_keys ... ok
[INFO] [stdout] test bls12381_tests::min_sig::test_serialize_deserialize_standard_sig ... ok
[INFO] [stdout] test bls12381_tests::min_sig::verify_empty_batch ... ok
[INFO] [stdout] test bls12381_tests::min_sig::verify_invalid_batch_different_msg ... ok
[INFO] [stdout] test bls12381_tests::min_sig::verify_invalid_batch ... ok
[INFO] [stdout] test bls12381_tests::min_sig::test_verify_with_default_values ... ok
[INFO] [stdout] test bls12381_tests::min_sig::test_basic_deser_signature ... ok
[INFO] [stdout] test bls12381_tests::min_sig::verify_valid_batch ... ok
[INFO] [stdout] test bulletproofs_tests::test_commit_and_open ... ok
[INFO] [stdout] test bulletproofs_tests::test_handle_prove_invalid_upper_bound ... ok
[INFO] [stdout] test bulletproofs_tests::test_binding_commitment ... ok
[INFO] [stdout] test bulletproofs_tests::test_pedersen_to_from_bytes ... ok
[INFO] [stdout] test bls12381_tests::min_sig::verify_valid_batch_different_msg ... ok
[INFO] [stdout] test bulletproofs_tests::test_pedersen_serde ... ok
[INFO] [stdout] test bls12381_tests::min_pk::test_keypair_roundtrip ... ok
[INFO] [stdout] test ed25519_tests::debug_public_key ... ok
[INFO] [stdout] test ed25519_tests::dont_display_secrets ... ok
[INFO] [stdout] test ed25519_tests::ed25519_speccheck ... ok
[INFO] [stdout] test ed25519_tests::fmt_public_key ... ok
[INFO] [stdout] test ed25519_tests::fmt_aggregate_signature ... ok
[INFO] [stdout] test ed25519_tests::fmt_signature ... ok
[INFO] [stdout] test ed25519_tests::hash_public_key ... ok
[INFO] [stdout] test ed25519_tests::import_export_public_key ... ok
[INFO] [stdout] test ed25519_tests::import_export_secret_key ... ok
[INFO] [stdout] test ed25519_tests::keypair_from_signing_key ... ok
[INFO] [stdout] test ed25519_tests::key_pair_from_string_roundtrip ... ok
[INFO] [stdout] test ed25519_tests::signature_service ... ok
[INFO] [stdout] test ed25519_tests::public_key_ordering ... ok
[INFO] [stdout] test ed25519_tests::serialize_deserialize ... ok
[INFO] [stdout] test ed25519_tests::test_default_values ... ok
[INFO] [stdout] test ed25519_tests::test_add_signatures_to_aggregate ... ok
[INFO] [stdout] test ed25519_tests::test_add_signatures_to_aggregate_different_messages ... ok
[INFO] [stdout] test ed25519_tests::test_hkdf_generate_from_ikm ... ok
[INFO] [stdout] test ed25519_tests::test_serde_signatures_human_readable ... ok
[INFO] [stdout] test ed25519_tests::test_serialization_vs_test_vector ... ok
[INFO] [stdout] test ed25519_tests::test_sk_zeroization_on_drop ... ok
[INFO] [stdout] test ed25519_tests::test_serialize_deserialize_aggregate_signatures ... ok
[INFO] [stdout] test ed25519_tests::test_to_from_bytes_aggregate_signatures ... ok
[INFO] [stdout] test ed25519_tests::to_from_bytes_signature ... ok
[INFO] [stdout] test ed25519_tests::verify_batch_aggregate_signature ... ok
[INFO] [stdout] test ed25519_tests::verify_batch_missing_keys_in_batch ... ok
[INFO] [stdout] test ed25519_tests::verify_batch_missing_public_keys ... ok
[INFO] [stdout] test ed25519_tests::verify_batch_missing_parameters_length_mismatch ... ok
[INFO] [stdout] test ed25519_tests::verify_invalid_aggregate_signature_length_mismatch ... ok
[INFO] [stdout] test ed25519_tests::verify_empty_batch ... ok
[INFO] [stdout] test ed25519_tests::verify_invalid_aggregate_signature_public_key_switch ... ok
[INFO] [stdout] test ed25519_tests::verify_invalid_batch ... ok
[INFO] [stdout] test ed25519_tests::verify_invalid_batch_different_msg ... ok
[INFO] [stdout] test ed25519_tests::verify_invalid_signature ... ok
[INFO] [stdout] test ed25519_tests::verify_valid_aggregate_signaature ... ok
[INFO] [stdout] test ed25519_tests::verify_valid_batch_different_msg ... ok
[INFO] [stdout] test ed25519_tests::verify_valid_batch ... ok
[INFO] [stdout] test ed25519_tests::verify_valid_signature ... ok
[INFO] [stdout] test encoding_tests::roundtrip_base58 ... ok
[INFO] [stdout] test bulletproofs_tests::test_handle_verify_invalid_upper_bound ... ok
[INFO] [stdout] test bulletproofs_tests::test_range_proof_invalid ... ok
[INFO] [stdout] test encoding_tests::test_base58_array_serialize_as ... ok
[INFO] [stdout] test encoding_tests::roundtrip_base64 ... ok
[INFO] [stdout] test encoding_tests::test_base64_array_serialize_as ... ok
[INFO] [stdout] test bulletproofs_tests::test_range_proof_valid ... ok
[INFO] [stdout] test encoding_tests::test_base58_err ... ok
[INFO] [stdout] test encoding_tests::test_hex_array_serialize_as ... ok
[INFO] [stdout] test encoding_tests::test_base64_err ... ok
[INFO] [stdout] test encoding_tests::test_hex_encode_format ... ok
[INFO] [stdout] test encoding_tests::test_hex_decode_err ... ok
[INFO] [stdout] test encoding_tests::test_serde ... ok
[INFO] [stdout] test encoding_tests::roundtrip_hex ... ok
[INFO] [stdout] test encoding_tests::test_rfc4648_base64 ... ok
[INFO] [stdout] test encoding_tests::test_hex_roundtrip ... ok
[INFO] [stdout] test ed25519_tests::wycheproof_test ... ok
[INFO] [stdout] test encoding_tests::test_vectors_ietf_base58 ... ok
[INFO] [stdout] test bls12381_tests::min_sig::test_keypair_roundtrip ... ok
[INFO] [stdout] test groups::multiplier::integer_utils::tests::test_is_power_of_two ... ok
[INFO] [stdout] test groups::multiplier::integer_utils::tests::test_bits_form_bytes ... ok
[INFO] [stdout] test groups::multiplier::integer_utils::tests::test_base_2w_expansion ... ok
[INFO] [stdout] test hash_tests::test_accumulator_debug ... ok
[INFO] [stdout] test groups::multiplier::integer_utils::tests::test_lendian_from_substring ... ok
[INFO] [stdout] test hash_tests::test_blake3 ... ok
[INFO] [stdout] test hash_tests::test_blake2b_256 ... ok
[INFO] [stdout] test hash_tests::test_accumulator ... ok
[INFO] [stdout] test groups::multiplier::windowed::tests::test_double_mul_ristretto ... ok
[INFO] [stdout] test hash_tests::test_digest_as_array ... ok
[INFO] [stdout] test hash_tests::test_hash_function_write_trait ... ok
[INFO] [stdout] test hash_tests::test_keccak_256 ... ok
[INFO] [stdout] test hash_tests::test_digest_debug ... ok
[INFO] [stdout] test hash_tests::test_new_update_finalize ... ok
[INFO] [stdout] test hash_tests::test_digest_iterator ... ok
[INFO] [stdout] test hash_tests::test_sha512 ... ok
[INFO] [stdout] test hash_tests::test_sha3_256 ... ok
[INFO] [stdout] test groups::multiplier::windowed::tests::test_scalar_multiplication_ristretto ... ok
[INFO] [stdout] test hash_tests::test_sha3_512 ... ok
[INFO] [stdout] test hash_tests::test_sha256 ... ok
[INFO] [stdout] test hmac_tests::test_regression_of_hkdf ... ok
[INFO] [stdout] test hmac_tests::test_sanity_hkdf ... ok
[INFO] [stdout] test hmac_tests::test_hmac_regression ... ok
[INFO] [stdout] test hmac_tests::test_sanity_seed_generation ... ok
[INFO] [stdout] test hmac_tests::test_sanity_hmac_key ... ok
[INFO] [stdout] test ristretto255_tests::test_arithmetic ... ok
[INFO] [stdout] test ristretto255_tests::test_compress_decompress ... ok
[INFO] [stdout] test ristretto255_tests::test_multiscalar_mul ... ok
[INFO] [stdout] test ristretto255_tests::test_serialize_deserialize_element ... ok
[INFO] [stdout] test groups::multiplier::windowed::tests::test_scalar_multiplication_secp256r1 ... ok
[INFO] [stdout] test ristretto255_tests::test_vectors ... ok
[INFO] [stdout] test ed25519_tests::test_keypair_roundtrip ... ok
[INFO] [stdout] test hmac_tests::hmac_wycheproof_test ... ok
[INFO] [stdout] test secp256k1_recoverable_tests::hash_signature ... ok
[INFO] [stdout] test secp256k1_recoverable_tests::fail_to_verify_if_upper_s ... ok
[INFO] [stdout] test hmac_tests::test_regression_of_salt_padding ... ok
[INFO] [stdout] test secp256k1_recoverable_tests::fmt_signature ... ok
[INFO] [stdout] test secp256k1_recoverable_tests::import_export_secret_key ... ok
[INFO] [stdout] test secp256k1_recoverable_tests::import_export_public_key ... ok
[INFO] [stdout] test secp256k1_recoverable_tests::signature_service ... ok
[INFO] [stdout] test secp256k1_recoverable_tests::serialize_deserialize ... ok
[INFO] [stdout] test rsa::test::jwt_test ... ok
[INFO] [stdout] test secp256k1_recoverable_tests::test_invalid_nonrecoverable_conversion ... ok
[INFO] [stdout] test secp256k1_recoverable_tests::test_public_key_recovery_error ... ok
[INFO] [stdout] test secp256k1_recoverable_tests::to_from_bytes_signature ... ok
[INFO] [stdout] test secp256k1_recoverable_tests::test_public_key_recovery ... ok
[INFO] [stdout] test secp256k1_recoverable_tests::test_recoverable_nonrecoverable_conversion ... ok
[INFO] [stdout] test secp256k1_recoverable_tests::verify_hashed_failed_if_different_hash_function ... ok
[INFO] [stdout] test secp256k1_recoverable_tests::verify_invalid_batch_different_msg ... ok
[INFO] [stdout] test secp256k1_recoverable_tests::verify_invalid_signature ... ok
[INFO] [stdout] test secp256k1_recoverable_tests::test_sk_zeroization_on_drop ... ok
[INFO] [stdout] test secp256k1_recoverable_tests::verify_valid_batch_different_msg ... ok
[INFO] [stdout] test secp256k1_recoverable_tests::verify_valid_signature_with_default_hash ... ok
[INFO] [stdout] test secp256k1_recoverable_tests::test_recoverable_id_gt_1 ... ok
[INFO] [stdout] test secp256k1_tests::fail_to_verify_if_upper_s ... ok
[INFO] [stdout] test secp256k1_tests::dont_display_secrets ... ok
[INFO] [stdout] test secp256k1_tests::fmt_public_key ... ok
[INFO] [stdout] test secp256k1_tests::fmt_signature ... ok
[INFO] [stdout] test secp256k1_tests::hash_signature ... ok
[INFO] [stdout] test secp256k1_tests::import_export_public_key ... ok
[INFO] [stdout] test secp256k1_tests::hash_public_key ... ok
[INFO] [stdout] test secp256k1_tests::bytes_representation ... ok
[INFO] [stdout] test secp256k1_tests::import_export_secret_key ... ok
[INFO] [stdout] test secp256k1_tests::public_key_from_bytes ... ok
[INFO] [stdout] test secp256k1_tests::key_pair_from_string_roundtrip ... ok
[INFO] [stdout] test secp256k1_tests::private_key_from_bytes ... ok
[INFO] [stdout] test secp256k1_tests::non_canonical_secret_key ... ok
[INFO] [stdout] test secp256k1_tests::public_key_ordering ... ok
[INFO] [stdout] test secp256k1_tests::test_sk_zeroization_on_drop ... ok
[INFO] [stdout] test secp256k1_tests::serialize_deserialize ... ok
[INFO] [stdout] test secp256k1_tests::to_from_bytes_signature ... ok
[INFO] [stdout] test secp256k1_tests::verify_empty_batch ... ok
[INFO] [stdout] test secp256k1_tests::signature_service ... ok
[INFO] [stdout] test secp256k1_tests::verify_hashed_failed_if_different_hash ... ok
[INFO] [stdout] test secp256k1_tests::verify_batch_missing_public_keys ... ok
[INFO] [stdout] test secp256k1_tests::verify_invalid_batch_different_msg ... ok
[INFO] [stdout] test secp256k1_tests::verify_invalid_signature ... ok
[INFO] [stdout] test secp256k1_tests::verify_invalid_batch ... ok
[INFO] [stdout] test secp256k1_tests::verify_valid_batch_different_msg ... ok
[INFO] [stdout] test secp256k1_tests::verify_valid_signature ... ok
[INFO] [stdout] test secp256k1_tests::verify_valid_batch ... ok
[INFO] [stdout] test secp256k1_tests::verify_valid_signature_default_hash ... ok
[INFO] [stdout] test secp256r1::conversion::tests::test_arkworks_fq_to_fr ... ok
[INFO] [stdout] test secp256r1::conversion::tests::test_fq_arkworks_to_p256 ... ok
[INFO] [stdout] test secp256r1::conversion::tests::test_fr_p256_to_arkworks ... ok
[INFO] [stdout] test secp256r1::conversion::tests::test_pt_arkworks_to_p256 ... ok
[INFO] [stdout] test secp256r1_group_tests::test_arithmetic ... ok
[INFO] [stdout] test secp256r1_group_tests::test_to_from_byte_array ... ok
[INFO] [stdout] test secp256r1::conversion::tests::test_pt_p256_to_arkworks ... ok
[INFO] [stdout] test secp256r1_recoverable_tests::fail_to_verify_if_upper_s ... ok
[INFO] [stdout] test secp256r1_recoverable_tests::fail_on_r_or_s_zero ... ok
[INFO] [stdout] test secp256r1_recoverable_tests::fmt_signature ... ok
[INFO] [stdout] test secp256r1_recoverable_tests::hash_signature ... ok
[INFO] [stdout] test secp256r1_recoverable_tests::import_export_public_key ... ok
[INFO] [stdout] test secp256r1_recoverable_tests::serialize_deserialize ... ok
[INFO] [stdout] test secp256r1_recoverable_tests::import_export_secret_key ... ok
[INFO] [stdout] test secp256r1_recoverable_tests::signature_service ... ok
[INFO] [stdout] test secp256r1_recoverable_tests::test_invalid_nonrecoverable_conversion ... ok
[INFO] [stdout] test secp256k1_recoverable_tests::wycheproof_test ... ok
[INFO] [stdout] test secp256k1_recoverable_tests::test_keypair_roundtrip ... ok
[INFO] [stdout] test secp256r1_recoverable_tests::test_public_key_recovery_error ... ok
[INFO] [stdout] test secp256k1_tests::wycheproof_test ... ok
[INFO] [stdout] test secp256r1_recoverable_tests::test_sk_zeroization_on_drop ... ok
[INFO] [stdout] test secp256r1_recoverable_tests::to_from_bytes_signature ... ok
[INFO] [stdout] test secp256k1_tests::test_keypair_roundtrip ... ok
[INFO] [stdout] test secp256r1_recoverable_tests::test_public_key_recovery ... ok
[INFO] [stdout] test secp256r1_recoverable_tests::test_recoverable_nonrecoverable_conversion ... ok
[INFO] [stdout] test secp256r1_recoverable_tests::verify_hashed_failed_if_different_hash_function ... ok
[INFO] [stdout] test secp256r1_recoverable_tests::verify_valid_signature ... ok
[INFO] [stdout] test secp256r1_recoverable_tests::verify_invalid_signature ... ok
[INFO] [stdout] test secp256r1_tests::fail_on_r_or_s_zero ... ok
[INFO] [stdout] test secp256r1_tests::fail_to_verify_if_upper_s ... ok
[INFO] [stdout] test secp256r1_tests::dont_display_secrets ... ok
[INFO] [stdout] test secp256r1_tests::fmt_public_key ... ok
[INFO] [stdout] test secp256r1_tests::hash_public_key ... ok
[INFO] [stdout] test secp256r1_tests::fmt_signature ... ok
[INFO] [stdout] test secp256r1_tests::hash_signature ... ok
[INFO] [stdout] test secp256r1_tests::import_export_public_key ... ok
[INFO] [stdout] test secp256r1_tests::import_export_secret_key ... ok
[INFO] [stdout] test secp256r1_tests::non_canonical_secret_key ... ok
[INFO] [stdout] test secp256r1_tests::key_pair_from_string_roundtrip ... ok
[INFO] [stdout] test secp256r1_tests::public_key_from_bytes ... ok
[INFO] [stdout] test secp256r1_tests::private_key_from_bytes ... ok
[INFO] [stdout] test secp256r1_tests::public_key_ordering ... ok
[INFO] [stdout] test secp256r1_tests::test_public_key_recovery_error ... ok
[INFO] [stdout] test secp256r1_tests::signature_service ... ok
[INFO] [stdout] test secp256r1_tests::test_sk_zeroization_on_drop ... ok
[INFO] [stdout] test secp256r1_tests::serialize_deserialize ... ok
[INFO] [stdout] test bls12381_tests::min_sig::test_basic_verify_signature ... ok
[INFO] [stdout] test secp256r1_tests::to_from_bytes_signature ... ok
[INFO] [stdout] test secp256r1_tests::verify_empty_batch ... ok
[INFO] [stdout] test secp256r1_tests::verify_batch_missing_public_keys ... ok
[INFO] [stdout] test secp256r1_tests::verify_hashed_failed_if_different_hash ... ok
[INFO] [stdout] test bls12381_tests::min_pk::test_basic_verify_signature ... ok
[INFO] [stdout] test secp256r1_tests::verify_invalid_batch_different_msg ... ok
[INFO] [stdout] test secp256r1_tests::verify_invalid_batch ... ok
[INFO] [stdout] test secp256r1_tests::verify_invalid_signature ... ok
[INFO] [stdout] test secp256r1_tests::verify_valid_batch ... ok
[INFO] [stdout] test serde_helpers::tests::test_serializations ... ok
[INFO] [stdout] test signature_service_tests::signature_service ... ok
[INFO] [stdout] test vrf_tests::test_ecvrf_invalid ... ok
[INFO] [stdout] test utils_tests::test_log2_byte ... ok
[INFO] [stdout] test vrf_tests::test_ecvrf_verify ... ok
[INFO] [stdout] test vrf_tests::test_proof ... ok
[INFO] [stdout] test secp256r1_tests::verify_valid_batch_different_msg ... ok
[INFO] [stdout] test vrf_tests::test_serialize_deserialize ... ok
[INFO] [stdout] test hmac_tests::test_sanity_hmac_message ... ok
[INFO] [stdout] test secp256r1_tests::verify_valid_signature ... ok
[INFO] [stdout] test secp256r1_tests::wycheproof_test_nonrecoverable ... ok
[INFO] [stdout] test secp256r1_recoverable_tests::wycheproof_test ... ok
[INFO] [stdout] test secp256r1_recoverable_tests::test_keypair_roundtrip ... ok
[INFO] [stdout] test secp256r1_tests::test_keypair_roundtrip ... ok
[INFO] [stdout] test bls12381_tests::min_sig::test_signature_aggregation ... ok
[INFO] [stdout] test bls12381_tests::min_pk::test_signature_aggregation ... ok
[INFO] [stdout] test bls12381_tests::min_sig::test_aggregate_verify_distinct_messages_treewise ... ok
[INFO] [stdout] test bls12381_tests::min_sig::test_aggregate_verify_distinct_messages ... ok
[INFO] [stdout] test bulletproofs_tests::proptest_0_to_2_pow_64 ... ok
[INFO] [stdout] test bls12381_tests::min_pk::test_aggregate_verify_distinct_messages ... ok
[INFO] [stdout] test bls12381_tests::min_pk::test_aggregate_verify_distinct_messages_treewise ... ok
[INFO] [stdout] 
[INFO] [stdout] test result: ok. 303 passed; 0 failed; 0 ignored; 0 measured; 0 filtered out; finished in 43.62s
[INFO] [stdout] 
[INFO] [stderr]    Doc-tests fastcrypto
[INFO] [stdout] 
[INFO] [stdout] running 12 tests
[INFO] [stdout] test src/traits.rs - traits::AggregateAuthenticator::verify_different_msg (line 324) ... FAILED
[INFO] [stdout] test src/traits.rs - traits::AggregateAuthenticator::verify (line 300) ... FAILED
[INFO] [stdout] test src/traits.rs - traits::AggregateAuthenticator::batch_verify (line 350) ... FAILED
[INFO] [stdout] test src/encoding.rs - encoding (line 7) ... ok
[INFO] [stdout] test src/secp256k1/recoverable.rs - secp256k1::recoverable (line 8) ... ok
[INFO] [stdout] test src/hash.rs - hash (line 7) ... ok
[INFO] [stdout] test src/ed25519.rs - ed25519 (line 7) ... ok
[INFO] [stdout] test src/hash.rs - hash::MultisetHash (line 210) ... ok
[INFO] [stdout] test src/bls12381/mod.rs - bls12381 (line 6) ... ok
[INFO] [stdout] test src/secp256k1/mod.rs - secp256k1 (line 8) ... ok
[INFO] [stdout] test src/secp256r1/recoverable.rs - secp256r1::recoverable (line 10) ... ok
[INFO] [stdout] test src/secp256r1/mod.rs - secp256r1 (line 9) ... ok
[INFO] [stdout] 
[INFO] [stdout] failures:
[INFO] [stdout] 
[INFO] [stdout] ---- src/traits.rs - traits::AggregateAuthenticator::verify_different_msg (line 324) stdout ----
[INFO] [stdout] error[E0599]: no function or associated item named `aggregate` found for struct `fastcrypto::ed25519::Ed25519AggregateSignature` in the current scope
[INFO] [stdout]   --> src/traits.rs:337:55
[INFO] [stdout]    |
[INFO] [stdout] 16 | let aggregated_signature = Ed25519AggregateSignature::aggregate(vec!(&signature1, &signature2)).unwrap();
[INFO] [stdout]    |                                                       ^^^^^^^^^ function or associated item not found in `Ed25519AggregateSignature`
[INFO] [stdout] 
[INFO] [stdout] error: aborting due to previous error
[INFO] [stdout] 
[INFO] [stdout] For more information about this error, try `rustc --explain E0599`.
[INFO] [stdout] Couldn't compile the test.
[INFO] [stdout] ---- src/traits.rs - traits::AggregateAuthenticator::verify (line 300) stdout ----
[INFO] [stdout] error[E0599]: no function or associated item named `aggregate` found for struct `fastcrypto::ed25519::Ed25519AggregateSignature` in the current scope
[INFO] [stdout]   --> src/traits.rs:312:55
[INFO] [stdout]    |
[INFO] [stdout] 15 | let aggregated_signature = Ed25519AggregateSignature::aggregate(vec!(&signature1, &signature2)).unwrap();
[INFO] [stdout]    |                                                       ^^^^^^^^^ function or associated item not found in `Ed25519AggregateSignature`
[INFO] [stdout] 
[INFO] [stdout] error: aborting due to previous error
[INFO] [stdout] 
[INFO] [stdout] For more information about this error, try `rustc --explain E0599`.
[INFO] [stdout] Couldn't compile the test.
[INFO] [stdout] ---- src/traits.rs - traits::AggregateAuthenticator::batch_verify (line 350) stdout ----
[INFO] [stdout] error[E0599]: no function or associated item named `aggregate` found for struct `fastcrypto::ed25519::Ed25519AggregateSignature` in the current scope
[INFO] [stdout]   --> src/traits.rs:359:56
[INFO] [stdout]    |
[INFO] [stdout] 12 | let aggregated_signature1 = Ed25519AggregateSignature::aggregate(vec!(&signature1)).unwrap();
[INFO] [stdout]    |                                                        ^^^^^^^^^ function or associated item not found in `Ed25519AggregateSignature`
[INFO] [stdout] 
[INFO] [stdout] error[E0599]: no function or associated item named `aggregate` found for struct `fastcrypto::ed25519::Ed25519AggregateSignature` in the current scope
[INFO] [stdout]   --> src/traits.rs:363:56
[INFO] [stdout]    |
[INFO] [stdout] 16 | let aggregated_signature2 = Ed25519AggregateSignature::aggregate(vec!(&signature2)).unwrap();
[INFO] [stdout]    |                                                        ^^^^^^^^^ function or associated item not found in `Ed25519AggregateSignature`
[INFO] [stdout] 
[INFO] [stdout] error[E0599]: no function or associated item named `batch_verify` found for struct `fastcrypto::ed25519::Ed25519AggregateSignature` in the current scope
[INFO] [stdout]   --> src/traits.rs:370:36
[INFO] [stdout]    |
[INFO] [stdout] 23 | assert!(Ed25519AggregateSignature::batch_verify(&aggregated_signatures, public_keys, &messages).is_ok());
[INFO] [stdout]    |                                    ^^^^^^^^^^^^ function or associated item not found in `Ed25519AggregateSignature`
[INFO] [stdout] 
[INFO] [stdout] error: aborting due to 3 previous errors
[INFO] [stdout] 
[INFO] [stdout] For more information about this error, try `rustc --explain E0599`.
[INFO] [stdout] Couldn't compile the test.
[INFO] [stdout] 
[INFO] [stdout] failures:
[INFO] [stdout]     src/traits.rs - traits::AggregateAuthenticator::batch_verify (line 350)
[INFO] [stdout]     src/traits.rs - traits::AggregateAuthenticator::verify (line 300)
[INFO] [stdout]     src/traits.rs - traits::AggregateAuthenticator::verify_different_msg (line 324)
[INFO] [stdout] 
[INFO] [stdout] test result: FAILED. 9 passed; 3 failed; 0 ignored; 0 measured; 0 filtered out; finished in 3.86s
[INFO] [stdout] 
[INFO] [stderr] error: doctest failed, to rerun pass `--doc`
[INFO] running `Command { std: "docker" "inspect" "d6185cb9d337b52d40622cd8e4c5f63c01147c17a4ba2965930e5b5f2c961648", kill_on_drop: false }`
[INFO] running `Command { std: "docker" "rm" "-f" "d6185cb9d337b52d40622cd8e4c5f63c01147c17a4ba2965930e5b5f2c961648", kill_on_drop: false }`
[INFO] [stdout] d6185cb9d337b52d40622cd8e4c5f63c01147c17a4ba2965930e5b5f2c961648
[INFO] testing fastcrypto-0.1.7 against beta-2023-12-22 for beta-1.76-1
[INFO] extracting crate fastcrypto 0.1.7 into /workspace/builds/worker-6-tc2/source
[INFO] validating manifest of crates.io crate fastcrypto 0.1.7 on toolchain beta-2023-12-22
[INFO] running `Command { std: CARGO_HOME="/workspace/cargo-home" RUSTUP_HOME="/workspace/rustup-home" "/workspace/cargo-home/bin/cargo" "+beta-2023-12-22" "metadata" "--manifest-path" "Cargo.toml" "--no-deps", kill_on_drop: false }`
[INFO] started tweaking crates.io crate fastcrypto 0.1.7
[INFO] finished tweaking crates.io crate fastcrypto 0.1.7
[INFO] tweaked toml for crates.io crate fastcrypto 0.1.7 written to /workspace/builds/worker-6-tc2/source/Cargo.toml
[INFO] running `Command { std: CARGO_HOME="/workspace/cargo-home" RUSTUP_HOME="/workspace/rustup-home" "/workspace/cargo-home/bin/cargo" "+beta-2023-12-22" "generate-lockfile" "--manifest-path" "Cargo.toml", kill_on_drop: false }`
[INFO] [stderr]     Updating crates.io index
[INFO] running `Command { std: CARGO_HOME="/workspace/cargo-home" RUSTUP_HOME="/workspace/rustup-home" "/workspace/cargo-home/bin/cargo" "+beta-2023-12-22" "fetch" "--manifest-path" "Cargo.toml", kill_on_drop: false }`
[INFO] running `Command { std: "docker" "create" "-v" "/var/lib/crater-agent-workspace/builds/worker-6-tc2/target:/opt/rustwide/target:rw,Z" "-v" "/var/lib/crater-agent-workspace/builds/worker-6-tc2/source:/opt/rustwide/workdir:ro,Z" "-v" "/var/lib/crater-agent-workspace/cargo-home:/opt/rustwide/cargo-home:ro,Z" "-v" "/var/lib/crater-agent-workspace/rustup-home:/opt/rustwide/rustup-home:ro,Z" "-e" "SOURCE_DIR=/opt/rustwide/workdir" "-e" "CARGO_TARGET_DIR=/opt/rustwide/target" "-e" "CARGO_HOME=/opt/rustwide/cargo-home" "-e" "RUSTUP_HOME=/opt/rustwide/rustup-home" "-w" "/opt/rustwide/workdir" "-m" "1610612736" "--user" "0:0" "--network" "none" "ghcr.io/rust-lang/crates-build-env/linux@sha256:2788e3201cd34a07e3172128adcd8b3090168a8e3bcc40d7c032b9dda1df7d1c" "/opt/rustwide/cargo-home/bin/cargo" "+beta-2023-12-22" "metadata" "--no-deps" "--format-version=1", kill_on_drop: false }`
[INFO] [stdout] e8596be92e0952faa3e4845cbfcc4080e6b80403b3fae0134dc1c97c572d9a5b
[INFO] running `Command { std: "docker" "start" "-a" "e8596be92e0952faa3e4845cbfcc4080e6b80403b3fae0134dc1c97c572d9a5b", kill_on_drop: false }`
[INFO] running `Command { std: "docker" "inspect" "e8596be92e0952faa3e4845cbfcc4080e6b80403b3fae0134dc1c97c572d9a5b", kill_on_drop: false }`
[INFO] running `Command { std: "docker" "rm" "-f" "e8596be92e0952faa3e4845cbfcc4080e6b80403b3fae0134dc1c97c572d9a5b", kill_on_drop: false }`
[INFO] [stdout] e8596be92e0952faa3e4845cbfcc4080e6b80403b3fae0134dc1c97c572d9a5b
[INFO] running `Command { std: "docker" "create" "-v" "/var/lib/crater-agent-workspace/builds/worker-6-tc2/target:/opt/rustwide/target:rw,Z" "-v" "/var/lib/crater-agent-workspace/builds/worker-6-tc2/source:/opt/rustwide/workdir:ro,Z" "-v" "/var/lib/crater-agent-workspace/cargo-home:/opt/rustwide/cargo-home:ro,Z" "-v" "/var/lib/crater-agent-workspace/rustup-home:/opt/rustwide/rustup-home:ro,Z" "-e" "SOURCE_DIR=/opt/rustwide/workdir" "-e" "CARGO_TARGET_DIR=/opt/rustwide/target" "-e" "CARGO_INCREMENTAL=0" "-e" "RUST_BACKTRACE=full" "-e" "RUSTFLAGS=--cap-lints=warn" "-e" "RUSTDOCFLAGS=--cap-lints=warn" "-e" "CARGO_HOME=/opt/rustwide/cargo-home" "-e" "RUSTUP_HOME=/opt/rustwide/rustup-home" "-w" "/opt/rustwide/workdir" "-m" "1610612736" "--user" "0:0" "--network" "none" "ghcr.io/rust-lang/crates-build-env/linux@sha256:2788e3201cd34a07e3172128adcd8b3090168a8e3bcc40d7c032b9dda1df7d1c" "/opt/rustwide/cargo-home/bin/cargo" "+beta-2023-12-22" "build" "--frozen" "--message-format=json", kill_on_drop: false }`
[INFO] [stdout] 9aa8cc8e3d691e4e6b44212d9998df61e9b6b9daf06e09dba286e555e2059611
[INFO] running `Command { std: "docker" "start" "-a" "9aa8cc8e3d691e4e6b44212d9998df61e9b6b9daf06e09dba286e555e2059611", kill_on_drop: false }`
[INFO] [stderr]    Compiling serde v1.0.194
[INFO] [stderr]    Compiling subtle v2.5.0
[INFO] [stderr]    Compiling const-oid v0.9.6
[INFO] [stderr]    Compiling libc v0.2.151
[INFO] [stderr]    Compiling syn v1.0.109
[INFO] [stderr]    Compiling base64ct v1.6.0
[INFO] [stderr]    Compiling libm v0.2.8
[INFO] [stderr]    Compiling generic-array v0.14.7
[INFO] [stderr]    Compiling num-integer v0.1.45
[INFO] [stderr]    Compiling num-traits v0.2.17
[INFO] [stderr]    Compiling num-bigint v0.4.4
[INFO] [stderr]    Compiling opaque-debug v0.3.0
[INFO] [stderr]    Compiling syn v2.0.48
[INFO] [stderr]    Compiling rand v0.8.5
[INFO] [stderr]    Compiling byteorder v1.5.0
[INFO] [stderr]    Compiling strsim v0.10.0
[INFO] [stderr]    Compiling ff v0.13.0
[INFO] [stderr]    Compiling fnv v1.0.7
[INFO] [stderr]    Compiling pem-rfc7468 v0.7.0
[INFO] [stderr]    Compiling pem-rfc7468 v0.6.0
[INFO] [stderr]    Compiling block-padding v0.2.1
[INFO] [stderr]    Compiling either v1.9.0
[INFO] [stderr]    Compiling ident_case v1.0.1
[INFO] [stderr]    Compiling base16ct v0.2.0
[INFO] [stderr]    Compiling group v0.13.0
[INFO] [stderr]    Compiling num-iter v0.1.43
[INFO] [stderr]    Compiling bitcoin-private v0.1.0
[INFO] [stderr]    Compiling itertools v0.10.5
[INFO] [stderr]    Compiling hashbrown v0.13.2
[INFO] [stderr]    Compiling subtle-ng v2.5.0
[INFO] [stderr]    Compiling num-bigint-dig v0.8.4
[INFO] [stderr]    Compiling serde_json v1.0.111
[INFO] [stderr]    Compiling lazy_static v1.4.0
[INFO] [stderr]    Compiling schemars v0.8.16
[INFO] [stderr]    Compiling eyre v0.6.11
[INFO] [stderr]    Compiling convert_case v0.6.0
[INFO] [stderr]    Compiling threadpool v1.8.1
[INFO] [stderr]    Compiling bitcoin_hashes v0.12.0
[INFO] [stderr]    Compiling indenter v0.3.3
[INFO] [stderr]    Compiling dyn-clone v1.0.16
[INFO] [stderr]    Compiling arrayref v0.3.7
[INFO] [stderr]    Compiling convert_case v0.4.0
[INFO] [stderr]    Compiling arrayvec v0.7.4
[INFO] [stderr]    Compiling constant_time_eq v0.3.0
[INFO] [stderr]    Compiling auto_ops v0.3.0
[INFO] [stderr]    Compiling bs58 v0.4.0
[INFO] [stderr]    Compiling cc v1.0.83
[INFO] [stderr]    Compiling static_assertions v1.1.0
[INFO] [stderr]    Compiling ark-std v0.4.0
[INFO] [stderr]    Compiling secp256k1-sys v0.8.1
[INFO] [stderr]    Compiling clear_on_drop v0.2.5
[INFO] [stderr]    Compiling blst v0.3.11
[INFO] [stderr]    Compiling blake3 v1.5.0
[INFO] [stderr]    Compiling darling_core v0.20.3
[INFO] [stderr]    Compiling serde_derive_internals v0.26.0
[INFO] [stderr]    Compiling zeroize_derive v1.4.2
[INFO] [stderr]    Compiling serde_derive v1.0.194
[INFO] [stderr]    Compiling thiserror-impl v1.0.56
[INFO] [stderr]    Compiling tokio-macros v2.2.0
[INFO] [stderr]    Compiling readonly v0.2.12
[INFO] [stderr]    Compiling ark-serialize-derive v0.4.2
[INFO] [stderr]    Compiling derivative v2.2.0
[INFO] [stderr]    Compiling ark-ff-asm v0.4.2
[INFO] [stderr]    Compiling ark-ff-macros v0.4.2
[INFO] [stderr]    Compiling schemars_derive v0.8.16
[INFO] [stderr]    Compiling derive_more v0.99.17
[INFO] [stderr]    Compiling fastcrypto-derive v0.1.3
[INFO] [stderr]    Compiling secp256k1 v0.27.0
[INFO] [stderr]    Compiling zeroize v1.7.0
[INFO] [stderr]    Compiling der v0.7.8
[INFO] [stderr]    Compiling der v0.6.1
[INFO] [stderr]    Compiling merlin v3.0.0
[INFO] [stderr]    Compiling tokio v1.35.1
[INFO] [stderr]    Compiling darling_macro v0.20.3
[INFO] [stderr]    Compiling thiserror v1.0.56
[INFO] [stderr]    Compiling darling v0.20.3
[INFO] [stderr]    Compiling serde_with_macros v2.3.3
[INFO] [stderr]    Compiling spki v0.6.0
[INFO] [stderr]    Compiling spki v0.7.3
[INFO] [stderr]    Compiling pkcs8 v0.9.0
[INFO] [stderr]    Compiling pkcs8 v0.10.2
[INFO] [stderr]    Compiling pkcs1 v0.4.1
[INFO] [stderr]    Compiling serde_with v2.3.3
[INFO] [stderr]    Compiling bincode v1.3.3
[INFO] [stderr]    Compiling serde_bytes v0.11.14
[INFO] [stderr]    Compiling crypto-common v0.1.6
[INFO] [stderr]    Compiling block-buffer v0.10.4
[INFO] [stderr]    Compiling block-padding v0.3.3
[INFO] [stderr]    Compiling digest v0.9.0
[INFO] [stderr]    Compiling sec1 v0.7.3
[INFO] [stderr]    Compiling crypto-bigint v0.5.5
[INFO] [stderr]    Compiling block-buffer v0.9.0
[INFO] [stderr]    Compiling inout v0.1.3
[INFO] [stderr]    Compiling universal-hash v0.5.1
[INFO] [stderr]    Compiling aead v0.5.2
[INFO] [stderr]    Compiling curve25519-dalek-ng v4.1.1
[INFO] [stderr]    Compiling sha2 v0.9.9
[INFO] [stderr]    Compiling digest v0.10.7
[INFO] [stderr]    Compiling sha3 v0.9.1
[INFO] [stderr]    Compiling cipher v0.4.4
[INFO] [stderr]    Compiling polyval v0.6.1
[INFO] [stderr]    Compiling ghash v0.5.0
[INFO] [stderr]    Compiling hmac v0.12.1
[INFO] [stderr]    Compiling ark-serialize v0.4.2
[INFO] [stderr]    Compiling signature v2.2.0
[INFO] [stderr]    Compiling sha2 v0.10.8
[INFO] [stderr]    Compiling ctr v0.9.2
[INFO] [stderr]    Compiling aes v0.8.3
[INFO] [stderr]    Compiling cbc v0.1.2
[INFO] [stderr]    Compiling blake2 v0.10.6
[INFO] [stderr]    Compiling rfc6979 v0.4.0
[INFO] [stderr]    Compiling hkdf v0.12.4
[INFO] [stderr]    Compiling sha3 v0.10.8
[INFO] [stderr]    Compiling ark-ff v0.4.2
[INFO] [stderr]    Compiling rsa v0.8.2
[INFO] [stderr]    Compiling aes-gcm v0.10.3
[INFO] [stderr]    Compiling ed25519-consensus v2.1.0
[INFO] [stderr]    Compiling bulletproofs v4.0.0
[INFO] [stderr]    Compiling elliptic-curve v0.13.8
[INFO] [stderr]    Compiling ecdsa v0.16.9
[INFO] [stderr]    Compiling primeorder v0.13.6
[INFO] [stderr]    Compiling p256 v0.13.2
[INFO] [stderr]    Compiling ark-poly v0.4.2
[INFO] [stderr]    Compiling ark-ec v0.4.2
[INFO] [stderr]    Compiling ark-secp256r1 v0.4.0
[INFO] [stderr]    Compiling fastcrypto v0.1.7 (/opt/rustwide/workdir)
[INFO] [stderr]     Finished dev [unoptimized + debuginfo] target(s) in 24.30s
[INFO] running `Command { std: "docker" "inspect" "9aa8cc8e3d691e4e6b44212d9998df61e9b6b9daf06e09dba286e555e2059611", kill_on_drop: false }`
[INFO] running `Command { std: "docker" "rm" "-f" "9aa8cc8e3d691e4e6b44212d9998df61e9b6b9daf06e09dba286e555e2059611", kill_on_drop: false }`
[INFO] [stdout] 9aa8cc8e3d691e4e6b44212d9998df61e9b6b9daf06e09dba286e555e2059611
[INFO] running `Command { std: "docker" "create" "-v" "/var/lib/crater-agent-workspace/builds/worker-6-tc2/target:/opt/rustwide/target:rw,Z" "-v" "/var/lib/crater-agent-workspace/builds/worker-6-tc2/source:/opt/rustwide/workdir:ro,Z" "-v" "/var/lib/crater-agent-workspace/cargo-home:/opt/rustwide/cargo-home:ro,Z" "-v" "/var/lib/crater-agent-workspace/rustup-home:/opt/rustwide/rustup-home:ro,Z" "-e" "SOURCE_DIR=/opt/rustwide/workdir" "-e" "CARGO_TARGET_DIR=/opt/rustwide/target" "-e" "CARGO_INCREMENTAL=0" "-e" "RUST_BACKTRACE=full" "-e" "RUSTFLAGS=--cap-lints=warn" "-e" "RUSTDOCFLAGS=--cap-lints=warn" "-e" "CARGO_HOME=/opt/rustwide/cargo-home" "-e" "RUSTUP_HOME=/opt/rustwide/rustup-home" "-w" "/opt/rustwide/workdir" "-m" "1610612736" "--user" "0:0" "--network" "none" "ghcr.io/rust-lang/crates-build-env/linux@sha256:2788e3201cd34a07e3172128adcd8b3090168a8e3bcc40d7c032b9dda1df7d1c" "/opt/rustwide/cargo-home/bin/cargo" "+beta-2023-12-22" "test" "--frozen" "--no-run" "--message-format=json", kill_on_drop: false }`
[INFO] [stdout] 4027e1db50a3430d67b1690652edbd24b255a96a67e19473216bbd4186ae2e9a
[INFO] running `Command { std: "docker" "start" "-a" "4027e1db50a3430d67b1690652edbd24b255a96a67e19473216bbd4186ae2e9a", kill_on_drop: false }`
[INFO] [stderr]    Compiling num-traits v0.2.17
[INFO] [stderr]    Compiling num-integer v0.1.45
[INFO] [stderr]    Compiling num-bigint v0.4.4
[INFO] [stderr]    Compiling either v1.9.0
[INFO] [stderr]    Compiling fnv v1.0.7
[INFO] [stderr]    Compiling num-iter v0.1.43
[INFO] [stderr]    Compiling crossbeam-utils v0.8.18
[INFO] [stderr]    Compiling rustix v0.38.28
[INFO] [stderr]    Compiling crypto-bigint v0.4.9
[INFO] [stderr]    Compiling ff v0.12.1
[INFO] [stderr]    Compiling indexmap v1.9.3
[INFO] [stderr]    Compiling num-rational v0.4.1
[INFO] [stderr]    Compiling rayon-core v1.12.0
[INFO] [stderr]    Compiling base16ct v0.1.1
[INFO] [stderr]    Compiling darling_core v0.20.3
[INFO] [stderr]    Compiling bitflags v2.4.1
[INFO] [stderr]    Compiling itertools v0.10.5
[INFO] [stderr]    Compiling linux-raw-sys v0.4.12
[INFO] [stderr]    Compiling sec1 v0.3.0
[INFO] [stderr]    Compiling group v0.12.1
[INFO] [stderr]    Compiling fastrand v2.0.1
[INFO] [stderr]    Compiling half v1.8.2
[INFO] [stderr]    Compiling plotters-backend v0.3.5
[INFO] [stderr]    Compiling ciborium-io v0.2.1
[INFO] [stderr]    Compiling os_str_bytes v6.6.1
[INFO] [stderr]    Compiling regex-automata v0.4.3
[INFO] [stderr]    Compiling signature v1.6.4
[INFO] [stderr]    Compiling ciborium-ll v0.2.1
[INFO] [stderr]    Compiling wait-timeout v0.2.0
[INFO] [stderr]    Compiling plotters-svg v0.3.5
[INFO] [stderr]    Compiling clap_lex v0.2.4
[INFO] [stderr]    Compiling bit-vec v0.6.3
[INFO] [stderr]    Compiling textwrap v0.16.0
[INFO] [stderr]    Compiling bitflags v1.3.2
[INFO] [stderr]    Compiling same-file v1.0.6
[INFO] [stderr]    Compiling elliptic-curve v0.12.3
[INFO] [stderr]    Compiling crossbeam-epoch v0.9.17
[INFO] [stderr]    Compiling rfc6979 v0.3.1
[INFO] [stderr]    Compiling cast v0.3.0
[INFO] [stderr]    Compiling quick-error v1.2.3
[INFO] [stderr]    Compiling clap v3.2.25
[INFO] [stderr]    Compiling walkdir v2.4.0
[INFO] [stderr]    Compiling bit-set v0.5.3
[INFO] [stderr]    Compiling ciborium v0.2.1
[INFO] [stderr]    Compiling tinytemplate v1.2.1
[INFO] [stderr]    Compiling rand_xorshift v0.3.0
[INFO] [stderr]    Compiling ecdsa v0.14.8
[INFO] [stderr]    Compiling crossbeam-deque v0.8.4
[INFO] [stderr]    Compiling atty v0.2.14
[INFO] [stderr]    Compiling cfg-if v0.1.10
[INFO] [stderr]    Compiling oorandom v11.1.3
[INFO] [stderr]    Compiling anes v0.1.6
[INFO] [stderr]    Compiling unarray v0.1.4
[INFO] [stderr]    Compiling wycheproof v0.5.1
[INFO] [stderr]    Compiling radix64 v0.6.2
[INFO] [stderr]    Compiling bcs v0.1.6
[INFO] [stderr]    Compiling k256 v0.11.6
[INFO] [stderr]    Compiling serde-reflection v0.3.6
[INFO] [stderr]    Compiling faster-hex v0.6.1
[INFO] [stderr]    Compiling ark-std v0.4.0
[INFO] [stderr]    Compiling num-complex v0.4.4
[INFO] [stderr]    Compiling rayon v1.8.0
[INFO] [stderr]    Compiling criterion-plot v0.5.0
[INFO] [stderr]    Compiling plotters v0.3.5
[INFO] [stderr]    Compiling base58 v0.2.0
[INFO] [stderr]    Compiling ark-ff-macros v0.4.2
[INFO] [stderr]    Compiling num-bigint-dig v0.8.4
[INFO] [stderr]    Compiling hex-literal v0.3.4
[INFO] [stderr]    Compiling rustc-hex v2.1.0
[INFO] [stderr]    Compiling regex v1.10.2
[INFO] [stderr]    Compiling tempfile v3.9.0
[INFO] [stderr]    Compiling rusty-fork v0.3.0
[INFO] [stderr]    Compiling darling_macro v0.20.3
[INFO] [stderr]    Compiling proptest v1.4.0
[INFO] [stderr]    Compiling ark-serialize v0.4.2
[INFO] [stderr]    Compiling rsa v0.8.2
[INFO] [stderr]    Compiling ark-ff v0.4.2
[INFO] [stderr]    Compiling darling v0.20.3
[INFO] [stderr]    Compiling serde_with_macros v2.3.3
[INFO] [stderr]    Compiling num v0.4.1
[INFO] [stderr]    Compiling rust-base58 v0.0.4
[INFO] [stderr]    Compiling criterion v0.4.0
[INFO] [stderr]    Compiling serde_with v2.3.3
[INFO] [stderr]    Compiling ark-poly v0.4.2
[INFO] [stderr]    Compiling ark-ec v0.4.2
[INFO] [stderr]    Compiling ark-secp256r1 v0.4.0
[INFO] [stderr]    Compiling fastcrypto v0.1.7 (/opt/rustwide/workdir)
[INFO] [stderr]     Finished test [unoptimized + debuginfo] target(s) in 20.50s
[INFO] running `Command { std: "docker" "inspect" "4027e1db50a3430d67b1690652edbd24b255a96a67e19473216bbd4186ae2e9a", kill_on_drop: false }`
[INFO] running `Command { std: "docker" "rm" "-f" "4027e1db50a3430d67b1690652edbd24b255a96a67e19473216bbd4186ae2e9a", kill_on_drop: false }`
[INFO] [stdout] 4027e1db50a3430d67b1690652edbd24b255a96a67e19473216bbd4186ae2e9a
[INFO] running `Command { std: "docker" "create" "-v" "/var/lib/crater-agent-workspace/builds/worker-6-tc2/target:/opt/rustwide/target:rw,Z" "-v" "/var/lib/crater-agent-workspace/builds/worker-6-tc2/source:/opt/rustwide/workdir:ro,Z" "-v" "/var/lib/crater-agent-workspace/cargo-home:/opt/rustwide/cargo-home:ro,Z" "-v" "/var/lib/crater-agent-workspace/rustup-home:/opt/rustwide/rustup-home:ro,Z" "-e" "SOURCE_DIR=/opt/rustwide/workdir" "-e" "CARGO_TARGET_DIR=/opt/rustwide/target" "-e" "CARGO_INCREMENTAL=0" "-e" "RUST_BACKTRACE=full" "-e" "RUSTFLAGS=--cap-lints=warn" "-e" "RUSTDOCFLAGS=--cap-lints=warn" "-e" "CARGO_HOME=/opt/rustwide/cargo-home" "-e" "RUSTUP_HOME=/opt/rustwide/rustup-home" "-w" "/opt/rustwide/workdir" "-m" "1610612736" "--user" "0:0" "--network" "none" "ghcr.io/rust-lang/crates-build-env/linux@sha256:2788e3201cd34a07e3172128adcd8b3090168a8e3bcc40d7c032b9dda1df7d1c" "/opt/rustwide/cargo-home/bin/cargo" "+beta-2023-12-22" "test" "--frozen", kill_on_drop: false }`
[INFO] [stdout] 311911dce6bd137900556c730148fc45efe0be6555e819942bcf2490481d30a8
[INFO] running `Command { std: "docker" "start" "-a" "311911dce6bd137900556c730148fc45efe0be6555e819942bcf2490481d30a8", kill_on_drop: false }`
[INFO] [stderr]     Finished test [unoptimized + debuginfo] target(s) in 0.20s
[INFO] [stderr]      Running unittests src/lib.rs (/opt/rustwide/target/debug/deps/fastcrypto-916bd035070c7e4d)
[INFO] [stdout] 
[INFO] [stdout] running 303 tests
[INFO] [stdout] test aes_tests::serialize_deserialize_iv ... ok
[INFO] [stdout] test aes_tests::serialize_deserialize_key ... ok
[INFO] [stdout] test aes_tests::test_aes128ctr_encrypt_and_decrypt ... ok
[INFO] [stdout] test aes_tests::test_aes128cbc_encrypt_and_decrypt ... ok
[INFO] [stdout] test aes_tests::test_aes256cbc_encrypt_and_decrypt ... ok
[INFO] [stdout] test aes_tests::test_aes192ctr_encrypt_and_decrypt ... ok
[INFO] [stdout] test aes_tests::test_aes256gcm_encrypt_and_decrypt ... ok
[INFO] [stdout] test aes_tests::test_aes128gcm_encrypt_and_decrypt ... ok
[INFO] [stdout] test aes_tests::test_sk_zeroization_on_drop ... ok
[INFO] [stdout] test aes_tests::test_aes256ctr_encrypt_and_decrypt ... ok
[INFO] [stdout] test bls12381_group_tests::test_g1_arithmetic ... ok
[INFO] [stdout] test bls12381_group_tests::test_g2_arithmetic ... ok
[INFO] [stdout] test bls12381_group_tests::test_scalar_arithmetic ... ok
[INFO] [stdout] test bls12381_tests::min_pk::dont_display_secrets ... ok
[INFO] [stdout] test bls12381_group_tests::test_gt_arithmetic ... ok
[INFO] [stdout] test bls12381_tests::min_pk::fmt_public_key ... ok
[INFO] [stdout] test bls12381_tests::min_pk::import_export_public_key ... ok
[INFO] [stdout] test bls12381_tests::min_pk::import_export_secret_key ... ok
[INFO] [stdout] test bls12381_tests::min_pk::fmt_signature ... ok
[INFO] [stdout] test bls12381_tests::min_pk::hash_signature ... ok
[INFO] [stdout] test bls12381_tests::min_pk::regression_test ... ok
[INFO] [stdout] test bls12381_tests::min_pk::public_key_ordering ... ok
[INFO] [stdout] test bls12381_group_tests::test_serde_and_regression ... ok
[INFO] [stdout] test bls12381_tests::min_pk::batch_verify_missing_parameters_length_mismatch ... ok
[INFO] [stdout] test bls12381_group_tests::test_pairing_and_hash_to_curve ... ok
[INFO] [stdout] test bls12381_group_tests::test_consistent_bls12381_serialization ... ok
[INFO] [stdout] test bls12381_tests::min_pk::test_hkdf_generate_from_ikm ... ok
[INFO] [stdout] test bls12381_tests::min_pk::batch_verify_aggregate_signature ... ok
[INFO] [stdout] test bls12381_tests::min_pk::batch_verify_missing_keys_in_batch ... ok
[INFO] [stdout] test bls12381_tests::min_pk::test_human_readable_signatures ... ok
[INFO] [stdout] test bls12381_tests::min_pk::test_serialize_deserialize_aggregate_signatures ... ok
[INFO] [stdout] test bls12381_tests::min_pk::test_pk_verify ... ok
[INFO] [stdout] test bls12381_tests::min_pk::test_add_signatures_to_aggregate_different_messages ... ok
[INFO] [stdout] test bls12381_group_tests::test_g1_msm ... ok
[INFO] [stdout] test bls12381_tests::min_pk::to_from_bytes_signature ... ok
[INFO] [stdout] test bls12381_tests::min_pk::test_verify_drand_signature ... ok
[INFO] [stdout] test bls12381_tests::min_pk::test_sk_zeroization_on_drop ... ok
[INFO] [stdout] test bls12381_tests::min_pk::test_basic_deser_privatekey ... ok
[INFO] [stdout] test bls12381_tests::min_pk::test_serialize_deserialize_standard_sig ... ok
[INFO] [stdout] test bls12381_tests::min_pk::verify_empty_batch ... ok
[INFO] [stdout] test bls12381_tests::min_pk::test_verify_with_default_values ... ok
[INFO] [stdout] test bls12381_tests::min_pk::verify_invalid_batch ... ok
[INFO] [stdout] test bls12381_tests::min_pk::verify_batch_missing_public_keys ... ok
[INFO] [stdout] test bls12381_tests::min_pk::test_add_signatures_to_aggregate ... ok
[INFO] [stdout] test bls12381_tests::min_pk::test_basic_deser_signature ... ok
[INFO] [stdout] test bls12381_tests::min_pk::verify_valid_batch ... ok
[INFO] [stdout] test bls12381_tests::min_pk::verify_valid_batch_different_msg ... ok
[INFO] [stdout] test bls12381_tests::min_pk::verify_invalid_batch_different_msg ... ok
[INFO] [stdout] test aes_tests::wycheproof_test ... ok
[INFO] [stdout] test bls12381_tests::min_sig::batch_verify_missing_parameters_length_mismatch ... ok
[INFO] [stdout] test bls12381_tests::min_sig::hash_signature ... ok
[INFO] [stdout] test bls12381_tests::min_sig::fmt_public_key ... ok
[INFO] [stdout] test bls12381_tests::min_sig::fmt_signature ... ok
[INFO] [stdout] test bls12381_tests::min_sig::import_export_secret_key ... ok
[INFO] [stdout] test bls12381_tests::min_sig::dont_display_secrets ... ok
[INFO] [stdout] test bls12381_tests::min_sig::import_export_public_key ... ok
[INFO] [stdout] test bls12381_tests::min_sig::regression_test ... ok
[INFO] [stdout] test bls12381_group_tests::test_g2_msm ... ok
[INFO] [stdout] test bls12381_tests::min_sig::batch_verify_aggregate_signature ... ok
[INFO] [stdout] test bls12381_tests::min_sig::public_key_ordering ... ok
[INFO] [stdout] test bls12381_tests::min_sig::test_hkdf_generate_from_ikm ... ok
[INFO] [stdout] test bls12381_tests::min_pk::test_basic_deser_publickey ... ok
[INFO] [stdout] test bls12381_tests::min_sig::test_human_readable_signatures ... ok
[INFO] [stdout] test bls12381_tests::min_sig::batch_verify_missing_keys_in_batch ... ok
[INFO] [stdout] test bls12381_tests::min_sig::test_serialize_deserialize_aggregate_signatures ... ok
[INFO] [stdout] test bls12381_tests::min_sig::test_pk_verify ... ok
[INFO] [stdout] test bls12381_tests::min_sig::test_serialize_deserialize_standard_sig ... ok
[INFO] [stdout] test bls12381_tests::min_sig::test_add_signatures_to_aggregate_different_messages ... ok
[INFO] [stdout] test bls12381_tests::min_sig::test_sk_zeroization_on_drop ... ok
[INFO] [stdout] test bls12381_tests::min_sig::to_from_bytes_signature ... ok
[INFO] [stdout] test bls12381_tests::min_sig::test_basic_deser_privatekey ... ok
[INFO] [stdout] test bls12381_tests::min_sig::verify_batch_missing_public_keys ... ok
[INFO] [stdout] test bls12381_tests::min_sig::test_verify_with_default_values ... ok
[INFO] [stdout] test bls12381_tests::min_sig::test_basic_deser_signature ... ok
[INFO] [stdout] test bls12381_tests::min_sig::test_add_signatures_to_aggregate ... ok
[INFO] [stdout] test bls12381_tests::min_sig::verify_invalid_batch ... ok
[INFO] [stdout] test bls12381_tests::min_sig::verify_empty_batch ... ok
[INFO] [stdout] test bls12381_tests::min_sig::verify_valid_batch ... ok
[INFO] [stdout] test bls12381_tests::min_sig::verify_invalid_batch_different_msg ... ok
[INFO] [stdout] test bulletproofs_tests::test_handle_prove_invalid_upper_bound ... ok
[INFO] [stdout] test bulletproofs_tests::test_binding_commitment ... ok
[INFO] [stdout] test bulletproofs_tests::test_pedersen_serde ... ok
[INFO] [stdout] test bulletproofs_tests::test_commit_and_open ... ok
[INFO] [stdout] test bls12381_tests::min_sig::verify_valid_batch_different_msg ... ok
[INFO] [stdout] test bulletproofs_tests::test_pedersen_to_from_bytes ... ok
[INFO] [stdout] test bls12381_tests::min_sig::test_basic_deser_publickey ... ok
[INFO] [stdout] test ed25519_tests::dont_display_secrets ... ok
[INFO] [stdout] test ed25519_tests::ed25519_speccheck ... ok
[INFO] [stdout] test ed25519_tests::debug_public_key ... ok
[INFO] [stdout] test ed25519_tests::fmt_aggregate_signature ... ok
[INFO] [stdout] test ed25519_tests::fmt_public_key ... ok
[INFO] [stdout] test ed25519_tests::fmt_signature ... ok
[INFO] [stdout] test ed25519_tests::hash_public_key ... ok
[INFO] [stdout] test ed25519_tests::import_export_public_key ... ok
[INFO] [stdout] test ed25519_tests::import_export_secret_key ... ok
[INFO] [stdout] test ed25519_tests::key_pair_from_string_roundtrip ... ok
[INFO] [stdout] test ed25519_tests::keypair_from_signing_key ... ok
[INFO] [stdout] test ed25519_tests::public_key_ordering ... ok
[INFO] [stdout] test ed25519_tests::serialize_deserialize ... ok
[INFO] [stdout] test ed25519_tests::signature_service ... ok
[INFO] [stdout] test ed25519_tests::test_add_signatures_to_aggregate ... ok
[INFO] [stdout] test ed25519_tests::test_default_values ... ok
[INFO] [stdout] test ed25519_tests::test_hkdf_generate_from_ikm ... ok
[INFO] [stdout] test ed25519_tests::test_add_signatures_to_aggregate_different_messages ... ok
[INFO] [stdout] test ed25519_tests::test_serde_signatures_human_readable ... ok
[INFO] [stdout] test ed25519_tests::test_serialization_vs_test_vector ... ok
[INFO] [stdout] test ed25519_tests::test_serialize_deserialize_aggregate_signatures ... ok
[INFO] [stdout] test ed25519_tests::test_sk_zeroization_on_drop ... ok
[INFO] [stdout] test bls12381_tests::min_pk::test_keypair_roundtrip ... ok
[INFO] [stdout] test ed25519_tests::test_to_from_bytes_aggregate_signatures ... ok
[INFO] [stdout] test ed25519_tests::to_from_bytes_signature ... ok
[INFO] [stdout] test ed25519_tests::verify_batch_aggregate_signature ... ok
[INFO] [stdout] test ed25519_tests::verify_batch_missing_keys_in_batch ... ok
[INFO] [stdout] test ed25519_tests::verify_batch_missing_public_keys ... ok
[INFO] [stdout] test ed25519_tests::verify_empty_batch ... ok
[INFO] [stdout] test ed25519_tests::verify_batch_missing_parameters_length_mismatch ... ok
[INFO] [stdout] test ed25519_tests::verify_invalid_aggregate_signature_length_mismatch ... ok
[INFO] [stdout] test ed25519_tests::verify_invalid_aggregate_signature_public_key_switch ... ok
[INFO] [stdout] test ed25519_tests::verify_invalid_batch_different_msg ... ok
[INFO] [stdout] test ed25519_tests::verify_invalid_signature ... ok
[INFO] [stdout] test ed25519_tests::verify_invalid_batch ... ok
[INFO] [stdout] test ed25519_tests::verify_valid_aggregate_signaature ... ok
[INFO] [stdout] test ed25519_tests::verify_valid_batch ... ok
[INFO] [stdout] test ed25519_tests::verify_valid_signature ... ok
[INFO] [stdout] test ed25519_tests::verify_valid_batch_different_msg ... ok
[INFO] [stdout] test encoding_tests::roundtrip_base58 ... ok
[INFO] [stdout] test encoding_tests::roundtrip_base64 ... ok
[INFO] [stdout] test bls12381_tests::min_sig::test_keypair_roundtrip ... ok
[INFO] [stdout] test bulletproofs_tests::test_handle_verify_invalid_upper_bound ... ok
[INFO] [stdout] test encoding_tests::test_base58_array_serialize_as ... ok
[INFO] [stdout] test encoding_tests::test_base64_array_serialize_as ... ok
[INFO] [stdout] test bulletproofs_tests::test_range_proof_invalid ... ok
[INFO] [stdout] test encoding_tests::test_base64_err ... ok
[INFO] [stdout] test encoding_tests::test_hex_decode_err ... ok
[INFO] [stdout] test encoding_tests::test_hex_array_serialize_as ... ok
[INFO] [stdout] test encoding_tests::test_hex_roundtrip ... ok
[INFO] [stdout] test encoding_tests::test_hex_encode_format ... ok
[INFO] [stdout] test encoding_tests::test_rfc4648_base64 ... ok
[INFO] [stdout] test encoding_tests::test_serde ... ok
[INFO] [stdout] test encoding_tests::test_vectors_ietf_base58 ... ok
[INFO] [stdout] test groups::multiplier::integer_utils::tests::test_base_2w_expansion ... ok
[INFO] [stdout] test groups::multiplier::integer_utils::tests::test_is_power_of_two ... ok
[INFO] [stdout] test groups::multiplier::integer_utils::tests::test_lendian_from_substring ... ok
[INFO] [stdout] test groups::multiplier::integer_utils::tests::test_bits_form_bytes ... ok
[INFO] [stdout] test groups::multiplier::windowed::tests::test_double_mul_ristretto ... ok
[INFO] [stdout] test encoding_tests::roundtrip_hex ... ok
[INFO] [stdout] test hash_tests::test_accumulator ... ok
[INFO] [stdout] test hash_tests::test_accumulator_debug ... ok
[INFO] [stdout] test hash_tests::test_blake2b_256 ... ok
[INFO] [stdout] test hash_tests::test_blake3 ... ok
[INFO] [stdout] test hash_tests::test_digest_as_array ... ok
[INFO] [stdout] test hash_tests::test_digest_debug ... ok
[INFO] [stdout] test encoding_tests::test_base58_err ... ok
[INFO] [stdout] test hash_tests::test_digest_iterator ... ok
[INFO] [stdout] test hash_tests::test_keccak_256 ... ok
[INFO] [stdout] test hash_tests::test_hash_function_write_trait ... ok
[INFO] [stdout] test hash_tests::test_sha256 ... ok
[INFO] [stdout] test hash_tests::test_sha3_256 ... ok
[INFO] [stdout] test hash_tests::test_sha3_512 ... ok
[INFO] [stdout] test hash_tests::test_sha512 ... ok
[INFO] [stdout] test groups::multiplier::windowed::tests::test_scalar_multiplication_ristretto ... ok
[INFO] [stdout] test hash_tests::test_new_update_finalize ... ok
[INFO] [stdout] test bulletproofs_tests::test_range_proof_valid ... ok
[INFO] [stdout] test ed25519_tests::wycheproof_test ... ok
[INFO] [stdout] test hmac_tests::test_hmac_regression ... ok
[INFO] [stdout] test hmac_tests::test_sanity_hmac_key ... ok
[INFO] [stdout] test hmac_tests::test_regression_of_hkdf ... ok
[INFO] [stdout] test hmac_tests::test_sanity_seed_generation ... ok
[INFO] [stdout] test ristretto255_tests::test_arithmetic ... ok
[INFO] [stdout] test ristretto255_tests::test_compress_decompress ... ok
[INFO] [stdout] test ristretto255_tests::test_multiscalar_mul ... ok
[INFO] [stdout] test ristretto255_tests::test_serialize_deserialize_element ... ok
[INFO] [stdout] test hmac_tests::test_sanity_hkdf ... ok
[INFO] [stdout] test ristretto255_tests::test_vectors ... ok
[INFO] [stdout] test ed25519_tests::test_keypair_roundtrip ... ok
[INFO] [stdout] test secp256k1_recoverable_tests::fmt_signature ... ok
[INFO] [stdout] test secp256k1_recoverable_tests::hash_signature ... ok
[INFO] [stdout] test secp256k1_recoverable_tests::import_export_public_key ... ok
[INFO] [stdout] test secp256k1_recoverable_tests::import_export_secret_key ... ok
[INFO] [stdout] test secp256k1_recoverable_tests::serialize_deserialize ... ok
[INFO] [stdout] test secp256k1_recoverable_tests::signature_service ... ok
[INFO] [stdout] test secp256k1_recoverable_tests::test_invalid_nonrecoverable_conversion ... ok
[INFO] [stdout] test secp256k1_recoverable_tests::fail_to_verify_if_upper_s ... ok
[INFO] [stdout] test hmac_tests::test_regression_of_salt_padding ... ok
[INFO] [stdout] test secp256k1_recoverable_tests::test_public_key_recovery ... ok
[INFO] [stdout] test secp256k1_recoverable_tests::test_public_key_recovery_error ... ok
[INFO] [stdout] test hmac_tests::hmac_wycheproof_test ... ok
[INFO] [stdout] test secp256k1_recoverable_tests::test_recoverable_nonrecoverable_conversion ... ok
[INFO] [stdout] test secp256k1_recoverable_tests::to_from_bytes_signature ... ok
[INFO] [stdout] test secp256k1_recoverable_tests::verify_hashed_failed_if_different_hash_function ... ok
[INFO] [stdout] test secp256k1_recoverable_tests::test_sk_zeroization_on_drop ... ok
[INFO] [stdout] test secp256k1_recoverable_tests::verify_invalid_batch_different_msg ... ok
[INFO] [stdout] test secp256k1_recoverable_tests::test_recoverable_id_gt_1 ... ok
[INFO] [stdout] test secp256k1_recoverable_tests::verify_valid_signature_with_default_hash ... ok
[INFO] [stdout] test groups::multiplier::windowed::tests::test_scalar_multiplication_secp256r1 ... ok
[INFO] [stdout] test secp256k1_recoverable_tests::verify_valid_batch_different_msg ... ok
[INFO] [stdout] test secp256k1_tests::bytes_representation ... ok
[INFO] [stdout] test secp256k1_tests::fail_to_verify_if_upper_s ... ok
[INFO] [stdout] test secp256k1_tests::dont_display_secrets ... ok
[INFO] [stdout] test secp256k1_tests::fmt_public_key ... ok
[INFO] [stdout] test secp256k1_tests::fmt_signature ... ok
[INFO] [stdout] test secp256k1_tests::hash_public_key ... ok
[INFO] [stdout] test secp256k1_tests::import_export_public_key ... ok
[INFO] [stdout] test secp256k1_recoverable_tests::verify_invalid_signature ... ok
[INFO] [stdout] test secp256k1_tests::hash_signature ... ok
[INFO] [stdout] test secp256k1_tests::import_export_secret_key ... ok
[INFO] [stdout] test secp256k1_tests::key_pair_from_string_roundtrip ... ok
[INFO] [stdout] test secp256k1_tests::non_canonical_secret_key ... ok
[INFO] [stdout] test secp256k1_tests::private_key_from_bytes ... ok
[INFO] [stdout] test secp256k1_tests::public_key_from_bytes ... ok
[INFO] [stdout] test rsa::test::jwt_test ... ok
[INFO] [stdout] test secp256k1_tests::signature_service ... ok
[INFO] [stdout] test secp256k1_tests::test_sk_zeroization_on_drop ... ok
[INFO] [stdout] test secp256k1_tests::serialize_deserialize ... ok
[INFO] [stdout] test secp256k1_tests::to_from_bytes_signature ... ok
[INFO] [stdout] test secp256k1_tests::public_key_ordering ... ok
[INFO] [stdout] test secp256k1_tests::verify_empty_batch ... ok
[INFO] [stdout] test secp256k1_tests::verify_batch_missing_public_keys ... ok
[INFO] [stdout] test secp256k1_tests::verify_invalid_batch ... ok
[INFO] [stdout] test secp256k1_tests::verify_invalid_batch_different_msg ... ok
[INFO] [stdout] test secp256k1_tests::verify_invalid_signature ... ok
[INFO] [stdout] test secp256k1_tests::verify_hashed_failed_if_different_hash ... ok
[INFO] [stdout] test secp256k1_tests::verify_valid_batch ... ok
[INFO] [stdout] test secp256k1_tests::verify_valid_signature ... ok
[INFO] [stdout] test secp256k1_tests::verify_valid_batch_different_msg ... ok
[INFO] [stdout] test secp256r1::conversion::tests::test_arkworks_fq_to_fr ... ok
[INFO] [stdout] test secp256k1_tests::verify_valid_signature_default_hash ... ok
[INFO] [stdout] test secp256r1::conversion::tests::test_fr_p256_to_arkworks ... ok
[INFO] [stdout] test secp256r1::conversion::tests::test_fq_arkworks_to_p256 ... ok
[INFO] [stdout] test secp256r1::conversion::tests::test_pt_arkworks_to_p256 ... ok
[INFO] [stdout] test secp256r1::conversion::tests::test_pt_p256_to_arkworks ... ok
[INFO] [stdout] test secp256r1_group_tests::test_to_from_byte_array ... ok
[INFO] [stdout] test secp256r1_group_tests::test_arithmetic ... ok
[INFO] [stdout] test secp256r1_recoverable_tests::fail_to_verify_if_upper_s ... ok
[INFO] [stdout] test secp256r1_recoverable_tests::fail_on_r_or_s_zero ... ok
[INFO] [stdout] test secp256k1_recoverable_tests::test_keypair_roundtrip ... ok
[INFO] [stdout] test secp256r1_recoverable_tests::fmt_signature ... ok
[INFO] [stdout] test secp256r1_recoverable_tests::hash_signature ... ok
[INFO] [stdout] test secp256r1_recoverable_tests::import_export_public_key ... ok
[INFO] [stdout] test secp256k1_tests::wycheproof_test ... ok
[INFO] [stdout] test secp256r1_recoverable_tests::serialize_deserialize ... ok
[INFO] [stdout] test secp256r1_recoverable_tests::import_export_secret_key ... ok
[INFO] [stdout] test secp256r1_recoverable_tests::signature_service ... ok
[INFO] [stdout] test secp256r1_recoverable_tests::test_public_key_recovery_error ... ok
[INFO] [stdout] test secp256k1_tests::test_keypair_roundtrip ... ok
[INFO] [stdout] test secp256r1_recoverable_tests::test_invalid_nonrecoverable_conversion ... ok
[INFO] [stdout] test secp256r1_recoverable_tests::test_public_key_recovery ... ok
[INFO] [stdout] test secp256r1_recoverable_tests::test_sk_zeroization_on_drop ... ok
[INFO] [stdout] test secp256r1_recoverable_tests::test_recoverable_nonrecoverable_conversion ... ok
[INFO] [stdout] test secp256k1_recoverable_tests::wycheproof_test ... ok
[INFO] [stdout] test secp256r1_recoverable_tests::verify_valid_signature ... ok
[INFO] [stdout] test secp256r1_recoverable_tests::to_from_bytes_signature ... ok
[INFO] [stdout] test secp256r1_recoverable_tests::verify_invalid_signature ... ok
[INFO] [stdout] test secp256r1_recoverable_tests::verify_hashed_failed_if_different_hash_function ... ok
[INFO] [stdout] test secp256r1_tests::fail_to_verify_if_upper_s ... ok
[INFO] [stdout] test secp256r1_tests::fmt_public_key ... ok
[INFO] [stdout] test secp256r1_tests::dont_display_secrets ... ok
[INFO] [stdout] test secp256r1_tests::hash_public_key ... ok
[INFO] [stdout] test secp256r1_tests::fail_on_r_or_s_zero ... ok
[INFO] [stdout] test secp256r1_tests::fmt_signature ... ok
[INFO] [stdout] test secp256r1_tests::hash_signature ... ok
[INFO] [stdout] test secp256r1_tests::key_pair_from_string_roundtrip ... ok
[INFO] [stdout] test secp256r1_tests::import_export_public_key ... ok
[INFO] [stdout] test secp256r1_tests::non_canonical_secret_key ... ok
[INFO] [stdout] test secp256r1_tests::import_export_secret_key ... ok
[INFO] [stdout] test secp256r1_tests::public_key_from_bytes ... ok
[INFO] [stdout] test secp256r1_tests::private_key_from_bytes ... ok
[INFO] [stdout] test secp256r1_tests::public_key_ordering ... ok
[INFO] [stdout] test secp256r1_tests::test_public_key_recovery_error ... ok
[INFO] [stdout] test secp256r1_tests::signature_service ... ok
[INFO] [stdout] test secp256r1_tests::test_sk_zeroization_on_drop ... ok
[INFO] [stdout] test hmac_tests::test_sanity_hmac_message ... ok
[INFO] [stdout] test secp256r1_tests::to_from_bytes_signature ... ok
[INFO] [stdout] test secp256r1_tests::verify_batch_missing_public_keys ... ok
[INFO] [stdout] test bls12381_tests::min_sig::test_basic_verify_signature ... ok
[INFO] [stdout] test secp256r1_tests::verify_hashed_failed_if_different_hash ... ok
[INFO] [stdout] test secp256r1_tests::serialize_deserialize ... ok
[INFO] [stdout] test secp256r1_tests::verify_empty_batch ... ok
[INFO] [stdout] test secp256r1_tests::verify_invalid_batch ... ok
[INFO] [stdout] test secp256r1_tests::verify_invalid_signature ... ok
[INFO] [stdout] test secp256r1_tests::verify_invalid_batch_different_msg ... ok
[INFO] [stdout] test secp256r1_tests::verify_valid_batch_different_msg ... ok
[INFO] [stdout] test secp256r1_tests::verify_valid_batch ... ok
[INFO] [stdout] test signature_service_tests::signature_service ... ok
[INFO] [stdout] test serde_helpers::tests::test_serializations ... ok
[INFO] [stdout] test vrf_tests::test_ecvrf_invalid ... ok
[INFO] [stdout] test vrf_tests::test_ecvrf_verify ... ok
[INFO] [stdout] test utils_tests::test_log2_byte ... ok
[INFO] [stdout] test bls12381_tests::min_pk::test_basic_verify_signature ... ok
[INFO] [stdout] test vrf_tests::test_proof ... ok
[INFO] [stdout] test secp256r1_tests::verify_valid_signature ... ok
[INFO] [stdout] test vrf_tests::test_serialize_deserialize ... ok
[INFO] [stdout] test secp256r1_recoverable_tests::wycheproof_test ... ok
[INFO] [stdout] test secp256r1_tests::wycheproof_test_nonrecoverable ... ok
[INFO] [stdout] test secp256r1_tests::test_keypair_roundtrip ... ok
[INFO] [stdout] test secp256r1_recoverable_tests::test_keypair_roundtrip ... ok
[INFO] [stdout] test bls12381_tests::min_sig::test_signature_aggregation ... ok
[INFO] [stdout] test bls12381_tests::min_pk::test_signature_aggregation ... ok
[INFO] [stdout] test bls12381_tests::min_sig::test_aggregate_verify_distinct_messages_treewise ... ok
[INFO] [stdout] test bulletproofs_tests::proptest_0_to_2_pow_64 ... ok
[INFO] [stdout] test bls12381_tests::min_sig::test_aggregate_verify_distinct_messages ... ok
[INFO] [stdout] test bls12381_tests::min_pk::test_aggregate_verify_distinct_messages ... ok
[INFO] [stdout] test bls12381_tests::min_pk::test_aggregate_verify_distinct_messages_treewise ... ok
[INFO] [stdout] 
[INFO] [stdout] test result: ok. 303 passed; 0 failed; 0 ignored; 0 measured; 0 filtered out; finished in 35.49s
[INFO] [stdout] 
[INFO] [stderr]    Doc-tests fastcrypto
[INFO] [stdout] 
[INFO] [stdout] running 12 tests
[INFO] [stdout] test src/traits.rs - traits::AggregateAuthenticator::batch_verify (line 350) ... FAILED
[INFO] [stdout] test src/traits.rs - traits::AggregateAuthenticator::verify_different_msg (line 324) ... FAILED
[INFO] [stdout] test src/traits.rs - traits::AggregateAuthenticator::verify (line 300) ... FAILED
[INFO] [stdout] test src/secp256r1/recoverable.rs - secp256r1::recoverable (line 10) ... ok
[INFO] [stdout] test src/secp256k1/recoverable.rs - secp256k1::recoverable (line 8) ... ok
[INFO] [stdout] test src/encoding.rs - encoding (line 7) ... ok
[INFO] [stdout] test src/secp256k1/mod.rs - secp256k1 (line 8) ... ok
[INFO] [stdout] test src/ed25519.rs - ed25519 (line 7) ... ok
[INFO] [stdout] test src/secp256r1/mod.rs - secp256r1 (line 9) ... ok
[INFO] [stdout] test src/hash.rs - hash::MultisetHash (line 210) ... ok
[INFO] [stdout] test src/bls12381/mod.rs - bls12381 (line 6) ... ok
[INFO] [stdout] test src/hash.rs - hash (line 7) ... ok
[INFO] [stdout] 
[INFO] [stdout] failures:
[INFO] [stdout] 
[INFO] [stdout] ---- src/traits.rs - traits::AggregateAuthenticator::batch_verify (line 350) stdout ----
[INFO] [stdout] error[E0599]: no function or associated item named `aggregate` found for struct `fastcrypto::ed25519::Ed25519AggregateSignature` in the current scope
[INFO] [stdout]   --> src/traits.rs:359:56
[INFO] [stdout]    |
[INFO] [stdout] 12 | let aggregated_signature1 = Ed25519AggregateSignature::aggregate(vec!(&signature1)).unwrap();
[INFO] [stdout]    |                                                        ^^^^^^^^^ function or associated item not found in `Ed25519AggregateSignature`
[INFO] [stdout] 
[INFO] [stdout] error[E0599]: no function or associated item named `aggregate` found for struct `fastcrypto::ed25519::Ed25519AggregateSignature` in the current scope
[INFO] [stdout]   --> src/traits.rs:363:56
[INFO] [stdout]    |
[INFO] [stdout] 16 | let aggregated_signature2 = Ed25519AggregateSignature::aggregate(vec!(&signature2)).unwrap();
[INFO] [stdout]    |                                                        ^^^^^^^^^ function or associated item not found in `Ed25519AggregateSignature`
[INFO] [stdout] 
[INFO] [stdout] error[E0599]: no function or associated item named `batch_verify` found for struct `fastcrypto::ed25519::Ed25519AggregateSignature` in the current scope
[INFO] [stdout]   --> src/traits.rs:370:36
[INFO] [stdout]    |
[INFO] [stdout] 23 | assert!(Ed25519AggregateSignature::batch_verify(&aggregated_signatures, public_keys, &messages).is_ok());
[INFO] [stdout]    |                                    ^^^^^^^^^^^^ function or associated item not found in `Ed25519AggregateSignature`
[INFO] [stdout] 
[INFO] [stdout] error: aborting due to 3 previous errors
[INFO] [stdout] 
[INFO] [stdout] For more information about this error, try `rustc --explain E0599`.
[INFO] [stdout] Couldn't compile the test.
[INFO] [stdout] ---- src/traits.rs - traits::AggregateAuthenticator::verify_different_msg (line 324) stdout ----
[INFO] [stdout] error[E0599]: no function or associated item named `aggregate` found for struct `fastcrypto::ed25519::Ed25519AggregateSignature` in the current scope
[INFO] [stdout]   --> src/traits.rs:337:55
[INFO] [stdout]    |
[INFO] [stdout] 16 | let aggregated_signature = Ed25519AggregateSignature::aggregate(vec!(&signature1, &signature2)).unwrap();
[INFO] [stdout]    |                                                       ^^^^^^^^^ function or associated item not found in `Ed25519AggregateSignature`
[INFO] [stdout] 
[INFO] [stdout] error: aborting due to 1 previous error
[INFO] [stdout] 
[INFO] [stdout] For more information about this error, try `rustc --explain E0599`.
[INFO] [stdout] Couldn't compile the test.
[INFO] [stdout] ---- src/traits.rs - traits::AggregateAuthenticator::verify (line 300) stdout ----
[INFO] [stdout] error[E0599]: no function or associated item named `aggregate` found for struct `fastcrypto::ed25519::Ed25519AggregateSignature` in the current scope
[INFO] [stdout]   --> src/traits.rs:312:55
[INFO] [stdout]    |
[INFO] [stdout] 15 | let aggregated_signature = Ed25519AggregateSignature::aggregate(vec!(&signature1, &signature2)).unwrap();
[INFO] [stdout]    |                                                       ^^^^^^^^^ function or associated item not found in `Ed25519AggregateSignature`
[INFO] [stdout] 
[INFO] [stdout] error: aborting due to 1 previous error
[INFO] [stdout] 
[INFO] [stdout] For more information about this error, try `rustc --explain E0599`.
[INFO] [stdout] Couldn't compile the test.
[INFO] [stdout] 
[INFO] [stdout] failures:
[INFO] [stdout]     src/traits.rs - traits::AggregateAuthenticator::batch_verify (line 350)
[INFO] [stdout]     src/traits.rs - traits::AggregateAuthenticator::verify (line 300)
[INFO] [stdout]     src/traits.rs - traits::AggregateAuthenticator::verify_different_msg (line 324)
[INFO] [stdout] 
[INFO] [stdout] test result: FAILED. 9 passed; 3 failed; 0 ignored; 0 measured; 0 filtered out; finished in 1.84s
[INFO] [stdout] 
[INFO] [stderr] error: doctest failed, to rerun pass `--doc`
[INFO] running `Command { std: "docker" "inspect" "311911dce6bd137900556c730148fc45efe0be6555e819942bcf2490481d30a8", kill_on_drop: false }`
[INFO] running `Command { std: "docker" "rm" "-f" "311911dce6bd137900556c730148fc45efe0be6555e819942bcf2490481d30a8", kill_on_drop: false }`
[INFO] [stdout] 311911dce6bd137900556c730148fc45efe0be6555e819942bcf2490481d30a8
