[INFO] fetching crate fast-xml 0.23.1...
[INFO] testing fast-xml-0.23.1 against 1.75.0 for beta-1.76-1
[INFO] extracting crate fast-xml 0.23.1 into /workspace/builds/worker-4-tc1/source
[INFO] validating manifest of crates.io crate fast-xml 0.23.1 on toolchain 1.75.0
[INFO] running `Command { std: CARGO_HOME="/workspace/cargo-home" RUSTUP_HOME="/workspace/rustup-home" "/workspace/cargo-home/bin/cargo" "+1.75.0" "metadata" "--manifest-path" "Cargo.toml" "--no-deps", kill_on_drop: false }`
[INFO] started tweaking crates.io crate fast-xml 0.23.1
[INFO] removed 0 missing tests
[INFO] finished tweaking crates.io crate fast-xml 0.23.1
[INFO] tweaked toml for crates.io crate fast-xml 0.23.1 written to /workspace/builds/worker-4-tc1/source/Cargo.toml
[INFO] crate crates.io crate fast-xml 0.23.1 already has a lockfile, it will not be regenerated
[INFO] running `Command { std: CARGO_HOME="/workspace/cargo-home" RUSTUP_HOME="/workspace/rustup-home" "/workspace/cargo-home/bin/cargo" "+1.75.0" "fetch" "--manifest-path" "Cargo.toml", kill_on_drop: false }`
[INFO] [stderr]     Updating crates.io index
[INFO] [stderr]  Downloading crates ...
[INFO] [stderr]   Downloaded rayon v1.5.2
[INFO] [stderr]   Downloaded rayon-core v1.9.2
[INFO] [stderr]   Downloaded document-features v0.2.1
[INFO] running `Command { std: "docker" "create" "-v" "/var/lib/crater-agent-workspace/builds/worker-4-tc1/target:/opt/rustwide/target:rw,Z" "-v" "/var/lib/crater-agent-workspace/builds/worker-4-tc1/source:/opt/rustwide/workdir:ro,Z" "-v" "/var/lib/crater-agent-workspace/cargo-home:/opt/rustwide/cargo-home:ro,Z" "-v" "/var/lib/crater-agent-workspace/rustup-home:/opt/rustwide/rustup-home:ro,Z" "-e" "SOURCE_DIR=/opt/rustwide/workdir" "-e" "CARGO_TARGET_DIR=/opt/rustwide/target" "-e" "CARGO_HOME=/opt/rustwide/cargo-home" "-e" "RUSTUP_HOME=/opt/rustwide/rustup-home" "-w" "/opt/rustwide/workdir" "-m" "1610612736" "--user" "0:0" "--network" "none" "ghcr.io/rust-lang/crates-build-env/linux@sha256:2788e3201cd34a07e3172128adcd8b3090168a8e3bcc40d7c032b9dda1df7d1c" "/opt/rustwide/cargo-home/bin/cargo" "+1.75.0" "metadata" "--no-deps" "--format-version=1", kill_on_drop: false }`
[INFO] [stdout] 3c5f11ae1bc1ffbde7353f1b8149dcc1432a94f37b81cd4b1eda88deff6ebb24
[INFO] running `Command { std: "docker" "start" "-a" "3c5f11ae1bc1ffbde7353f1b8149dcc1432a94f37b81cd4b1eda88deff6ebb24", kill_on_drop: false }`
[INFO] running `Command { std: "docker" "inspect" "3c5f11ae1bc1ffbde7353f1b8149dcc1432a94f37b81cd4b1eda88deff6ebb24", kill_on_drop: false }`
[INFO] running `Command { std: "docker" "rm" "-f" "3c5f11ae1bc1ffbde7353f1b8149dcc1432a94f37b81cd4b1eda88deff6ebb24", kill_on_drop: false }`
[INFO] [stdout] 3c5f11ae1bc1ffbde7353f1b8149dcc1432a94f37b81cd4b1eda88deff6ebb24
[INFO] running `Command { std: "docker" "create" "-v" "/var/lib/crater-agent-workspace/builds/worker-4-tc1/target:/opt/rustwide/target:rw,Z" "-v" "/var/lib/crater-agent-workspace/builds/worker-4-tc1/source:/opt/rustwide/workdir:ro,Z" "-v" "/var/lib/crater-agent-workspace/cargo-home:/opt/rustwide/cargo-home:ro,Z" "-v" "/var/lib/crater-agent-workspace/rustup-home:/opt/rustwide/rustup-home:ro,Z" "-e" "SOURCE_DIR=/opt/rustwide/workdir" "-e" "CARGO_TARGET_DIR=/opt/rustwide/target" "-e" "CARGO_INCREMENTAL=0" "-e" "RUST_BACKTRACE=full" "-e" "RUSTFLAGS=--cap-lints=warn" "-e" "RUSTDOCFLAGS=--cap-lints=warn" "-e" "CARGO_HOME=/opt/rustwide/cargo-home" "-e" "RUSTUP_HOME=/opt/rustwide/rustup-home" "-w" "/opt/rustwide/workdir" "-m" "1610612736" "--user" "0:0" "--network" "none" "ghcr.io/rust-lang/crates-build-env/linux@sha256:2788e3201cd34a07e3172128adcd8b3090168a8e3bcc40d7c032b9dda1df7d1c" "/opt/rustwide/cargo-home/bin/cargo" "+1.75.0" "build" "--frozen" "--message-format=json", kill_on_drop: false }`
[INFO] [stdout] 1a7abd4454cb1b311721c2cbb2ddf2d58d598a26e487b4de389f2584b4c6cef2
[INFO] running `Command { std: "docker" "start" "-a" "1a7abd4454cb1b311721c2cbb2ddf2d58d598a26e487b4de389f2584b4c6cef2", kill_on_drop: false }`
[INFO] [stderr]    Compiling fast-xml v0.23.1 (/opt/rustwide/workdir)
[INFO] [stderr]     Finished dev [unoptimized + debuginfo] target(s) in 0.74s
[INFO] running `Command { std: "docker" "inspect" "1a7abd4454cb1b311721c2cbb2ddf2d58d598a26e487b4de389f2584b4c6cef2", kill_on_drop: false }`
[INFO] running `Command { std: "docker" "rm" "-f" "1a7abd4454cb1b311721c2cbb2ddf2d58d598a26e487b4de389f2584b4c6cef2", kill_on_drop: false }`
[INFO] [stdout] 1a7abd4454cb1b311721c2cbb2ddf2d58d598a26e487b4de389f2584b4c6cef2
[INFO] running `Command { std: "docker" "create" "-v" "/var/lib/crater-agent-workspace/builds/worker-4-tc1/target:/opt/rustwide/target:rw,Z" "-v" "/var/lib/crater-agent-workspace/builds/worker-4-tc1/source:/opt/rustwide/workdir:ro,Z" "-v" "/var/lib/crater-agent-workspace/cargo-home:/opt/rustwide/cargo-home:ro,Z" "-v" "/var/lib/crater-agent-workspace/rustup-home:/opt/rustwide/rustup-home:ro,Z" "-e" "SOURCE_DIR=/opt/rustwide/workdir" "-e" "CARGO_TARGET_DIR=/opt/rustwide/target" "-e" "CARGO_INCREMENTAL=0" "-e" "RUST_BACKTRACE=full" "-e" "RUSTFLAGS=--cap-lints=warn" "-e" "RUSTDOCFLAGS=--cap-lints=warn" "-e" "CARGO_HOME=/opt/rustwide/cargo-home" "-e" "RUSTUP_HOME=/opt/rustwide/rustup-home" "-w" "/opt/rustwide/workdir" "-m" "1610612736" "--user" "0:0" "--network" "none" "ghcr.io/rust-lang/crates-build-env/linux@sha256:2788e3201cd34a07e3172128adcd8b3090168a8e3bcc40d7c032b9dda1df7d1c" "/opt/rustwide/cargo-home/bin/cargo" "+1.75.0" "test" "--frozen" "--no-run" "--message-format=json", kill_on_drop: false }`
[INFO] [stdout] f5fba543a3315a9b0b1812a7bd6581dd11f344e9d56733828fa1093ef37e27fb
[INFO] running `Command { std: "docker" "start" "-a" "f5fba543a3315a9b0b1812a7bd6581dd11f344e9d56733828fa1093ef37e27fb", kill_on_drop: false }`
[INFO] [stderr]    Compiling proc-macro2 v1.0.37
[INFO] [stderr]    Compiling syn v1.0.92
[INFO] [stderr]    Compiling serde_derive v1.0.137
[INFO] [stderr]    Compiling serde v1.0.137
[INFO] [stderr]    Compiling crossbeam-utils v0.8.8
[INFO] [stderr]    Compiling semver v1.0.9
[INFO] [stderr]    Compiling memoffset v0.6.5
[INFO] [stderr]    Compiling libc v0.2.125
[INFO] [stderr]    Compiling num-traits v0.2.14
[INFO] [stderr]    Compiling crossbeam-epoch v0.9.8
[INFO] [stderr]    Compiling rayon-core v1.9.2
[INFO] [stderr]    Compiling either v1.6.1
[INFO] [stderr]    Compiling serde_json v1.0.81
[INFO] [stderr]    Compiling rustc_version v0.4.0
[INFO] [stderr]    Compiling rayon v1.5.2
[INFO] [stderr]    Compiling quote v1.0.18
[INFO] [stderr]    Compiling num_cpus v1.13.1
[INFO] [stderr]    Compiling cast v0.2.7
[INFO] [stderr]    Compiling crossbeam-channel v0.5.4
[INFO] [stderr]    Compiling unicode-width v0.1.9
[INFO] [stderr]    Compiling plotters-backend v0.3.2
[INFO] [stderr]    Compiling regex-automata v0.1.10
[INFO] [stderr]    Compiling crossbeam-deque v0.8.1
[INFO] [stderr]    Compiling textwrap v0.11.0
[INFO] [stderr]    Compiling plotters-svg v0.3.1
[INFO] [stderr]    Compiling itertools v0.10.3
[INFO] [stderr]    Compiling aho-corasick v0.7.18
[INFO] [stderr]    Compiling csv-core v0.1.10
[INFO] [stderr]    Compiling itoa v0.4.8
[INFO] [stderr]    Compiling clap v2.34.0
[INFO] [stderr]    Compiling plotters v0.3.1
[INFO] [stderr]    Compiling ordered-float v2.10.0
[INFO] [stderr]    Compiling atty v0.2.14
[INFO] [stderr]    Compiling diff v0.1.12
[INFO] [stderr]    Compiling regex v1.5.5
[INFO] [stderr]    Compiling criterion-plot v0.4.4
[INFO] [stderr]    Compiling pretty_assertions v1.2.1
[INFO] [stderr]    Compiling bstr v0.2.17
[INFO] [stderr]    Compiling serde_cbor v0.11.2
[INFO] [stderr]    Compiling serde-value v0.7.0
[INFO] [stderr]    Compiling csv v1.1.6
[INFO] [stderr]    Compiling tinytemplate v1.2.1
[INFO] [stderr]    Compiling criterion v0.3.5
[INFO] [stderr]    Compiling fast-xml v0.23.1 (/opt/rustwide/workdir)
[INFO] [stderr]     Finished test [unoptimized + debuginfo] target(s) in 16.70s
[INFO] [stderr] warning: the following packages contain code that will be rejected by a future version of Rust: criterion v0.3.5
[INFO] [stderr] note: to see what the problems were, use the option `--future-incompat-report`, or run `cargo report future-incompatibilities --id 1`
[INFO] running `Command { std: "docker" "inspect" "f5fba543a3315a9b0b1812a7bd6581dd11f344e9d56733828fa1093ef37e27fb", kill_on_drop: false }`
[INFO] running `Command { std: "docker" "rm" "-f" "f5fba543a3315a9b0b1812a7bd6581dd11f344e9d56733828fa1093ef37e27fb", kill_on_drop: false }`
[INFO] [stdout] f5fba543a3315a9b0b1812a7bd6581dd11f344e9d56733828fa1093ef37e27fb
[INFO] running `Command { std: "docker" "create" "-v" "/var/lib/crater-agent-workspace/builds/worker-4-tc1/target:/opt/rustwide/target:rw,Z" "-v" "/var/lib/crater-agent-workspace/builds/worker-4-tc1/source:/opt/rustwide/workdir:ro,Z" "-v" "/var/lib/crater-agent-workspace/cargo-home:/opt/rustwide/cargo-home:ro,Z" "-v" "/var/lib/crater-agent-workspace/rustup-home:/opt/rustwide/rustup-home:ro,Z" "-e" "SOURCE_DIR=/opt/rustwide/workdir" "-e" "CARGO_TARGET_DIR=/opt/rustwide/target" "-e" "CARGO_INCREMENTAL=0" "-e" "RUST_BACKTRACE=full" "-e" "RUSTFLAGS=--cap-lints=warn" "-e" "RUSTDOCFLAGS=--cap-lints=warn" "-e" "CARGO_HOME=/opt/rustwide/cargo-home" "-e" "RUSTUP_HOME=/opt/rustwide/rustup-home" "-w" "/opt/rustwide/workdir" "-m" "1610612736" "--user" "0:0" "--network" "none" "ghcr.io/rust-lang/crates-build-env/linux@sha256:2788e3201cd34a07e3172128adcd8b3090168a8e3bcc40d7c032b9dda1df7d1c" "/opt/rustwide/cargo-home/bin/cargo" "+1.75.0" "test" "--frozen", kill_on_drop: false }`
[INFO] [stdout] afec988b4eb3a1261b50e1cd7cd992fb54e50f94582445f3202afb794e166bfb
[INFO] running `Command { std: "docker" "start" "-a" "afec988b4eb3a1261b50e1cd7cd992fb54e50f94582445f3202afb794e166bfb", kill_on_drop: false }`
[INFO] [stderr]     Finished test [unoptimized + debuginfo] target(s) in 0.04s
[INFO] [stderr] warning: the following packages contain code that will be rejected by a future version of Rust: criterion v0.3.5
[INFO] [stderr] note: to see what the problems were, use the option `--future-incompat-report`, or run `cargo report future-incompatibilities --id 1`
[INFO] [stderr]      Running unittests src/lib.rs (/opt/rustwide/target/debug/deps/fast_xml-e154d163e576dbba)
[INFO] [stdout] 
[INFO] [stdout] running 158 tests
[INFO] [stdout] test escapei::test_unescape ... ok
[INFO] [stdout] test escapei::test_escape ... ok
[INFO] [stdout] test events::attributes::html::duplicated::with_check::double_quoted ... ok
[INFO] [stdout] test escapei::test_partial_escape ... ok
[INFO] [stdout] test escapei::test_unescape_with ... ok
[INFO] [stdout] test events::attributes::html::duplicated::with_check::key_only ... ok
[INFO] [stdout] test events::attributes::html::duplicated::with_check::single_quoted ... ok
[INFO] [stdout] test events::attributes::html::duplicated::with_check::unquoted ... ok
[INFO] [stdout] test events::attributes::html::duplicated::without_check::unquoted ... ok
[INFO] [stdout] test events::attributes::html::duplicated::without_check::key_only ... ok
[INFO] [stdout] test events::attributes::html::duplicated::without_check::single_quoted ... ok
[INFO] [stdout] test events::attributes::html::first::double_quoted ... ok
[INFO] [stdout] test events::attributes::html::first::key_contains_invalid ... ok
[INFO] [stdout] test events::attributes::html::first::key_only ... ok
[INFO] [stdout] test events::attributes::html::duplicated::without_check::double_quoted ... ok
[INFO] [stdout] test events::attributes::html::first::key_start_invalid ... ok
[INFO] [stdout] test events::attributes::html::first::missed_value ... ok
[INFO] [stdout] test events::attributes::html::first::unquoted ... ok
[INFO] [stdout] test events::attributes::html::mixed_quote ... ok
[INFO] [stdout] test events::attributes::html::first::single_quoted ... ok
[INFO] [stdout] test events::attributes::html::single::key_start_invalid ... ok
[INFO] [stdout] test events::attributes::html::single::single_quoted ... ok
[INFO] [stdout] test events::attributes::html::single::missed_value ... ok
[INFO] [stdout] test events::attributes::html::single::double_quoted ... ok
[INFO] [stdout] test events::attributes::html::sparsed::double_quoted ... ok
[INFO] [stdout] test events::attributes::html::single::unquoted ... ok
[INFO] [stdout] test events::attributes::html::sparsed::key_contains_invalid ... ok
[INFO] [stdout] test events::attributes::html::sparsed::key_only ... ok
[INFO] [stdout] test events::attributes::html::single::key_only ... ok
[INFO] [stdout] test events::attributes::html::single::key_contains_invalid ... ok
[INFO] [stdout] test events::attributes::html::sparsed::missed_value ... ok
[INFO] [stdout] test events::attributes::html::sparsed::key_start_invalid ... ok
[INFO] [stdout] test events::attributes::xml::duplicated::with_check::key_only ... ok
[INFO] [stdout] test events::attributes::html::sparsed::single_quoted ... ok
[INFO] [stdout] test events::attributes::xml::duplicated::with_check::single_quoted ... ok
[INFO] [stdout] test events::attributes::xml::duplicated::with_check::double_quoted ... ok
[INFO] [stdout] test events::attributes::html::sparsed::unquoted ... ok
[INFO] [stdout] test events::attributes::xml::duplicated::with_check::unquoted ... ok
[INFO] [stdout] test events::attributes::xml::duplicated::without_check::double_quoted ... ok
[INFO] [stdout] test events::attributes::xml::duplicated::without_check::key_only ... ok
[INFO] [stdout] test events::attributes::xml::duplicated::without_check::single_quoted ... ok
[INFO] [stdout] test events::attributes::xml::first::double_quoted ... ok
[INFO] [stdout] test events::attributes::xml::duplicated::without_check::unquoted ... ok
[INFO] [stdout] test events::attributes::xml::first::key_only ... ok
[INFO] [stdout] test events::attributes::xml::first::key_contains_invalid ... ok
[INFO] [stdout] test events::attributes::xml::first::missed_value ... ok
[INFO] [stdout] test events::attributes::xml::first::key_start_invalid ... ok
[INFO] [stdout] test events::attributes::xml::first::single_quoted ... ok
[INFO] [stdout] test events::attributes::xml::mixed_quote ... ok
[INFO] [stdout] test events::attributes::xml::single::double_quoted ... ok
[INFO] [stdout] test events::attributes::xml::first::unquoted ... ok
[INFO] [stdout] test events::attributes::xml::single::key_contains_invalid ... ok
[INFO] [stdout] test events::attributes::xml::single::key_only ... ok
[INFO] [stdout] test events::attributes::xml::single::missed_value ... ok
[INFO] [stdout] test events::attributes::xml::single::key_start_invalid ... ok
[INFO] [stdout] test events::attributes::xml::single::single_quoted ... ok
[INFO] [stdout] test events::attributes::xml::single::unquoted ... ok
[INFO] [stdout] test events::attributes::xml::sparsed::key_contains_invalid ... ok
[INFO] [stdout] test events::attributes::xml::sparsed::key_only ... ok
[INFO] [stdout] test events::attributes::xml::sparsed::key_start_invalid ... ok
[INFO] [stdout] test events::attributes::xml::sparsed::missed_value ... ok
[INFO] [stdout] test events::attributes::xml::sparsed::unquoted ... ok
[INFO] [stdout] test events::attributes::xml::sparsed::double_quoted ... ok
[INFO] [stdout] test events::attributes::xml::sparsed::single_quoted ... ok
[INFO] [stdout] test events::test::bytestart_clear_attributes ... ok
[INFO] [stdout] test events::test::bytestart_create ... ok
[INFO] [stdout] test events::test::bytestart_set_name ... ok
[INFO] [stdout] test reader::test::borrowed::issue_344::doctype_uppercase ... ok
[INFO] [stdout] test events::test::local_name ... ok
[INFO] [stdout] test reader::test::borrowed::issue_344::comment ... ok
[INFO] [stdout] test reader::test::borrowed::issue_344::cdata ... ok
[INFO] [stdout] test reader::test::borrowed::read_bang_element::cdata::empty ... ok
[INFO] [stdout] test reader::test::borrowed::issue_344::doctype_lowercase ... ok
[INFO] [stdout] test reader::test::borrowed::read_bang_element::cdata::not_properly_start ... ignored, start CDATA sequence fully checked outside of `read_bang_element`
[INFO] [stdout] test reader::test::borrowed::read_bang_element::cdata::not_closed ... ok
[INFO] [stdout] test reader::test::borrowed::read_bang_element::cdata::with_content ... ok
[INFO] [stdout] test reader::test::borrowed::read_bang_element::comment::not_closed1 ... ok
[INFO] [stdout] test reader::test::borrowed::read_bang_element::comment::not_closed2 ... ok
[INFO] [stdout] test reader::test::borrowed::read_bang_element::comment::not_closed3 ... ok
[INFO] [stdout] test reader::test::borrowed::read_bang_element::comment::not_properly_start ... ignored, start comment sequence fully checked outside of `read_bang_element`
[INFO] [stdout] test reader::test::borrowed::read_bang_element::comment::not_properly_end ... ok
[INFO] [stdout] test reader::test::borrowed::read_bang_element::doctype::lowercase::empty ... ok
[INFO] [stdout] test reader::test::borrowed::read_bang_element::comment::with_content ... ok
[INFO] [stdout] test reader::test::borrowed::read_bang_element::doctype::lowercase::not_closed ... ok
[INFO] [stdout] test reader::test::borrowed::read_bang_element::comment::empty ... ok
[INFO] [stdout] test reader::test::borrowed::read_bang_element::doctype::lowercase::not_properly_start ... ok
[INFO] [stdout] test reader::test::borrowed::read_bang_element::doctype::uppercase::not_closed ... ok
[INFO] [stdout] test reader::test::borrowed::read_bang_element::doctype::uppercase::not_properly_start ... ok
[INFO] [stdout] test reader::test::borrowed::read_bang_element::doctype::uppercase::empty ... ok
[INFO] [stdout] test reader::test::borrowed::read_bytes_until::at_the_start ... ok
[INFO] [stdout] test reader::test::borrowed::read_bang_element::doctype::lowercase::without_space ... ok
[INFO] [stdout] test reader::test::borrowed::read_bang_element::doctype::uppercase::without_space ... ok
[INFO] [stdout] test reader::test::borrowed::read_bytes_until::empty ... ok
[INFO] [stdout] test reader::test::borrowed::read_bytes_until::in_the_end ... ok
[INFO] [stdout] test reader::test::borrowed::read_bytes_until::inside ... ok
[INFO] [stdout] test reader::test::borrowed::read_bytes_until::non_existent ... ok
[INFO] [stdout] test reader::test::borrowed::read_element::open::empty_ns ... ok
[INFO] [stdout] test reader::test::borrowed::read_element::empty ... ok
[INFO] [stdout] test reader::test::borrowed::read_element::open::empty_ns_empty_tag ... ok
[INFO] [stdout] test reader::test::borrowed::read_element::open::with_attributes ... ok
[INFO] [stdout] test reader::test::borrowed::read_element::open::empty_tag ... ok
[INFO] [stdout] test reader::test::borrowed::read_element::open::normal ... ok
[INFO] [stdout] test reader::test::borrowed::read_element::self_closed::empty_ns ... ok
[INFO] [stdout] test reader::test::borrowed::read_element::self_closed::empty_ns_empty_tag ... ok
[INFO] [stdout] test reader::test::borrowed::read_element::self_closed::empty_tag ... ok
[INFO] [stdout] test reader::test::borrowed::read_element::self_closed::with_attributes ... ok
[INFO] [stdout] test reader::test::borrowed::read_element::self_closed::normal ... ok
[INFO] [stdout] test reader::test::buffered::issue_344::cdata ... ok
[INFO] [stdout] test reader::test::buffered::issue_344::comment ... ok
[INFO] [stdout] test reader::test::buffered::issue_344::doctype_lowercase ... ok
[INFO] [stdout] test reader::test::buffered::issue_344::doctype_uppercase ... ok
[INFO] [stdout] test reader::test::buffered::read_bang_element::cdata::not_properly_start ... ignored, start CDATA sequence fully checked outside of `read_bang_element`
[INFO] [stdout] test reader::test::buffered::read_bang_element::cdata::empty ... ok
[INFO] [stdout] test reader::test::buffered::read_bang_element::cdata::with_content ... ok
[INFO] [stdout] test reader::test::buffered::read_bang_element::comment::empty ... ok
[INFO] [stdout] test reader::test::buffered::read_bang_element::cdata::not_closed ... ok
[INFO] [stdout] test reader::test::buffered::read_bang_element::comment::not_properly_start ... ignored, start comment sequence fully checked outside of `read_bang_element`
[INFO] [stdout] test reader::test::buffered::read_bang_element::comment::not_closed1 ... ok
[INFO] [stdout] test reader::test::buffered::read_bang_element::comment::not_closed3 ... ok
[INFO] [stdout] test reader::test::buffered::read_bang_element::comment::with_content ... ok
[INFO] [stdout] test reader::test::buffered::read_bang_element::comment::not_closed2 ... ok
[INFO] [stdout] test reader::test::buffered::read_bang_element::doctype::lowercase::empty ... ok
[INFO] [stdout] test reader::test::buffered::read_bang_element::comment::not_properly_end ... ok
[INFO] [stdout] test reader::test::buffered::read_bang_element::doctype::lowercase::not_closed ... ok
[INFO] [stdout] test reader::test::buffered::read_bang_element::doctype::lowercase::without_space ... ok
[INFO] [stdout] test reader::test::buffered::read_bang_element::doctype::lowercase::not_properly_start ... ok
[INFO] [stdout] test reader::test::buffered::read_bang_element::doctype::uppercase::empty ... ok
[INFO] [stdout] test reader::test::buffered::read_bang_element::doctype::uppercase::not_properly_start ... ok
[INFO] [stdout] test reader::test::buffered::read_bang_element::doctype::uppercase::not_closed ... ok
[INFO] [stdout] test reader::test::buffered::read_bang_element::doctype::uppercase::without_space ... ok
[INFO] [stdout] test reader::test::buffered::read_bytes_until::at_the_start ... ok
[INFO] [stdout] test reader::test::buffered::read_bytes_until::empty ... ok
[INFO] [stdout] test reader::test::buffered::read_bytes_until::in_the_end ... ok
[INFO] [stdout] test reader::test::buffered::read_element::empty ... ok
[INFO] [stdout] test reader::test::buffered::read_bytes_until::inside ... ok
[INFO] [stdout] test reader::test::buffered::read_bytes_until::non_existent ... ok
[INFO] [stdout] test reader::test::buffered::read_element::open::empty_tag ... ok
[INFO] [stdout] test reader::test::buffered::read_element::open::with_attributes ... ok
[INFO] [stdout] test reader::test::buffered::read_element::self_closed::empty_ns ... ok
[INFO] [stdout] test reader::test::buffered::read_element::open::empty_ns ... ok
[INFO] [stdout] test reader::test::buffered::read_element::open::normal ... ok
[INFO] [stdout] test reader::test::buffered::read_element::open::empty_ns_empty_tag ... ok
[INFO] [stdout] test reader::test::buffered::read_element::self_closed::empty_ns_empty_tag ... ok
[INFO] [stdout] test reader::test::buffered::read_element::self_closed::empty_tag ... ok
[INFO] [stdout] test reader::test::buffered::read_element::self_closed::normal ... ok
[INFO] [stdout] test reader::test::buffered::read_element::self_closed::with_attributes ... ok
[INFO] [stdout] test utils::tests::write_byte_string0 ... ok
[INFO] [stdout] test writer::indentation::element_writer_empty ... ok
[INFO] [stdout] test utils::tests::write_byte_string1 ... ok
[INFO] [stdout] test writer::indentation::empty_paired ... ok
[INFO] [stdout] test writer::indentation::element_writer_text ... ok
[INFO] [stdout] test writer::indentation::element_writer_nested ... ok
[INFO] [stdout] test writer::indentation::paired_with_inner ... ok
[INFO] [stdout] test writer::indentation::self_closed ... ok
[INFO] [stdout] test writer::indentation::nested ... ok
[INFO] [stdout] test utils::tests::write_byte_string3 ... ok
[INFO] [stdout] test writer::indentation::mixed_content ... ok
[INFO] [stdout] test writer::indentation::paired_with_text ... ok
[INFO] [stdout] 
[INFO] [stdout] test result: ok. 154 passed; 0 failed; 4 ignored; 0 measured; 0 filtered out; finished in 0.01s
[INFO] [stdout] 
[INFO] [stderr]      Running tests/namespaces.rs (/opt/rustwide/target/debug/deps/namespaces-67976b9f29b940e7)
[INFO] [stdout] 
[INFO] [stdout] running 7 tests
[INFO] [stdout] test attributes_empty_ns ... ok
[INFO] [stdout] test attributes_empty_ns_expanded ... ok
[INFO] [stdout] test default_namespace ... ok
[INFO] [stdout] test default_namespace_reset ... ok
[INFO] [stdout] test default_ns_shadowing_expanded ... ok
[INFO] [stdout] test default_ns_shadowing_empty ... ok
[INFO] [stdout] test namespace ... ok
[INFO] [stdout] 
[INFO] [stdout] test result: ok. 7 passed; 0 failed; 0 ignored; 0 measured; 0 filtered out; finished in 0.00s
[INFO] [stdout] 
[INFO] [stderr]      Running tests/test.rs (/opt/rustwide/target/debug/deps/test-4ecf7a7907de6d8b)
[INFO] [stdout] 
[INFO] [stdout] running 12 tests
[INFO] [stdout] test fuzz_53 ... ok
[INFO] [stdout] test fuzz_101 ... ok
[INFO] [stdout] test test_attribute_equal ... ok
[INFO] [stdout] test test_attributes_empty ... ok
[INFO] [stdout] test test_clone_reader ... ok
[INFO] [stdout] test test_comment_starting_with_gt ... ok
[INFO] [stdout] test test_issue94 ... ok
[INFO] [stdout] test test_no_trim ... ok
[INFO] [stdout] test test_issue299 ... ok
[INFO] [stdout] test test_trim ... ok
[INFO] [stdout] test test_trim_end ... ok
[INFO] [stdout] test test_sample ... ok
[INFO] [stdout] 
[INFO] [stdout] test result: ok. 12 passed; 0 failed; 0 ignored; 0 measured; 0 filtered out; finished in 0.00s
[INFO] [stdout] 
[INFO] [stderr]      Running tests/unit_tests.rs (/opt/rustwide/target/debug/deps/unit_tests-60d48f9712d4cea5)
[INFO] [stdout] 
[INFO] [stdout] running 42 tests
[INFO] [stdout] test test_buf_position_err_comment ... ok
[INFO] [stdout] test test_buf_position_err_comment_2_buf ... ok
[INFO] [stdout] test test_buf_position_err_comment_trim_text ... ok
[INFO] [stdout] test test_cdata ... ok
[INFO] [stdout] test test_buf_position_err_end_element ... ok
[INFO] [stdout] test test_cdata_open_close ... ok
[INFO] [stdout] test test_closing_bracket_in_double_quote_attr ... ok
[INFO] [stdout] test test_closing_bracket_in_double_quote_mixed ... ok
[INFO] [stdout] test test_closing_bracket_in_single_quote_attr ... ok
[INFO] [stdout] test test_closing_bracket_in_single_quote_mixed ... ok
[INFO] [stdout] test test_comment ... ok
[INFO] [stdout] test test_empty ... ok
[INFO] [stdout] test test_empty_attr ... ok
[INFO] [stdout] test test_empty_can_be_expanded ... ok
[INFO] [stdout] test test_new_xml_decl_empty ... ok
[INFO] [stdout] test test_nested ... ok
[INFO] [stdout] test test_escaped_content ... ok
[INFO] [stdout] test test_new_xml_decl_encoding ... ok
[INFO] [stdout] test test_new_xml_decl_standalone ... ok
[INFO] [stdout] test test_new_xml_decl_version ... ok
[INFO] [stdout] test test_read_write_roundtrip_escape ... ok
[INFO] [stdout] test test_read_write_roundtrip_escape_text ... ok
[INFO] [stdout] test test_new_xml_decl_full ... ok
[INFO] [stdout] test test_start ... ok
[INFO] [stdout] test test_start_end_attr ... ok
[INFO] [stdout] test test_read_write_roundtrip_results_in_identity ... ok
[INFO] [stdout] test test_start_end ... ok
[INFO] [stdout] test test_start_attr ... ok
[INFO] [stdout] test test_read_write_roundtrip ... ok
[INFO] [stdout] test test_start_end_comment ... ok
[INFO] [stdout] test test_start_txt_end ... ok
[INFO] [stdout] test test_start_end_with_ws ... ok
[INFO] [stdout] test test_trim_test ... ok
[INFO] [stdout] test test_unescape_and_decode_without_bom_does_nothing_if_no_bom_exists ... ok
[INFO] [stdout] test test_unescape_and_decode_without_bom_removes_utf8_bom ... ok
[INFO] [stdout] test test_write_empty_element_attrs ... ok
[INFO] [stdout] test test_write_attrs ... ok
[INFO] [stdout] test test_xml_decl ... ok
[INFO] [stdout] test test_writer_borrow ... ok
[INFO] [stdout] test test_writer ... ok
[INFO] [stdout] test test_writer_indent ... ok
[INFO] [stdout] test test_writer_indent_cdata ... FAILED
[INFO] [stdout] 
[INFO] [stdout] failures:
[INFO] [stdout] 
[INFO] [stdout] ---- test_writer_indent_cdata stdout ----
[INFO] [stdout] thread 'test_writer_indent_cdata' panicked at tests/unit_tests.rs:292:5:
[INFO] [stdout] assertion failed: `(left == right)`
[INFO] [stdout] 
[INFO] [stdout] [1mDiff[0m [31m< left[0m / [32mright >[0m :
[INFO] [stdout]  [
[INFO] [stdout]      60,
[INFO] [stdout]      63,
[INFO] [stdout]      120,
[INFO] [stdout]      109,
[INFO] [stdout]      108,
[INFO] [stdout]      32,
[INFO] [stdout]      118,
[INFO] [stdout]      101,
[INFO] [stdout]      114,
[INFO] [stdout]      115,
[INFO] [stdout]      105,
[INFO] [stdout]      111,
[INFO] [stdout]      110,
[INFO] [stdout]      61,
[INFO] [stdout]      34,
[INFO] [stdout]      49,
[INFO] [stdout]      46,
[INFO] [stdout]      48,
[INFO] [stdout]      34,
[INFO] [stdout]      63,
[INFO] [stdout]      62,
[INFO] [stdout] [32m>    13,[0m
[INFO] [stdout]      10,
[INFO] [stdout]      60,
[INFO] [stdout]      106,
[INFO] [stdout]      111,
[INFO] [stdout]      98,
[INFO] [stdout]      115,
[INFO] [stdout]      62,
[INFO] [stdout] [32m>    13,[0m
[INFO] [stdout]      10,
[INFO] [stdout]      32,
[INFO] [stdout]      32,
[INFO] [stdout]      32,
[INFO] [stdout]      32,
[INFO] [stdout]      60,
[INFO] [stdout]      106,
[INFO] [stdout]      111,
[INFO] [stdout]      98,
[INFO] [stdout]      62,
[INFO] [stdout] [32m>    13,[0m
[INFO] [stdout]      10,
[INFO] [stdout]      32,
[INFO] [stdout]      32,
[INFO] [stdout]      32,
[INFO] [stdout]      32,
[INFO] [stdout]      32,
[INFO] [stdout]      32,
[INFO] [stdout]      32,
[INFO] [stdout]      32,
[INFO] [stdout]      60,
[INFO] [stdout]      106,
[INFO] [stdout]      111,
[INFO] [stdout]      98,
[INFO] [stdout]      105,
[INFO] [stdout]      100,
[INFO] [stdout]      62,
[INFO] [stdout]      60,
[INFO] [stdout]      33,
[INFO] [stdout]      91,
[INFO] [stdout]      67,
[INFO] [stdout]      68,
[INFO] [stdout]      65,
[INFO] [stdout]      84,
[INFO] [stdout]      65,
[INFO] [stdout]      91,
[INFO] [stdout]      48,
[INFO] [stdout]      48,
[INFO] [stdout]      100,
[INFO] [stdout]      52,
[INFO] [stdout]      54,
[INFO] [stdout]      101,
[INFO] [stdout]      52,
[INFO] [stdout]      52,
[INFO] [stdout]      57,
[INFO] [stdout]      52,
[INFO] [stdout]      101,
[INFO] [stdout]      49,
[INFO] [stdout]      93,
[INFO] [stdout]      93,
[INFO] [stdout]      62,
[INFO] [stdout]      60,
[INFO] [stdout]      47,
[INFO] [stdout]      106,
[INFO] [stdout]      111,
[INFO] [stdout]      98,
[INFO] [stdout]      105,
[INFO] [stdout]      100,
[INFO] [stdout]      62,
[INFO] [stdout] [32m>    13,[0m
[INFO] [stdout]      10,
[INFO] [stdout]      32,
[INFO] [stdout]      32,
[INFO] [stdout]      32,
[INFO] [stdout]      32,
[INFO] [stdout]      60,
[INFO] [stdout]      47,
[INFO] [stdout]      106,
[INFO] [stdout]      111,
[INFO] [stdout]      98,
[INFO] [stdout]      62,
[INFO] [stdout] [32m>    13,[0m
[INFO] [stdout]      10,
[INFO] [stdout]      60,
[INFO] [stdout]      47,
[INFO] [stdout]      106,
[INFO] [stdout]      111,
[INFO] [stdout]      98,
[INFO] [stdout]      115,
[INFO] [stdout]      62,
[INFO] [stdout]  ]
[INFO] [stdout] 
[INFO] [stdout] 
[INFO] [stdout] stack backtrace:
[INFO] [stdout]    0:     0x555bb1e6492c - std::backtrace_rs::backtrace::libunwind::trace::ha637c64ce894333a
[INFO] [stdout]                                at /rustc/82e1608dfa6e0b5569232559e3d385fea5a93112/library/std/src/../../backtrace/src/backtrace/libunwind.rs:104:5
[INFO] [stdout]    1:     0x555bb1e6492c - std::backtrace_rs::backtrace::trace_unsynchronized::h47f62dea28e0c88d
[INFO] [stdout]                                at /rustc/82e1608dfa6e0b5569232559e3d385fea5a93112/library/std/src/../../backtrace/src/backtrace/mod.rs:66:5
[INFO] [stdout]    2:     0x555bb1e6492c - std::sys_common::backtrace::_print_fmt::h9eef0abe20ede486
[INFO] [stdout]                                at /rustc/82e1608dfa6e0b5569232559e3d385fea5a93112/library/std/src/sys_common/backtrace.rs:67:5
[INFO] [stdout]    3:     0x555bb1e6492c - <std::sys_common::backtrace::_print::DisplayBacktrace as core::fmt::Display>::fmt::hed7f999df88cc644
[INFO] [stdout]                                at /rustc/82e1608dfa6e0b5569232559e3d385fea5a93112/library/std/src/sys_common/backtrace.rs:44:22
[INFO] [stdout]    4:     0x555bb1e8e480 - core::fmt::rt::Argument::fmt::h1539a9308b8d058d
[INFO] [stdout]                                at /rustc/82e1608dfa6e0b5569232559e3d385fea5a93112/library/core/src/fmt/rt.rs:142:9
[INFO] [stdout]    5:     0x555bb1e8e480 - core::fmt::write::h3a39390d8560d9c9
[INFO] [stdout]                                at /rustc/82e1608dfa6e0b5569232559e3d385fea5a93112/library/core/src/fmt/mod.rs:1120:17
[INFO] [stdout]    6:     0x555bb1e622df - std::io::Write::write_fmt::h040b369f3a0f9cbc
[INFO] [stdout]                                at /rustc/82e1608dfa6e0b5569232559e3d385fea5a93112/library/std/src/io/mod.rs:1762:15
[INFO] [stdout]    7:     0x555bb1e64714 - std::sys_common::backtrace::_print::h894006fb5c6f3d45
[INFO] [stdout]                                at /rustc/82e1608dfa6e0b5569232559e3d385fea5a93112/library/std/src/sys_common/backtrace.rs:47:5
[INFO] [stdout]    8:     0x555bb1e64714 - std::sys_common::backtrace::print::h23a2d212c6fff936
[INFO] [stdout]                                at /rustc/82e1608dfa6e0b5569232559e3d385fea5a93112/library/std/src/sys_common/backtrace.rs:34:9
[INFO] [stdout]    9:     0x555bb1e663d7 - std::panicking::default_hook::{{closure}}::h8a1d2ee00185001a
[INFO] [stdout]   10:     0x555bb1e660c3 - std::panicking::default_hook::h6038f2eba384e475
[INFO] [stdout]                                at /rustc/82e1608dfa6e0b5569232559e3d385fea5a93112/library/std/src/panicking.rs:289:9
[INFO] [stdout]   11:     0x555bb1e00ee7 - <alloc::boxed::Box<F,A> as core::ops::function::Fn<Args>>::call::h0ad024c9bdc6d768
[INFO] [stdout]                                at /rustc/82e1608dfa6e0b5569232559e3d385fea5a93112/library/alloc/src/boxed.rs:2021:9
[INFO] [stdout]   12:     0x555bb1e00ee7 - test::test_main::{{closure}}::h7500b54257359db6
[INFO] [stdout]                                at /rustc/82e1608dfa6e0b5569232559e3d385fea5a93112/library/test/src/lib.rs:138:21
[INFO] [stdout]   13:     0x555bb1e669e8 - <alloc::boxed::Box<F,A> as core::ops::function::Fn<Args>>::call::h1f8f335eaa9cfaee
[INFO] [stdout]                                at /rustc/82e1608dfa6e0b5569232559e3d385fea5a93112/library/alloc/src/boxed.rs:2021:9
[INFO] [stdout]   14:     0x555bb1e669e8 - std::panicking::rust_panic_with_hook::h2b5517d590cab22e
[INFO] [stdout]                                at /rustc/82e1608dfa6e0b5569232559e3d385fea5a93112/library/std/src/panicking.rs:783:13
[INFO] [stdout]   15:     0x555bb1e6673e - std::panicking::begin_panic_handler::{{closure}}::h233112c06e0ef43e
[INFO] [stdout]                                at /rustc/82e1608dfa6e0b5569232559e3d385fea5a93112/library/std/src/panicking.rs:657:13
[INFO] [stdout]   16:     0x555bb1e64df6 - std::sys_common::backtrace::__rust_end_short_backtrace::h6e893f24d7ebbff8
[INFO] [stdout]                                at /rustc/82e1608dfa6e0b5569232559e3d385fea5a93112/library/std/src/sys_common/backtrace.rs:170:18
[INFO] [stdout]   17:     0x555bb1e664a2 - rust_begin_unwind
[INFO] [stdout]                                at /rustc/82e1608dfa6e0b5569232559e3d385fea5a93112/library/std/src/panicking.rs:645:5
[INFO] [stdout]   18:     0x555bb1d971c5 - core::panicking::panic_fmt::hbf0e066aabfa482c
[INFO] [stdout]                                at /rustc/82e1608dfa6e0b5569232559e3d385fea5a93112/library/core/src/panicking.rs:72:14
[INFO] [stdout]   19:     0x555bb1da32bb - unit_tests::test_writer_indent_cdata::h166b7086fea8ef76
[INFO] [stdout]                                at /opt/rustwide/workdir/tests/unit_tests.rs:292:5
[INFO] [stdout]   20:     0x555bb1da2dbd - unit_tests::test_writer_indent_cdata::{{closure}}::h33b627119084c37d
[INFO] [stdout]                                at /opt/rustwide/workdir/tests/unit_tests.rs:273:34
[INFO] [stdout]   21:     0x555bb1db8116 - core::ops::function::FnOnce::call_once::hbd060417492a3b56
[INFO] [stdout]                                at /rustc/82e1608dfa6e0b5569232559e3d385fea5a93112/library/core/src/ops/function.rs:250:5
[INFO] [stdout]   22:     0x555bb1e0653f - core::ops::function::FnOnce::call_once::h2b5d431d5046312d
[INFO] [stdout]                                at /rustc/82e1608dfa6e0b5569232559e3d385fea5a93112/library/core/src/ops/function.rs:250:5
[INFO] [stdout]   23:     0x555bb1e0653f - test::__rust_begin_short_backtrace::h7714669af176e207
[INFO] [stdout]                                at /rustc/82e1608dfa6e0b5569232559e3d385fea5a93112/library/test/src/lib.rs:628:18
[INFO] [stdout]   24:     0x555bb1e05555 - test::run_test_in_process::{{closure}}::h85218797dcbcec12
[INFO] [stdout]                                at /rustc/82e1608dfa6e0b5569232559e3d385fea5a93112/library/test/src/lib.rs:651:60
[INFO] [stdout]   25:     0x555bb1e05555 - <core::panic::unwind_safe::AssertUnwindSafe<F> as core::ops::function::FnOnce<()>>::call_once::h76c106ea31c14d7b
[INFO] [stdout]                                at /rustc/82e1608dfa6e0b5569232559e3d385fea5a93112/library/core/src/panic/unwind_safe.rs:272:9
[INFO] [stdout]   26:     0x555bb1e05555 - std::panicking::try::do_call::h3bd5d0f6620ee946
[INFO] [stdout]                                at /rustc/82e1608dfa6e0b5569232559e3d385fea5a93112/library/std/src/panicking.rs:552:40
[INFO] [stdout]   27:     0x555bb1e05555 - std::panicking::try::h232e535e4744fe31
[INFO] [stdout]                                at /rustc/82e1608dfa6e0b5569232559e3d385fea5a93112/library/std/src/panicking.rs:516:19
[INFO] [stdout]   28:     0x555bb1e05555 - std::panic::catch_unwind::h3ce3bd6ca8dbac68
[INFO] [stdout]                                at /rustc/82e1608dfa6e0b5569232559e3d385fea5a93112/library/std/src/panic.rs:142:14
[INFO] [stdout]   29:     0x555bb1e05555 - test::run_test_in_process::hc97b257c9621286a
[INFO] [stdout]                                at /rustc/82e1608dfa6e0b5569232559e3d385fea5a93112/library/test/src/lib.rs:651:27
[INFO] [stdout]   30:     0x555bb1e05555 - test::run_test::{{closure}}::h2aa798823a438d38
[INFO] [stdout]                                at /rustc/82e1608dfa6e0b5569232559e3d385fea5a93112/library/test/src/lib.rs:574:43
[INFO] [stdout]   31:     0x555bb1dcd816 - test::run_test::{{closure}}::h87d231c78fb59832
[INFO] [stdout]                                at /rustc/82e1608dfa6e0b5569232559e3d385fea5a93112/library/test/src/lib.rs:602:41
[INFO] [stdout]   32:     0x555bb1dcd816 - std::sys_common::backtrace::__rust_begin_short_backtrace::he6df152596625789
[INFO] [stdout]                                at /rustc/82e1608dfa6e0b5569232559e3d385fea5a93112/library/std/src/sys_common/backtrace.rs:154:18
[INFO] [stdout]   33:     0x555bb1dd28c7 - std::thread::Builder::spawn_unchecked_::{{closure}}::{{closure}}::ha94be15d1e0acf36
[INFO] [stdout]                                at /rustc/82e1608dfa6e0b5569232559e3d385fea5a93112/library/std/src/thread/mod.rs:529:17
[INFO] [stdout]   34:     0x555bb1dd28c7 - <core::panic::unwind_safe::AssertUnwindSafe<F> as core::ops::function::FnOnce<()>>::call_once::h9dc6bd6372f16606
[INFO] [stdout]                                at /rustc/82e1608dfa6e0b5569232559e3d385fea5a93112/library/core/src/panic/unwind_safe.rs:272:9
[INFO] [stdout]   35:     0x555bb1dd28c7 - std::panicking::try::do_call::h9057517f80303cd4
[INFO] [stdout]                                at /rustc/82e1608dfa6e0b5569232559e3d385fea5a93112/library/std/src/panicking.rs:552:40
[INFO] [stdout]   36:     0x555bb1dd28c7 - std::panicking::try::he3a30b11ee45340c
[INFO] [stdout]                                at /rustc/82e1608dfa6e0b5569232559e3d385fea5a93112/library/std/src/panicking.rs:516:19
[INFO] [stdout]   37:     0x555bb1dd28c7 - std::panic::catch_unwind::h410458cfd3528b8b
[INFO] [stdout]                                at /rustc/82e1608dfa6e0b5569232559e3d385fea5a93112/library/std/src/panic.rs:142:14
[INFO] [stdout]   38:     0x555bb1dd28c7 - std::thread::Builder::spawn_unchecked_::{{closure}}::h72ac3bdb567b737b
[INFO] [stdout]                                at /rustc/82e1608dfa6e0b5569232559e3d385fea5a93112/library/std/src/thread/mod.rs:528:30
[INFO] [stdout]   39:     0x555bb1dd28c7 - core::ops::function::FnOnce::call_once{{vtable.shim}}::h38f34da3654a8344
[INFO] [stdout]                                at /rustc/82e1608dfa6e0b5569232559e3d385fea5a93112/library/core/src/ops/function.rs:250:5
[INFO] [stdout]   40:     0x555bb1e6b475 - <alloc::boxed::Box<F,A> as core::ops::function::FnOnce<Args>>::call_once::hc7eafaff61e32df9
[INFO] [stdout]                                at /rustc/82e1608dfa6e0b5569232559e3d385fea5a93112/library/alloc/src/boxed.rs:2007:9
[INFO] [stdout]   41:     0x555bb1e6b475 - <alloc::boxed::Box<F,A> as core::ops::function::FnOnce<Args>>::call_once::h6ba4a5de48dd2304
[INFO] [stdout]                                at /rustc/82e1608dfa6e0b5569232559e3d385fea5a93112/library/alloc/src/boxed.rs:2007:9
[INFO] [stdout]   42:     0x555bb1e6b475 - std::sys::unix::thread::Thread::new::thread_start::he469335aef763e45
[INFO] [stdout]                                at /rustc/82e1608dfa6e0b5569232559e3d385fea5a93112/library/std/src/sys/unix/thread.rs:108:17
[INFO] [stdout]   43:     0x7f43d423aac3 - <unknown>
[INFO] [stdout]   44:     0x7f43d42cbbf4 - __clone
[INFO] [stdout]   45:                0x0 - <unknown>
[INFO] [stdout] 
[INFO] [stdout] 
[INFO] [stdout] failures:
[INFO] [stdout]     test_writer_indent_cdata
[INFO] [stdout] 
[INFO] [stdout] test result: FAILED. 41 passed; 1 failed; 0 ignored; 0 measured; 0 filtered out; finished in 0.01s
[INFO] [stdout] 
[INFO] [stderr] error: test failed, to rerun pass `--test unit_tests`
[INFO] running `Command { std: "docker" "inspect" "afec988b4eb3a1261b50e1cd7cd992fb54e50f94582445f3202afb794e166bfb", kill_on_drop: false }`
[INFO] running `Command { std: "docker" "rm" "-f" "afec988b4eb3a1261b50e1cd7cd992fb54e50f94582445f3202afb794e166bfb", kill_on_drop: false }`
[INFO] [stdout] afec988b4eb3a1261b50e1cd7cd992fb54e50f94582445f3202afb794e166bfb
